INSERT INTO `companies` (`id`, `name`, `phone`, `phone2`, `fax`, `po_box`, `website`, `address`, `comment`, `country_id`, `type_id`, `logo`, `recommended_by`, `board_date_join`, `status_id`, `updated_at`, `created_at`, `join_date`, `type_of_industry`, `credit_paid`, `is_member`, `terminated_date`, `terminate_resone`, `resign_date`, `resign_comments`) VALUES
(948, 'RAHAVARD ROUDEH PARSIAN CO LTD', '982136148919', NULL, NULL, NULL, 'http://www.persiancasing.en.ecplaza.net/', 'No.3 Hasanak main Street Gharchak Varamin - Iran\n1868913631', NULL, 95, 1, 'uploads/logo_RAHAVARD_ROUDEH_PARSIAN_CO_LTD_2016-1-23_03.48.58.jpg', NULL, NULL, 3, '2019-07-09 23:54:23', NULL, '11/14/2015', NULL, 0, -1, '2019-06-30T22:00:00.000Z', '', '', ''),
(949, 'TRIPAS FIMAHER SL', '+34 938654826', NULL, '+34 938626829', NULL, 'www.fimaher.com', 'Pol Industria la Borda - C/ Borges Blanques 46\n0814 Caldes de Monbui (Barcelona)', NULL, 195, 1, 'uploads/logo_TRIPAS_FIMAHER_SL_2015-11-27_10.09.42.jpg', NULL, '11/26/2015', 4, '2017-06-15 14:00:30', NULL, '11/27/2015', NULL, 0, -1, NULL, '', '', ''),
(951, 'CASINGS L GUERRERO MARTINEZ SLU', '34636004008', NULL, NULL, NULL, 'www.casingslguerrero.com', 'AVD MAS DEL OLI 86 CP : 46940\nManises ( Valencia )', NULL, 195, 1, 'uploads/logo_CASINGS_L_GUERRERO_MARTINEZ_SLU_2016-1-23_07.01.38.jpg', NULL, '1/15/2016', 4, '2017-06-15 13:14:19', NULL, '01/21/2016', NULL, 0, -1, NULL, '', '', ''),
(952, 'CASING PISHRO IRANIAN CO', '989121029533', '989127233517', '982136239698', NULL, 'www.casingiranian.com', 'Nr. 82 Sahray Alley, Reyhan Abad St., Varamin Iran', NULL, 95, 1, 'uploads/logo_CASING_PISHRO_IRANIAN_CO_2016-1-28_12.24.33.jpg', NULL, '1/16/2016', 4, '2019-04-21 11:26:19', NULL, '01/23/2016', NULL, 660, -1, NULL, '', '', ''),
(954, 'SZR BUSINESS GROUP', '55 14 3488 1430', NULL, '55 14 3488 1430', NULL, 'http://www.szr.com.br', 'Via Perimeter South, 1100 - CEP: 17670-000 Quintana / SP / Brazil', NULL, 29, 1, 'uploads/1532431037Logo SZR (002).jpg', 'Comercial Subproductos', '2/4/2016', 4, '2018-11-18 13:06:53', NULL, '02/04/2016', NULL, 0, -1, '1970-01-01T00:00:00.000Z', '', '', ''),
(955, 'NANTONG RENSHOU FOODS CO LTD', '86-135-11585318', '86-13601497369', '86-513-87502719', NULL, 'www.qfcasing.com', 'Building 801. No.666 Huimin Road, Rugao City, JiangSu Province, China', NULL, 42, 1, 'uploads/logo_NANTONG_RENSHOU_FOODS_CO_LTD_2016-2-27_07.39.34.jpg', NULL, '2/16/2016', 4, '2018-03-24 13:34:05', NULL, '02/20/2016', NULL, 0, -1, NULL, '', '', ''),
(956, 'BRIDGES CONSULTANCY LTD', '44 0 208 44 00 345', NULL, NULL, NULL, 'http://', 'Clocktower Cottage, Hadley Common, Hadley Wood, London, EN5 5QD, England.', NULL, 221, 3, 'uploads/nologoavailable.png', 'JBS', '2/26/2016', 3, '2019-07-09 11:54:59', NULL, '02/26/2016', 'CONSULTANCY', 0, -1, '2019-06-30T22:00:00.000Z', '', '', ''),
(957, 'CETER CASINGS COMPANY', '90 542 403 9424', NULL, '90 216 487 21 88', NULL, 'http://www.cetercasings.com', 'Orhangazi Mahallesi Ayaz Sokak No:32 Sultanbeyli /Istanbul / Turkiye', NULL, 214, 1, 'uploads/logo_CETER_CASINGS_COMPANY_2016-3-1_06.45.16.jpg', NULL, '2/25/2016', 3, '2018-08-09 11:03:10', NULL, '03/01/2016', NULL, 0, -1, '2018-07-09T22:00:00.000Z', 'Dues payment', '', ''),
(959, 'GUAN ZEGUAN CASING PRODUCT CO LTD', '0086 0316 6115468', NULL, '0086 0316 6115737', NULL, 'http://www.cnzeguan.com', 'Dahanzhai Village, Donghongsi Town ,Guan County, Hebei Province, China', NULL, 42, 1, 'uploads/nologoavailable.png', NULL, '3/1/2016', 3, '2019-07-09 23:13:39', NULL, '03/01/2016', NULL, 0, -1, '2019-06-30T22:00:00.000Z', '', '', ''),
(960, 'YANGZHOU LANGFENG FOOD CO LTD', '0086 150 5188 6166', NULL, '0086 514 87867613', NULL, 'http://', 'R.1802, NO.324 HANJIANG MIDDLE ROAD, YANGZHOU 225012, JIANGSU, CHINA', NULL, 42, 1, 'uploads/logo_YANGZHOU_LANGFENG_FOOD_CO_LTD_2016-3-15_05.49.01.jpg', NULL, '3/8/2016', 4, '2018-11-18 14:12:16', NULL, '03/08/2016', NULL, 0, -1, NULL, '', '', ''),
(961, 'QINGDAO HAILIAN INTERNATIONAL FOODSTUFF CO LTD', '0086 532 85841949', NULL, '0086 532 85841949', NULL, 'www.hailiancasing.com', 'No. 821 QINGYAN ROAD, JIMO QINGDAO ,CHINA  266200', NULL, 42, 1, 'uploads/nologoavailable.png', NULL, '3/10/2016', 4, '2016-11-20 15:44:05', NULL, '3/12/2016', NULL, 0, -1, '', '', '', ''),
(962, 'GUAN YANGZHOU CASING PRODUCT CO LTD', '0086 18730626333', NULL, NULL, NULL, 'www.yzcasing.com', 'Dahanzhai Village, Guan County, Hebei Province, China', NULL, 42, 1, 'uploads/logo_GUAN_YANGZHOU_CASING_PRODUCT_CO_LTD_2016-3-29_04.55.38.jpg', NULL, '3/29/2016', 4, '2016-11-20 15:44:05', NULL, '3/19/2016', NULL, 0, -1, '', '', '', ''),
(963, 'TEIJSEN BV', '+31 88 6669888', NULL, NULL, NULL, 'http://www.teijsen.com', 'Ambachtsweg  3899 AR  , Zeewolde, , NETHERLANDS', NULL, 144, 1, 'uploads/logo_TEIJSEN_BV_2016-4-12_10.28.06.jpg', NULL, '3/3/2016', 4, '2018-11-18 13:09:14', NULL, '03/08/2016', NULL, 0, -1, '1970-01-01T00:00:00.000Z', '', '', ''),
(964, 'TRIPA SERTA IND COM TRIPAS', NULL, NULL, NULL, NULL, NULL, NULL, NULL, 29, NULL, 'uploads/Empty.jpg', NULL, NULL, 4, '2016-11-20 15:44:05', NULL, '3/23/2016', NULL, 0, NULL, '', '', '', ''),
(965, 'BEIDAHUANG FENGYUAN GROUP', NULL, NULL, NULL, NULL, NULL, 'NO.115 XUANHUA STREET,NANGANG DISTRICT,HARBIN HEILONGJIANG PROVINCE,CHINA', NULL, 42, NULL, 'uploads/Empty.jpg', NULL, NULL, 4, '2016-11-20 15:44:06', NULL, '4/4/2016', NULL, 0, NULL, '', '', '', ''),
(966, 'GULER CASING', '0090 322 311 5950', NULL, '0090 322 311 2843', NULL, 'http://www.gulercasing.com', 'Seyhan mah. 150 sok. No: 12/A , Yuregir, Adana , Turkey', NULL, 214, 1, 'uploads/logo_GULER_CASING_2016-4-26_08.34.43.jpg', 'PETER GELHARD', '4/19/2016', 3, '2018-08-09 11:05:23', NULL, '04/19/2016', NULL, 0, -1, '2018-07-09T22:00:00.000Z', 'Dues payment', '', ''),
(967, 'EUROTRIPAS SL   ', NULL, NULL, NULL, NULL, NULL, NULL, NULL, 195, NULL, 'uploads/Empty.jpg', NULL, NULL, 4, '2016-11-20 15:44:06', NULL, '4/25/2016', NULL, 0, NULL, '', '', '', ''),
(968, 'TRIPAS RAMIREZ ', NULL, NULL, NULL, NULL, NULL, NULL, NULL, 195, NULL, 'uploads/Empty.jpg', NULL, NULL, 4, '2016-11-20 15:44:06', NULL, '4/25/2016', NULL, 0, NULL, '', '', '', ''),
(969, 'TRUST NATURAL CASING SL ', NULL, NULL, NULL, NULL, NULL, NULL, NULL, 195, NULL, 'uploads/Empty.jpg', NULL, NULL, 4, '2016-11-20 15:44:06', NULL, '4/25/2016', NULL, 0, NULL, '', '', '', ''),
(970, 'NATURAL CASINGS INDUSTRY AUSTRALIA', '61 416 289234', NULL, NULL, NULL, NULL, '26-28 Buckley st. Marrickvill NSW 2204 Australia', NULL, 12, 4, 'uploads/logo_NATURAL_CASINGS_INDUSTRY_AUSTRALIA_2016-8-16_01.30.06.jpg', 'David Moses- Almol', '5/3/2016', 4, '2018-07-24 13:03:04', NULL, '05/05/2016', NULL, 0, -1, '1970-01-01T00:00:00.000Z', '', '', ''),
(971, 'HEBEI ANRUI ANIMAL BY-PRODUCTS CO', NULL, NULL, NULL, NULL, NULL, NULL, NULL, 42, NULL, 'uploads/Empty.jpg', NULL, NULL, 4, '2016-11-20 15:44:06', NULL, '6/20/2016', NULL, 0, NULL, '', '', '', ''),
(973, 'test test', '', '', '', '', '', '', '', 0, 3, NULL, NULL, NULL, 1, '2016-11-30 21:20:03', '2016-11-30 19:34:04', '11/08/2016', NULL, 0, -1, 'TerminatedDate', 'TerminateResone', 'Resign_Date', 'Resign_Comments'),
(974, 'testing testing', '', '', '', '', '', '', '', 0, 2, NULL, NULL, NULL, 1, '2016-12-01 00:00:15', '2016-11-30 23:50:28', '11/30/2016', NULL, 0, -1, 'TerminatedDate', 'TerminateResone', 'Resign_Date', 'Resign_Comments'),
(975, 'SHANGHAI NATURAL CASING CO LTD', '0086-21-37283228', '', '0086-21-37283207', '', '', '5558 Nanting Road, Shanghai 201505  P R China', '', 42, 1, 'uploads/1470973003logo.jpg', NULL, NULL, 4, '2017-03-19 12:06:41', '2016-12-01 11:19:14', '11/27/2016', NULL, 0, -1, NULL, 'TerminateResone', 'Resign_Date', 'Resign_Comments'),
(979, 'test recipt', '', '', '', '', '', '', '', 0, 1, NULL, NULL, NULL, 1, '2016-12-13 10:24:08', '2016-12-08 14:58:53', '12/08/2016', NULL, 0, -1, 'TerminatedDate', 'TerminateResone', 'Resign_Date', 'Resign_Comments'),
(980, 'CASING BULGARIA LTD', '00359899145472', '', '', '', 'http://www.casingbg.com', 'Tsar osvoboditel, jpz.  9200 provadia', '', 31, 1, 'uploads/1489575693logo copy.jpg', NULL, NULL, 4, '2018-11-18 11:50:21', '2016-12-13 11:10:39', '11/24/2016', NULL, 0, -1, '1970-01-01T00:00:00.000Z', 'TerminateResone', 'Resign_Date', 'Resign_Comments'),
(982, 'Farida Azim', '01227252228', '01227252228', '1227252228', '30030', '', '2 Mostafa Kamel St. Semouha', '', 0, 1, NULL, NULL, NULL, 1, '2016-12-18 14:36:51', '2016-12-18 14:32:19', '12/18/2016', NULL, 0, -1, 'TerminatedDate', 'TerminateResone', 'Resign_Date', 'Resign_Comments'),
(984, 'HANGZHOU XINFENG CASING & FOOD CO. LTD', '18368108353', '', '0571-88587987', '', 'http://www.xf-casing.com', 'Jingshan Town, Yuhang, Hangzhou China', '', 42, 1, 'uploads/1484043746Xinfeng logo.jpg', NULL, NULL, 4, '2018-11-18 12:15:50', '2017-01-10 12:18:59', '12/26/2016', NULL, 0, -1, NULL, 'TerminateResone', 'Resign_Date', 'Resign_Comments'),
(985, 'TANDEM LLC', '79096353184', '', '', '', 'http://', '127238, Moscow, Dmitrowskoe shosse, 59, bldg. 1', 'Used to be NAT PROD LTD', 172, 1, 'uploads/nologoavailable.png', NULL, NULL, 3, '2019-07-10 00:13:57', '2017-01-12 11:58:27', '02/01/2017', NULL, 0, -1, '1970-01-01T00:00:00.000Z', NULL, NULL, NULL),
(986, 'STIVA. U', '', '', '', '', 'www.stiva.com.br.', '', '', 0, NULL, NULL, NULL, NULL, 4, '2017-01-16 11:34:19', '2017-01-16 11:34:19', '01/16/2017', NULL, 0, NULL, NULL, NULL, NULL, NULL),
(987, 'Smithfield Foods', '(720) 644-2421', '(303) 681-4749', '(303) 595-4854', '', 'www.smithfieldfoods.com', '1485 E. 61st. Ave.  Denver, CO 80216', '', 0, NULL, NULL, NULL, NULL, 1, '2017-02-16 12:39:14', '2017-01-16 11:40:25', '01/16/2017', NULL, 0, NULL, NULL, NULL, NULL, NULL),
(988, 'Hang - E- PAKIZEH CO', '+98 9122809234', '', '', '', '', '', '', 0, NULL, NULL, NULL, NULL, 4, '2017-01-16 11:44:11', '2017-01-16 11:44:11', '01/16/2017', NULL, 0, NULL, NULL, NULL, NULL, NULL),
(989, 'MULTAN IMPEX, MULTAN, PAKISTAN.', '+93006303319.', '00923026300530', '+92-614510377', '', '', '', '', 0, NULL, NULL, NULL, NULL, 4, '2017-01-16 11:49:38', '2017-01-16 11:49:38', '01/16/2017', NULL, 0, NULL, NULL, NULL, NULL, NULL),
(990, 'DAG-Switzerland', '', '', '', '', 'www.dag-daerme.ch', 'Industriestrasse 15   Postfach 151  CH-9015 St.Gallen', '', 0, NULL, NULL, NULL, NULL, 4, '2017-01-18 13:33:15', '2017-01-18 13:33:15', '01/18/2017', NULL, 0, NULL, NULL, NULL, NULL, NULL),
(991, 'TEST1', '', '', '', '', '', '16 ABDELLATIF ELSOUFANI', '', 0, NULL, NULL, NULL, NULL, 4, '2017-02-02 12:10:24', '2017-01-22 14:39:30', '01/22/2017', NULL, 10, NULL, NULL, NULL, NULL, NULL),
(992, 'Silk road co. Ltd', '+984433437485', '', '', '', 'silkroadltd.net', 'Iran,urmia,dorostkar st,imam ali blvd,mobin apartment,secound floor,unit three', '', 95, NULL, NULL, NULL, NULL, 4, '2017-01-30 12:53:26', '2017-01-30 12:53:26', '01/30/2017', NULL, 0, NULL, NULL, NULL, NULL, NULL),
(993, 'ZIVANA SA', '021 312 20 55', '', '+4121312 20 67', '', 'http://www.zivana.ch', 'Z.A USSIERES, RUE DES ARTISANS 1088 ROPRAZ- SWITZERLAND', '', 202, 1, 'uploads/1485945977Zivana_BOYAUX_quer_Logo.jpeg', NULL, NULL, 4, '2018-11-18 14:14:55', '2017-02-01 12:46:17', '01/31/2017', NULL, 0, -1, '1970-01-01T00:00:00.000Z', NULL, NULL, NULL),
(994, 'M/S MEHAR HUSSAIN & SONS', '0306-7559929', '0092-061-6510946', '', '', 'http://www.meharhussainandsons.com', 'Ismail Zai Lolomey Strh 3, Shah Badar Road Eid Gihah Multan Pakistan', '', 157, NULL, NULL, NULL, NULL, 4, '2018-12-09 12:19:09', '2017-02-05 11:00:25', '02/05/2017', NULL, 0, NULL, '1970-01-01T00:00:00.000Z', NULL, NULL, NULL),
(995, 'haolian@haolianchangyi.com', '', '', '', '', '', '', '', 0, NULL, NULL, NULL, NULL, 4, '2017-02-08 10:43:40', '2017-02-08 10:43:40', '02/08/2017', NULL, 0, NULL, NULL, NULL, NULL, NULL),
(996, 'BOA CASINGS', '+ 1 (857) 241-0577', '+1 (301) 326-2165', '+1 (301) 326-2466', '', 'www.boacasings.com', '9331 Fraser Avenue  Silver Spring MD 20910', '', 0, NULL, NULL, NULL, NULL, 4, '2017-02-08 11:10:43', '2017-02-08 11:10:43', '02/08/2017', NULL, 0, NULL, NULL, NULL, NULL, NULL),
(997, 'DINGZHOU ZHONGRUN SHUANGQI CASING CO.,LTD', '+86 135 820 66202', '', '', '', '', 'No.77, Shuangqi Road, Qingshuihe, Dingzhou, Heibei Province, China.', '', 42, 1, 'uploads/nologoavailable.png', NULL, NULL, 4, '2017-06-15 13:16:11', '2017-02-08 15:08:14', '02/08/2017', NULL, 0, -1, '1970-01-01T00:00:00.000Z', NULL, NULL, NULL),
(998, 'NITTA CASINGS, INC.', '908 285 0250', '', '908 218 4561', '', 'http://www.nittacasings.com', '141 SOUTHSIDE AVE. BRIDGEWATER, NJ 08807', '', 222, 1, 'uploads/1486905253Nitta Casings Logo.jpg', NULL, NULL, 3, '2019-07-09 23:42:48', '2017-02-12 15:14:13', '08/02/2017', NULL, 0, -1, '1970-01-01T00:00:00.000Z', NULL, NULL, NULL),
(999, 'BOYAUDERIE ZAHRA', '+212 5 37 74 61 24', '', '+212 5 37 74 61 26', '', 'http://', 'Zone Industrielle Ain El Aouda Lot N° 2259 12100 – Témara, Morocco', '', 138, 1, 'uploads/1488795265logo BNZ.jpg', NULL, NULL, 2, '2019-07-01 13:29:15', '2017-02-22 11:29:32', '02/22/2017', NULL, 0, -1, '1970-01-01T00:00:00.000Z', NULL, '2019-06-26T22:00:00.000Z', NULL),
(1000, 'ARIVA', '+79037242436', '', '+74955584248', '', 'http://www.ariva.ru', 'Elektrifikatsii st. 3, Lubertsy, 140014 Moscow region', '', 172, 1, 'uploads/1515934348Logo-ARIVA PDF.jpg', NULL, NULL, 4, '2018-11-18 11:40:30', '2017-02-23 12:45:45', '02/22/2017', NULL, 0, -1, '1970-01-01T00:00:00.000Z', NULL, NULL, NULL),
(1001, 'AERO WEST NATURAL CASING', '+61 405 733 630', '', '', '', 'www.westcasing.com', '1/732 Pasco Vale Road, Glenroy 3046, Victoria Australia', '', 12, 1, 'uploads/1488718554Aero West logo.JPG', NULL, NULL, 2, '2018-02-24 12:11:37', '2017-02-26 14:37:27', '02/26/2017', NULL, 0, -1, '1970-01-01T00:00:00.000Z', NULL, '2018-02-23T22:00:00.000Z', NULL),
(1002, 'DOLE BOYAUX', '+33 384829090', '+33 685014675', '', '', 'www.dole-boyaux.fr', 'Rue Costes Et Bellonte 31900 Dole, France', '', 70, 1, 'uploads/1488280217LOGO.jpg', NULL, NULL, 4, '2018-11-22 10:52:44', '2017-02-28 13:10:17', '02/28/2017', NULL, 0, -1, '1970-01-01T00:00:00.000Z', NULL, NULL, NULL),
(1003, 'PRZEDSIEBIORSTWO WIELOBRANZOWE \"A.S.G.\" SLAWOMIR GOLISZEWSKI', '+48059 834 10 35', '', '', '', 'http://www.asg.biz.pl', 'UL. PRZEMYSLOWA 3, 77-300 CZLUCHOW', '', 165, 1, 'uploads/1491731253ASG LOGO.jpg', NULL, NULL, 2, '2019-04-03 14:23:52', '2017-03-20 12:27:08', '03/20/2017', NULL, 0, -1, '1970-01-01T00:00:00.000Z', NULL, '2019-04-02T22:00:00.000Z', NULL),
(1004, 'TD \"BIZON\" LTD', '+7-495-120-26-76', '', '+7-495-120-26-76', '', 'http://www.v-ltd.ru', '117418, GARIBALDI ST., 29-4-1-25, MOSCOW, RUSSIA', '', 172, 1, 'uploads/1491736594Logo.jpg', NULL, NULL, 3, '2019-07-10 00:16:07', '2017-04-05 13:37:10', '03/27/2017', NULL, 0, -1, '1970-01-01T00:00:00.000Z', NULL, NULL, NULL),
(1005, 'I.N.C.A. NORDFISH Sh.p.k', '+35568 20 35 435', '', '', '', 'http://inca-al.com/', 'Rruga frang bardhi, Lezhe 4501, Albania', '', 2, 1, 'uploads/1492504030INCA_logo_jpg.jpg', NULL, NULL, 4, '2017-05-28 14:54:24', '2017-04-18 10:27:10', '04/14/2017', NULL, 0, -1, '1970-01-01T00:00:00.000Z', NULL, NULL, NULL),
(1006, 'VECTOR-FOOD KRZYSZTOF KANIUK , MARLENA KANIUK SPOTKA JAWNA', '+48 58 694 33 05', '+48 58 686 58 08', '', '', 'www.vector-food.pl', '80-526 Gdańsk ul. Cybulskiego 5', '', 165, 1, 'uploads/1493114977image002.jpg', NULL, NULL, 4, '2017-04-30 13:47:58', '2017-04-25 12:09:37', '04/25/2017', NULL, 0, -1, '1970-01-01T00:00:00.000Z', NULL, NULL, NULL),
(1007, 'INSTANTBEL LTD', '+375 29 695 0395', '', '+375 17 277 59 99', '', '', 'Belarus, minsk, kirov street, 19, building 6, room 4', '', 19, NULL, NULL, NULL, NULL, 4, '2017-05-10 15:01:20', '2017-04-27 12:50:18', '04/27/2017', NULL, 0, NULL, '1970-01-01T00:00:00.000Z', NULL, NULL, NULL),
(1008, 'OLOT MEATS, S.A', '+34972269250', '', '+34 972 274546', '', 'www.olotmeatsgroup.com', 'Avda, Europa,8, 17800 Olot ,Girona, Spain', '', 195, 1, 'uploads/1495974850logo olotmeats.jpg', NULL, NULL, 4, '2017-05-28 15:58:20', '2017-05-08 12:24:34', '05/23/2017', NULL, 0, -1, '1970-01-01T00:00:00.000Z', NULL, NULL, NULL),
(1009, 'AFRICA SPICE (PTY) LIMITED', '+27116231322', '', '+27116232188', '', 'http://', '6 Vickers Road, City Deep, Johannesburg, South Africa', '', 192, 1, 'uploads/1497523569logo new 1.jpg', NULL, NULL, 4, '2018-11-18 11:35:16', '2017-05-30 10:31:49', '04/24/2017', NULL, 0, -1, '1969-12-31T22:00:00.000Z', 'the reason for termination', NULL, NULL),
(1010, 'testing mailing', '111111', '', '', '', '', '11111', 'asdfsdfa', 0, 1, NULL, NULL, NULL, 1, '2017-06-20 17:09:12', '2017-06-20 16:55:20', '06/20/2017', NULL, 0, -1, NULL, NULL, NULL, NULL),
(1011, 'CONTINENTAL CASING 1976 INC.', '450-795-3810', '', '450-795-3565', '', 'http://www.continentalcasing.ca', '450 ST Simon Street - STW/ Madeleine, Quebec - Canada J0H 1S0', '', 36, 1, 'uploads/1504519183CONTINENTAL LOGO.jpg', NULL, NULL, 3, '2019-07-09 22:57:07', '2017-08-08 13:55:48', '07/17/2017', NULL, 0, -1, '1970-01-01T00:00:00.000Z', NULL, NULL, NULL),
(1012, 'Chambre Syndicale de la Boyauderie Française', '02 32 52 87 82', '', '02 32 52 22 59', '', '', '27920 St Pierre de Bailleul', '', 70, NULL, NULL, NULL, NULL, 1, '2017-08-29 11:06:14', '2017-08-29 10:50:18', '08/29/2017', NULL, 0, NULL, NULL, NULL, NULL, NULL),
(1013, 'DABBAGH DERI VE TEKSTIL SAN TIC LTD STI', '+90 276 234 01 88', '', '', '', 'www.mdgroup.co', 'KARMA OSB4 CD NO:21 USAK TURKEY', '', 214, 1, 'uploads/1504687797Dabagh4.jpg', NULL, NULL, 4, '2017-09-06 10:49:57', '2017-09-06 10:45:10', '09/06/2017', NULL, 0, -1, '1970-01-01T00:00:00.000Z', NULL, NULL, NULL),
(1014, 'testingcompany', '', '', '', '', '', '', '', 0, 1, NULL, NULL, NULL, 1, '2017-09-06 14:47:33', '2017-09-06 14:47:02', '09/06/2017', NULL, 0, -1, NULL, NULL, NULL, NULL),
(1015, 'testing company', '', '', '', '', '', '', '', 1, 1, NULL, NULL, NULL, 1, '2017-09-06 14:50:35', '2017-09-06 14:48:26', '09/06/2017', NULL, 0, -1, NULL, NULL, NULL, NULL),
(1016, 'OIE (WORLD ORGANIZATION FOR ANIMAL HEALTH)', '', '', '', '', 'www.oie.int/', '12 Rue de Prony', '', 70, NULL, NULL, NULL, NULL, 4, '2017-09-24 11:19:55', '2017-09-24 11:19:55', '09/24/2017', NULL, 0, NULL, NULL, NULL, NULL, NULL),
(1017, 'FLETCHER INTERNATIONAL EXPORTS PTY LTD', '0061268013131', '', '0061268846566', '', 'http://www.fletchint.com.au/', 'Lot 11 Yarrandale road, Dubbo, NSW , Australia 2830', '', 12, 1, 'uploads/1516783332Fletcher Logo.jpg', NULL, NULL, 4, '2018-01-24 10:42:12', '2017-11-12 13:45:36', '11/12/2017', NULL, 0, -1, '1970-01-01T00:00:00.000Z', NULL, NULL, NULL),
(1018, 'JA ATLANTIC LLC', '+976-98800280', '', '', '', 'http://jaatlantic.mn', 'Bayangol district, 20-R khoroo, Ulaanbaatar, Mongolia', '', 135, 1, 'uploads/1513242625JA Atlantic LLC Logo.jpg', NULL, NULL, 4, '2018-11-18 12:23:01', '2017-11-28 12:10:54', '11/21/2017', NULL, 0, -1, '1970-01-01T00:00:00.000Z', NULL, NULL, NULL),
(1019, 'testingandtesting', '', '', '', '', '', '', 'asdfasdf', 0, 1, NULL, NULL, NULL, 1, '2017-11-29 13:19:17', '2017-11-29 11:51:50', '11/29/2017', NULL, 0, -1, NULL, NULL, NULL, NULL),
(1020, 'M/S KHALID BROTHER', '00923007459315', '00923215421000', '', '', 'www.kbcasing.com', 'FEROZE WALA ROAD NEAR OLD SLAUGHTER HOUSE CHAMARA MARKET GUJRANWALA PAKISTAN', '', 157, NULL, NULL, NULL, NULL, 1, '2018-03-15 14:07:12', '2018-02-24 12:04:04', '02/24/2018', NULL, 0, NULL, '1970-01-01T00:00:00.000Z', NULL, NULL, NULL),
(1021, 'BERDICK SA', '+59896670001', '00598 2 318 1000', '+59823181000', '', 'http://www.berdick.com.uy', 'PUBLICA 6710 - CP 12800- MONTEVIDEO , URUGUAY', '', 223, 2, 'uploads/1549438357Logo.JPG', NULL, NULL, 4, '2019-02-06 09:32:37', '2018-03-07 12:09:29', '02/16/2018', NULL, 0, -1, '1970-01-01T00:00:00.000Z', NULL, NULL, NULL),
(1022, 'SHAHEEN ENTERPRISES', '00922132530971', '00922132530972', '00922132530281', '', 'WWW.SHAHEENENT.COM', 'PLOT NO. 178/8-A FALAH ROAD, STREET 17 BIHAR COLONY KARACHI 75660', 'Returning Member', 157, 1, 'uploads/1523959252COMPANY LOGO.png', NULL, NULL, 4, '2018-04-18 14:09:17', '2018-04-17 12:00:52', '04/17/2018', NULL, 0, -1, '1970-01-01T00:00:00.000Z', NULL, NULL, NULL),
(1023, 'MIB International Traders', '0092614581558', '00923004237584', '', '', '', 'House #1569, st. no.1, Mohallah Gareebabad Chah Mukaddam wala,  Near Chowk Shaheeda Multan, Pakistan', '', 157, NULL, 'uploads/1525592991New Logo 2018.png', NULL, NULL, 4, '2018-05-06 09:49:51', '2018-05-06 09:49:51', '05/06/2018', NULL, 0, NULL, NULL, NULL, NULL, NULL),
(1024, 'DELTA FOOD SRL', '+393343837353', '', '', '', '', 'VIA ,AMENDOLA .02 PAULLO 20067 MILANO', '', 99, NULL, NULL, NULL, NULL, 4, '2018-05-07 12:39:04', '2018-05-07 12:37:32', '05/07/2018', NULL, 0, NULL, '1970-01-01T00:00:00.000Z', NULL, NULL, NULL),
(1025, 'SHANGHAI FUDE CASING CO., LTD', '00862167220866', '021-67221988', '00862167220800', '', 'http://www.fuencasing.com', 'NO. 666 JIN BAI ROAD, JINSHAN INDUSTRIAL ZONE. SHANGHAI, CHINA 201506', '', 42, 1, 'uploads/1542619463fudecasing logo.jpg', NULL, NULL, 4, '2018-11-19 11:28:14', '2018-05-15 12:27:07', '05/15/2018', NULL, 0, -1, '1970-01-01T00:00:00.000Z', NULL, NULL, NULL),
(1026, 'DONGGUAN DEHONG CASING CO. LTD', '+86 18674466289', '+86 13825702188', '076988809796', '', 'www.dgdehong888.com', '26 Renhe village, Yanggongzhou, shatian District, Dongguan city, Guangdong Province 523073', '', 42, 1, NULL, NULL, NULL, 4, '2018-07-24 14:40:19', '2018-07-16 14:12:16', '07/09/2018', NULL, 0, -1, '1970-01-01T00:00:00.000Z', NULL, NULL, NULL),
(1027, 'NANTONG LIDU CASING CO. LTD', '+1 8327275861', '', '', '', 'www.liducasing.com', '8 QuingYu Road, Rugao, Jiangsu, 226500, CHINA', '', 42, 1, NULL, NULL, NULL, 4, '2018-07-24 14:40:49', '2018-07-16 14:14:43', '07/13/2018', NULL, 0, -1, '1970-01-01T00:00:00.000Z', NULL, NULL, NULL),
(1028, 'ZAIB TRADERS', '+92-300-6341637', '', '+92-61-4501999', '', 'http://www.zaibtraders.com', '2194 Humayun Road, Multyan,', 'Recommended by M/S Khaild', 157, NULL, 'uploads/1535795642logo.png', NULL, NULL, 4, '2018-11-10 13:23:33', '2018-09-01 11:54:02', '08/31/2018', NULL, 0, NULL, '1970-01-01T00:00:00.000Z', NULL, NULL, NULL),
(1029, 'AGRO-CASING LTD.', '+79100888867', '', '', '', 'http://www.agrocasing.ru', '249054 Kaluga Oblast, Maloyaroslavetsky District, Vorobyovo Village', '', 172, 1, 'uploads/1537343414Agrocasing - logo.jpg', NULL, NULL, 4, '2018-11-27 11:27:56', '2018-09-19 09:47:58', '01/01/2019', NULL, 0, -1, '1970-01-01T00:00:00.000Z', NULL, NULL, NULL),
(1030, 'VISCERAS SELECTAS DEL BAJIO R.L DE C.V.', '+5213312829273', '', '', '', 'http://www.vsbcasings.com', 'Carretera La Piedad-Penjamo Km. 26 B, Palo Alto de Abajo, C.P. 36947, Penjamo, Guanajuato, Mexico.', '', 131, 1, 'uploads/1554747511LOGO-VISCERAS - copia (1).png', NULL, NULL, 4, '2019-04-08 20:18:31', '2018-11-11 10:56:11', '11/11/2018', NULL, 50, -1, '1970-01-01T00:00:00.000Z', NULL, NULL, NULL),
(1031, 'BAODING YUKANG CASING PRODUCT CO LTD', '86-312-7699068', '', '86-312-7699068', '', 'http://www.hebcasing.com', 'No. 1101 F zone, China Casing Base, Shunping County, Baoding, China 072250', '', 42, NULL, NULL, NULL, NULL, 4, '2018-12-01 11:25:49', '2018-11-29 10:35:35', '11/29/2018', NULL, 0, NULL, '1970-01-01T00:00:00.000Z', NULL, NULL, NULL),
(1032, 'SHANGHAI STAR CASING CO.,LTD.', '(86)138 1769 3382', '', '', '', '', 'No.688, Zidong Road, Minhang District, Shanghai', '', 42, NULL, NULL, NULL, NULL, 4, '2018-12-04 13:27:17', '2018-12-04 13:27:17', '12/04/2018', NULL, 0, NULL, NULL, NULL, NULL, NULL),
(1033, 'TOPWAY BIOTECH CO. LTD', '+86-18862760608', '', '', '', 'http://', 'Room 603, building 6, NO.999 South Wanshou Road, Rugao, Jiangsu, 226500, China', '', 42, 1, NULL, NULL, NULL, 4, '2019-01-27 11:45:53', '2018-12-24 11:23:30', '12/24/2018', NULL, 0, -1, '1970-01-01T00:00:00.000Z', NULL, NULL, NULL),
(1034, 'MORIHISA CORPORATION', '03-5626-8276', '', '', '', 'http://www.morihisa.jp/', '15-7, Hirai 4-chome, Edogawa-Ku, Tokyo, Japan, 1320035', '', 102, 1, 'uploads/1554974867MORIHISA_logo.jpg', NULL, NULL, 4, '2019-04-11 11:27:47', '2019-01-29 11:51:27', '01/29/2019', NULL, 0, -1, '1970-01-01T00:00:00.000Z', NULL, NULL, NULL),
(1035, 'ZYCHAL INTERNATIONAL', '0048506151464', '', '', '', 'http://www.zychal.com.pl', 'ul. Konwaliowa 14 86-031 Osielsko, Poland - NIP: PL5542178820 - tax number', '', 165, 1, 'uploads/1552896585Zychal_International_logotype.png', NULL, NULL, 4, '2019-03-19 14:37:55', '2019-02-06 10:37:38', '02/06/2019', NULL, 0, -1, '1970-01-01T00:00:00.000Z', NULL, NULL, NULL),
(1036, 'DELI SPICES PTY LTD', '+27 21 505 2000', '', '', '', 'http://www.delispices.co.za', '25 Bertie Ave, Epping Ext. 2, Cape Town, RSA', '', 192, 1, 'uploads/1554828818deli-logo-spaced.png', NULL, NULL, 4, '2019-04-09 18:53:38', '2019-03-06 12:23:12', '03/20/2019', NULL, 0, -1, '1970-01-01T00:00:00.000Z', NULL, NULL, NULL),
(1037, 'WEST POL-TEEUWISSEN  SP. Z O.O', '+48 59 833 1470', '', '', '', 'http://www.westpol.pl', 'Ul. Przechlewska 59, 77-304 Rzeczenica, Poland', '', 165, 1, NULL, NULL, NULL, 4, '2019-03-25 12:33:55', '2019-03-07 15:40:03', '03/07/2019', NULL, 0, -1, '1970-01-01T00:00:00.000Z', NULL, NULL, NULL),
(1038, 'RUGAO YONGXING CASING CO. LTD', '008613962709885', '', '', '', 'http://www.zdcasing.com/', 'Group 15, Tianbao Community, Chengnan street, Rugao, Jiangsu, China', '', 42, 1, NULL, NULL, NULL, 4, '2019-09-26 11:00:52', '2019-04-01 12:46:25', '04/01/2019', NULL, 0, -1, '1970-01-01T00:00:00.000Z', NULL, NULL, NULL),
(1039, 'JOUMANA CO. FOR CASINGS', '00201223160131', '', '', '', 'http://', 'Amriya Free Zone, Alexandria, Egypt', '', 60, 1, NULL, NULL, NULL, 4, '2019-04-09 15:30:26', '2019-04-08 14:19:58', '04/08/2019', NULL, 0, -1, '1970-01-01T00:00:00.000Z', NULL, NULL, NULL),
(1040, 'AL SHAHBA CASINGS', '2034500286', '', '', '', 'http://', 'AMERIYA FREE ZONE, ALEXANDRIA, EGYPT', '', 60, NULL, NULL, NULL, NULL, 1, '2019-04-09 14:08:05', '2019-04-09 14:00:43', '04/09/2019', NULL, 0, NULL, '1970-01-01T00:00:00.000Z', NULL, NULL, NULL),
(1041, 'BELHAJ BOYAUDERIE DU MAROC', '212 523 489 883', '', '', '', 'http://', 'No. 10 C zone Industrielle Béni Mellal  Maroc', '', NULL, NULL, 'uploads/1559125919belhaj logo.png', NULL, NULL, 1, '2019-05-29 12:53:57', '2019-05-29 12:17:27', '05/29/2019', NULL, 0, NULL, '1970-01-01T00:00:00.000Z', NULL, NULL, NULL),
(1042, 'BELHAJ BOYAUDERIE DU MAROC', '212 523 489 883', '', '', '', '', 'No. 10 C zone Industrielle Béni Mellal  Maroc', '', NULL, NULL, 'uploads/1559127230belhaj logo.png', NULL, NULL, 1, '2019-05-29 12:58:25', '2019-05-29 12:53:50', '05/29/2019', NULL, 0, NULL, '1970-01-01T00:00:00.000Z', NULL, NULL, NULL),
(1043, 'BELHAJ BOYAUDERIE DU MAROC', '212 523 489 883', '', '', '', '', 'No. 10 C zone Industrielle Béni Mellal  Maroc', '', 0, 1, NULL, NULL, NULL, 1, '2019-05-29 12:57:04', '2019-05-29 12:56:29', '05/29/2019', NULL, 0, -1, NULL, NULL, NULL, NULL),
(1044, 'BELHAJ BOYAUDERIE DU MAROC.', '212 523 489 883', '', '', '', 'http://', 'No. 10 C Zone Industrielle Béni Mellal  Maroc', '', 138, 1, 'uploads/1559127626belhaj logo.png', NULL, NULL, 4, '2019-09-25 15:14:30', '2019-05-29 13:00:26', '06/20/2019', NULL, 0, -1, '1970-01-01T00:00:00.000Z', NULL, NULL, NULL),
(1045, 'PLASTX D.O.O', '', '', '', '', '', '', '', 189, NULL, NULL, NULL, NULL, 4, '2019-07-15 16:43:04', '2019-07-15 16:43:04', '07/15/2019', NULL, 0, NULL, NULL, NULL, NULL, NULL),
(1046, 'JIANGSU LIANZHONG CASING CO. LTD', '+86 513 8730 6868', '', '', '', 'http://www.bqcasing.cn', '666, Huimin Road, 226500, Rugao, Jiangsu, China', '', 42, 1, NULL, NULL, NULL, 4, '2019-09-25 14:29:46', '2019-07-29 12:26:52', '07/31/2019', NULL, 0, -1, '1970-01-01T00:00:00.000Z', NULL, NULL, NULL);

-- --------------------------------------------------------

--
-- Table structure for table `company_emails`
--

CREATE TABLE `company_emails` (
  `id` int(11) NOT NULL,
  `email` varchar(250) NOT NULL,
  `company_id` int(11) NOT NULL,
  `updated_at` datetime DEFAULT NULL,
  `created_at` datetime DEFAULT NULL
) ENGINE=InnoDB DEFAULT CHARSET=utf8;

--
-- Dumping data for table `company_emails`
--

INSERT INTO `company_emails` (`id`, `email`, `company_id`, `updated_at`, `created_at`) VALUES
(1, 'gulper@akseker.com', 1, '2016-10-27 18:24:48', '2016-10-27 18:24:48'),
(5, 'gulper@akseker.com', 5, '2016-10-27 18:24:48', '2016-10-27 18:24:48'),
(13, 'atwindtrade@msn.com', 13, '2016-10-27 18:24:48', '2016-10-27 18:24:48'),
(17, 'arne.olafsen@abcorneliussen.no', 17, '2016-10-27 18:24:49', '2016-10-27 18:24:49'),
(18, 'Maycon_artacho@brturbo.com.br', 18, '2016-10-27 18:24:49', '2016-10-27 18:24:49'),
(22, 'p.bade@gmx.de', 22, '2016-10-27 18:24:49', '2016-10-27 18:24:49'),
(28, 'yongwei@heinfo.net', 28, '2016-10-27 18:24:49', '2016-10-27 18:24:49'),
(29, 'walter00007@163.com', 29, '2016-10-27 18:24:49', '2016-10-27 18:24:49'),
(34, 'malikas@sarkor.uz', 34, '2016-10-27 18:24:49', '2016-10-27 18:24:49'),
(37, 'follet@boyauderie-blesoise.fr', 37, '2016-10-27 18:24:49', '2016-10-27 18:24:49'),
(43, 'haolian@haolianchangyi.com', 43, '2016-10-27 18:24:49', '2016-10-27 18:24:49'),
(46, 'yclmc@126.com', 46, '2016-10-27 18:24:49', '2016-10-27 18:24:49'),
(48, 'info@lipco.de', 48, '2016-10-27 18:24:49', '2016-10-27 18:24:49'),
(49, 'phschwartz@casingassociates.com', 49, '2016-10-27 18:24:49', '2016-10-27 18:24:49'),
(58, 'cqtuhsu@yahoo.com.cn', 58, '2016-10-27 18:24:50', '2016-10-27 18:24:50'),
(59, 'cqtuhsu@yahoo.com.cn', 59, '2016-10-27 18:24:50', '2016-10-27 18:24:50'),
(60, 'info@cobu.it', 60, '2016-10-27 18:24:50', '2016-10-27 18:24:50'),
(61, 'dberger@wolfsoncasing.com', 61, '2016-10-27 18:24:50', '2016-10-27 18:24:50'),
(64, 'nraaijmakers@darlingii.com', 64, '2016-10-27 18:24:50', '2016-10-27 18:24:50'),
(65, 'Rene.Teijsen@cth.nl', 65, '2016-10-27 18:24:50', '2016-10-27 18:24:50'),
(66, 'd.mueller@wipag.ch', 66, '2016-10-27 18:24:50', '2016-10-27 18:24:50'),
(67, 'tim.wesch@weschenfelder.co.uk', 67, '2016-10-27 18:24:50', '2016-10-27 18:24:50'),
(68, 'p.menendez@v-inocencio.com', 68, '2016-10-27 18:24:50', '2016-10-27 18:24:50'),
(69, 'arr@viscera-trade.ru', 69, '2016-10-27 18:24:50', '2016-10-27 18:24:50'),
(70, 'victory-mail@mail.ru', 70, '2016-10-27 18:24:50', '2016-10-27 18:24:50'),
(71, 'Rene.Teijsen@cth.nl', 71, '2016-10-27 18:24:50', '2016-10-27 18:24:50'),
(72, 'vlcasings@stl.logiccontrol.es', 72, '2016-10-27 18:24:50', '2016-10-27 18:24:50'),
(74, 'v.tyuterev@vektorgroup-ltd.ru', 74, '2016-10-27 18:24:50', '2016-10-27 18:24:50'),
(86, 'bl@dat-schaub.se', 88, '2016-10-27 18:24:50', '2016-10-27 18:24:50'),
(87, 'natasa.martincevic@derma.hr', 89, '2016-10-27 18:24:50', '2016-10-27 18:24:50'),
(93, 'info@dohr.biz', 95, '2016-10-27 18:24:51', '2016-10-27 18:24:51'),
(100, 'sayuri1220@aol.com', 103, '2016-10-27 18:24:51', '2016-10-27 18:24:51'),
(101, 'info@durex-casing.com', 104, '2016-10-27 18:24:51', '2016-10-27 18:24:51'),
(103, 'eecc@mongol.net', 106, '2016-10-27 18:24:51', '2016-10-27 18:24:51'),
(104, 'a_shatby@yahoo.com', 107, '2016-10-27 18:24:51', '2016-10-27 18:24:51'),
(105, 'fulai@tjfulai.com.cn', 108, '2016-10-27 18:24:51', '2016-10-27 18:24:51'),
(109, 'ph.leymonie@charles-freres.com', 112, '2016-10-27 18:24:51', '2016-10-27 18:24:51'),
(110, 'michaelk@standardcasing.com', 113, '2016-10-27 18:24:51', '2016-10-27 18:24:51'),
(116, 'ryan@thejacobsen.com', 119, '2016-10-27 18:24:51', '2016-10-27 18:24:51'),
(123, 'info@fragoulis.com.gr', 126, '2016-10-27 18:24:51', '2016-10-27 18:24:51'),
(124, 'drew@fredbrowninc.com', 127, '2016-10-27 18:24:51', '2016-10-27 18:24:51'),
(126, 'brent.hirsch@freddyhirsch.co.za', 129, '2016-10-27 18:24:51', '2016-10-27 18:24:51'),
(128, 'oscarpestana@come.com.br', 131, '2016-10-27 18:24:52', '2016-10-27 18:24:52'),
(129, 'info@gbb-casings.com', 132, '2016-10-27 18:24:52', '2016-10-27 18:24:52'),
(131, 'hestreda@t-online.de', 135, '2016-10-27 18:24:52', '2016-10-27 18:24:52'),
(133, 'gemaex@arexim.ro', 137, '2016-10-27 18:24:52', '2016-10-27 18:24:52'),
(135, 'company@goldencasing.com', 140, '2016-10-27 18:24:52', '2016-10-27 18:24:52'),
(141, 'spb.boyaux@wanadoo.fr', 146, '2016-10-27 18:24:52', '2016-10-27 18:24:52'),
(144, 'harbers@harbers-bv.nl', 150, '2016-10-27 18:24:52', '2016-10-27 18:24:52'),
(146, 'sylj@sylj.cn', 152, '2016-10-27 18:24:52', '2016-10-27 18:24:52'),
(151, 'export@gwcasing.com', 157, '2016-10-27 18:24:52', '2016-10-27 18:24:52'),
(152, 'w.janssen@teeuwissen.nl', 158, '2016-10-27 18:24:52', '2016-10-27 18:24:52'),
(160, 'intercasing@intercasing.com.br', 167, '2016-10-27 18:24:52', '2016-10-27 18:24:52'),
(161, 'na@interdarm.com', 168, '2016-10-27 18:24:52', '2016-10-27 18:24:52'),
(164, 'info@irishcasings.com', 171, '2016-10-27 18:24:52', '2016-10-27 18:24:52'),
(169, 'oriolcomas@bocvq.com', 176, '2016-10-27 18:24:53', '2016-10-27 18:24:53'),
(170, 'office@juliusbauer.at', 177, '2016-10-27 18:24:53', '2016-10-27 18:24:53'),
(171, 'info@wisniowski.com', 178, '2016-10-27 18:24:53', '2016-10-27 18:24:53'),
(176, 'lcmartins@tripovino.com.br', 183, '2016-10-27 18:24:53', '2016-10-27 18:24:53'),
(178, 'info@naturalcasing.com.cn', 185, '2016-10-27 18:24:53', '2016-10-27 18:24:53'),
(185, 'k_jianguo@yahoo.com.cn', 192, '2016-10-27 18:24:53', '2016-10-27 18:24:53'),
(187, 'huamaolz@heinfo.net', 194, '2016-10-27 18:24:53', '2016-10-27 18:24:53'),
(189, 'sales@jschongan.com', 197, '2016-10-27 18:24:53', '2016-10-27 18:24:53'),
(190, 'naturcasin@shaldoindustries.com', 198, '2016-10-27 18:24:53', '2016-10-27 18:24:53'),
(191, 'Litwak@t-online.de', 199, '2016-10-27 18:24:53', '2016-10-27 18:24:53'),
(192, 'p.teixeira@schaubtripas.de', 201, '2016-10-27 18:24:53', '2016-10-27 18:24:53'),
(194, 'sales@metafoodsllc.com', 203, '2016-10-27 18:24:53', '2016-10-27 18:24:53'),
(195, 'asher.svirsky@gmail.com', 204, '2016-10-27 18:24:53', '2016-10-27 18:24:53'),
(202, 'nanca18hq@yahoo.com', 211, '2016-10-27 18:24:54', '2016-10-27 18:24:54'),
(204, 'jp.tardy@casing-tardy.com', 213, '2016-10-27 18:24:54', '2016-10-27 18:24:54'),
(205, 'casings@newgrace.com', 214, '2016-10-27 18:24:54', '2016-10-27 18:24:54'),
(207, 'info@marth.de', 216, '2016-10-27 18:24:54', '2016-10-27 18:24:54'),
(208, 'info@roga.ch', 217, '2016-10-27 18:24:54', '2016-10-27 18:24:54'),
(212, 'alicia@qualitycasing.com', 221, '2016-10-27 18:24:54', '2016-10-27 18:24:54'),
(213, 'yutai_qh@hotmail.com', 222, '2016-10-27 18:24:54', '2016-10-27 18:24:54'),
(214, 'hailianf@public.qd.sd.cn', 223, '2016-10-27 18:24:54', '2016-10-27 18:24:54'),
(215, 'k.dudyshev@pro-crust.com.ua', 224, '2016-10-27 18:24:54', '2016-10-27 18:24:54'),
(224, 'info@star-fix.de', 233, '2016-10-27 18:24:54', '2016-10-27 18:24:54'),
(229, 'bolo-tang@hotmail.com', 238, '2016-10-27 18:24:54', '2016-10-27 18:24:54'),
(231, 'switalainternational.redlo@wp.pl', 240, '2016-10-27 18:24:54', '2016-10-27 18:24:54'),
(232, 'zxcasing@live.cn', 241, '2016-10-27 18:24:54', '2016-10-27 18:24:54'),
(235, 'lqkang@hotmail.com', 244, '2016-10-27 18:24:54', '2016-10-27 18:24:54'),
(246, 'info@obolonki.org', 255, '2016-10-27 18:24:55', '2016-10-27 18:24:55'),
(249, 'europa.jaroslaw@o2.pl', 259, '2016-10-27 18:24:55', '2016-10-27 18:24:55'),
(251, 'ntk@convex.ru', 261, '2016-10-27 18:24:55', '2016-10-27 18:24:55'),
(253, 'ernesto@menudencias.com', 264, '2016-10-27 18:24:55', '2016-10-27 18:24:55'),
(256, 'pengyuan666666@yahoo.com.cn', 267, '2016-10-27 18:24:55', '2016-10-27 18:24:55'),
(258, 'agrahurt@agrahurt.com.pl', 269, '2016-10-27 18:24:55', '2016-10-27 18:24:55'),
(264, 'natcasing@direct01.com', 276, '2016-10-27 18:24:55', '2016-10-27 18:24:55'),
(265, 'Sabir-w@yandex.ru', 277, '2016-10-27 18:24:55', '2016-10-27 18:24:55'),
(267, 'abtnbr@hotmail.com', 279, '2016-10-27 18:24:55', '2016-10-27 18:24:55'),
(268, 'c.santunione@cmservices.mo.it', 280, '2016-10-27 18:24:55', '2016-10-27 18:24:55'),
(269, 'info@globalcasing.de', 281, '2016-10-27 18:24:55', '2016-10-27 18:24:55'),
(271, 'real.cartoplast@tiscali.it', 285, '2016-10-27 18:24:55', '2016-10-27 18:24:55'),
(273, 'geallad@mail.telepac.pt', 287, '2016-10-27 18:24:55', '2016-10-27 18:24:55'),
(274, 'charlestripac04@yahoo.co.uk', 288, '2016-10-27 18:24:55', '2016-10-27 18:24:55'),
(276, 'Poznan@aikon.com.pl', 291, '2016-10-27 18:24:55', '2016-10-27 18:24:55'),
(277, 'Tang@kf-biochemi.com', 292, '2016-10-27 18:24:55', '2016-10-27 18:24:55'),
(278, 'casing@public.qd.sd.on', 293, '2016-10-27 18:24:55', '2016-10-27 18:24:55'),
(279, 'Arekw@polslgliwice.pl', 294, '2016-10-27 18:24:56', '2016-10-27 18:24:56'),
(280, 'sale@cofcowh.com', 295, '2016-10-27 18:24:56', '2016-10-27 18:24:56'),
(281, 'Tg300@spark.net.gr', 296, '2016-10-27 18:24:56', '2016-10-27 18:24:56'),
(282, 'Tonyliu0015@sina.com', 298, '2016-10-27 18:24:56', '2016-10-27 18:24:56'),
(283, 'cdgoldeneagle@fm365.com', 299, '2016-10-27 18:24:56', '2016-10-27 18:24:56'),
(284, 'Lsanchez.lda@mail.telepac.pt', 301, '2016-10-27 18:24:56', '2016-10-27 18:24:56'),
(285, 'Khjeon@kfri.re.kr', 302, '2016-10-27 18:24:56', '2016-10-27 18:24:56'),
(286, 'Khantrd_007@yahoo.com', 303, '2016-10-27 18:24:56', '2016-10-27 18:24:56'),
(287, 'ciowa@juno.com', 304, '2016-10-27 18:24:56', '2016-10-27 18:24:56'),
(288, 'Liaoyong@hotmail.com', 305, '2016-10-27 18:24:56', '2016-10-27 18:24:56'),
(289, 'iti@isa.dknet.dk', 306, '2016-10-27 18:24:56', '2016-10-27 18:24:56'),
(290, 'Felipe@netvigator.com', 312, '2016-10-27 18:24:56', '2016-10-27 18:24:56'),
(291, 'Gy2@food.lftc.com.cn', 313, '2016-10-27 18:24:56', '2016-10-27 18:24:56'),
(292, 'qdcasing@public.qd.sd.cn', 315, '2016-10-27 18:24:56', '2016-10-27 18:24:56'),
(293, 'Plcld@public.lcptt.sd.cn', 316, '2016-10-27 18:24:56', '2016-10-27 18:24:56'),
(294, 'Mani@arabtec.com', 318, '2016-10-27 18:24:56', '2016-10-27 18:24:56'),
(295, 'Bilalent@onebox.com', 320, '2016-10-27 18:24:56', '2016-10-27 18:24:56'),
(296, 'Makuwai@parkcity.ne.jp', 322, '2016-10-27 18:24:56', '2016-10-27 18:24:56'),
(297, 'Macdormot@bertin.com.fr', 323, '2016-10-27 18:24:56', '2016-10-27 18:24:56'),
(298, 'Huamaolz@public.sj.he.cn', 329, '2016-10-27 18:24:56', '2016-10-27 18:24:56'),
(299, 'phnma@public2.ha.zz.cn', 330, '2016-10-27 18:24:56', '2016-10-27 18:24:56'),
(300, 'theleows@asiaonline.net', 331, '2016-10-27 18:24:56', '2016-10-27 18:24:56'),
(301, 'Michael@kateford.com', 334, '2016-10-27 18:24:56', '2016-10-27 18:24:56'),
(302, 'yutai@public.xn.qh.cn', 335, '2016-10-27 18:24:56', '2016-10-27 18:24:56'),
(304, 'i_bazzet@yahoo.com', 337, '2016-10-27 18:24:56', '2016-10-27 18:24:56'),
(305, 'joumana_co@hotmail.com', 338, '2016-10-27 18:24:56', '2016-10-27 18:24:56'),
(306, 'danielbrunes@ciudad.com.ar', 339, '2016-10-27 18:24:56', '2016-10-27 18:24:56'),
(307, 'lucios@friglamar.com', 340, '2016-10-27 18:24:56', '2016-10-27 18:24:56'),
(308, 'exports@swift.comar', 341, '2016-10-27 18:24:56', '2016-10-27 18:24:56'),
(309, 'comercial@frigesquel.com.ar', 343, '2016-10-27 18:24:56', '2016-10-27 18:24:56'),
(310, 'raulaimararsa@arnet.com.ar', 344, '2016-10-27 18:24:56', '2016-10-27 18:24:56'),
(311, 'info@elombusrl.com', 345, '2016-10-27 18:24:56', '2016-10-27 18:24:56'),
(312, 'jramirez@efriar.com.ar', 346, '2016-10-27 18:24:56', '2016-10-27 18:24:56'),
(313, 'orenaike@infovia.com.ar', 347, '2016-10-27 18:24:56', '2016-10-27 18:24:56'),
(314, 'ofivet@carnes-pampeanas.com', 348, '2016-10-27 18:24:56', '2016-10-27 18:24:56'),
(315, 'saindiopampa@infovia.com.ar', 349, '2016-10-27 18:24:56', '2016-10-27 18:24:56'),
(317, 'senasavm@quickfood.com.ar', 352, '2016-10-27 18:24:57', '2016-10-27 18:24:57'),
(318, 'edelweiss@infovia.com.ar', 353, '2016-10-27 18:24:57', '2016-10-27 18:24:57'),
(319, 'dcasin@netconnect.com.au', 354, '2016-10-27 18:24:57', '2016-10-27 18:24:57'),
(320, 'aacasing@iinet.net.au', 355, '2016-10-27 18:24:57', '2016-10-27 18:24:57'),
(321, 'libertycasings@dod.com.au', 356, '2016-10-27 18:24:57', '2016-10-27 18:24:57'),
(322, 'signifyptyltd@bigpond.com', 357, '2016-10-27 18:24:57', '2016-10-27 18:24:57'),
(323, 'tara@auscas.com', 358, '2016-10-27 18:24:57', '2016-10-27 18:24:57'),
(324, 'crasan@iprimus.com.au', 359, '2016-10-27 18:24:57', '2016-10-27 18:24:57'),
(325, 'jc.delchambre@skynet.be', 360, '2016-10-27 18:24:57', '2016-10-27 18:24:57'),
(326, 'mail@dewitteonline.be', 361, '2016-10-27 18:24:57', '2016-10-27 18:24:57'),
(327, 'bccharleroi@skynet.be', 362, '2016-10-27 18:24:57', '2016-10-27 18:24:57'),
(328, 'vancol@telenet.be', 363, '2016-10-27 18:24:57', '2016-10-27 18:24:57'),
(329, 'bexpobru@skynet.be', 364, '2016-10-27 18:24:57', '2016-10-27 18:24:57'),
(330, 'info@geenennatuurdarmen.be', 365, '2016-10-27 18:24:57', '2016-10-27 18:24:57'),
(331, 'hendrik@vandenberghe.com', 366, '2016-10-27 18:24:57', '2016-10-27 18:24:57'),
(332, 'serlgoffard@cybernet.be', 367, '2016-10-27 18:24:57', '2016-10-27 18:24:57'),
(333, 'dkv.beckmans@myoffice.mobistar.be', 368, '2016-10-27 18:24:57', '2016-10-27 18:24:57'),
(334, 'naturalpack@edpnet.be', 369, '2016-10-27 18:24:57', '2016-10-27 18:24:57'),
(335, 'mourmans.jean@skynet.be', 370, '2016-10-27 18:24:57', '2016-10-27 18:24:57'),
(336, 'operacoesbovinos@jbs.com.br', 371, '2016-10-27 18:24:57', '2016-10-27 18:24:57'),
(337, 'mataboi@mataboi.com', 372, '2016-10-27 18:24:57', '2016-10-27 18:24:57'),
(338, 'minerva@minerva.ind.br', 373, '2016-10-27 18:24:57', '2016-10-27 18:24:57'),
(339, 'frigorifico@mondelli.com.br', 374, '2016-10-27 18:24:57', '2016-10-27 18:24:57'),
(340, 'export@frigoestrela.com.br', 376, '2016-10-27 18:24:57', '2016-10-27 18:24:57'),
(341, 'den.julio@uol.com.br', 377, '2016-10-27 18:24:57', '2016-10-27 18:24:57'),
(342, 'comercial@conditripas.com.br', 378, '2016-10-27 18:24:57', '2016-10-27 18:24:57'),
(343, 'contato@frigorificosilva.com.br', 379, '2016-10-27 18:24:57', '2016-10-27 18:24:57'),
(344, 'mkienast@lopesco.com.br', 380, '2016-10-27 18:24:57', '2016-10-27 18:24:57'),
(345, 'vianello@marcopolociel.com.br', 381, '2016-10-27 18:24:57', '2016-10-27 18:24:57'),
(346, 'frigosor@frigosor.cl', 382, '2016-10-27 18:24:57', '2016-10-27 18:24:57'),
(347, 'ventas@friosa.cl', 384, '2016-10-27 18:24:57', '2016-10-27 18:24:57'),
(348, 'insuban@insuban.cl', 385, '2016-10-27 18:24:57', '2016-10-27 18:24:57'),
(349, 'productosgaldames@tie.cl', 386, '2016-10-27 18:24:57', '2016-10-27 18:24:57'),
(350, 'king2004wm@hotmail.com', 387, '2016-10-27 18:24:57', '2016-10-27 18:24:57'),
(351, 'xinxingcasing@yahoo.com.cn', 388, '2016-10-27 18:24:57', '2016-10-27 18:24:57'),
(352, 'xinxingcasing@yahoo.com.cn', 389, '2016-10-27 18:24:57', '2016-10-27 18:24:57'),
(353, 'zhushulin@htcaf.com', 390, '2016-10-27 18:24:58', '2016-10-27 18:24:58'),
(355, 'linda_cq8@hotmail.com', 392, '2016-10-27 18:24:58', '2016-10-27 18:24:58'),
(356, 'wxf@qianhai.com.cn', 393, '2016-10-27 18:24:58', '2016-10-27 18:24:58'),
(357, 'hz.tshu@yahoo.com.cn', 394, '2016-10-27 18:24:58', '2016-10-27 18:24:58'),
(358, 'frankjxc@gmail.com', 395, '2016-10-27 18:24:58', '2016-10-27 18:24:58'),
(359, 'sales@dmcasing.cn', 396, '2016-10-27 18:24:58', '2016-10-27 18:24:58'),
(360, 'kmcasing@kmcasing.com', 397, '2016-10-27 18:24:58', '2016-10-27 18:24:58'),
(361, 'info@jxabp.com', 398, '2016-10-27 18:24:58', '2016-10-27 18:24:58'),
(362, 'supercasing@hotmail.com', 399, '2016-10-27 18:24:58', '2016-10-27 18:24:58'),
(363, 'sales@ytcasing.com', 400, '2016-10-27 18:24:58', '2016-10-27 18:24:58'),
(364, 'wkcasing@yahoo.com', 401, '2016-10-27 18:24:58', '2016-10-27 18:24:58'),
(365, 'frankma_2000@yahoo.com.cn', 403, '2016-10-27 18:24:58', '2016-10-27 18:24:58'),
(366, 'linfeng-amy@189.cn', 404, '2016-10-27 18:24:58', '2016-10-27 18:24:58'),
(367, 'info@qfcasing.com', 405, '2016-10-27 18:24:58', '2016-10-27 18:24:58'),
(369, 'casingtubes@yahoo.com.cn', 407, '2016-10-27 18:24:58', '2016-10-27 18:24:58'),
(370, 'renyeecn@hotamil.com', 408, '2016-10-27 18:24:58', '2016-10-27 18:24:58'),
(371, 'stwcsa@126.com', 409, '2016-10-27 18:24:58', '2016-10-27 18:24:58'),
(372, 'jianjunkang696@hotmail.com', 410, '2016-10-27 18:24:58', '2016-10-27 18:24:58'),
(374, 'shihongzhi123@vip.sina.com', 412, '2016-10-27 18:24:58', '2016-10-27 18:24:58'),
(375, 'web@tiantaichina.com', 413, '2016-10-27 18:24:58', '2016-10-27 18:24:58'),
(378, 'info@gloryltd.com.hk', 416, '2016-10-27 18:24:58', '2016-10-27 18:24:58'),
(379, 'penhu@tom.com', 417, '2016-10-27 18:24:58', '2016-10-27 18:24:58'),
(380, 'zhangxl_wx@yahoo.com.cn', 418, '2016-10-27 18:24:58', '2016-10-27 18:24:58'),
(381, 'lidecasing@163.com', 419, '2016-10-27 18:24:58', '2016-10-27 18:24:58'),
(382, 'lightart@sohu.com', 420, '2016-10-27 18:24:58', '2016-10-27 18:24:58'),
(383, 'star@henanstar.com', 421, '2016-10-27 18:24:58', '2016-10-27 18:24:58'),
(384, 'jasper@iti-aps.dk', 422, '2016-10-27 18:24:58', '2016-10-27 18:24:58'),
(385, 'info@nordmeat.org', 423, '2016-10-27 18:24:58', '2016-10-27 18:24:58'),
(386, 'schumann.nevada@t-online.de', 426, '2016-10-27 18:24:58', '2016-10-27 18:24:58'),
(387, 'fritz.gruene@t-online.de', 427, '2016-10-27 18:24:58', '2016-10-27 18:24:58'),
(388, 'kammermayer-bayerbach@t-online.de', 428, '2016-10-27 18:24:58', '2016-10-27 18:24:58'),
(389, 'smolenskigmbh@web.de', 429, '2016-10-27 18:24:58', '2016-10-27 18:24:58'),
(390, 'clw.chen@t-online.de', 430, '2016-10-27 18:24:58', '2016-10-27 18:24:58'),
(391, 'office@alemi.info', 431, '2016-10-27 18:24:59', '2016-10-27 18:24:59'),
(392, 'info@marliani.de', 433, '2016-10-27 18:24:59', '2016-10-27 18:24:59'),
(393, 'naturdaerme.seidel@googlemail.com', 434, '2016-10-27 18:24:59', '2016-10-27 18:24:59'),
(394, 'cassel-fleischtechnik@t-online.de', 435, '2016-10-27 18:24:59', '2016-10-27 18:24:59'),
(395, 'alikhalil@t-online.de', 436, '2016-10-27 18:24:59', '2016-10-27 18:24:59'),
(396, 'info@fehrmann.de', 437, '2016-10-27 18:24:59', '2016-10-27 18:24:59'),
(397, 'tobias.ortkras@ehlert-gmbh.de', 438, '2016-10-27 18:24:59', '2016-10-27 18:24:59'),
(398, 'alakus@alakus.de', 439, '2016-10-27 18:24:59', '2016-10-27 18:24:59'),
(399, 'ahmad.kamari@gmx.de', 440, '2016-10-27 18:24:59', '2016-10-27 18:24:59'),
(400, 'anbhandels@yahoo.de', 441, '2016-10-27 18:24:59', '2016-10-27 18:24:59'),
(401, 'ariananaturdarm@yahoo.de', 442, '2016-10-27 18:24:59', '2016-10-27 18:24:59'),
(403, 'info@dohr.biz', 445, '2016-10-27 18:24:59', '2016-10-27 18:24:59'),
(404, 'cnconnection@yahoo.de', 446, '2016-10-27 18:24:59', '2016-10-27 18:24:59'),
(405, 'info@richard-bueter.com', 447, '2016-10-27 18:24:59', '2016-10-27 18:24:59'),
(406, 'info@hanseata-hamburg.de', 449, '2016-10-27 18:24:59', '2016-10-27 18:24:59'),
(407, 'kroeger.darm@t-online.de', 450, '2016-10-27 18:24:59', '2016-10-27 18:24:59'),
(408, 'lpthoseethmaaz@hotmail.de', 451, '2016-10-27 18:24:59', '2016-10-27 18:24:59'),
(409, 'pollmuller.gmbh@helimail.de', 452, '2016-10-27 18:24:59', '2016-10-27 18:24:59'),
(410, 'info@schwan-online.de', 453, '2016-10-27 18:24:59', '2016-10-27 18:24:59'),
(411, 'nasser-nobakht@t-online.de', 454, '2016-10-27 18:24:59', '2016-10-27 18:24:59'),
(412, 'osman@jorker-naturdaerme.de', 455, '2016-10-27 18:24:59', '2016-10-27 18:24:59'),
(413, 'info@stratz.de', 456, '2016-10-27 18:24:59', '2016-10-27 18:24:59'),
(414, 'info@lm-kiel.de', 457, '2016-10-27 18:24:59', '2016-10-27 18:24:59'),
(415, 'info@eichel-pelzer.de', 458, '2016-10-27 18:24:59', '2016-10-27 18:24:59'),
(416, 'info@hermannfuchs.de', 460, '2016-10-27 18:24:59', '2016-10-27 18:24:59'),
(417, 'info@daerme-schoenhofer.de', 462, '2016-10-27 18:24:59', '2016-10-27 18:24:59'),
(418, 'interdarm@aol.com', 463, '2016-10-27 18:24:59', '2016-10-27 18:24:59'),
(419, 'mndgmbh@t-online.de', 464, '2016-10-27 18:24:59', '2016-10-27 18:24:59'),
(420, 'info@nobakht-gmbh.de', 465, '2016-10-27 18:24:59', '2016-10-27 18:24:59'),
(421, 'hreiss@dossler-naturdarm.de', 466, '2016-10-27 18:24:59', '2016-10-27 18:24:59'),
(422, 'helmut-christ@t-online.de', 469, '2016-10-27 18:24:59', '2016-10-27 18:24:59'),
(423, 'info@mnobari-naturdarm.de', 471, '2016-10-27 18:24:59', '2016-10-27 18:24:59'),
(424, 'info@enders.de', 472, '2016-10-27 18:24:59', '2016-10-27 18:24:59'),
(425, 'dirk.lohrey@t-online.de', 473, '2016-10-27 18:24:59', '2016-10-27 18:24:59'),
(426, 'info@amjadi.com', 474, '2016-10-27 18:24:59', '2016-10-27 18:24:59'),
(427, 'bernhard.pink@web.de', 475, '2016-10-27 18:24:59', '2016-10-27 18:24:59'),
(428, 'info@strobel-de.com', 477, '2016-10-27 18:25:00', '2016-10-27 18:25:00'),
(429, 'chbreitschaft@aol.com', 479, '2016-10-27 18:25:00', '2016-10-27 18:25:00'),
(430, 'info@schinner-natrudarm.de', 480, '2016-10-27 18:25:00', '2016-10-27 18:25:00'),
(431, 'rahmani@persersaitlinge.de', 481, '2016-10-27 18:25:00', '2016-10-27 18:25:00'),
(432, 'clauss-darmhandel@t-online.de', 482, '2016-10-27 18:25:00', '2016-10-27 18:25:00'),
(433, 'info@grundt-byproducts.de', 483, '2016-10-27 18:25:00', '2016-10-27 18:25:00'),
(434, 'info@darm-schael.de', 484, '2016-10-27 18:25:00', '2016-10-27 18:25:00'),
(435, 'vossmann.co@t-online.de', 485, '2016-10-27 18:25:00', '2016-10-27 18:25:00'),
(436, 'info@dagema.com', 486, '2016-10-27 18:25:00', '2016-10-27 18:25:00'),
(437, 'geb.hgmbh@t-online.de', 487, '2016-10-27 18:25:00', '2016-10-27 18:25:00'),
(438, 'info@snd-schulz.de', 488, '2016-10-27 18:25:00', '2016-10-27 18:25:00'),
(439, 'info@raetzel.com', 489, '2016-10-27 18:25:00', '2016-10-27 18:25:00'),
(440, 'veikand@veikand.ee', 490, '2016-10-27 18:25:00', '2016-10-27 18:25:00'),
(441, 'int.animal.product@wanadoo.fr', 491, '2016-10-27 18:25:00', '2016-10-27 18:25:00'),
(442, 'boyauderie.bolbecaise@wanadoo.fr', 492, '2016-10-27 18:25:00', '2016-10-27 18:25:00'),
(443, 'boyauxcotentin@aol.com', 493, '2016-10-27 18:25:00', '2016-10-27 18:25:00'),
(444, 'gbb-roland@wanadoo.fr', 494, '2016-10-27 18:25:00', '2016-10-27 18:25:00'),
(445, 'dole-boyaux@wanadoo.fr', 495, '2016-10-27 18:25:00', '2016-10-27 18:25:00'),
(446, 'ldboyauderie@wanadoo.fe', 496, '2016-10-27 18:25:00', '2016-10-27 18:25:00'),
(447, 'basy@orange.fr', 497, '2016-10-27 18:25:00', '2016-10-27 18:25:00'),
(448, 'sanabo@wanadoo.fr', 498, '2016-10-27 18:25:00', '2016-10-27 18:25:00'),
(449, 'jld@discob.fr', 499, '2016-10-27 18:25:00', '2016-10-27 18:25:00'),
(450, 'bernard.cialaba@jean-floch.com', 500, '2016-10-27 18:25:00', '2016-10-27 18:25:00'),
(451, 'info@aymard.fr', 501, '2016-10-27 18:25:00', '2016-10-27 18:25:00'),
(452, 'enjolras3@wanadoo.fr', 502, '2016-10-27 18:25:00', '2016-10-27 18:25:00'),
(453, 'bernard.cialaba@jean-floch.com', 503, '2016-10-27 18:25:00', '2016-10-27 18:25:00'),
(454, 'sabouraud@wanadoo.fr', 504, '2016-10-27 18:25:00', '2016-10-27 18:25:00'),
(455, 'boyauxbert@hotmail.fr', 505, '2016-10-27 18:25:00', '2016-10-27 18:25:00'),
(456, 'sarabo1@orange.fr', 506, '2016-10-27 18:25:00', '2016-10-27 18:25:00'),
(457, 'leporc@abera.fr', 507, '2016-10-27 18:25:00', '2016-10-27 18:25:00'),
(458, 'sa.roland.b.fr@orange.fr', 509, '2016-10-27 18:25:00', '2016-10-27 18:25:00'),
(459, 'info@soproma.com', 510, '2016-10-27 18:25:00', '2016-10-27 18:25:00'),
(460, 'info@Inc-casings.com', 511, '2016-10-27 18:25:00', '2016-10-27 18:25:00'),
(461, 'info@inter-ameriana.com', 512, '2016-10-27 18:25:00', '2016-10-27 18:25:00'),
(462, 'info@inter-ameriana.com', 513, '2016-10-27 18:25:00', '2016-10-27 18:25:00'),
(463, 'alhamedexport@hotmail.com', 514, '2016-10-27 18:25:00', '2016-10-27 18:25:00'),
(464, 'japanfoods@bol.net.in', 515, '2016-10-27 18:25:00', '2016-10-27 18:25:00'),
(465, 'intlcasing@yahoo.com', 516, '2016-10-27 18:25:00', '2016-10-27 18:25:00'),
(466, 'occ54@hotmail.com', 517, '2016-10-27 18:25:01', '2016-10-27 18:25:01'),
(467, 'hangeahighco@yahoo.com', 518, '2016-10-27 18:25:01', '2016-10-27 18:25:01'),
(468, 'rezayiali29@yahoo.com', 519, '2016-10-27 18:25:01', '2016-10-27 18:25:01'),
(469, 'shalbafian_casing@yahoo.com', 520, '2016-10-27 18:25:01', '2016-10-27 18:25:01'),
(470, 'hassan_amiri779@yahoo.com', 521, '2016-10-27 18:25:01', '2016-10-27 18:25:01'),
(471, 'info@ars.ir', 522, '2016-10-27 18:25:01', '2016-10-27 18:25:01'),
(472, 'arytradingir@yahoo.com', 524, '2016-10-27 18:25:01', '2016-10-27 18:25:01'),
(473, 'samad@nikjoo.com', 525, '2016-10-27 18:25:01', '2016-10-27 18:25:01'),
(474, 'atlasdamroud@gmail.com', 526, '2016-10-27 18:25:01', '2016-10-27 18:25:01'),
(475, 'farrokhfaraz@yahoo.com', 529, '2016-10-27 18:25:01', '2016-10-27 18:25:01'),
(476, 'info@habibihanks.com', 530, '2016-10-27 18:25:01', '2016-10-27 18:25:01'),
(477, 'hankkar@yahoo.com', 531, '2016-10-27 18:25:01', '2016-10-27 18:25:01'),
(478, 'aryanamiri@yahoo.com', 532, '2016-10-27 18:25:01', '2016-10-27 18:25:01'),
(479, 'khatibi37@yahoo.com', 533, '2016-10-27 18:25:01', '2016-10-27 18:25:01'),
(480, 'info@iranamin.com', 534, '2016-10-27 18:25:01', '2016-10-27 18:25:01'),
(481, 'info@jalout.com', 535, '2016-10-27 18:25:01', '2016-10-27 18:25:01'),
(482, 'vala@valamanesh.ir', 537, '2016-10-27 18:25:01', '2016-10-27 18:25:01'),
(483, 'mohajerhangco@casing.com', 538, '2016-10-27 18:25:01', '2016-10-27 18:25:01'),
(484, 'karimiprof@yahoo.com', 541, '2016-10-27 18:25:01', '2016-10-27 18:25:01'),
(485, 'p_nafar@hotmail.com', 542, '2016-10-27 18:25:01', '2016-10-27 18:25:01'),
(486, 'info@nobakht.ir', 543, '2016-10-27 18:25:01', '2016-10-27 18:25:01'),
(487, 'pakezeh_naturdarm@hotmail.com', 545, '2016-10-27 18:25:01', '2016-10-27 18:25:01'),
(488, 'r.bitarafan@tehran.irpost.com', 547, '2016-10-27 18:25:01', '2016-10-27 18:25:01'),
(489, 'sheepstar.iran@yahoo.de', 548, '2016-10-27 18:25:01', '2016-10-27 18:25:01'),
(490, 'info@sima-co-ghandvar.ir', 549, '2016-10-27 18:25:01', '2016-10-27 18:25:01'),
(491, 'info@tabrizhank.com', 550, '2016-10-27 18:25:01', '2016-10-27 18:25:01'),
(492, 'tak_rudeh@asia.com', 551, '2016-10-27 18:25:01', '2016-10-27 18:25:01'),
(493, 'warasima2004@yahoo.com', 554, '2016-10-27 18:25:01', '2016-10-27 18:25:01'),
(494, 'info@yataexpress.com', 555, '2016-10-27 18:25:01', '2016-10-27 18:25:01'),
(495, 'amiraalimashrab@gmail.com', 556, '2016-10-27 18:25:01', '2016-10-27 18:25:01'),
(496, 'azarhank_passeh@yahoo.com', 559, '2016-10-27 18:25:01', '2016-10-27 18:25:01'),
(497, 'info@imancasing.com', 560, '2016-10-27 18:25:01', '2016-10-27 18:25:01'),
(498, 'info@cobu.it', 561, '2016-10-27 18:25:01', '2016-10-27 18:25:01'),
(499, 'ifabio@bervini.com', 562, '2016-10-27 18:25:01', '2016-10-27 18:25:01'),
(500, 'mattia@savonitti.com', 563, '2016-10-27 18:25:01', '2016-10-27 18:25:01'),
(501, 'maltinti@maltintiarturobudella.net', 564, '2016-10-27 18:25:01', '2016-10-27 18:25:01'),
(502, 'info@eml.it', 565, '2016-10-27 18:25:01', '2016-10-27 18:25:01'),
(503, 'sergio.delorenzi@delorenzi.org', 566, '2016-10-27 18:25:02', '2016-10-27 18:25:02'),
(504, 'info@italianabudella.it', 567, '2016-10-27 18:25:02', '2016-10-27 18:25:02'),
(505, 'st@boaitalia.it', 568, '2016-10-27 18:25:02', '2016-10-27 18:25:02'),
(506, 'info@alcorsrl.it', 569, '2016-10-27 18:25:02', '2016-10-27 18:25:02'),
(507, 'info@byproducts.it', 570, '2016-10-27 18:25:02', '2016-10-27 18:25:02'),
(508, 'n-casing@luck.ocn.ne.jp', 571, '2016-10-27 18:25:02', '2016-10-27 18:25:02'),
(509, 'toyotsugu.matsuzawa@anzco.co.jp', 573, '2016-10-27 18:25:02', '2016-10-27 18:25:02'),
(510, 'customer.care@betterbeef.ca', 574, '2016-10-27 18:25:02', '2016-10-27 18:25:02'),
(511, 'innisfall@sunterrameats.ca', 575, '2016-10-27 18:25:02', '2016-10-27 18:25:02'),
(512, 'sgauthier@vianderichelieu.com', 576, '2016-10-27 18:25:02', '2016-10-27 18:25:02'),
(513, 'meka@meka-mish.com', 577, '2016-10-27 18:25:02', '2016-10-27 18:25:02'),
(514, 'pik@pik-vrbovec.hr', 578, '2016-10-27 18:25:02', '2016-10-27 18:25:02'),
(515, 'dadcentr@e-apollo.lv', 579, '2016-10-27 18:25:02', '2016-10-27 18:25:02'),
(516, 'vladimir.poloz@pskomerc.lv', 580, '2016-10-27 18:25:02', '2016-10-27 18:25:02'),
(517, 'eastcasings@terra.net.lb', 581, '2016-10-27 18:25:02', '2016-10-27 18:25:02'),
(518, 'info@darsela.lt', 582, '2016-10-27 18:25:02', '2016-10-27 18:25:02'),
(520, 'office@carmez.md', 584, '2016-10-27 18:25:02', '2016-10-27 18:25:02'),
(521, 'John@MarketNZ.co.nz', 585, '2016-10-27 18:25:02', '2016-10-27 18:25:02'),
(522, 'sales@silverfernfarms.co.nz', 586, '2016-10-27 18:25:02', '2016-10-27 18:25:02'),
(523, 'graeme.cox@affco.co.nz', 587, '2016-10-27 18:25:02', '2016-10-27 18:25:02'),
(524, 'sales@waikiwicasings.co.nz', 588, '2016-10-27 18:25:02', '2016-10-27 18:25:02'),
(525, 'carla@alliance.co.nz', 589, '2016-10-27 18:25:02', '2016-10-27 18:25:02'),
(526, 'chris.pyke@tpl.co.nz', 590, '2016-10-27 18:25:02', '2016-10-27 18:25:02'),
(527, 'ndh@cth.nl', 591, '2016-10-27 18:25:02', '2016-10-27 18:25:02'),
(528, 'smits@smits-itc.nl', 592, '2016-10-27 18:25:02', '2016-10-27 18:25:02'),
(529, 'office@vm-hohenems.at', 593, '2016-10-27 18:25:02', '2016-10-27 18:25:02'),
(530, 'info@laska.co.at', 594, '2016-10-27 18:25:02', '2016-10-27 18:25:02'),
(531, 'office@wigof.at', 595, '2016-10-27 18:25:02', '2016-10-27 18:25:02'),
(532, 'office@ginterstorfer.at', 596, '2016-10-27 18:25:02', '2016-10-27 18:25:02'),
(533, 'Helga.Tod@zeder-gmbh.at', 597, '2016-10-27 18:25:02', '2016-10-27 18:25:02'),
(534, 'rudolf@popl.at', 599, '2016-10-27 18:25:02', '2016-10-27 18:25:02'),
(535, 'alibilal786@yahoo.com', 600, '2016-10-27 18:25:02', '2016-10-27 18:25:02'),
(536, 'rauf_goreja@hotmail.com', 601, '2016-10-27 18:25:02', '2016-10-27 18:25:02'),
(538, 'info@rafique-ahsen.com', 603, '2016-10-27 18:25:03', '2016-10-27 18:25:03'),
(539, 'mriaz@cyber.net.pk', 604, '2016-10-27 18:25:03', '2016-10-27 18:25:03'),
(540, 'mriaz@cyber.net.pk', 605, '2016-10-27 18:25:03', '2016-10-27 18:25:03'),
(541, 'tajentcorp@yahoo.com', 606, '2016-10-27 18:25:03', '2016-10-27 18:25:03'),
(542, 'itc1930@gmail.com', 607, '2016-10-27 18:25:03', '2016-10-27 18:25:03'),
(543, 'imranenterprise@gmail.com', 608, '2016-10-27 18:25:03', '2016-10-27 18:25:03'),
(544, 'fosbene@yahoo.com', 609, '2016-10-27 18:25:03', '2016-10-27 18:25:03'),
(545, 'rct@wol.net.pk', 611, '2016-10-27 18:25:03', '2016-10-27 18:25:03'),
(546, 'Sk-Traders@hotmail.com', 612, '2016-10-27 18:25:03', '2016-10-27 18:25:03'),
(547, 'bhutta_int@yahoo.com', 613, '2016-10-27 18:25:03', '2016-10-27 18:25:03'),
(548, 'bilalent@email.com', 614, '2016-10-27 18:25:03', '2016-10-27 18:25:03'),
(549, 'haidersheepcasing@yahoo.com', 615, '2016-10-27 18:25:03', '2016-10-27 18:25:03'),
(550, 'shnadem@brain.net.pk', 617, '2016-10-27 18:25:03', '2016-10-27 18:25:03'),
(551, 'pctmux2@hotmail.com', 618, '2016-10-27 18:25:03', '2016-10-27 18:25:03'),
(552, 'rashidhafique786@yahoo.com', 619, '2016-10-27 18:25:03', '2016-10-27 18:25:03'),
(553, 'gulshanenterprises@yahoo.com', 620, '2016-10-27 18:25:03', '2016-10-27 18:25:03'),
(554, 'ghani_sons05@yahoo.com', 621, '2016-10-27 18:25:03', '2016-10-27 18:25:03'),
(555, 'info@orbittraders.com', 622, '2016-10-27 18:25:03', '2016-10-27 18:25:03'),
(556, 'info@orbittraders.com', 623, '2016-10-27 18:25:03', '2016-10-27 18:25:03'),
(557, 'sahaniinternational_td@hotmail.com', 624, '2016-10-27 18:25:03', '2016-10-27 18:25:03'),
(558, 'biuro@gerpol.com.pl', 625, '2016-10-27 18:25:03', '2016-10-27 18:25:03'),
(559, 'biuro@vector-food.pl', 626, '2016-10-27 18:25:03', '2016-10-27 18:25:03'),
(560, 'sarrisdarm@pro.onet.pl', 627, '2016-10-27 18:25:03', '2016-10-27 18:25:03'),
(561, 'poczta@grupabr.pl', 628, '2016-10-27 18:25:03', '2016-10-27 18:25:03'),
(562, 'info@promar.pl', 629, '2016-10-27 18:25:03', '2016-10-27 18:25:03'),
(563, 'casings@manufacturer.pl', 630, '2016-10-27 18:25:03', '2016-10-27 18:25:03'),
(564, 'biuro@noworiom.pl', 631, '2016-10-27 18:25:03', '2016-10-27 18:25:03'),
(565, 'centrala@tompol.pl', 632, '2016-10-27 18:25:03', '2016-10-27 18:25:03'),
(566, 't-k@go2.pl', 633, '2016-10-27 18:25:03', '2016-10-27 18:25:03'),
(567, 'zychal@zychal.com.pl', 634, '2016-10-27 18:25:03', '2016-10-27 18:25:03'),
(568, 'agrahurt@agrahurt.com.pl', 635, '2016-10-27 18:25:03', '2016-10-27 18:25:03'),
(569, 'adomagala@nomaxtrading.eu', 636, '2016-10-27 18:25:03', '2016-10-27 18:25:03'),
(570, 'dlpl@wp.pl', 637, '2016-10-27 18:25:03', '2016-10-27 18:25:03'),
(571, 'info@kadek.pl', 638, '2016-10-27 18:25:03', '2016-10-27 18:25:03'),
(572, 'info@pauder.com', 639, '2016-10-27 18:25:03', '2016-10-27 18:25:03'),
(573, 'info@luissanchez.pt', 640, '2016-10-27 18:25:03', '2016-10-27 18:25:03'),
(574, 'office@paksoyfood.ro', 641, '2016-10-27 18:25:03', '2016-10-27 18:25:03'),
(575, 'office@eurofuture.ro', 642, '2016-10-27 18:25:03', '2016-10-27 18:25:03'),
(576, 'simiintl_srl@yahoo.com', 643, '2016-10-27 18:25:03', '2016-10-27 18:25:03'),
(577, 'info@ariva.ru', 644, '2016-10-27 18:25:04', '2016-10-27 18:25:04'),
(578, 'bontrade@mail.ru', 645, '2016-10-27 18:25:04', '2016-10-27 18:25:04'),
(579, 'info@starhold.ru', 646, '2016-10-27 18:25:04', '2016-10-27 18:25:04'),
(580, 'dir@yureal.ru', 647, '2016-10-27 18:25:04', '2016-10-27 18:25:04'),
(581, 'yashayev@ruscasing.ru', 648, '2016-10-27 18:25:04', '2016-10-27 18:25:04'),
(582, 'patrik@kalundgren.se', 649, '2016-10-27 18:25:04', '2016-10-27 18:25:04'),
(583, 'brigitta@gcimport.se', 650, '2016-10-27 18:25:04', '2016-10-27 18:25:04'),
(584, 'suhner-inland@suhner.ag.ch', 651, '2016-10-27 18:25:04', '2016-10-27 18:25:04'),
(585, 'info@zgraggen-darmhandel.ch', 652, '2016-10-27 18:25:04', '2016-10-27 18:25:04'),
(586, 'info@ramp.ch', 653, '2016-10-27 18:25:04', '2016-10-27 18:25:04'),
(587, 'nikkitradingltd@bluwin.ch', 654, '2016-10-27 18:25:04', '2016-10-27 18:25:04'),
(588, 'dag-daerme@bluewin.ch', 655, '2016-10-27 18:25:04', '2016-10-27 18:25:04'),
(589, 'rn@unicasing.sk', 656, '2016-10-27 18:25:04', '2016-10-27 18:25:04'),
(590, 'slov-ital@slov-ital.sk', 657, '2016-10-27 18:25:04', '2016-10-27 18:25:04'),
(591, 'anton@bovis.si', 658, '2016-10-27 18:25:04', '2016-10-27 18:25:04'),
(592, 'alitrip@alitrip.es', 659, '2016-10-27 18:25:04', '2016-10-27 18:25:04'),
(593, 'navatrip@navatrip.es', 660, '2016-10-27 18:25:04', '2016-10-27 18:25:04'),
(594, 'tripasors@tripasors.e.telefonica.net', 661, '2016-10-27 18:25:04', '2016-10-27 18:25:04'),
(595, 'tcosta@adssl.com', 662, '2016-10-27 18:25:04', '2016-10-27 18:25:04'),
(596, 'info@joseors.com', 663, '2016-10-27 18:25:04', '2016-10-27 18:25:04'),
(597, 'sumgallardo@terra.es', 665, '2016-10-27 18:25:04', '2016-10-27 18:25:04'),
(598, 'jaimedomenechsa@yahoo.es', 666, '2016-10-27 18:25:04', '2016-10-27 18:25:04'),
(599, 'cristina@mateoajimenez.com', 667, '2016-10-27 18:25:04', '2016-10-27 18:25:04'),
(601, 'info@emportrip.com', 669, '2016-10-27 18:25:04', '2016-10-27 18:25:04'),
(602, 's.rodriguez@sermasa.com', 670, '2016-10-27 18:25:04', '2016-10-27 18:25:04'),
(603, 'Bosch@jbosch.e.telefonica.net', 671, '2016-10-27 18:25:04', '2016-10-27 18:25:04'),
(604, 'reneflor@telefonica.net', 672, '2016-10-27 18:25:04', '2016-10-27 18:25:04'),
(605, 'dogo@donatogonzalez.com', 673, '2016-10-27 18:25:04', '2016-10-27 18:25:04'),
(606, 'casingslgm@terra.es', 674, '2016-10-27 18:25:04', '2016-10-27 18:25:04'),
(607, 'info@jm-nuno.com', 675, '2016-10-27 18:25:04', '2016-10-27 18:25:04'),
(609, 'mdt@madritri.es', 677, '2016-10-27 18:25:04', '2016-10-27 18:25:04'),
(610, 'info@tripasgarcia.com', 678, '2016-10-27 18:25:04', '2016-10-27 18:25:04'),
(611, 'lmsdistribucion@yahoo.es', 679, '2016-10-27 18:25:04', '2016-10-27 18:25:04'),
(612, 'tripasturiaso@terra.es', 680, '2016-10-27 18:25:04', '2016-10-27 18:25:04'),
(613, 'casinsa_ugena@terra.es', 681, '2016-10-27 18:25:04', '2016-10-27 18:25:04'),
(614, 'info@tripaspuente.com', 682, '2016-10-27 18:25:05', '2016-10-27 18:25:05'),
(615, 'ramirez@tripasramirez.es', 683, '2016-10-27 18:25:05', '2016-10-27 18:25:05'),
(616, 'rtfankjicasing@yahoo.com', 684, '2016-10-27 18:25:05', '2016-10-27 18:25:05'),
(617, 'jltipasvazquez@hotmail.com', 685, '2016-10-27 18:25:05', '2016-10-27 18:25:05'),
(618, 'y.marrawi@hotmail.com', 686, '2016-10-27 18:25:05', '2016-10-27 18:25:05'),
(619, 'maazcasings@hotmail.de', 687, '2016-10-27 18:25:05', '2016-10-27 18:25:05'),
(620, 'm.a.t@hotmail.com', 688, '2016-10-27 18:25:05', '2016-10-27 18:25:05'),
(621, 'omayad@inet.sy', 689, '2016-10-27 18:25:05', '2016-10-27 18:25:05'),
(622, 'rahmani-casing@yandex.ru', 690, '2016-10-27 18:25:05', '2016-10-27 18:25:05'),
(623, 'maherfelo@hotmail.com', 691, '2016-10-27 18:25:05', '2016-10-27 18:25:05'),
(624, 'nticorp@seed.net.tw', 692, '2016-10-27 18:25:05', '2016-10-27 18:25:05'),
(625, 'fahtsininternational@gmail.com', 693, '2016-10-27 18:25:05', '2016-10-27 18:25:05'),
(626, 'sales@globofoods.com', 694, '2016-10-27 18:25:05', '2016-10-27 18:25:05'),
(627, 'ludeksleisnb@seznam.cz', 695, '2016-10-27 18:25:05', '2016-10-27 18:25:05'),
(628, 'majer@animalco.cz', 696, '2016-10-27 18:25:05', '2016-10-27 18:25:05'),
(629, 'ales.herold@worldonline.cz', 697, '2016-10-27 18:25:05', '2016-10-27 18:25:05'),
(630, 'info@cortina.cz', 698, '2016-10-27 18:25:05', '2016-10-27 18:25:05'),
(631, 'info@nfkcasing.com', 699, '2016-10-27 18:25:05', '2016-10-27 18:25:05'),
(632, 'adnan@katsanas.com', 700, '2016-10-27 18:25:05', '2016-10-27 18:25:05'),
(634, 'seniyekazanc@kadioglubaharat.com', 703, '2016-10-27 18:25:05', '2016-10-27 18:25:05'),
(635, 'gulercasing@hotmail.com', 704, '2016-10-27 18:25:05', '2016-10-27 18:25:05'),
(636, 'office@ahdar-casing.com', 705, '2016-10-27 18:25:05', '2016-10-27 18:25:05'),
(638, 'accounter@ltd-uct.kiev.ua', 707, '2016-10-27 18:25:05', '2016-10-27 18:25:05'),
(639, 'agrovektor@bk.ru', 708, '2016-10-27 18:25:05', '2016-10-27 18:25:05'),
(640, 'holundarm@invitel.hu', 709, '2016-10-27 18:25:05', '2016-10-27 18:25:05'),
(641, 'holimex@holimex.hu', 710, '2016-10-27 18:25:05', '2016-10-27 18:25:05'),
(642, 'contact@claymeat.com', 711, '2016-10-27 18:25:05', '2016-10-27 18:25:05'),
(643, 'ftsales@cs.com.uy', 712, '2016-10-27 18:25:05', '2016-10-27 18:25:05'),
(644, 'fricasa@fricasa.com.uy', 713, '2016-10-27 18:25:05', '2016-10-27 18:25:05'),
(645, 'sales@globecasing.com', 715, '2016-10-27 18:25:05', '2016-10-27 18:25:05'),
(646, 'makincasing@aol.com', 717, '2016-10-27 18:25:05', '2016-10-27 18:25:05'),
(647, 'malikas@sarkor.uz', 718, '2016-10-27 18:25:05', '2016-10-27 18:25:05'),
(648, 'avtodar@rambler.ru', 720, '2016-10-27 18:25:05', '2016-10-27 18:25:05'),
(649, 'hindicasings@hotmail.com', 721, '2016-10-27 18:25:05', '2016-10-27 18:25:05'),
(650, 'sales.machines@handtmann.de', 722, '2016-10-27 18:25:05', '2016-10-27 18:25:05'),
(651, 'mcm@charles-freres.com', 723, '2016-10-27 18:25:06', '2016-10-27 18:25:06'),
(652, 'kurt.schaffner@kurt-schaffner-ag.ch', 724, '2016-10-27 18:25:06', '2016-10-27 18:25:06'),
(653, 'spezialmaschinen@hewo.info.at', 725, '2016-10-27 18:25:06', '2016-10-27 18:25:06'),
(654, 'torras@maq-ind-torras.com', 726, '2016-10-27 18:25:06', '2016-10-27 18:25:06'),
(655, 'handh@lvlcorp.com', 727, '2016-10-27 18:25:06', '2016-10-27 18:25:06'),
(656, 'celtiplast@wanadoo.fr', 729, '2016-10-27 18:25:06', '2016-10-27 18:25:06'),
(657, 'wrosenbusch@aol.com', 730, '2016-10-27 18:25:06', '2016-10-27 18:25:06'),
(658, 'info@insca.org', 731, '2016-10-27 18:25:06', '2016-10-27 18:25:06'),
(659, 'dat-schaub@dat-schaub.dk', 733, '2016-10-27 18:25:06', '2016-10-27 18:25:06'),
(660, 'info@naturdarm.de', 734, '2016-10-27 18:25:06', '2016-10-27 18:25:06'),
(662, 'info@irancasing.com', 736, '2016-10-27 18:25:06', '2016-10-27 18:25:06'),
(663, 'secretaris@hbs-natuurdarmen.nl', 738, '2016-10-27 18:25:06', '2016-10-27 18:25:06'),
(664, 'dir@ita.pt', 741, '2016-10-27 18:25:06', '2016-10-27 18:25:06'),
(665, 'bl@dat-schaub.se', 742, '2016-10-27 18:25:06', '2016-10-27 18:25:06'),
(666, 'casings@ttnet.tr', 744, '2016-10-27 18:25:06', '2016-10-27 18:25:06'),
(667, 'timeks_treid@abv.bg', 745, '2016-10-27 18:25:06', '2016-10-27 18:25:06'),
(669, 'jasoncasingfoood@hotmail.com', 749, '2016-10-27 18:25:06', '2016-10-27 18:25:06'),
(670, 'volkerschulz54@aol.com', 750, '2016-10-27 18:25:06', '2016-10-27 18:25:06'),
(671, 'info@eidos-casings.de', 751, '2016-10-27 18:25:06', '2016-10-27 18:25:06'),
(672, 'info@globalcasing.de', 752, '2016-10-27 18:25:06', '2016-10-27 18:25:06'),
(673, 'sumbertravel@yahoo.com', 753, '2016-10-27 18:25:06', '2016-10-27 18:25:06'),
(674, 'juergenmaurer@c-m-t.demon.co.uk', 754, '2016-10-27 18:25:06', '2016-10-27 18:25:06'),
(675, 'bnzcasings@hotmail.co.uk', 755, '2016-10-27 18:25:06', '2016-10-27 18:25:06'),
(676, 'fleischereibedarf@web.de', 756, '2016-10-27 18:25:06', '2016-10-27 18:25:06'),
(677, 'info@sw-naturdaerme.de', 757, '2016-10-27 18:25:06', '2016-10-27 18:25:06'),
(678, 'stadlers@naturalcasings.co.uk', 758, '2016-10-27 18:25:06', '2016-10-27 18:25:06'),
(679, 'infouk@imancasing.com', 759, '2016-10-27 18:25:06', '2016-10-27 18:25:06'),
(680, 'ianhamilton@oris-wic.com', 760, '2016-10-27 18:25:06', '2016-10-27 18:25:06'),
(681, 'ezeefill@tiscali.co.uk', 761, '2016-10-27 18:25:06', '2016-10-27 18:25:06'),
(682, 'cc@globeon-group.com', 763, '2016-10-27 18:25:06', '2016-10-27 18:25:06'),
(689, 'info@marcelmunoz.es', 772, '2016-10-27 18:25:07', '2016-10-27 18:25:07'),
(691, 'yanhui_zhai@hotmail.com', 774, '2016-10-27 18:25:07', '2016-10-27 18:25:07'),
(692, 'i.migulina@mcskk.ru', 775, '2016-10-27 18:25:07', '2016-10-27 18:25:07'),
(696, 'biuro@anepol.pl', 780, '2016-10-27 18:25:07', '2016-10-27 18:25:07'),
(697, 'aam26940@nycadn.ne.jp', 781, '2016-10-27 18:25:07', '2016-10-27 18:25:07'),
(700, 'hlrsp@163.com', 894, '2016-10-27 18:25:07', '2016-10-27 18:25:07'),
(701, 'bhutta.int@gmail.com', 895, '2016-10-27 18:25:07', '2016-10-27 18:25:07'),
(702, 'jasoncasingfood@hotmail.com', 896, '2016-10-27 18:25:07', '2016-10-27 18:25:07'),
(704, 'qbskaram@yahoo.com', 898, '2016-10-27 18:25:07', '2016-10-27 18:25:07'),
(707, 'sterh200@yandex.ru', 901, '2016-10-27 18:25:07', '2016-10-27 18:25:07'),
(709, 'mrodriguez@eurocasing.es', 904, '2016-10-27 18:25:07', '2016-10-27 18:25:07'),
(712, 'hengshengcasing@163.com', 910, '2016-10-27 18:25:07', '2016-10-27 18:25:07'),
(729, 'info@kdgp.net', 927, '2016-10-27 18:25:08', '2016-10-27 18:25:08'),
(730, 'jack@annsys.com', 928, '2016-10-27 18:25:08', '2016-10-27 18:25:08'),
(731, 'jack@annsys.com', 930, '2016-10-27 18:25:08', '2016-10-27 18:25:08'),
(732, 'taizhoucai@vip.163.com', 931, '2016-10-27 18:25:08', '2016-10-27 18:25:08'),
(736, 'e.aggunduz@ensarideri.com', 935, '2016-10-27 18:25:08', '2016-10-27 18:25:08'),
(737, 'info@casings.gr', 937, '2016-10-27 18:25:08', '2016-10-27 18:25:08'),
(738, 'ninghongoffice@vip.sina.com', 938, '2016-10-27 18:25:08', '2016-10-27 18:25:08'),
(742, 'renan@frigoconcepcion.py', 942, '2016-10-27 18:25:08', '2016-10-27 18:25:08'),
(746, 'Eecc@Mongol.Net', 946, '2016-10-27 18:25:08', '2016-10-27 18:25:08'),
(747, 'matt.mundy@thomasfoods.com', 947, '2016-10-27 18:25:08', '2016-10-27 18:25:08'),
(758, 'info@hailiancasing.com', 961, '2016-10-27 18:25:08', '2016-10-27 18:25:08'),
(759, 'yzcasing@163.com', 962, '2016-10-27 18:25:08', '2016-10-27 18:25:08'),
(761, 'sergio.scaliante@tripaserta.com.br', 964, '2016-10-27 18:25:09', '2016-10-27 18:25:09'),
(767, 'a.taha@dcodes.co', 973, '2016-11-30 19:34:04', '2016-11-30 19:34:04'),
(768, 'k.zamzam@dcodes.co', 973, '2016-11-30 19:34:04', '2016-11-30 19:34:04'),
(769, 'h.dallal@dcodes.co', 974, '2016-11-30 23:50:28', '2016-11-30 23:50:28'),
(772, 'h.dallal@innovideas.net', 976, '2016-12-05 00:54:13', '2016-12-05 00:54:13'),
(773, 'h.dallal@innovideas.net', 977, '2016-12-05 00:54:14', '2016-12-05 00:54:14'),
(779, 'Jacobus.Geldenhuys@crownnational.co.za', 77, '2016-12-06 14:11:58', '2016-12-06 14:11:58'),
(781, 'a.taha@dcodes.co', 978, '2016-12-08 12:23:11', '2016-12-08 12:23:11'),
(782, 'a.taha@dcodes.co', 979, '2016-12-08 14:58:54', '2016-12-08 14:58:54'),
(786, 'a.taha@dcodes.co', 981, '2016-12-13 13:29:21', '2016-12-13 13:29:21'),
(797, 'office@insca.org', 982, '2016-12-18 14:32:20', '2016-12-18 14:32:20'),
(804, 'romain.bonneau@charles-bourdeau.fr', 242, '2016-12-22 11:08:35', '2016-12-22 11:08:35'),
(805, 'Bourdeau.bonneau@wanadoo.fr', 242, '2016-12-22 11:08:35', '2016-12-22 11:08:35'),
(820, 'dominic.macdermot@bertin.com.br', 31, '2017-01-05 12:24:19', '2017-01-05 12:24:19'),
(821, 'mwolfson@wolfsoncasing.com', 62, '2017-01-05 12:30:09', '2017-01-05 12:30:09'),
(822, 'casings@valnex.ru', 9, '2017-01-05 12:32:34', '2017-01-05 12:32:34'),
(823, 'ryan@thejacobsen.com', 121, '2017-01-05 12:33:11', '2017-01-05 12:33:11'),
(824, 'grundt007@aol.com', 141, '2017-01-05 12:53:08', '2017-01-05 12:53:08'),
(828, 's_arai@matsunaga.jp', 200, '2017-01-10 11:35:40', '2017-01-10 11:35:40'),
(840, 'dtyliu@live.com', 986, '2017-01-16 11:34:19', '2017-01-16 11:34:19'),
(841, 'rbondarenko@smithfield.com', 987, '2017-01-16 11:40:25', '2017-01-16 11:40:25'),
(842, 'pakezeh_naturdarm@hotmail.com', 988, '2017-01-16 11:44:11', '2017-01-16 11:44:11'),
(843, 'najamsaeedmlaik@gmail.com', 989, '2017-01-16 11:49:38', '2017-01-16 11:49:38'),
(849, 'dag-daerme@bluewin.ch', 990, '2017-01-18 13:33:15', '2017-01-18 13:33:15'),
(851, 'tlbarea@tlbarea.es', 188, '2017-01-19 10:30:18', '2017-01-19 10:30:18'),
(852, 'info@unitedcasings.com', 84, '2017-01-22 13:44:53', '2017-01-22 13:44:53'),
(853, 'unitedcasings@hotmail.com', 84, '2017-01-22 13:44:54', '2017-01-22 13:44:54'),
(865, 'silkroadtradecoltd@gmail.com', 992, '2017-01-30 12:53:26', '2017-01-30 12:53:26'),
(866, 'bmj273@orange.fr', 782, '2017-01-30 13:04:18', '2017-01-30 13:04:18'),
(867, 'steve.mckinley@ovation.co.nz', 925, '2017-01-30 13:06:52', '2017-01-30 13:06:52'),
(884, 'spb.boyaux@wanadoo.fr', 145, '2017-02-07 12:18:13', '2017-02-07 12:18:13'),
(891, 'haolian@haolianchangyi.com', 995, '2017-02-08 10:43:40', '2017-02-08 10:43:40'),
(916, 'feljh@126.com', 248, '2017-02-15 10:57:35', '2017-02-15 10:57:35'),
(917, 'feljh@vip.126.com', 248, '2017-02-15 10:57:35', '2017-02-15 10:57:35'),
(923, 'stefano.delorenzi@delorenzi.org', 160, '2017-02-16 13:01:21', '2017-02-16 13:01:21'),
(924, 'elisa@delorenzi.org', 160, '2017-02-16 13:01:22', '2017-02-16 13:01:22'),
(938, 'terry@asnc.eu', 19, '2017-02-20 13:04:56', '2017-02-20 13:04:56'),
(956, 'commerciale@gibispa.it', 138, '2017-02-23 12:51:58', '2017-02-23 12:51:58'),
(957, 'giuliano.bizziocchi.gb@gmail.com', 138, '2017-02-23 12:51:58', '2017-02-23 12:51:58'),
(958, 'gibispa@tin.it', 138, '2017-02-23 12:51:58', '2017-02-23 12:51:58'),
(959, 'vgallent@vgallent.es', 73, '2017-02-23 13:14:39', '2017-02-23 13:14:39'),
(960, 'celes@vgallent.es', 73, '2017-02-23 13:14:39', '2017-02-23 13:14:39'),
(981, 'abati@abati.com', 10, '2017-02-27 01:05:40', '2017-02-27 01:05:40'),
(1004, 'stanley.he@fuhengsh.com', 975, '2017-03-19 12:06:41', '2017-03-19 12:06:41'),
(1009, 'franz.kienast@adeste.com.br', 161, '2017-03-22 13:49:43', '2017-03-22 13:49:43'),
(1010, 'eliana.kager@adeste.com.br', 161, '2017-03-22 13:49:44', '2017-03-22 13:49:44'),
(1013, 'denisoncasing@att.net', 902, '2017-03-27 10:15:14', '2017-03-27 10:15:14'),
(1014, 'waymond@denisoncasing.com', 902, '2017-03-27 10:15:14', '2017-03-27 10:15:14'),
(1019, 'ayhan@zivana.ch', 933, '2017-04-10 11:38:40', '2017-04-10 11:38:40'),
(1022, 'shin.terada@ttc-t.com', 765, '2017-04-12 15:19:56', '2017-04-12 15:19:56'),
(1023, '929339275@qq.com', 769, '2017-04-12 15:23:46', '2017-04-12 15:23:46'),
(1029, 'nil@akseker.com.tr', 1, '2017-04-13 11:34:58', '2017-04-13 11:34:58'),
(1033, 'mc.artacho@uol.com.br', 18, '2017-04-13 11:34:58', '2017-04-13 11:34:58'),
(1037, 'ma-xiuying@yeah.net', 28, '2017-04-13 11:34:58', '2017-04-13 11:34:58'),
(1038, 'dadiqiushi@casingchina.com', 29, '2017-04-13 11:34:58', '2017-04-13 11:34:58'),
(1039, 'brunoarut@bertin.com.br', 31, '2017-04-13 11:34:58', '2017-04-13 11:34:58'),
(1043, 'ray@casingassociates.com', 49, '2017-04-13 11:34:58', '2017-04-13 11:34:58'),
(1046, 'stefano.arosio@cobu.it', 60, '2017-04-13 11:34:58', '2017-04-13 11:34:58'),
(1047, 'dberger@wolfsoncasing.com', 62, '2017-04-13 11:34:58', '2017-04-13 11:34:58'),
(1049, 'contact@cth.nl', 65, '2017-04-13 11:34:58', '2017-04-13 11:34:58'),
(1050, 'b.widmer@wipag.ch', 66, '2017-04-13 11:34:58', '2017-04-13 11:34:58'),
(1051, 'eldar@viscera-trade.ru', 69, '2017-04-13 11:34:58', '2017-04-13 11:34:58'),
(1052, 'yulia698@yandex.ru', 70, '2017-04-13 11:34:58', '2017-04-13 11:34:58'),
(1053, 'contact@cth.nl', 71, '2017-04-13 11:34:58', '2017-04-13 11:34:58'),
(1054, 'vicentejr@vgallent.es', 73, '2017-04-13 11:34:58', '2017-04-13 11:34:58'),
(1055, 'info@vektorgroup-ltd.ru', 74, '2017-04-13 11:34:58', '2017-04-13 11:34:58'),
(1056, 'Jacobus.Geldenhuys@crownnational.co.za', 77, '2017-04-13 11:34:58', '2017-04-13 11:34:58'),
(1061, 'mtopolnjak@derma.hr', 89, '2017-04-13 11:34:58', '2017-04-13 11:34:58'),
(1065, 'b.koehnke@dohr.biz', 95, '2017-04-13 11:34:58', '2017-04-13 11:34:58'),
(1069, 'mariehelene@durex-casing.com', 104, '2017-04-13 11:34:58', '2017-04-13 11:34:58'),
(1072, 'international@charles-freres.com', 112, '2017-04-13 11:34:58', '2017-04-13 11:34:58'),
(1073, 'richardt@standardcasing.com', 113, '2017-04-13 11:34:58', '2017-04-13 11:34:58'),
(1079, 'diretoria@szr.com.br', 131, '2017-04-13 11:34:58', '2017-04-13 11:34:58'),
(1080, 'js@hestreda.de', 135, '2017-04-13 11:34:58', '2017-04-13 11:34:58'),
(1082, 'info@grundt.com', 141, '2017-04-13 11:34:58', '2017-04-13 11:34:58'),
(1086, 'alberto.delorenzi@delorenzi.org', 160, '2017-04-13 11:34:58', '2017-04-13 11:34:58'),
(1087, 'peter.kratschmer@lopesco.com.br', 161, '2017-04-13 11:34:58', '2017-04-13 11:34:58'),
(1089, 'p.daly@irishcasings.com', 171, '2017-04-13 11:34:58', '2017-04-13 11:34:58'),
(1090, 'egger@juliusbauer.at', 177, '2017-04-13 11:34:58', '2017-04-13 11:34:58'),
(1092, 'gina@tripovino.com.br', 183, '2017-04-13 11:34:58', '2017-04-13 11:34:58'),
(1093, 'xinancasings@yahoo.com.cn', 185, '2017-04-13 11:34:58', '2017-04-13 11:34:58'),
(1097, 'office@shaldoindustries.com', 198, '2017-04-13 11:34:58', '2017-04-13 11:34:58'),
(1098, 'marian@litwak.de', 199, '2017-04-13 11:34:58', '2017-04-13 11:34:58'),
(1099, 'yoshiro@matsunaga.jp', 200, '2017-04-13 11:34:58', '2017-04-13 11:34:58'),
(1102, 'barbara@lvlcorp.com', 211, '2017-04-13 11:34:58', '2017-04-13 11:34:58'),
(1104, 'mscsm7@hotmail.com', 214, '2017-04-13 11:34:58', '2017-04-13 11:34:58'),
(1106, 'rnovachich@qualitycasing.com', 221, '2017-04-13 11:34:58', '2017-04-13 11:34:58'),
(1107, 'ytsp@chinesecasing.com', 222, '2017-04-13 11:34:58', '2017-04-13 11:34:58'),
(1115, 'wangxt090@sina.com', 241, '2017-04-13 11:34:58', '2017-04-13 11:34:58'),
(1116, 'romain.bonneau@charles-bourdeau.fr', 242, '2017-04-13 11:34:58', '2017-04-13 11:34:58'),
(1118, 'bqcyc@hotmail.com', 244, '2017-04-13 11:34:58', '2017-04-13 11:34:58'),
(1123, 'serge@velesgroup.com', 255, '2017-04-13 11:34:58', '2017-04-13 11:34:58'),
(1125, 'juancapugliese@menudencias.com', 264, '2017-04-13 11:34:58', '2017-04-13 11:34:58'),
(1127, 'casings@sina.com', 267, '2017-04-13 11:34:58', '2017-04-13 11:34:58'),
(1131, 'peter.kratschmer@lopesco.com.br', 279, '2017-04-13 11:34:58', '2017-04-13 11:34:58'),
(1132, 'a.bimbatti@cmservices.mo.it', 280, '2017-04-13 11:34:58', '2017-04-13 11:34:58'),
(1133, 'ertarla@yahoo.com', 281, '2017-04-13 11:34:58', '2017-04-13 11:34:58'),
(1135, 'chun38@netscape.net', 312, '2017-04-13 11:34:58', '2017-04-13 11:34:58'),
(1143, 'cly@smtp.ru', 708, '2017-04-13 11:34:58', '2017-04-13 11:34:58'),
(1144, 'bisyor.mushtari@gmail.com', 718, '2017-04-13 11:34:58', '2017-04-13 11:34:58'),
(1146, 'tatsuya.sato@ttc-t.com', 765, '2017-04-13 11:34:58', '2017-04-13 11:34:58'),
(1148, 'Joycasing@163.com', 769, '2017-04-13 11:34:58', '2017-04-13 11:34:58'),
(1151, 'guillem@marcelmunoz.es', 772, '2017-04-13 11:34:58', '2017-04-13 11:34:58');
INSERT INTO `company_emails` (`id`, `email`, `company_id`, `updated_at`, `created_at`) VALUES
(1153, 'mawenbin880228@hotmail.com', 894, '2017-04-13 11:34:58', '2017-04-13 11:34:58'),
(1154, 'info@qadir.com.pk', 898, '2017-04-13 11:34:58', '2017-04-13 11:34:58'),
(1156, 'waymond@denisoncasing.com', 902, '2017-04-13 11:34:58', '2017-04-13 11:34:58'),
(1157, 'aurelio@eurocasing.es', 904, '2017-04-13 11:34:58', '2017-04-13 11:34:58'),
(1160, 'hscasing@163.com', 910, '2017-04-13 11:34:58', '2017-04-13 11:34:58'),
(1171, 'badesa@badesaderi.com', 933, '2017-04-13 11:34:58', '2017-04-13 11:34:58'),
(1173, 'ecemag@ensaribagirsak.com', 935, '2017-04-13 11:34:58', '2017-04-13 11:34:58'),
(1174, 'casingsgr@gmail.com', 937, '2017-04-13 11:34:58', '2017-04-13 11:34:58'),
(1183, 'naturalcasings@126.com', 962, '2017-04-13 11:34:58', '2017-04-13 11:34:58'),
(1187, 'wupingfeng@fuhengsh.com', 972, '2017-04-13 11:34:58', '2017-04-13 11:34:58'),
(1196, 'henil@adinet.com.uy', 154, '2017-04-23 14:05:30', '2017-04-23 14:05:30'),
(1197, 'info@henil.com', 154, '2017-04-23 14:05:31', '2017-04-23 14:05:31'),
(1205, 'david@lroda.com', 243, '2017-04-23 14:28:23', '2017-04-23 14:28:23'),
(1206, 'comercial@lroda.com', 243, '2017-04-23 14:28:23', '2017-04-23 14:28:23'),
(1228, 'harderbros@aol.com', 151, '2017-05-21 11:42:10', '2017-05-21 11:42:10'),
(1229, 'james@harderbros.com', 151, '2017-05-21 11:42:10', '2017-05-21 11:42:10'),
(1260, 'sandra@casingslguerrero.com', 951, '2017-06-15 13:14:19', '2017-06-15 13:14:19'),
(1261, 'leandro@casingslguerrero.com', 951, '2017-06-15 13:14:19', '2017-06-15 13:14:19'),
(1262, 'ninghongoffice@vip.sina.com', 997, '2017-06-15 13:16:11', '2017-06-15 13:16:11'),
(1267, 'haoranmahao@vip.163.com', 912, '2017-06-15 13:21:48', '2017-06-15 13:21:48'),
(1268, 'carrina25@163.com.', 912, '2017-06-15 13:21:48', '2017-06-15 13:21:48'),
(1269, 'nana_forever@live.com', 912, '2017-06-15 13:21:48', '2017-06-15 13:21:48'),
(1270, 'hgr@radauer-johann.at', 911, '2017-06-15 13:25:23', '2017-06-15 13:25:23'),
(1271, 'office@radauer-johann.at', 911, '2017-06-15 13:25:23', '2017-06-15 13:25:23'),
(1272, 'alexandre.lago@jbs.com.br', 173, '2017-06-15 13:30:08', '2017-06-15 13:30:08'),
(1273, 'flavia.cardoso@jbs.com.br', 173, '2017-06-15 13:30:08', '2017-06-15 13:30:08'),
(1281, 'fakturamottak@nortura.no', 210, '2017-06-15 13:39:06', '2017-06-15 13:39:06'),
(1282, 'wenche.nordli@norilia.no', 210, '2017-06-15 13:39:06', '2017-06-15 13:39:06'),
(1283, 'wenche.nordli@norilia.no', 210, '2017-06-15 13:39:06', '2017-06-15 13:39:06'),
(1301, 'paulojunior@tripagel.com.br', 926, '2017-06-15 13:58:57', '2017-06-15 13:58:57'),
(1302, 'paulo@tripagel.com.br', 926, '2017-06-15 13:58:57', '2017-06-15 13:58:57'),
(1303, 'josep.hernandez@fimaher.com', 949, '2017-06-15 14:00:30', '2017-06-15 14:00:30'),
(1304, 'eli@fimaher.com', 949, '2017-06-15 14:00:30', '2017-06-15 14:00:30'),
(1305, 'kaniuk@vector-food.pl', 1006, '2017-06-15 14:01:40', '2017-06-15 14:01:40'),
(1306, 'piotr@vector-food.pl', 1006, '2017-06-15 14:01:40', '2017-06-15 14:01:40'),
(1315, 'pilar@olotmeats.com', 1008, '2017-06-20 13:08:13', '2017-06-20 13:08:13'),
(1316, 'h.dallal@dcodes.co', 1010, '2017-06-20 16:55:20', '2017-06-20 16:55:20'),
(1317, 'h.dallal@innovideas.net', 1010, '2017-06-20 16:55:20', '2017-06-20 16:55:20'),
(1325, 'h.ceyhan@anyservice.mn', 941, '2017-07-02 11:28:08', '2017-07-02 11:28:08'),
(1326, 'rs.ceyhan@anyservice.mn', 941, '2017-07-02 11:28:08', '2017-07-02 11:28:08'),
(1327, 'comas.oriol@yahoo.com', 24, '2017-07-02 11:30:11', '2017-07-02 11:30:11'),
(1328, 'liuqiaomin1972@163.com', 24, '2017-07-02 11:30:11', '2017-07-02 11:30:11'),
(1329, 'info@binkacasings.com', 914, '2017-07-02 11:41:01', '2017-07-02 11:41:01'),
(1330, 'andre.dewinter@dewinter-nv.com', 91, '2017-07-02 11:58:30', '2017-07-02 11:58:30'),
(1331, 'andre@dewinter-nv.com', 91, '2017-07-02 11:58:30', '2017-07-02 11:58:30'),
(1332, 'shelpyakov@mail.ru', 130, '2017-07-02 12:03:01', '2017-07-02 12:03:01'),
(1333, 't_itskova@mail.ru', 130, '2017-07-02 12:03:01', '2017-07-02 12:03:01'),
(1334, 'henocasing@gmail.com', 706, '2017-07-02 12:11:34', '2017-07-02 12:11:34'),
(1335, 'hanno.casings@gmail.com', 706, '2017-07-02 12:11:34', '2017-07-02 12:11:34'),
(1336, 'iriana.barbosa@marfrig.com.br', 196, '2017-07-02 12:37:21', '2017-07-02 12:37:21'),
(1337, 'info@ritter-sales.de', 218, '2017-07-02 12:39:49', '2017-07-02 12:39:49'),
(1338, 'pandacasing@yahoo.com.cn', 262, '2017-07-02 12:41:50', '2017-07-02 12:41:50'),
(1339, 'thiago@tripario.com.br', 237, '2017-07-02 12:45:31', '2017-07-02 12:45:31'),
(1340, 'paulo@paulopimentel.com.br', 232, '2017-07-16 13:04:30', '2017-07-16 13:04:30'),
(1365, 'info@doremus-fe.com', 735, '2017-08-29 11:15:12', '2017-08-29 11:15:12'),
(1389, 'm.demaar@fortis-batavia.nl', 125, '2017-09-04 12:37:16', '2017-09-04 12:37:16'),
(1390, 'mailto:info@fortis-batavia.nl', 125, '2017-09-04 12:37:17', '2017-09-04 12:37:17'),
(1414, 'info@topcasings.nl', 105, '2017-11-02 12:59:55', '2017-11-02 12:59:55'),
(1415, 'n.krake@topcasings.nl', 105, '2017-11-02 12:59:55', '2017-11-02 12:59:55'),
(1429, 'franco@guilla.it', 144, '2017-11-29 16:27:05', '2017-11-29 16:27:05'),
(1444, 'stridhs@stridhs.com', 3, '2017-12-04 21:17:18', '2017-12-04 21:17:18'),
(1449, 'dan@gamutmusic.com', 924, '2017-12-05 12:09:31', '2017-12-05 12:09:31'),
(1450, 'clubhousestudio@gmail.com', 924, '2017-12-05 12:09:31', '2017-12-05 12:09:31'),
(1452, 'marco.cardazzi@fratellipagani.it', 286, '2017-12-05 12:43:58', '2017-12-05 12:43:58'),
(1453, 'm.t.haaf@teeuwissen.nl', 123, '2017-12-05 15:32:37', '2017-12-05 15:32:37'),
(1459, 'felix@familia-ruiz.com', 124, '2017-12-13 12:58:50', '2017-12-13 12:58:50'),
(1460, 'fernando@familia-ruiz.com', 124, '2017-12-13 12:58:50', '2017-12-13 12:58:50'),
(1465, 'wong_shirly@hotmail.com', 892, '2017-12-19 12:30:52', '2017-12-19 12:30:52'),
(1466, 'info@dif-kuepers.de', 94, '2017-12-20 10:21:16', '2017-12-20 10:21:16'),
(1467, 'jeurink@dif-kuepers.de', 94, '2017-12-20 10:21:16', '2017-12-20 10:21:16'),
(1469, 'oscardulce@oscardulce.com', 227, '2018-01-10 10:23:48', '2018-01-10 10:23:48'),
(1479, 'boyauderie.varliaud@wanadoo.fr', 206, '2018-01-10 16:31:05', '2018-01-10 16:31:05'),
(1521, 'cloudz@fletchint.com.au', 1017, '2018-01-24 10:42:12', '2018-01-24 10:42:12'),
(1522, 'bgooch@fletchint.com.au', 1017, '2018-01-24 10:42:13', '2018-01-24 10:42:13'),
(1536, 'sales@tjxxcasing.com', 900, '2018-02-05 16:10:36', '2018-02-05 16:10:36'),
(1538, 'laibatraders@hotmail.com', 907, '2018-02-22 11:03:04', '2018-02-22 11:03:04'),
(1539, 'laibasausagetraders@yahoo.com', 907, '2018-02-22 11:03:04', '2018-02-22 11:03:04'),
(1540, 'info@laibasausagetraders.com', 907, '2018-02-22 11:03:04', '2018-02-22 11:03:04'),
(1543, 'kbcasing@gmail.com', 1020, '2018-02-24 12:08:43', '2018-02-24 12:08:43'),
(1544, 'kbrothers50@yahoo.com', 1020, '2018-02-24 12:08:43', '2018-02-24 12:08:43'),
(1545, 'sales@westcasing.com', 1001, '2018-02-24 12:11:37', '2018-02-24 12:11:37'),
(1563, 'jryan@greatwestllc.com', 916, '2018-03-11 12:53:44', '2018-03-11 12:53:44'),
(1564, 'rnolder@greatwestllc.com', 916, '2018-03-11 12:53:44', '2018-03-11 12:53:44'),
(1567, 'sarahwu@teeuwissenchina.com', 918, '2018-03-11 12:55:29', '2018-03-11 12:55:29'),
(1568, 'zhoujianqing@teeuwissenchina.com', 918, '2018-03-11 12:55:29', '2018-03-11 12:55:29'),
(1574, 'akram@dabbaghtrading.com', 1013, '2018-03-19 13:38:03', '2018-03-19 13:38:03'),
(1575, 'baodinggood@live.cn', 26, '2018-03-19 15:08:17', '2018-03-19 15:08:17'),
(1576, 'hongshan_gu@hotmail.com', 955, '2018-03-24 13:34:05', '2018-03-24 13:34:05'),
(1577, 'coco.feng@hotmail.com', 955, '2018-03-24 13:34:05', '2018-03-24 13:34:05'),
(1578, 'info@qfcasing.com', 955, '2018-03-24 13:34:05', '2018-03-24 13:34:05'),
(1579, 'hongshan_gu@hotmail.com', 955, '2018-03-24 13:34:05', '2018-03-24 13:34:05'),
(1586, 'info@Juerging.de', 179, '2018-03-31 11:47:29', '2018-03-31 11:47:29'),
(1616, 'casings@worldcasing.com', 53, '2018-04-09 22:45:24', '2018-04-09 22:45:24'),
(1617, 'steven@worldcasing.com', 53, '2018-04-09 22:45:24', '2018-04-09 22:45:24'),
(1618, 'Dan@worldcasing.com', 53, '2018-04-09 22:45:24', '2018-04-09 22:45:24'),
(1626, 'MRIAZ@CYBER.NET.PK', 1022, '2018-04-18 14:09:17', '2018-04-18 14:09:17'),
(1627, 'RAUF_GOREJA@HOTMAIL.COM', 1022, '2018-04-18 14:09:17', '2018-04-18 14:09:17'),
(1630, 'boyauderie-panier@club-internet.fr', 748, '2018-04-25 12:00:20', '2018-04-25 12:00:20'),
(1631, 'webmaster@fycasing.com', 246, '2018-04-25 12:01:12', '2018-04-25 12:01:12'),
(1632, 'apn.pepper@t-online.de', 15, '2018-04-25 12:01:44', '2018-04-25 12:01:44'),
(1634, 'mscsm7@gmail.com', 391, '2018-04-29 11:33:54', '2018-04-29 11:33:54'),
(1635, 'casings@newgrace.com', 391, '2018-04-29 11:33:54', '2018-04-29 11:33:54'),
(1639, 'mib.international_traders@yahoo.com', 1023, '2018-05-06 09:49:51', '2018-05-06 09:49:51'),
(1641, 'raza.mohsin@hotmail.it', 1024, '2018-05-07 12:39:04', '2018-05-07 12:39:04'),
(1642, 'info@euro-sa.com', 114, '2018-05-09 09:47:13', '2018-05-09 09:47:13'),
(1649, 'info@richeldi.com', 181, '2018-06-04 14:03:51', '2018-06-04 14:03:51'),
(1681, 'heike.molkenthin@t-online.de', 153, '2018-07-10 17:22:55', '2018-07-10 17:22:55'),
(1714, 'jp.chastaing@dat-schaub-france.com', 100, '2018-07-19 12:30:40', '2018-07-19 12:30:40'),
(1715, 'm.machado@dat-schaub-france.com', 100, '2018-07-19 12:30:40', '2018-07-19 12:30:40'),
(1716, 'p.vidal@dat-schaub-france.com', 100, '2018-07-19 12:30:40', '2018-07-19 12:30:40'),
(1719, 'albro@albro.it', 2, '2018-07-21 12:03:46', '2018-07-21 12:03:46'),
(1734, 'jaxinchiang@outlook.com', 1026, '2018-07-24 14:40:19', '2018-07-24 14:40:19'),
(1735, 'sunyu0818@gmail.com', 1027, '2018-07-24 14:40:49', '2018-07-24 14:40:49'),
(1740, 'ncia@ncia.org.au', 970, '2018-07-25 11:09:56', '2018-07-25 11:09:56'),
(1741, 'superior.casings@tpg.com.au', 970, '2018-07-25 11:09:56', '2018-07-25 11:09:56'),
(1742, 'Tony.Greaves@vanhessen.com', 970, '2018-07-25 11:09:56', '2018-07-25 11:09:56'),
(1746, 'operation@akseker.com', 336, '2018-07-31 09:02:53', '2018-07-31 09:02:53'),
(1757, 'agarozzo@tnet.it', 21, '2018-08-09 11:01:49', '2018-08-09 11:01:49'),
(1759, 'g.manager@atiacasings.com', 20, '2018-08-09 11:02:43', '2018-08-09 11:02:43'),
(1760, 'tarek.atia@atiacasings.com', 20, '2018-08-09 11:02:43', '2018-08-09 11:02:43'),
(1761, 'hakanuzuner@cetercasings.com', 957, '2018-08-09 11:03:10', '2018-08-09 11:03:10'),
(1762, 'baoquanfood@outlook.com', 82, '2018-08-09 11:03:37', '2018-08-09 11:03:37'),
(1763, 'fsxxcy2013@163.com', 82, '2018-08-09 11:03:37', '2018-08-09 11:03:37'),
(1764, 'info@elshazlycasings.com', 110, '2018-08-09 11:03:54', '2018-08-09 11:03:54'),
(1765, 'info@elshazlycasings.net', 110, '2018-08-09 11:03:54', '2018-08-09 11:03:54'),
(1766, 'elyakgida@yahoo.com', 702, '2018-08-09 11:04:27', '2018-08-09 11:04:27'),
(1767, 'muratelyak@gmail.com', 702, '2018-08-09 11:04:27', '2018-08-09 11:04:27'),
(1768, 'info@schaitian.com', 190, '2018-08-09 11:04:50', '2018-08-09 11:04:50'),
(1769, 'info@schaitian.com', 190, '2018-08-09 11:04:50', '2018-08-09 11:04:50'),
(1770, 'gulercasing@hotmail.com', 966, '2018-08-09 11:05:23', '2018-08-09 11:05:23'),
(1771, 'ipek.turkan@outlook.com', 966, '2018-08-09 11:05:23', '2018-08-09 11:05:23'),
(1772, 'interaba@interaba.com', 166, '2018-08-09 11:06:15', '2018-08-09 11:06:15'),
(1773, 'kotsenko@logosltd.ru', 191, '2018-08-09 11:06:36', '2018-08-09 11:06:36'),
(1774, 'maroc.masrane@gmail.com', 943, '2018-08-09 11:07:03', '2018-08-09 11:07:03'),
(1775, 'bazi@menara.ma', 943, '2018-08-09 11:07:03', '2018-08-09 11:07:03'),
(1776, 'supply@pergam.com', 230, '2018-08-09 11:07:29', '2018-08-09 11:07:29'),
(1777, 'adamov@pergam.com', 230, '2018-08-09 11:07:29', '2018-08-09 11:07:29'),
(1778, 'info@inorogul.ro', 209, '2018-08-09 11:07:49', '2018-08-09 11:07:49'),
(1779, 'inorogul@inorogul.ro', 209, '2018-08-09 11:07:49', '2018-08-09 11:07:49'),
(1780, 'hy1192001@aliyun.com', 40, '2018-08-09 11:08:33', '2018-08-09 11:08:33'),
(1792, 'info@najder.pl', 249, '2018-09-26 12:34:41', '2018-09-26 12:34:41'),
(1793, 'arek@najder.pl', 249, '2018-09-26 12:34:41', '2018-09-26 12:34:41'),
(1815, 'aalwattar@aol.com', 272, '2018-11-10 13:20:30', '2018-11-10 13:20:30'),
(1818, 'zaib_traders@hotmail.com', 1028, '2018-11-10 13:23:33', '2018-11-10 13:23:33'),
(1819, 'sajeel.ahmad@zaibtraders.ca', 1028, '2018-11-10 13:23:33', '2018-11-10 13:23:33'),
(1825, 'cb@boa.eu', 38, '2018-11-15 14:51:06', '2018-11-15 14:51:06'),
(1837, 'darm@naturdarm.ru', 917, '2018-11-18 10:26:59', '2018-11-18 10:26:59'),
(1838, 'atwindtrade@msn.com', 917, '2018-11-18 10:26:59', '2018-11-18 10:26:59'),
(1839, 'info@egscasing.com.tr', 944, '2018-11-18 10:31:55', '2018-11-18 10:31:55'),
(1840, 'prestigecasing@aol.com', 245, '2018-11-18 10:40:20', '2018-11-18 10:40:20'),
(1846, 'gale@africaspice.co.za', 1009, '2018-11-18 11:35:16', '2018-11-18 11:35:16'),
(1847, 'zev@africaspice.co.za', 1009, '2018-11-18 11:35:16', '2018-11-18 11:35:16'),
(1850, 'ansca@ansca.org.au', 14, '2018-11-18 11:40:02', '2018-11-18 11:40:02'),
(1851, 'dunval@bk.ru', 1000, '2018-11-18 11:40:30', '2018-11-18 11:40:30'),
(1853, 'anxiqian@bdhuilin.cn', 25, '2018-11-18 11:42:01', '2018-11-18 11:42:01'),
(1854, 'walter00007@163.com', 411, '2018-11-18 11:42:40', '2018-11-18 11:42:40'),
(1855, 'yongweicasing@163.com', 411, '2018-11-18 11:42:40', '2018-11-18 11:42:40'),
(1858, 'a.zagorodny@biostar.ru', 33, '2018-11-18 11:44:14', '2018-11-18 11:44:14'),
(1859, 'langa@boller.hu', 36, '2018-11-18 11:44:51', '2018-11-18 11:44:51'),
(1860, 'tasko@boller.hu', 36, '2018-11-18 11:44:51', '2018-11-18 11:44:51'),
(1861, 'bsavoie@wanadoo.fr', 41, '2018-11-18 11:45:46', '2018-11-18 11:45:46'),
(1865, 'alessandro.adamo@btcasings.eu', 265, '2018-11-18 11:47:49', '2018-11-18 11:47:49'),
(1866, 'info@btcasings.eu', 265, '2018-11-18 11:47:49', '2018-11-18 11:47:49'),
(1867, 'mikael.campeus@telia.com', 45, '2018-11-18 11:48:27', '2018-11-18 11:48:27'),
(1868, 'mike@canadacompound.com', 47, '2018-11-18 11:48:55', '2018-11-18 11:48:55'),
(1869, 'gw@cvm-hamburg.com', 444, '2018-11-18 11:49:51', '2018-11-18 11:49:51'),
(1870, 'cl@cvm-hamburg.com', 444, '2018-11-18 11:49:51', '2018-11-18 11:49:51'),
(1871, 'casingbg@gmail.com', 980, '2018-11-18 11:50:21', '2018-11-18 11:50:21'),
(1873, 'info@cds-hackner.de', 44, '2018-11-18 11:51:38', '2018-11-18 11:51:38'),
(1874, 'm.hackner@cds-hackner.de', 44, '2018-11-18 11:51:38', '2018-11-18 11:51:38'),
(1875, 'juha.luuppala@casmo.fi', 50, '2018-11-18 11:52:16', '2018-11-18 11:52:16'),
(1877, 'zw519@vip.163.com', 56, '2018-11-18 11:53:29', '2018-11-18 11:53:29'),
(1878, 'info@comercialsubproductos.com', 668, '2018-11-18 11:57:07', '2018-11-18 11:57:07'),
(1882, 'varino@curos.es', 80, '2018-11-18 11:58:58', '2018-11-18 11:58:58'),
(1883, 'jc@curos.es', 80, '2018-11-18 11:58:58', '2018-11-18 11:58:58'),
(1884, 'info@dagesa.com', 81, '2018-11-18 11:59:35', '2018-11-18 11:59:35'),
(1891, 'enrique@evillarroel.com', 111, '2018-11-18 12:03:14', '2018-11-18 12:03:14'),
(1892, 'eurocali@eurocali.fr', 247, '2018-11-18 12:03:44', '2018-11-18 12:03:44'),
(1894, 'JR@DAT-Schaub.dk', 773, '2018-11-18 12:04:49', '2018-11-18 12:04:49'),
(1895, 'info@ensca.eu', 773, '2018-11-18 12:04:49', '2018-11-18 12:04:49'),
(1896, 'international@eurotripas.com.br', 117, '2018-11-18 12:05:31', '2018-11-18 12:05:31'),
(1902, 'chaoyang@cnhbcycy.com', 142, '2018-11-18 12:12:45', '2018-11-18 12:12:45'),
(1903, 'myl@hbylcy.com', 143, '2018-11-18 12:13:27', '2018-11-18 12:13:27'),
(1905, 'yhxfcyc@163.com', 984, '2018-11-18 12:15:50', '2018-11-18 12:15:50'),
(1906, 'hannodarm@hotmail.de', 149, '2018-11-18 12:16:23', '2018-11-18 12:16:23'),
(1907, 'hx@hxcasings.com', 776, '2018-11-18 12:16:48', '2018-11-18 12:16:48'),
(1908, 'yongweicasing@yahoo.com', 939, '2018-11-18 12:17:24', '2018-11-18 12:17:24'),
(1909, 'yongweicasing@126.com', 939, '2018-11-18 12:17:24', '2018-11-18 12:17:24'),
(1910, 'ygcasing@aliyun.com', 251, '2018-11-18 12:17:55', '2018-11-18 12:17:55'),
(1913, 'pedro@pvincenti.com', 155, '2018-11-18 12:19:08', '2018-11-18 12:19:08'),
(1916, 'celebi@innogace-casing.de', 164, '2018-11-18 12:20:20', '2018-11-18 12:20:20'),
(1918, 'Reza@mehrali.de', 273, '2018-11-18 12:21:33', '2018-11-18 12:21:33'),
(1919, 'info@interma-casing.de', 273, '2018-11-18 12:21:33', '2018-11-18 12:21:33'),
(1920, 'pierluigi.poles@irbur.com', 170, '2018-11-18 12:22:00', '2018-11-18 12:22:00'),
(1921, 'mattia@irbur.com', 170, '2018-11-18 12:22:00', '2018-11-18 12:22:00'),
(1923, 'jaatlantic@gmail.com', 1018, '2018-11-18 12:23:01', '2018-11-18 12:23:01'),
(1924, 'info@jaatlantic.mn', 1018, '2018-11-18 12:23:01', '2018-11-18 12:23:01'),
(1925, 'lucasings@vip.sina.com', 266, '2018-11-18 12:23:27', '2018-11-18 12:23:27'),
(1929, 'info@labunat.com', 182, '2018-11-18 12:24:48', '2018-11-18 12:24:48'),
(1933, 'lml@l-co.ru', 184, '2018-11-18 12:48:55', '2018-11-18 12:48:55'),
(1934, 'p.i.predusel@marchand.ro', 193, '2018-11-18 12:49:28', '2018-11-18 12:49:28'),
(1935, 'info@marchand.ro', 193, '2018-11-18 12:49:28', '2018-11-18 12:49:28'),
(1936, 'jamriska@maspoma.sk', 254, '2018-11-18 12:50:08', '2018-11-18 12:50:08'),
(1937, 'beck@maspoma.sk', 254, '2018-11-18 12:50:08', '2018-11-18 12:50:08'),
(1938, 'import2@mauntex.com.ua', 202, '2018-11-18 12:50:43', '2018-11-18 12:50:43'),
(1947, 'ncco@newbc.rr.com', 205, '2018-11-18 12:53:43', '2018-11-18 12:53:43'),
(1948, 'office@nissho-trading.co.jp', 208, '2018-11-18 12:54:10', '2018-11-18 12:54:10'),
(1950, 'mbarranco@norfrisa.com', 934, '2018-11-18 12:55:16', '2018-11-18 12:55:16'),
(1951, 'jbesalu@norfrisa.com', 934, '2018-11-18 12:55:16', '2018-11-18 12:55:16'),
(1952, 'eriksen@notim.no', 274, '2018-11-18 12:55:49', '2018-11-18 12:55:49'),
(1953, 'morten@notim.no', 274, '2018-11-18 12:55:50', '2018-11-18 12:55:50'),
(1955, 'paolopecota@ollarieconti.it', 271, '2018-11-18 12:56:58', '2018-11-18 12:56:58'),
(1956, 'info@de-stefano.com', 225, '2018-11-18 12:57:31', '2018-11-18 12:57:31'),
(1957, 'kate@tcvympel.ru', 128, '2018-11-18 12:58:07', '2018-11-18 12:58:07'),
(1958, 'kate@tcvympel.ru', 128, '2018-11-18 12:58:07', '2018-11-18 12:58:07'),
(1959, 'pav@toleon.ru', 239, '2018-11-18 12:58:34', '2018-11-18 12:58:34'),
(1960, 'toleon@toleon.ru', 239, '2018-11-18 12:58:34', '2018-11-18 12:58:34'),
(1961, 'pieter@pacific-casings.com', 257, '2018-11-18 12:59:07', '2018-11-18 12:59:07'),
(1963, 'pnab@vip.sina.com', 231, '2018-11-18 13:00:19', '2018-11-18 13:00:19'),
(1964, '1901554437@qq.com', 231, '2018-11-18 13:00:19', '2018-11-18 13:00:19'),
(1965, 'eaznar@ppssa.com', 260, '2018-11-18 13:00:39', '2018-11-18 13:00:39'),
(1966, 'esra@rapakcasing.com', 220, '2018-11-18 13:01:48', '2018-11-18 13:01:48'),
(1967, 'ismailakgunduz@rapakcasing.com', 220, '2018-11-18 13:01:48', '2018-11-18 13:01:48'),
(1972, 'sara.casings@hotmail.com', 212, '2018-11-18 13:03:33', '2018-11-18 13:03:33'),
(1973, 'aalwattar@aol.com', 212, '2018-11-18 13:03:33', '2018-11-18 13:03:33'),
(1976, 'josephinekalvine@hotmail.com', 766, '2018-11-18 13:04:37', '2018-11-18 13:04:37'),
(1977, 'sqyixiang@sohu.com', 766, '2018-11-18 13:04:37', '2018-11-18 13:04:37'),
(1978, 'rbondarenko@smithfield.com', 289, '2018-11-18 13:05:25', '2018-11-18 13:05:25'),
(1979, 'cstanton@smithfield.com', 289, '2018-11-18 13:05:25', '2018-11-18 13:05:25'),
(1980, 'mikew@smithfieldfoods.com', 289, '2018-11-18 13:05:25', '2018-11-18 13:05:25'),
(1981, 'vstiltner@smithfield.com', 289, '2018-11-18 13:05:25', '2018-11-18 13:05:25'),
(1982, 'ssd@ssdltd.info', 139, '2018-11-18 13:05:59', '2018-11-18 13:05:59'),
(1983, 'ssd@ssdltd.info', 139, '2018-11-18 13:05:59', '2018-11-18 13:05:59'),
(1984, 'Superior.casings@tpg.com.au', 134, '2018-11-18 13:06:26', '2018-11-18 13:06:26'),
(1985, 'sergio.possari@szr.com.br', 954, '2018-11-18 13:06:53', '2018-11-18 13:06:53'),
(1986, 'antonio.pastana@szr.com.br', 954, '2018-11-18 13:06:53', '2018-11-18 13:06:53'),
(1990, 'rene@teijsen.com', 963, '2018-11-18 13:09:14', '2018-11-18 13:09:14'),
(1991, 'simone@teijsen.com', 963, '2018-11-18 13:09:14', '2018-11-18 13:09:14'),
(1995, 'sale@tjwonder.com', 414, '2018-11-18 13:10:56', '2018-11-18 13:10:56'),
(1997, 'tripama@tripama.com.br', 96, '2018-11-18 13:12:14', '2018-11-18 13:12:14'),
(1998, 'tb@tripasbartolome.com', 93, '2018-11-18 13:12:42', '2018-11-18 13:12:42'),
(1999, 'info@tripasmurcia.com', 771, '2018-11-18 13:13:12', '2018-11-18 13:13:12'),
(2000, 'tripasmurcia@tripasmurcia.com', 771, '2018-11-18 13:13:12', '2018-11-18 13:13:12'),
(2001, 'tripnet@tripnet.es', 282, '2018-11-18 14:10:07', '2018-11-18 14:10:07'),
(2002, 'alex@triposona.com', 676, '2018-11-18 14:10:29', '2018-11-18 14:10:29'),
(2003, 'jordi@triposona.com', 676, '2018-11-18 14:10:29', '2018-11-18 14:10:29'),
(2004, 'joan@triposona.com', 676, '2018-11-18 14:10:29', '2018-11-18 14:10:29'),
(2005, 'export@uniaocasings.com.br', 770, '2018-11-18 14:10:54', '2018-11-18 14:10:54'),
(2006, 'gustavo@uniaocasings.com.br', 770, '2018-11-18 14:10:54', '2018-11-18 14:10:54'),
(2007, 'info@vanderjeugt.com', 79, '2018-11-18 14:11:17', '2018-11-18 14:11:17'),
(2008, 'info@vanderjeugt.com', 79, '2018-11-18 14:11:17', '2018-11-18 14:11:17'),
(2009, 'wrccasings@163.com', 51, '2018-11-18 14:11:49', '2018-11-18 14:11:49'),
(2010, 'rongchang.qiao@aliyun.com', 51, '2018-11-18 14:11:49', '2018-11-18 14:11:49'),
(2011, 'yzcollin@hotmail.com', 960, '2018-11-18 14:12:16', '2018-11-18 14:12:16'),
(2012, 'casingman@126.com', 960, '2018-11-18 14:12:16', '2018-11-18 14:12:16'),
(2015, 'suyf@zjnac.com', 235, '2018-11-18 14:14:31', '2018-11-18 14:14:31'),
(2016, 'zhanfx@zjnac.com', 235, '2018-11-18 14:14:31', '2018-11-18 14:14:31'),
(2017, 'Suyf@zjnac.com', 235, '2018-11-18 14:14:31', '2018-11-18 14:14:31'),
(2018, 'priska@zivana.ch', 993, '2018-11-18 14:14:55', '2018-11-18 14:14:55'),
(2019, 'AYHAN@ZIVANA.CH', 993, '2018-11-18 14:14:55', '2018-11-18 14:14:55'),
(2022, 'angelahuyan@263.net', 1025, '2018-11-19 11:28:15', '2018-11-19 11:28:15'),
(2023, 'lee@fudecasing.com', 1025, '2018-11-19 11:28:15', '2018-11-19 11:28:15'),
(2024, 'info@vanhessen.com', 78, '2018-11-19 15:33:43', '2018-11-19 15:33:43'),
(2026, 'albanzusi@yahoo.com', 1005, '2018-11-20 16:28:29', '2018-11-20 16:28:29'),
(2027, 'elvira.albexport@gmail.com', 1005, '2018-11-20 16:28:29', '2018-11-20 16:28:29'),
(2028, 'management@inca-al.com', 1005, '2018-11-20 16:28:29', '2018-11-20 16:28:29'),
(2030, 'jmtoma.dole-boyaux@orange.fr', 1002, '2018-11-22 10:52:44', '2018-11-22 10:52:44'),
(2031, 'btoma-doleboyaux@orange.fr', 1002, '2018-11-22 10:52:44', '2018-11-22 10:52:44'),
(2034, 'janaina.azevedo@minervafoods.com', 921, '2018-11-26 11:03:16', '2018-11-26 11:03:16'),
(2035, 'Gustavo.ribeiro@minervafoods.com', 921, '2018-11-26 11:03:16', '2018-11-26 11:03:16'),
(2040, 'info@agrocasing.ru', 1029, '2018-11-27 11:27:56', '2018-11-27 11:27:56'),
(2044, '1270128466@qq.com', 1031, '2018-12-01 11:25:49', '2018-12-01 11:25:49'),
(2045, '895021325@qq.com', 1031, '2018-12-01 11:25:49', '2018-12-01 11:25:49'),
(2046, 'info.germany@vanhessen.com', 32, '2018-12-01 12:52:51', '2018-12-01 12:52:51'),
(2047, 'ensvendsen@casings.com', 169, '2018-12-01 13:01:31', '2018-12-01 13:01:31'),
(2050, 'reico@reico.at', 219, '2018-12-03 10:48:00', '2018-12-03 10:48:00'),
(2051, 'tjhualicy@126.com', 268, '2018-12-03 10:53:43', '2018-12-03 10:53:43'),
(2052, 'joop@darimex.eu', 83, '2018-12-03 11:38:51', '2018-12-03 11:38:51'),
(2053, 'info@darimex.com', 83, '2018-12-03 11:38:51', '2018-12-03 11:38:51'),
(2054, 'mhs.mul786@gmail.com', 994, '2018-12-09 12:19:09', '2018-12-09 12:19:09'),
(2055, 'mhs_mul786@yahoo.com', 994, '2018-12-09 12:19:09', '2018-12-09 12:19:09'),
(2056, 'avcasing@gmail.com', 278, '2018-12-10 10:35:19', '2018-12-10 10:35:19'),
(2058, 'info@ggiordano.com', 275, '2018-12-12 10:25:39', '2018-12-12 10:25:39'),
(2059, 'paolagiordanoo@ggiordano.com', 275, '2018-12-12 10:25:39', '2018-12-12 10:25:39'),
(2060, 'bruno@ggiordano.com', 275, '2018-12-12 10:25:39', '2018-12-12 10:25:39'),
(2070, 'sadat@parssadat.de', 764, '2018-12-18 14:20:39', '2018-12-18 14:20:39'),
(2071, 'vertrieb@parsmarketing.de', 764, '2018-12-18 14:20:39', '2018-12-18 14:20:39'),
(2072, 'tripasur@telefonica.net', 92, '2018-12-19 10:32:19', '2018-12-19 10:32:19'),
(2081, 'biqdk@leo-pharma.com', 234, '2019-01-16 14:28:04', '2019-01-16 14:28:04'),
(2082, 'iuidk@leo-pharma.com', 234, '2019-01-16 14:28:04', '2019-01-16 14:28:04'),
(2085, 'kevinhan003@hotmail.com', 1033, '2019-01-27 11:45:53', '2019-01-27 11:45:53'),
(2086, '997880405@gg.com', 1033, '2019-01-27 11:45:53', '2019-01-27 11:45:53'),
(2091, 'pcostabel@berdick.com', 1021, '2019-02-06 09:32:37', '2019-02-06 09:32:37'),
(2092, 'xavier@exa.uy', 1021, '2019-02-06 09:32:37', '2019-02-06 09:32:37'),
(2097, 'elshatby@elshatbycasings.com', 109, '2019-02-07 14:31:46', '2019-02-07 14:31:46'),
(2098, 'a_shatby@yahoo.com', 109, '2019-02-07 14:31:46', '2019-02-07 14:31:46'),
(2100, 'info@zvt.ru', 8, '2019-02-27 11:53:00', '2019-02-27 11:53:00'),
(2101, 'sales@tjxxcasing.com', 415, '2019-02-27 15:25:30', '2019-02-27 15:25:30'),
(2102, 'info@italcasing.it', 172, '2019-03-04 13:26:12', '2019-03-04 13:26:12'),
(2106, 'xunyao@jt-casing.com', 174, '2019-03-11 10:41:14', '2019-03-11 10:41:14'),
(2107, 'info@jt-casing.com', 174, '2019-03-11 10:41:14', '2019-03-11 10:41:14'),
(2108, 'roger@jt-casing.com', 174, '2019-03-11 10:41:14', '2019-03-11 10:41:14'),
(2109, 'xunyao@jt-casing.com', 174, '2019-03-11 10:41:14', '2019-03-11 10:41:14'),
(2110, 'roger@jt-casing.com', 174, '2019-03-11 10:41:15', '2019-03-11 10:41:15'),
(2125, 'BlakeG@dewiedint.com', 90, '2019-03-18 16:49:30', '2019-03-18 16:49:30'),
(2126, 'zychal@zychal.com.pl', 1035, '2019-03-19 14:37:56', '2019-03-19 14:37:56'),
(2127, 'zychal@zychal.com.pl', 1035, '2019-03-19 14:37:56', '2019-03-19 14:37:56'),
(2131, 'info@kmashrafcasings.com', 602, '2019-03-24 11:20:48', '2019-03-24 11:20:48'),
(2132, 'khalidmehmood.km410@gmail.com', 602, '2019-03-24 11:20:48', '2019-03-24 11:20:48'),
(2135, 'info@cotripiel.com', 75, '2019-03-25 11:47:00', '2019-03-25 11:47:00'),
(2140, 'jarek@westpol.pl', 1037, '2019-03-25 12:33:55', '2019-03-25 12:33:55'),
(2141, 'ruigomes.intripas@mail.telepac.pt', 253, '2019-03-25 15:01:35', '2019-03-25 15:01:35'),
(2142, 'ruigomes@intripas.com.', 253, '2019-03-25 15:01:35', '2019-03-25 15:01:35'),
(2143, 'Claudia.intripas@mail.telepac.pt', 253, '2019-03-25 15:01:35', '2019-03-25 15:01:35'),
(2144, 'catarinagomes@intripas.com', 253, '2019-03-25 15:01:35', '2019-03-25 15:01:35'),
(2145, 'ydcasing@hotmail.com', 919, '2019-03-27 11:07:04', '2019-03-27 11:07:04'),
(2146, 'ap@tesalog.ee', 122, '2019-03-27 12:33:34', '2019-03-27 12:33:34'),
(2147, 'krp@tesalog.ee', 122, '2019-03-27 12:33:34', '2019-03-27 12:33:34'),
(2156, 'jgoliszewski@asg.biz.pl', 1003, '2019-04-03 14:23:52', '2019-04-03 14:23:52'),
(2157, 'PStuszinski@asg.biz.pl', 1003, '2019-04-03 14:23:52', '2019-04-03 14:23:52'),
(2164, 'l_rodriguez@viscerasselectas.com', 1030, '2019-04-08 20:18:31', '2019-04-08 20:18:31'),
(2173, 'alshahbacasings@gmail.com', 1040, '2019-04-09 14:01:51', '2019-04-09 14:01:51'),
(2174, 'joumana.co@hotmail.com', 1039, '2019-04-09 15:30:27', '2019-04-09 15:30:27'),
(2175, 'joumana.co_ziad@ymail.com', 1039, '2019-04-09 15:30:27', '2019-04-09 15:30:27'),
(2176, 'hilton.holm@delispices.co.za', 1036, '2019-04-09 18:53:38', '2019-04-09 18:53:38'),
(2177, 'conroy.king@delispices.co.za', 1036, '2019-04-09 18:53:39', '2019-04-09 18:53:39'),
(2178, 'Carly-Kamp@hepalinkusa.com', 945, '2019-04-10 12:19:22', '2019-04-10 12:19:22'),
(2179, 'Aaron-Shaeffer@hepalinkusa.com', 945, '2019-04-10 12:19:22', '2019-04-10 12:19:22'),
(2182, 'morihisa@mtj.biglobe.ne.jp', 1034, '2019-04-11 11:27:47', '2019-04-11 11:27:47'),
(2183, 'morio.co@ait.ocn.ne.jp', 1034, '2019-04-11 11:27:47', '2019-04-11 11:27:47'),
(2184, 'karpov@eurocasing.ru', 116, '2019-04-15 16:01:24', '2019-04-15 16:01:24'),
(2185, 'alshahbacasings@gmail.com', 12, '2019-04-16 13:40:32', '2019-04-16 13:40:32'),
(2186, 'casingiranian@outlook.com', 952, '2019-04-21 11:26:19', '2019-04-21 11:26:19'),
(2189, 'info@peter-gelhard.de', 229, '2019-05-10 13:46:09', '2019-05-10 13:46:09'),
(2192, 'rolandstrobel@strobel-de.com', 915, '2019-05-10 14:50:57', '2019-05-10 14:50:57'),
(2193, 'vkipper@strobel-de.com', 915, '2019-05-10 14:50:57', '2019-05-10 14:50:57'),
(2194, 'astrobel@strobel-de.com', 915, '2019-05-10 14:50:57', '2019-05-10 14:50:57'),
(2195, 'xucl8999@outlook.com', 256, '2019-05-11 12:29:01', '2019-05-11 12:29:01'),
(2197, 'bbm.sarl07@gmail.com', 1043, '2019-05-29 12:56:29', '2019-05-29 12:56:29'),
(2206, 'almol@almol.com', 6, '2019-06-03 12:50:55', '2019-06-03 12:50:55'),
(2209, 'c.bongartz@bongartz-naturdaerme.de', 11, '2019-06-03 13:08:23', '2019-06-03 13:08:23'),
(2210, 'm.bongartz@bongartz-naturdaerme.de', 11, '2019-06-03 13:08:23', '2019-06-03 13:08:23'),
(2211, 'info@arian.de', 16, '2019-06-03 13:10:35', '2019-06-03 13:10:35'),
(2212, 'bdthcy@188.com', 27, '2019-06-03 13:11:18', '2019-06-03 13:11:18'),
(2213, 'bdthcy@188.com', 27, '2019-06-03 13:11:18', '2019-06-03 13:11:18'),
(2214, 'info@bailocom.it', 23, '2019-06-12 13:44:59', '2019-06-12 13:44:59'),
(2216, 'cqtuhsu@sina.com', 57, '2019-06-12 14:14:15', '2019-06-12 14:14:15'),
(2217, 'croma-varazdin@vz.htnet.hr', 76, '2019-06-12 14:20:38', '2019-06-12 14:20:38'),
(2219, 'yc@yc-casing.com', 186, '2019-06-13 14:43:12', '2019-06-13 14:43:12'),
(2220, 'cuijingyi@cccfna.org.cn', 54, '2019-06-20 12:11:50', '2019-06-20 12:11:50'),
(2222, 'llonchj@triperavigatana.com', 86, '2019-06-20 12:13:16', '2019-06-20 12:13:16'),
(2223, 'hongye0391@163.com', 236, '2019-06-20 12:14:39', '2019-06-20 12:14:39'),
(2224, 'youlongcasings@hotmail.com', 913, '2019-06-28 10:44:55', '2019-06-28 10:44:55'),
(2225, 'cmm266299@outlook.com', 913, '2019-06-28 10:44:55', '2019-06-28 10:44:55'),
(2231, 'zagbth@gmail.com', 999, '2019-07-01 13:29:19', '2019-07-01 13:29:19'),
(2234, 'info@belcas.com.au', 30, '2019-07-09 11:51:30', '2019-07-09 11:51:30'),
(2235, 'casing2009@casingchina.com', 936, '2019-07-09 11:53:51', '2019-07-09 11:53:51'),
(2236, 'tania@casingchina.com', 936, '2019-07-09 11:53:51', '2019-07-09 11:53:51'),
(2239, 'asher.svirsky@gmail.com', 956, '2019-07-09 11:54:59', '2019-07-09 11:54:59'),
(2240, 'andy@continentalcasing.ca', 1011, '2019-07-09 22:57:07', '2019-07-09 22:57:07'),
(2241, 'jennyfer@continentalcasing.ca', 1011, '2019-07-09 22:57:07', '2019-07-09 22:57:07'),
(2242, 'datongsandy@aliyun.com', 85, '2019-07-09 22:59:56', '2019-07-09 22:59:56'),
(2245, 'jimenaviegas@gmail.com', 99, '2019-07-09 23:01:29', '2019-07-09 23:01:29'),
(2246, 'contacto@dorfel.com.ar', 99, '2019-07-09 23:01:29', '2019-07-09 23:01:29'),
(2248, 'info@gebert-cie-sa.ch', 136, '2019-07-09 23:09:15', '2019-07-09 23:09:15'),
(2250, '800@cnzeguan.com', 959, '2019-07-09 23:13:40', '2019-07-09 23:13:40'),
(2251, 'cathyzheng0524@163.com', 148, '2019-07-09 23:17:11', '2019-07-09 23:17:11'),
(2252, 'info@hinkel-kogut.com', 252, '2019-07-09 23:20:09', '2019-07-09 23:20:09'),
(2253, 'hinkelkogut@gmail.com', 252, '2019-07-09 23:20:09', '2019-07-09 23:20:09'),
(2254, 'bahattingungor@mnaca.com', 940, '2019-07-09 23:23:37', '2019-07-09 23:23:37'),
(2255, 'mondialbudellasrl@gmail.com', 778, '2019-07-09 23:26:22', '2019-07-09 23:26:22'),
(2258, 'kbrothers50@yahoo.com', 908, '2019-07-09 23:30:21', '2019-07-09 23:30:21'),
(2259, 'kbcasing@gmail.com', 908, '2019-07-09 23:30:21', '2019-07-09 23:30:21'),
(2260, 'sfuller@nittacasings.com', 998, '2019-07-09 23:42:49', '2019-07-09 23:42:49'),
(2261, 'luke@nzcasings.co.nz', 923, '2019-07-09 23:45:39', '2019-07-09 23:45:39'),
(2263, 'panonijatrade@eunet.rs', 920, '2019-07-09 23:52:00', '2019-07-09 23:52:00'),
(2264, 'persiancasing@hotmail.com', 948, '2019-07-09 23:54:23', '2019-07-09 23:54:23'),
(2265, 'robert.hao@163.com', 406, '2019-07-10 00:05:05', '2019-07-10 00:05:05'),
(2266, 'info@suncasing.com', 406, '2019-07-10 00:05:05', '2019-07-10 00:05:05'),
(2267, 'robert.hao@163.com', 406, '2019-07-10 00:05:05', '2019-07-10 00:05:05'),
(2270, 'casingtony@126.com', 922, '2019-07-10 00:12:04', '2019-07-10 00:12:04'),
(2271, 'casingtony@126.com', 922, '2019-07-10 00:12:04', '2019-07-10 00:12:04'),
(2272, 'exlog@tandem1970.ru', 985, '2019-07-10 00:13:57', '2019-07-10 00:13:57'),
(2273, 'briz6969@gmail.com', 1004, '2019-07-10 00:16:07', '2019-07-10 00:16:07'),
(2274, 'o.grinberg@td-bizon.ru', 1004, '2019-07-10 00:16:07', '2019-07-10 00:16:07'),
(2275, 'vkgr2012@gmail.com', 1004, '2019-07-10 00:16:07', '2019-07-10 00:16:07'),
(2276, 'vicky.liu0924@hotmail.com', 39, '2019-07-10 00:18:01', '2019-07-10 00:18:01'),
(2277, 'julianl@shortonargentina.com.ar', 351, '2019-07-10 18:02:19', '2019-07-10 18:02:19'),
(2278, 'joselequioh@shortonargentina.com.ar', 351, '2019-07-10 18:02:19', '2019-07-10 18:02:19'),
(2279, 'katja@plastx.si', 1045, '2019-07-15 16:43:04', '2019-07-15 16:43:04'),
(2280, 'info@richard-bueter.com', 932, '2019-07-22 12:39:22', '2019-07-22 12:39:22'),
(2286, 'choldijk@holdijk.de', 899, '2019-08-27 15:36:18', '2019-08-27 15:36:18'),
(2287, 'rleusenkamp@holdijk.de', 899, '2019-08-27 15:36:18', '2019-08-27 15:36:18'),
(2288, 'aetrin@aetrin.com', 4, '2019-08-28 08:52:37', '2019-08-28 08:52:37'),
(2289, 'prj@gruprl.com', 4, '2019-08-28 08:52:37', '2019-08-28 08:52:37'),
(2292, 'info@agrimares.net', 7, '2019-08-30 01:30:45', '2019-08-30 01:30:45'),
(2293, 'st_instant@mail.ru', 165, '2019-09-19 18:00:41', '2019-09-19 18:00:41'),
(2294, 'bqcyc@hotmail.com', 1046, '2019-09-25 14:29:46', '2019-09-25 14:29:46'),
(2295, 'cdurlacher@aol.com', 52, '2019-09-25 15:45:06', '2019-09-25 15:45:06'),
(2296, 'zgtrcy@sina.com', 55, '2019-09-25 15:50:11', '2019-09-25 15:50:11'),
(2297, 'dgordon@dcwcasing.com', 897, '2019-09-25 16:16:38', '2019-09-25 16:16:38'),
(2298, 'feiping52@outlook.com', 1038, '2019-09-26 11:00:52', '2019-09-26 11:00:52'),
(2299, 'czybb@live.cn', 1038, '2019-09-26 11:00:52', '2019-09-26 11:00:52'),
(2303, 'newasia@sage.ocn.ne.jp', 207, '2019-09-29 12:37:09', '2019-09-29 12:37:09'),
(2304, 'info@jnsca.or.jp', 115, '2019-09-29 12:45:21', '2019-09-29 12:45:21'),
(2306, 'brucen@exim.co.za', 118, '2019-09-29 13:02:26', '2019-09-29 13:02:26'),
(2307, 'Luken@exim.co.za', 118, '2019-09-29 13:02:26', '2019-09-29 13:02:26'),
(2308, 'riccobono@isb.it', 163, '2019-09-29 13:12:27', '2019-09-29 13:12:27'),
(2310, 'runtaicasings@163.com', 215, '2019-09-30 11:27:35', '2019-09-30 11:27:35'),
(2311, 'info@isaconti.com', 159, '2019-09-30 11:59:31', '2019-09-30 11:59:31'),
(2312, 'mmayo@overseacasing.com', 228, '2019-10-01 12:29:22', '2019-10-01 12:29:22'),
(2313, 'info@overseacasing.com', 228, '2019-10-01 12:29:22', '2019-10-01 12:29:22'),
(2314, 'DHoldijk@holdijk.de', 156, '2019-10-01 12:41:32', '2019-10-01 12:41:32'),
(2315, 'aholdijk@holdijk.de', 156, '2019-10-01 12:41:32', '2019-10-01 12:41:32'),
(2316, 'barbara@lvlcorp.com', 187, '2019-10-01 12:52:10', '2019-10-01 12:52:10'),
(2317, 'info@LVLcorp.com', 187, '2019-10-01 12:52:10', '2019-10-01 12:52:10'),
(2318, 'delange@naturalcasings.nl', 175, '2019-10-01 13:02:16', '2019-10-01 13:02:16'),
(2321, 'vitor@brascase.com.br', 42, '2019-10-01 15:07:17', '2019-10-01 15:07:17'),
(2322, 'vitor@brascase.com.br', 42, '2019-10-01 15:07:17', '2019-10-01 15:07:17'),
(2323, 'yk918@kawamura-net.co.jp', 180, '2019-10-01 15:25:52', '2019-10-01 15:25:52'),
(2324, 'nakahara@kawamura-net.co.jp', 180, '2019-10-01 15:25:53', '2019-10-01 15:25:53'),
(2325, 'info@doremus-fr.com', 98, '2019-10-01 15:28:16', '2019-10-01 15:28:16'),
(2326, 'sandra.rundle@fmarieltd.com', 120, '2019-10-02 11:46:30', '2019-10-02 11:46:30'),
(2327, 'nacho@icpvc.es', 777, '2019-10-02 11:58:06', '2019-10-02 11:58:06'),
(2328, 'casings@dunbia.com', 102, '2019-10-03 00:34:02', '2019-10-03 00:34:02'),
(2329, 'info@boyauderieelamal.com', 583, '2019-10-03 15:25:04', '2019-10-03 15:25:04'),
(2330, 'pgrojean@doremus.com.br', 97, '2019-10-03 15:26:15', '2019-10-03 15:26:15'),
(2331, 'doremus@doremus.com.br', 97, '2019-10-03 15:26:15', '2019-10-03 15:26:15'),
(2336, 'jr@dat-schaub.dk', 87, '2019-10-07 15:51:28', '2019-10-07 15:51:28'),
(2337, 'pun@dat-schaub.dk', 87, '2019-10-07 15:51:28', '2019-10-07 15:51:28'),
(2342, 'info@cocotraders.com', 63, '2019-10-08 13:38:44', '2019-10-08 13:38:44'),
(2343, 'rizsheikh73@gmail.com', 63, '2019-10-08 13:38:44', '2019-10-08 13:38:44'),
(2344, 'Rizwan@cocotraders.com', 63, '2019-10-08 13:38:44', '2019-10-08 13:38:44'),
(2345, 'Ramzan@cocotraders.com', 63, '2019-10-08 13:38:44', '2019-10-08 13:38:44'),
(2346, 'info@blancasings.com', 35, '2019-10-08 13:48:08', '2019-10-08 13:48:08'),
(2347, 'david.f@blancasings.com', 35, '2019-10-08 13:48:08', '2019-10-08 13:48:08'),
(2348, 'junior@blancasings.com', 35, '2019-10-08 13:48:08', '2019-10-08 13:48:08'),
(2349, 'rudy@blancasings.com', 35, '2019-10-08 13:48:08', '2019-10-08 13:48:08'),
(2350, 'info@osl-grp.com', 226, '2019-10-10 12:40:32', '2019-10-10 12:40:32'),
(2351, 'mstrauss@littlesilvercorp.com', 189, '2019-10-10 12:46:36', '2019-10-10 12:46:36'),
(2352, 'lmartin@littlesilvercorp.com', 189, '2019-10-10 12:46:36', '2019-10-10 12:46:36'),
(2353, 'rperkins@littlesilvercorp.com', 189, '2019-10-10 12:46:36', '2019-10-10 12:46:36'),
(2354, 'mounir@shehfe.com', 195, '2019-10-10 12:53:15', '2019-10-10 12:53:15'),
(2355, 'casings@shehfe.com', 195, '2019-10-10 12:53:15', '2019-10-10 12:53:15'),
(2356, 'export@unitedcaro.com', 250, '2019-10-13 13:03:02', '2019-10-13 13:03:02');

-- --------------------------------------------------------

--
-- Table structure for table `company_members`
--

CREATE TABLE `company_members` (
  `id` bigint(20) UNSIGNED NOT NULL,
  `name` varchar(191) COLLATE utf8mb4_unicode_ci NOT NULL,
  `email` varchar(191) COLLATE utf8mb4_unicode_ci NOT NULL,
  `password` varchar(191) COLLATE utf8mb4_unicode_ci NOT NULL,
  `remember_token` varchar(100) COLLATE utf8mb4_unicode_ci DEFAULT NULL,
  `created_at` timestamp NULL DEFAULT CURRENT_TIMESTAMP,
  `updated_at` timestamp NULL DEFAULT CURRENT_TIMESTAMP ON UPDATE CURRENT_TIMESTAMP
) ENGINE=InnoDB DEFAULT CHARSET=utf8mb4 COLLATE=utf8mb4_unicode_ci;

--
-- Dumping data for table `company_members`
--

INSERT INTO `company_members` (`id`, `name`, `email`, `password`, `remember_token`, `created_at`, `updated_at`) VALUES
(4, 'Noha Shetta', 'insca@insca.org', '$2y$10$CML/9MiULegRy9fCyUrBde3UPVRErDM6c9PRJvgCjDXG7aztYb3Pm', 'jTVhIXRVwl8cFTnEO7oDMzV9qhBqDgQQpnXjD2vZvu4jRfe3LrOfHLBEgqW5', '2020-04-20 17:10:33', '2022-01-22 13:58:15'),
(5, 'Yara El-Haddad', 'yara.haddad@markade.agency', '$2y$10$A16ZQ48ArXqwUUDLeh7rMunFJ2/5ZmDO8MvBIHeqc2y9LhUcf/bDy', NULL, '2020-04-20 17:24:45', '2020-09-23 17:34:50'),
(6, 'elbiheiry', 'elbiheiry2@gmail.com', '$2y$10$wHnkRGLVoTaYfSPYW8S1uuHMXc/H4OqR3Ksp.m2WE2C8YFFEUxZTC', NULL, '2020-04-26 20:03:57', '2020-04-26 20:03:57'),
(7, 'Barbara Negron', 'barbara@lvlcorp.com', '$2y$10$T5hq53UhLnjtXrYaaOR7/eOfAhC.PKghbX9VAO/03Qk0DE0jVBwR2', 'qFgTHDwgr2hViujeJe5AhOemfD63kjax71SsUC50INvzNuedzeDQoDdwaEu1', '2020-07-09 18:33:40', '2022-01-20 12:55:38'),
(8, 'Dr. Joris Wijnker', 'info@vphc.eu', '$2y$10$cfiBGnqGH0dAMYH/FcPRDu5GWOAAugNew2CJVfhTJDXnzaA7yARzq', NULL, '2020-07-09 18:38:33', '2020-07-09 18:38:33'),
(9, 'Mariana Arrarte', 'm.arrarte@henil.com.uy', '$2y$10$rE08yGOgBTc/Qp32DOosUuYQgM6RTyrssNsKHkm/PHME86PFyV20G', NULL, '2020-07-09 18:42:15', '2020-07-09 18:42:15'),
(10, 'Dani Molist', 'tripnet@tripnet.es', '$2y$10$oPjsISAeG8J3knFBxI8j3..pNj5Ow.PL8XBcWUJj4bHcW/3v8Xgce', NULL, '2020-07-16 12:32:40', '2020-07-16 12:32:40'),
(11, 'Macarena Cavallero', 'macarenacavallero@euro-sa.com', '$2y$10$DBjNQv.B8v4UvOc5xF396uTz17j2O4yZlEPAuz0JzaHr.kkuO3WQW', NULL, '2020-07-21 12:44:08', '2020-07-21 12:44:08'),
(14, 'Michael', 'mmayo@overseacasing.com', '$2y$10$3ietrWEp5GYTOoiZYHYaleQsJpLyygkz.o1rdu1zkq/l2UtFq2/9W', NULL, '2020-07-27 22:20:47', '2020-07-27 22:20:47'),
(15, 'Alexey', 'info@agrocasing.ru', '$2y$10$MbVuB62BSVTJdJ7OMEBC3.ChOxkEzS7Zq4/BgLzhqraVe8cfRJUCe', 'bvfhIY4tPB9JRMArA917rjEXq0iSWKlPk0mTAaaiAwqXZLC8jpKJbUHlDSgx', '2020-07-30 13:07:42', '2020-11-03 12:30:39'),
(16, 'Sergi', 'info@comercialsubproductos.com', '$2y$10$sHMRaxTyoERXg6IxApZPcOdf5OC2umYX30y0T9yOAul4prByScZmG', NULL, '2020-08-04 19:10:45', '2020-08-04 19:10:45'),
(17, 'Marcello', 'm.verzoni@techpartnersrl.it', '$2y$10$pF0QhvWCT7tEFsZhSb7F0OQVR2LirGZi4bCjA7O/PQHgySHUWH5Gm', NULL, '2020-08-13 17:36:40', '2020-08-13 17:36:40'),
(18, 'Simon', 'S.Jaeger@cds-hackner.de', '$2y$10$Z28DGcxedtX0YN9CTT0IpeXYbryir/5n1JMg6yLY1tSTzPCVC2SJG', NULL, '2020-08-13 17:40:31', '2020-08-13 17:40:31'),
(20, 'Monika', 'info@najder.pl', '$2y$10$D/0kwCrLLNAQcakIbu90yudgOZTNnUAjXzB5irfh14w43doAFl1DG', NULL, '2020-08-17 16:25:20', '2020-08-17 16:25:20'),
(21, 'Mr. Pimentel', 'paulo@paulopimentel.com.br', '$2y$10$vn9C1lI0I46SI4beZmvLI.lWlpt7ZvgLY3ur3psV28mKkloyhGTi6', NULL, '2020-08-19 02:22:45', '2020-08-19 02:22:45'),
(22, 'Johan Verniers', 'info@vanderjeugt.com', '$2y$10$lBfQPLYL2OwdeWDTQT/yMOyiHs/zVbU157ufpnc7brZXwAyz9IlRC', NULL, '2020-08-19 02:25:34', '2020-08-19 02:25:34'),
(23, 'Julian', 'julianl@shortonargentina.com.ar', '$2y$10$ADuEsdaRnTThPmzPt9ZOXeunnEljAkP6UgkSXaesHw33hvX38RVOe', NULL, '2020-08-19 22:31:00', '2020-08-19 22:31:00'),
(24, 'Joop Schouten', 'jms@darimex.com', '$2y$10$uhnKqCYC.TrhzzriirNwHOIJrPkHq9E/WwGvkmuMO5iV.4spOLu5C', NULL, '2020-08-19 22:34:51', '2020-08-21 17:29:53'),
(25, 'ethar', 'ethar@pharous.com', '$2y$10$JjeOCDWBYetKspd7RjVW1udHqi/FZIPaoNaF9.vmBncrcJJI3rfh.', NULL, '2020-08-21 17:43:36', '2020-08-21 17:43:36'),
(26, 'Elena', 'darm@star-ntd.ru', '$2y$10$1b8r7RmwVWH9Wqj375OlzuSMeWhs80NdepCyj85zIYbHCovqbx8ra', NULL, '2020-08-30 13:39:11', '2020-08-30 13:39:11'),
(27, 'Mr. Faucon', 'b.faucon@dat-schaub-france.com', '$2y$10$5/kym9g1MM1oPBTfFQfp4e6oh9NkYaDKSWmtUBwHPS47cR4gJOluu', NULL, '2020-08-31 17:27:56', '2020-08-31 17:28:42'),
(28, 'Heike Molkenthin', 'heike.molkenthin@t-online.de', '$2y$10$OXmCKKQzRQMzWa164z2/NOUzCc.rnLEuQbIZKDLCGDlTuaSK3FmhW', NULL, '2020-09-08 18:15:02', '2022-01-27 09:49:29'),
(29, 'Ricardo Ortega', 'export@unitedcaro.com', '$2y$10$FZPQA9NaUPLhrFfiQYu9vOKGnAPiKKp2xpz6hsuPdNkyx0LofulJK', NULL, '2020-09-08 22:10:54', '2020-09-08 22:10:54'),
(30, 'Marie-Hélène', 'mariehelene@durex-casing.com', '$2y$10$gJTrr6Y6jJYQNGzs9NEl7e8lciQR4X1MnqDUTP3GKQRug2dWLdP/q', NULL, '2020-09-08 22:18:31', '2020-09-08 22:18:31'),
(31, 'Li Hui', 'feljh@vip.126.com', '$2y$10$EX8Mwsbne.eptAItvOS1SO1p8hGzmzOt4WE1YRrVS6Z1pAsajfibO', 'jjMwOmH31on6cPotKhtpPGG9t7o3haj6jrFbKaZ5zR9Zjj50goPHRMcttwsh', '2020-09-08 22:22:41', '2021-06-01 12:01:47'),
(32, 'Barbara de Lange', 'delange@naturalcasings.nl', '$2y$10$5a9MUC3/xb7rqlzwTPLvrOiOep7CRW5KRya.c/82uIoN1mu9EhYN.', NULL, '2020-09-08 22:25:03', '2020-09-08 22:25:03'),
(33, 'Latona Francesca', 'Latona.francesca@isb.it', '$2y$10$BDad7g5zmA05tS5m6JSVlupjKjgKweB1lTmIyDENa7aLsq2nUACoi', NULL, '2020-09-08 22:29:10', '2020-09-08 22:29:10'),
(34, 'Hans Martin Kersting', 'hmk@marth.de', '$2y$10$b1LHlYC.EJx.cOc0wzzGQOloESGCU1z6Di.EsV3QwswYN4PuPSWM.', 'F1lhqUfsQe4ziZT0B24Yw3aDjK5TZKyGzhvUdVFkjY2BaHwTmCBaYKnxLwdt', '2020-09-08 22:33:22', '2021-11-20 11:06:03'),
(35, 'SSD LTD', 'ssd@ssdltd.info', '$2y$10$nLe2eVYPhsI3dTYZOj.MOumeWAKOiaKCnR1iMm7SPTERKhyxiDp5S', 'Ua9Nl6fX1bASKixq7i9u0buSXKPv22rnG7NpdgFj43lqxvswmCJavkm5aVnR', '2020-09-08 22:35:58', '2021-07-26 12:58:33'),
(36, 'Alexander Zagorodny', 'a.zagorodny@biostar.ru', '$2y$10$FbwO5XQcXz1HAYTXMibjJOxxUmpgpl7HEiP35tAi0Ap.2pBJGfHqe', NULL, '2020-09-08 22:38:00', '2020-09-08 22:38:00'),
(37, 'Michel de Maar', 'm.demaar@fortis-batavia.nl', '$2y$10$OaVbfW3BtQZXXQszaBBQDOujypuQZ9higI92B0cgqgNruRh9mUAFu', NULL, '2020-09-08 22:41:02', '2020-09-08 22:41:02'),
(38, 'Omar H de Stefano', 'info@de-stefano.com', '$2y$10$iEGouLUoTj.x7OJO4hUdseTINvgaKDBMX1AaUfcIocNV5Ct99oPeC', NULL, '2020-09-08 22:44:10', '2020-09-08 22:44:10'),
(39, 'Ning Yongzhan', 'ninghongoffice@vip.sina.com', '$2y$10$vIm4I8eLrmQx9OAL.mu8auqK8SBYr9A.0V458EXN.Xi299kPzzXQ6', NULL, '2020-09-08 22:47:46', '2020-09-08 22:47:46'),
(40, 'OSCAR DULCE', 'oscardulce@oscardulce.com', '$2y$10$HsAniHElU3zvxqhiXvDOFOAhdwNui8AYYBqhwmJHIR2oOl9OgKmj.', NULL, '2020-09-08 22:50:05', '2020-09-08 22:50:05'),
(41, 'Elisa Menegotto', 'elisa@delorenzi.org', '$2y$10$fjSoz8bBWOhP3iw5wqLYyu/HMyGCYxGvwqErO06dxs3.Bj8vtgWFy', NULL, '2020-09-08 22:51:59', '2020-09-08 22:51:59'),
(42, 'Mr. Aymard', 'fabriceaymard@aymard.fr', '$2y$10$4EWq4ivNxSzbP0UbwGCLQ.M2il878u3NcXhYNRnBvWg3UZOD3LF1O', NULL, '2020-09-08 22:58:09', '2020-09-08 22:58:09'),
(43, 'Jacobus Geldenhuys', 'Jacobus.Geldenhuys@crownnational.co.za', '$2y$10$qxY7AH9Zz/iAGPuMC3/tG.p.B6FgzXe/5miQh9UOILt7gKiWsQBKC', NULL, '2020-09-08 23:01:11', '2020-09-08 23:01:11'),
(44, 'Mr. Peter Gelhard', 'info@peter-gelhard.de', '$2y$10$CpOB1QdN9gMrexWsmf6SLu1tvdzrknrMFov5hcaFdjd1lZol1ELyK', NULL, '2020-09-09 17:35:52', '2020-09-23 17:35:43'),
(45, 'M. Jean-Pierre Chastaing', 'jp.chastaing@dat-schaub-france.com', '$2y$10$mZYWlpZlwDqXFrJQY.Kg9ui8/.xohhDIK4dosoeLHYNiTTcTezxt.', NULL, '2020-09-09 17:37:17', '2020-09-23 17:40:12'),
(46, 'M. Patrick Vidal', 'p.vidal@dat-schaub-france.com', '$2y$10$i6pbXu7Xr/NCCieppTy4w.PfAX5qGMSEmqTiIutZlMMeibq5e3dba', NULL, '2020-09-09 17:37:34', '2020-09-23 17:40:30'),
(47, 'Manuela Machado', 'm.machado@dat-schaub-france.com', '$2y$10$FGPxT0MOmSiegeSotcLy4Opd49iAYzhgD2hCyZTLeWo5MvVm0tVrG', NULL, '2020-09-09 17:37:58', '2020-09-23 17:40:45'),
(48, 'Jörg Streckfuss', 'js@hestreda.de', '$2y$10$Feo78NonmOJ4BXQf3P/W1uMLvTd19UBIbFIG9jt3r/udXYNYrgOa2', NULL, '2020-09-09 17:44:30', '2020-09-23 17:40:58'),
(49, 'Lex Van Hessen', 'lexvanhessen@monaco.mc', '$2y$10$pluhMtI8K67XfelWYhczc.dnv14gmbiPzueLPERnX/uGLbqAUhPou', NULL, '2020-09-09 17:54:22', '2020-09-23 17:41:18'),
(50, 'Mario Hillerdt', 'hannodarm@hotmail.de', '$2y$10$BqakEAuQT5iT5prWo/lBPe2jPbEujjwuLd.gPRwsOkMZtMdggM5Mq', NULL, '2020-09-09 17:58:05', '2020-09-23 17:41:31'),
(51, 'ISA Conti', 'info@isaconti.com', '$2y$10$7MAW9WZdvq44SXiaJqBPuumxbaurKb0q80YYvNwC8eQZGY3KQk/8S', NULL, '2020-09-09 18:03:32', '2020-09-23 17:41:44'),
(52, 'Taskó Péter', 'tasko@boller.hu', '$2y$10$PtfH/bJZvBG4DRxaWsVAK..UMhSPtYo/SeP8Ldir0o/0RyV5RLVLy', NULL, '2020-09-09 18:11:14', '2020-09-23 17:41:59'),
(53, 'Caio Marino', 'tripama@tripama.com.br', '$2y$10$TPjEFQ6a8Tn8f9jLH/pbqedawDqv2bDNE/Zo.NR.wxTPqt5.m5cti', NULL, '2020-09-09 18:15:15', '2020-09-23 17:42:11'),
(54, 'Eli fimaher', 'eli@fimaher.com', '$2y$10$Bo606Q35dlQ8WIW2R/csyOu6fJjzwps/iUSjeXEzN7/fu2eNcT8sO', NULL, '2020-09-09 18:22:31', '2020-09-23 17:42:24'),
(55, 'Stephen C. Dirtzu', 'steve@naturalcasingco.com', '$2y$10$iPaq6TRKy5wizUzUwOLkTOsfruOg5.UkWSniWVTiDWRC9Puly6nJ2', 'p9EZ6wdFnLapip5eYOTwr0qvfPduBqmTfGAhyxv0vqP0Uy7x6MERanJttOn3', '2020-09-10 17:15:07', '2021-05-12 21:09:03'),
(56, 'Sandra Marie Rundle', 'sandra.rundle@fmarieltd.com', '$2y$10$dkA75G6/y95C3pfzGEAKy.h9E3bI7J4G/X/xCbP0CrCALeyYYN8Eq', NULL, '2020-09-10 17:22:54', '2020-09-23 17:42:59'),
(57, 'Dolf Holdijk', 'DHoldijk@holdijk.com', '$2y$10$rpzYDFFpBC7jVi4EEYU4sekRzkmB2MJLfqxN0Zo3kmI68Pw4wIZja', NULL, '2020-09-10 17:26:05', '2020-09-23 17:43:11'),
(58, 'Janaina Silva De Azevedo', 'janaina.azevedo@jbs.com.br', '$2y$10$pK/6Jque9kAkf3Hi5rrQ7.CLZqyycEpA/XI3EvOukYVRtIpZ2r8Lq', NULL, '2020-09-10 17:31:22', '2020-09-23 17:43:21'),
(59, 'Marcus Francisco Kienast', 'marcus.kienast@adeste.com.br', '$2y$10$LswVAf20J1SfuCOXIuQHk.ophWNCFDqqdioCFfIQ/ZVNqm33tuFeK', NULL, '2020-09-10 17:35:21', '2020-09-10 17:40:49'),
(60, 'Andre van Rooyen', 'andre.vanrooyen@freddyhirsch.co.za', '$2y$10$Jj7qNwz6lOmqlIpHYfc6..lczDKwyRqgfBGqkDzxfWhQLEjVxgTuW', NULL, '2020-09-10 17:38:23', '2020-09-23 17:43:54'),
(61, 'Márcio Matta', 'marcio.matta@tripama.com.br', '$2y$10$Aqbv4R26t0zPwoOF/onmJ..s00SY1sl5bzQkIc1IhnA4DR9C/hysa', NULL, '2020-09-10 17:47:09', '2020-09-23 17:44:06'),
(62, 'Loïc ABGRALL', 'bdc.loic@gmail.com', '$2y$10$HjrM6btXTG7SZn8y4kL8zuIJDorZEjVyzZ4MxSql6bSs9.44ee2ai', NULL, '2020-09-10 17:54:05', '2020-09-23 17:44:17'),
(63, 'Paul Daly', 'p.daly@irishcasings.com', '$2y$10$dbE6WxQwBtJph.UNO2pwSO8LX2Artbcm6PNJM9srCgeF5ZpwEgK7q', NULL, '2020-09-10 17:54:40', '2020-09-23 17:44:30'),
(64, 'Stefano Bailo', 'Stefano.Bailo@bailocom.it', '$2y$10$AQzOy4hI5/cdR/zZfJizWukt2/pH6NtZlBX2Zh4Z/bM10PuqRJJKe', NULL, '2020-09-10 18:03:23', '2020-09-23 17:44:38'),
(65, 'Mike Wallace', 'Mike@canadacompound.com', '$2y$10$nPCkMMpoXcMZRP.A1mW2bONnLhsTasC1NWCVMAoQ5yy9MZXQQzRv.', NULL, '2020-09-10 18:07:19', '2020-09-23 17:44:52'),
(66, 'Philippe LEYMONIE', 'ph.leymonie@charles-freres.com', '$2y$10$oV5.WJlujurUXdux9UzWeeN0TPmYSig24qIwLE8DeXoh6stVS3gE6', NULL, '2020-09-10 18:19:35', '2020-09-23 17:45:04'),
(67, 'Fernando Bartolomé Jimenez', 'tb@tripasbartolome.com', '$2y$10$Sne3VRY9pn2GiuReStNXaOllCmEsLubKFo9hp3WFyG2UYJ7HliucO', NULL, '2020-09-10 18:23:08', '2020-09-23 17:45:17'),
(68, 'Pablo Menendez', 'p.menendez@v-inocencio.com', '$2y$10$KJj/OoNUQrMby8JoNG0rXON1lsjEWwY.mn.M8zJE1oDpED320o1Li', NULL, '2020-09-10 18:24:09', '2020-09-23 17:45:28'),
(69, 'Pieter Van der Wel', 'pieter@pacific-casings.com', '$2y$10$8gcPYs2utp1cfQB6AtG0De.g5WrQJypdZK2GYeQWDMcGXqcYlOFOG', NULL, '2020-09-10 18:29:16', '2020-09-23 17:45:42'),
(70, 'Cloud Zheng', 'CloudZ@fletchint.com.au', '$2y$10$WyRTtwGKoWJf58wGLxjYJ.lRVVV528dHsh006l473W1ouGYrDMkha', NULL, '2020-09-10 18:32:39', '2020-09-23 17:45:54'),
(71, 'Yakami Yoda', 'info@jnsca.or.jp', '$2y$10$/vOk2HMK0lleJ4xoneRTjOmJQWWZl.0v4CJfy92ccNCLuz9OpPaOm', NULL, '2020-09-10 18:37:13', '2020-09-23 17:46:03'),
(72, 'HYUK IL, YOON', 'newasia@sage.ocn.ne.jp', '$2y$10$TEq5T1QIoShptVQF3oGhRO2icxB7v9iuW5iYT/GhlFhYwEYZx3TBe', NULL, '2020-09-10 21:17:37', '2020-09-23 17:46:14'),
(74, 'Satoru Arai', 's_arai@matsunaga.jp', '$2y$10$AAev6skjsZBmZkZ1JxmRNuSkjVN7zVlOeOQzJdk4o1P0hKON47R1K', NULL, '2020-09-10 21:25:25', '2020-09-23 17:46:37'),
(75, 'Quan Guizeng', 'runtaicasings@163.com', '$2y$10$I8WSQ4nr9g0dwrhgn0PPx.RZyxDS2S.zBnQn.VajMvSUew1iIvPz2', NULL, '2020-09-10 21:28:50', '2020-09-23 17:46:47'),
(76, 'Anna', 'wrccasings@163.com', '$2y$10$y5a23gmSDnymI5rKTWja6u4GGqoDOGD0RuGRon02CGJe1pmv8dGg2', 'OnBHj9MDrVJ3vicAmttlOCyzF8hE99d3PokTEqCSyz4QlpSry00olfYhoFjp', '2020-09-10 21:31:36', '2021-05-22 05:29:15'),
(77, 'Björn Köhnke', 'b.koehnke@dohr.biz', '$2y$10$nEwAs7kNtfm7i2k90DJXbeDk9rMuo9ZFLBbo7Fu/2IV.AtecMyLLK', NULL, '2020-09-10 21:34:20', '2020-09-23 17:47:11'),
(78, 'Conroy King', 'Conroy.King@delispices.co.za', '$2y$10$psBe39oHCSXXbotmpc0mY.f9Fbq3ejQj.xZ6ML6l/16CfcxX/JYKa', NULL, '2020-09-10 21:44:14', '2020-09-23 17:47:22'),
(79, 'Rene Teijsen', 'Rene@teijsen.com', '$2y$10$HwyVVCi4ZZQMyvkSW5qbQuTOYsbT2lHp/z0oREWe7MlprhpWSHKM2', NULL, '2020-09-10 21:54:37', '2020-09-23 17:48:01'),
(80, 'Tomáš Jamriška', 'jamriska@maspoma.sk', '$2y$10$SzTlj2OeztjiUvKU2YjUm.aHVVOeQwxR/rdYNeIg09N7Oda.ZUBi2', NULL, '2020-09-10 21:57:21', '2020-09-23 17:48:26'),
(81, 'Wenche Nordli', 'wenche.nordli@norilia.no', '$2y$10$ZWjtQROnbq9TSGiA4DgV.O4TFLMDNhxu2A9hq1/TM6/UmVg69TI9a', NULL, '2020-09-10 22:05:28', '2020-09-23 17:48:38'),
(82, 'Eva López Rodríguez', 'comercial@lroda.com', '$2y$10$0lGegzqcJ2U4FhlZK0IRhOjII5TvPzY5t5NyNmNP.crhiSq5B444W', 'zqCU2NQ4m4JV8kMYH97wJutcOTSb1GOSYqLfO0ocLDh699a6CaHVYxGvpfmN', '2020-09-10 22:31:34', '2021-04-01 11:42:30'),
(83, 'Hans Hansen', 'hans.hansen@cth.biz', '$2y$10$U.MHuRV8YZ0n3j8RFsmCFecDLuSDsH0Y0OnYCIOXc81yfldw//Nju', NULL, '2020-09-10 23:01:17', '2020-09-23 17:49:01'),
(84, 'Marcel Litwak', 'marcel@litwak.de', '$2y$10$NzGkJPV5XFAbA4XYzlKH2OjGRde/9gQ6GoLAsrGOH9IvCxqdxXAH6', NULL, '2020-09-10 23:05:47', '2020-09-23 17:49:14'),
(85, 'Ester Baixés', 'aetrin@aetrin.com', '$2y$10$CvuEeQ0qSbST6CKPraEwX.Cxd3eRU.qlHP8ndhccWIySINsPN6bkW', NULL, '2020-09-10 23:08:10', '2020-09-23 17:49:28'),
(86, 'Sara', 'sale@tjwonder.com', '$2y$10$.1puNDJ9n9NUx07bspnAYeFXBSq6JzZSYuQ8w4XyngORYZ66Q81cm', NULL, '2020-09-10 23:11:21', '2020-09-23 17:49:39'),
(87, 'Lang Anikó', 'langa@boller.hu', '$2y$10$Yr/XEqfgFYM7FMzUC0yrRea857Mxqg9INx3UXYpIr0lHQX6gHkbO.', NULL, '2020-09-10 23:13:36', '2021-05-11 17:17:34'),
(88, 'Albert Shehfe', 'casings@shehfe.com', '$2y$10$UiHCtm5Hzrf0PCXjVcqi6e4uxrX40LOCEsT/pHK389D.c9hlUuM9u', NULL, '2020-09-10 23:22:43', '2020-09-23 17:50:23'),
(89, 'Vladyslav Kachanov', 'europa.vladyslav@gmail.com', '$2y$10$AzTabwpfrGvgCScQcPB3.eDESq1gWhjpJAgNMklDRGWbfi/eO3eBK', NULL, '2020-09-10 23:24:30', '2020-09-23 17:50:33'),
(90, 'David F. Blanga', 'david.f@blancasings.com', '$2y$10$X6bvKGjfYyvP/7dIgtQyaO04Y94/.7JKiVatgLYO7vw/wHnzfdQsi', NULL, '2020-09-10 23:28:52', '2020-09-23 17:50:47'),
(91, 'Vitor Brascase', 'vitor@brascase.com.br', '$2y$10$U9OqXf5qucdZUiCjfmtK.uh4u8GIrKEgMFUP3Qn4D/AUk/YGBgBsu', NULL, '2020-09-10 23:30:55', '2020-09-23 17:51:22'),
(92, 'Sh. Rauf Saeed', 'mriaz@cyber.net.pk', '$2y$10$a1g3acM3ve2Qb.sAio0OUuDFzXFWsEoCOIXW1jVdgNgCdSZ1A1N9e', NULL, '2020-09-10 23:35:57', '2020-09-23 17:51:38'),
(93, 'Alberto Diaz', 'adiaz@vincenti.com.ar', '$2y$10$eMpLg62Nh4qCNZxAWVTDMOxHoywP4z4SlT.kB.Z56nIKu2DDCR4Z.', NULL, '2020-09-10 23:40:39', '2020-09-23 17:51:51'),
(94, 'Richard Kratschmer', 'richard.kratschmer@adeste.com.br', '$2y$10$fM56qhwVLbFX.gr9o5TKGufgEfwGX6A6pzRlu3YzMgYwIqMdH7hJ6', NULL, '2020-09-10 23:43:24', '2020-09-23 17:52:05'),
(95, 'Yokelin Leow', 'info@osl-grp.com', '$2y$10$u0UCpr95OBoy5A02H1LW8.Jf.UTxk1qDfoE1M22ol9q.8bTrYUx46', NULL, '2020-09-13 20:14:11', '2020-10-07 17:57:33'),
(96, 'Shen Juan', 'tzcasings@tzcai-casing.com', '$2y$10$6RSpk0yBZo6FY1g8asOnO.gK6xpaVDvPg0s2PONTKQv3q7c3TiaB.', NULL, '2020-09-13 20:18:32', '2020-09-23 17:52:35'),
(97, 'Nacho Echeverria', 'nacho@icpvc.es', '$2y$10$TR5zsHw/uxTE0oszHejD2.5r6NRF5Cj.yzt3P7uiCi6iTPT1e3G7S', NULL, '2020-09-13 20:52:05', '2020-09-23 17:52:54'),
(98, 'Akitsu Hiyama', 'office@nissho-trading.co.jp', '$2y$10$QPdZ.Sr16QQwxInsecpZS.eFuuBL73OVTMY0kuFYsM0J6krhulF5G', NULL, '2020-09-13 21:02:29', '2020-09-23 17:53:08'),
(99, 'Wang Yuzhong', 'wyzhong123@outlook.com', '$2y$10$7GfLGllR5YcT6a7dSo7DeO33wS/k3wdE3FiQbiORbyeE1DGUmLxiK', NULL, '2020-09-14 16:48:46', '2020-09-14 16:48:46'),
(100, 'Pablo Costabel', 'pcostabel@berdick.com.uy', '$2y$10$cOCeohz6olCnyzEAVzrADetWbOAShveyU9iFcKuHg8Q/eLbLOXA6q', NULL, '2020-09-14 16:50:40', '2020-09-14 16:50:40'),
(101, 'Michaela Dobozy', 'Michaela.dobozy@adeste.com.br', '$2y$10$7kouVXYl4oCgJFSJc3twWOuBQf1JKPd1cob5Bl5xSzBbs6CwEu9vS', NULL, '2020-09-21 14:32:37', '2020-09-23 17:43:41'),
(102, 'Zhu Hong Quan', 'tjhualicy@126.com', '$2y$10$0s2YN7br7OTeFEipoKosgOYOKMte22SBlv/fEVXjGD2msaYYu3Jhi', NULL, '2020-09-21 14:38:12', '2020-09-21 14:38:12'),
(103, 'Shirly', '943111617@qq.com', '$2y$10$ahwgSY78VP5iJimz1O543.KvtIDl6Z.Tx6ZOE7T/qLX8GRu7Tm9sO', NULL, '2020-09-21 14:41:12', '2020-09-21 14:41:12'),
(104, 'Michael Strauss', 'mstrauss@littlesilvercorp.com', '$2y$10$hrt0pGYzBKdlVaGBSTMWQeEH6mBilVN8wRkCI9YiF4.OwqzQVS1lS', '7pTHlMxG3IRxroAMKrcqkiINycWSTCmwgNzXd2lfGCTE1fVdFMnnqB2ESKr7', '2020-09-21 14:45:26', '2020-10-14 18:08:22'),
(105, 'Burkhard Jeurink', 'BJE@dif-kuepers.de', '$2y$10$vT.avk9guFV8Rdw7Nkl7POIA9vCP7x8qX.3COWSEep4zX0P4oV0Fm', NULL, '2020-09-22 16:52:19', '2020-09-22 16:52:19'),
(106, 'Morten Eriksen', 'morten@notim.no', '$2y$10$K/xyB2RDsLrmyJlMlCf.Zu0gYXlv/fRYFqPbCTbla.VDBMV3dJtdi', NULL, '2020-09-22 16:54:52', '2020-09-22 16:54:52'),
(107, 'Carmen Ganea', 'carmen.ganea@marchand.ro', '$2y$10$hj7UCGsN5MYLlgWQ0Hg9C.wBB23442QKF8X0me9IhcYHqm1EqXS.y', NULL, '2020-09-22 19:06:00', '2020-09-22 19:06:00'),
(109, 'Pilar Puig', 'pilar@olotmeats.com', '$2y$10$WeGlSleKkIM9uNnJjv8ta.VWCAVF9DQsmU5SvU3HEIvFwhNVtcbaO', NULL, '2020-09-22 19:54:21', '2020-09-22 19:54:21'),
(111, 'Yara', 'yara.elhaddad12@gmail.com', '$2y$10$/ngdmn/0e7IPRgjGSjinl.l/jMNkGhRVK4.9qtJ4gdGtIZ9uT8JxG', NULL, '2020-09-23 17:05:02', '2020-09-23 17:05:02'),
(112, 'Tarek', 'tarek.elkady@kdgp.me', '$2y$10$.X7I8NdYEHP1Y2FTaPX7YehTZTtN7K1zqeL3GmkJEIFLBSmZUd1yG', NULL, '2020-09-23 17:27:44', '2020-09-23 17:27:44'),
(113, 'ethar', 'etharsamir1999@gmail.com', '$2y$10$oGsPXsx72Q3tSDl8FzqJe.5XtdqvNmXpxZhVOu3Xg913AlmSHEYr6', NULL, '2020-09-23 17:53:30', '2020-09-23 17:53:30'),
(114, 'Tarek Elkady', 'tarek.elkady@kdgp.net', '$2y$10$uZmrCtMwfFjSWkx632KXdONLE3.1JXwoIf8IjhvJUZsidtRURwDHu', NULL, '2020-09-28 21:20:45', '2020-09-28 21:20:45'),
(115, 'SİNAN  ESKİTÜTÜNCÜ', 'info@egscasing.com.tr', '$2y$10$hJs7gWKYBoSIEXNGnMQKue2w8fcNLlmOx0TF99vIxUUHL1RHCB67W', NULL, '2020-09-29 16:46:39', '2020-09-29 16:46:39'),
(116, 'Morihisa', 'morihisa@mtj.biglobe.ne.jp', '$2y$10$1UCNSAnkpkxI2VhFThThAOO7HoO1MhhTiuiVdVl/qrGXHWymIBpDu', NULL, '2020-09-29 16:53:04', '2020-09-29 16:53:04'),
(117, 'M. Hafiz Sharifzadah', 'H.Sharifzadah@arian.de', '$2y$10$WcRDATXJZIVWviLZr/A7peXCrxgBPYmpWojg2FWt2ZTvKVc4cWPh.', NULL, '2020-10-12 14:09:59', '2020-10-12 14:09:59'),
(118, 'Benjamin TOMA', 'btoma-doleboyaux@orange.fr', '$2y$10$e3wKe4wh9TLWWz1eJhiW1.P7nQ7WcNHZF5ZXataVlvVeMdvRdnxIi', NULL, '2020-10-12 14:10:41', '2020-10-12 14:10:41'),
(119, 'Yang Lihui', 'bdthcy@188.com', '$2y$10$kBs39T7VwWMsjt3JNFySleS5ZK0oAwONYQ9BeL14mfWj6hrvB0dx2', NULL, '2020-10-18 19:15:13', '2020-10-18 19:15:13'),
(120, 'Amandine PERRIER', 'amandine@eurocali.fr', '$2y$10$IVP3qx1nX5am5a5ypmnUKu9CwfTPc2e4oOiJTW/zcusYbrMQheMaG', NULL, '2020-10-18 23:11:07', '2020-10-18 23:11:07'),
(121, 'Wu Jiang', 'chaoyang@cnhbcycy.com', '$2y$10$tc2waV5b6BJLFEWp8QGJxe7n2OsVsZlwMo1uKYhXVKeZAvNoQZnaS', NULL, '2020-10-18 23:13:20', '2020-10-18 23:13:20'),
(122, 'ANSCA', 'ansca@ansca.org.au', '$2y$10$Pr8z.63jXKanHebuGWwdj.FQ.8heBsVYOvQSYZYoIxNManxVL7hBO', NULL, '2020-10-20 03:02:41', '2020-10-20 03:02:41'),
(123, 'Luiz Fernando Araujo dos Santos', 'luiz.asantos@minervafoods.com', '$2y$10$4iYLRPu6Xl/QnQ5l0kjbUeocSDrRpglYOXky/s2JoyL.SpSS1pVny', NULL, '2020-10-22 20:22:25', '2020-10-22 20:22:25'),
(124, 'Matthijs Knetsch', '09AssociationsNady@vanhessen.com', '$2y$10$4Yr/pdsFLbOoEN6KzHZW/OVANEERPIGHmG2wCr2RoaV9AmjxlMUVK', NULL, '2020-10-22 20:27:57', '2020-10-22 20:27:57'),
(125, 'Tehi Julie Billon', 'tehi-julie.billon@boacasings.com', '$2y$10$UmmZ1gFgsah0AxgTQc85ver0Fr51Rd24NaxBg7hE1tZ6yn/wjonL2', NULL, '2020-10-24 22:37:14', '2020-10-24 22:37:14'),
(127, 'Christian Billon', 'cb@boa.eu', '$2y$10$n5wprQm81n8P/4EXx.04.OXThAQL7OLJLB2rbWGaAOm8VpcIZlsKu', NULL, '2020-11-09 19:27:39', '2020-11-09 19:27:39'),
(128, 'Kawamura & Co.', 'nakahara@kawamura-net.co.jp', '$2y$10$MahqiPb0q/bLmxchgIYhkOGualj8AnJuCGXzYYAg9uVmDtXTGeAkW', NULL, '2020-11-09 19:34:25', '2020-11-09 19:34:25'),
(129, 'Humberto Bergner', 'export@uniaocasings.com.br', '$2y$10$Rdq/N/ys4k2jlinAtr714uJ6y1.hE5HliKSRqgjrHu0Pg3mE3NeQW', NULL, '2020-11-19 15:42:02', '2020-11-19 15:42:02'),
(130, 'Jonathan Hirst', 'Jonathan@harderbros.com', '$2y$10$cRjOlKfV5tL6G4XKbt1NM.dlbSSJqgvfMOCACVtpaZjKN8WxR5FA2', NULL, '2020-11-19 16:37:52', '2020-11-19 16:37:52'),
(131, 'Jean-Philippe Follet', 'follet@boyauderie-blesoise.fr', '$2y$10$hVPaP/M5SRr.FYWKJz8nQeUf9yMv67xQbhLACaEdP1uu3mx4Sl0vC', NULL, '2020-11-29 19:10:14', '2020-11-29 19:10:14'),
(132, 'James Harder', 'James@harderbros.com', '$2y$10$vgEauoEXlO/FyekFPqRWa.IQd4iJtif4roE3qosvj2i1dcAN5RB72', NULL, '2020-12-09 16:45:42', '2020-12-09 16:45:42'),
(133, 'Paul Predusel', 'p.i.predusel@marchand.ro', '$2y$10$frKX6v6E5tHCcFPRYMMlUuYsILquuPMPB.mqNoM9Cs4gA7cnhI.Ua', NULL, '2020-12-16 19:53:46', '2020-12-16 19:57:54'),
(134, 'CFNA', 'linshanshan@cccfna.org.cn', '$2y$10$Ll0MxNPHRtStgSRZ7ikUp.v0bvPer//nEBJ7NEeiiF3oduTfzXOBy', NULL, '2021-01-12 15:30:01', '2021-01-12 15:30:01'),
(135, 'Charles Durlacher', 'charlesdurlacher@gmail.com', '$2y$10$2NE4vJhxK3JglkciK0T8kuTjyp6HXIICC16Wwk/086pSL0rfK3RHK', NULL, '2021-02-02 17:03:13', '2021-02-02 17:03:13'),
(136, 'Steven Feinstein', 'stevenf@worldcasing.com', '$2y$10$/B2jGr52jMvB1G7TnQhdxuGn7ts2Sx5B6pWOmQD87UCVwf/YFiYqe', NULL, '2021-02-06 21:20:33', '2021-02-06 21:20:33'),
(137, 'Ellen Juliussen', 'ellenr@worldcasing.com', '$2y$10$Sdb6jL8zcr2xEPo1ODQHbOdsnY.8AGo5uRPjeDO4t4bM3zbRiohqC', NULL, '2021-02-06 21:21:29', '2021-02-06 21:21:29'),
(139, 'Nataša Martinčević', 'natasa.martincevic@derma.hr', '$2y$10$QH4zb/ndlWLbmaOavrB9ROdqbe./Uyr/GVF2fwTvMINh4QqrZnhUS', NULL, '2021-02-08 15:38:39', '2021-02-08 15:38:39'),
(140, 'Mladen Topolnjak', 'mtopolnjak@derma.hr', '$2y$10$nINJrftMNzMia8dHWwOa/O5iWkcaOIOB0QvO7w3MiMEG7juVnfdb2', NULL, '2021-02-08 15:39:26', '2021-02-08 15:39:26'),
(141, 'Andreas Jürging', 'andreas@juerging.de', '$2y$10$/.gb1xgo6ey2uaRm1tuOnes0AvBYj98HfNU.M3XG3LP55hyFGzHna', NULL, '2021-02-15 15:25:16', '2021-02-15 15:25:16'),
(142, 'pharous', 'pharous@pharous.com', '$2y$10$XzMHmq41qf1x/IeMpOBigeu29PwUkRSqAkb7G0p9UJaRDG7h5o.Rm', NULL, '2021-03-14 17:31:15', '2021-03-14 17:31:15'),
(143, 'Giovanni Di cesare', 'info@btcasings.eu', '$2y$10$kWJbrLachwd/7B4FdTmjQOKvRmNltd7fYlg368j3jZ0.mCQMyIqp.', NULL, '2021-04-02 18:39:32', '2021-12-02 07:33:04'),
(144, 'Rugao yongxing casing company', 'feiping52@outlook.com', '$2y$10$6skSSoQS.2YnKLEd5vJYMevL8G3.9d5ZQLJImUTn6bbCOGORmQ2pS', NULL, '2021-04-16 15:32:56', '2021-04-16 15:32:56'),
(145, 'Rafael Barros', 'rafaelbarros@naturafrig.com.br', '$2y$10$dCHUEX9Xu9OX49mZOtp6FOwrpR3ORHzHRZ4vfCqSn4JHTIhvsO8au', NULL, '2021-04-20 17:52:26', '2021-04-20 17:52:26'),
(146, 'Gustavo Borba', 'gustavoborba@naturafrig.com.br', '$2y$10$.Kmr7AdIhQamqekoqCw4N.E2evalw798XWPXW7h6bG5.QknJ4zYi6', NULL, '2021-04-20 17:52:58', '2021-04-20 17:52:58'),
(147, 'Mr. Alban Zusi', 'incacasing@gmail.com', '$2y$10$.VyOfjJgni/ChsjHsM9GY.8Ew/Do7ptHEcjQmeXoP.nRgf7uuoQeC', NULL, '2021-04-21 14:41:42', '2021-04-21 14:41:42'),
(148, 'Priska', 'priska@zivana.ch', '$2y$10$r4.h6aQYb1C98CHibbQM2eoZfOT6R/YBjJ.OuSqyn/GD5c6Fh2usS', NULL, '2021-04-26 17:22:05', '2021-04-26 17:22:05'),
(149, 'SANDRA GUERRERO', 'sandra@casingslguerrero.com', '$2y$10$0b0I.2A/3/Cf61QcN.1Fyevpve2NngDWssL5nHhhtHy4lgL7.ZFCm', NULL, '2021-05-17 16:16:08', '2021-05-18 00:42:16'),
(150, 'Betiana Villar', 'bvillar@tecnoblen.com', '$2y$10$1p124tIem.0DeGpN2wele.LQLfzGtt5GQaXkiBWKe3dU8yHjiC4Sm', NULL, '2021-05-24 19:57:27', '2021-05-24 19:57:27'),
(151, 'Celestina Mambrini', 'commerciale@labunat.com', '$2y$10$GwTk6FJFAX1cw7hauMomeOSHjWXk2ZCyePaVvyf/cbWbyC1arWcEi', NULL, '2021-05-29 19:21:21', '2021-05-29 19:21:21'),
(152, 'Sebastian Villar', 'svillar@tecnoblen.com', '$2y$10$f5GXnQuiXR66qBh8UyRAPOolxHwOkmAvErOFvzSqMbXMxBlVn1S1q', NULL, '2021-06-01 14:40:06', '2021-06-01 14:40:06'),
(153, 'Luo Heping', 'cqtuhsu@sina.com', '$2y$10$im6pjl/XZZ5hFAbsIkxuFONBT/2LF3PnnJbe4Bs17UcoPQV6fh38y', NULL, '2021-06-06 14:11:23', '2021-06-06 14:11:23'),
(154, 'Dan Peuscovich', 'dan@worldcasing.com', '$2y$10$eBb83VT7I31SMqjd2.NiC.TtIxnMueHElkUdawA2ySdF1EMBXEHiq', NULL, '2021-06-08 21:53:31', '2021-06-08 21:53:31'),
(155, 'Doug Shisler', 'dshisler@smithfield.com', '$2y$10$xgDakY5H1CV0TabpgPdiHOW.0UXd4cUByyzi64D185EknsYcxpLG2', 'HAeHIF7o4l7UlXUF0rb340xxg9tmScqEnaPj5XEWolgKf61y3bXHzsyh3BTH', '2021-06-15 19:19:16', '2021-12-17 14:02:16'),
(156, 'Bruna Araújo', 'naturalcasings@jbs.com.br', '$2y$10$BnjE/vXs9V.wWMUO/w3l2uT7lu5wj0qWfMaphG.aVIZXZooFpYo9K', NULL, '2021-06-26 14:25:58', '2021-06-26 14:25:58'),
(157, 'Ercole Turco', 'admin@ingromed.com.au', '$2y$10$8LBzZ8I6YNaq6yCAQzJKFOP7QDdEUyNjxIOxSdUmVtGGXHpiThHZW', NULL, '2021-07-14 19:40:23', '2021-07-14 19:40:23'),
(158, 'Philip Corrigan', 'corriganphilip14@gmail.com', '$2y$10$A9DJ1EyPsWMVw.tsDSBtNuiW4gL8Sx222B/0bLMmBpTVhJkAe.wnK', NULL, '2021-09-20 11:26:19', '2021-09-20 11:26:19'),
(159, 'Raluca Carligel', 'raluca@inocasings.ro', '$2y$10$Wh6PLZbDDZOxmTiFR3f07utGRuPTpj6K0lKng.ZOXvr7JGjZGtxf6', NULL, '2021-10-15 12:43:19', '2021-11-14 14:40:43'),
(160, 'Philippe Grojean', 'info@doremus-fr.com', '$2y$10$qmoSjLBPCU24EdmulNRcN.emktyMBEQQWj0VjEgW1u.uHjMgIjHdq', NULL, '2021-10-19 17:46:40', '2021-10-19 17:46:40'),
(161, 'amrtarek', 'amrtarekeid@gmail.com', '$2y$10$/OndxYGvSkgN9cMHSpdz8ufUKu3WvrUDXlguJpT6H/CeMeBlCrxIO', NULL, '2022-01-20 18:02:46', '2022-01-20 18:02:46');

-- --------------------------------------------------------

--
-- Table structure for table `company_membership_types`
--

CREATE TABLE `company_membership_types` (
  `id` int(11) NOT NULL,
  `name` varchar(250) NOT NULL,
  `fees` int(11) NOT NULL,
  `updated_at` datetime DEFAULT NULL,
  `created_at` datetime DEFAULT NULL
) ENGINE=InnoDB DEFAULT CHARSET=utf8;

--
-- Dumping data for table `company_membership_types`
--

INSERT INTO `company_membership_types` (`id`, `name`, `fees`, `updated_at`, `created_at`) VALUES
(1, 'Regular', 2000, '2016-10-27 18:06:36', '2016-10-27 18:06:36'),
(2, 'Affiliate', 1000, '2016-10-27 18:06:36', '2016-10-27 18:06:36'),
(3, 'Associate', 1000, '2016-10-27 18:06:36', '2016-10-27 18:06:36'),
(4, 'Association', 1000, '2016-10-27 18:06:36', '2016-10-27 18:06:36');

-- --------------------------------------------------------

--
-- Table structure for table `company_statuses`
--

CREATE TABLE `company_statuses` (
  `id` int(11) NOT NULL,
  `name` varchar(250) NOT NULL
) ENGINE=InnoDB DEFAULT CHARSET=utf8;

--
-- Dumping data for table `company_statuses`
--

INSERT INTO `company_statuses` (`id`, `name`) VALUES
(1, 'Deleted'),
(2, 'Resigned'),
(3, 'Terminated'),
(4, 'Active');

-- --------------------------------------------------------

--
-- Table structure for table `countries`
--

CREATE TABLE `countries` (
  `id` int(11) NOT NULL,
  `name` varchar(250) NOT NULL
) ENGINE=InnoDB DEFAULT CHARSET=utf8;

--
-- Dumping data for table `countries`
--

INSERT INTO `countries` (`id`, `name`) VALUES
(1, 'AFGHANISTAN'),
(2, 'ALBANIA'),
(3, 'ALGERIA'),
(4, 'AMERICAN SAMOA'),
(5, 'ANDORRA'),
(6, 'ANGOLA'),
(7, 'ANGUILLA'),
(8, 'ANTIGUA AND BARBUDA'),
(9, 'ARGENTINA'),
(10, 'ARMENIA'),
(11, 'ARUBA'),
(12, 'AUSTRALIA'),
(13, 'AUSTRIA'),
(14, 'AZERBAIJAN'),
(15, 'BAHAMAS'),
(16, 'BAHRAIN'),
(17, 'BANGLADESH'),
(18, 'BARBADOS'),
(19, 'BELARUS'),
(20, 'BELGIUM'),
(21, 'BELIZE'),
(22, 'BENIN'),
(23, 'BERMUDA'),
(24, 'BHUTAN'),
(25, 'BOLIVIA'),
(26, 'BOSNIA-HERZEGOVINA'),
(27, 'BOTSWANA'),
(28, 'BOUVET ISLAND'),
(29, 'BRAZIL'),
(30, 'BRUNEI'),
(31, 'BULGARIA'),
(32, 'BURKINA FASO'),
(33, 'BURUNDI'),
(34, 'CAMBODIA'),
(35, 'CAMEROON'),
(36, 'CANADA'),
(37, 'CAPE VERDE'),
(38, 'CAYMAN ISLANDS'),
(39, 'CENTRAL AFRICAN REPUBLIC'),
(40, 'CHAD'),
(41, 'CHILE'),
(42, 'CHINA'),
(43, 'CHRISTMAS ISLAND'),
(44, 'COCOS (KEELING) ISLANDS'),
(45, 'COLOMBIA'),
(46, 'COMOROS'),
(47, 'CONGO, DEMOCRATIC REPUBLIC OF THE (ZAIRE)'),
(48, 'CONGO, REPUBLIC OF'),
(49, 'COOK ISLANDS'),
(50, 'COSTA RICA'),
(51, 'CROATIA'),
(52, 'CUBA'),
(53, 'CYPRUS'),
(54, 'CZECH REPUBLIC'),
(55, 'DENMARK'),
(56, 'DJIBOUTI'),
(57, 'DOMINICA'),
(58, 'DOMINICAN REPUBLIC'),
(59, 'ECUADOR'),
(60, 'EGYPT'),
(61, 'EL SALVADOR'),
(62, 'EQUATORIAL GUINEA'),
(63, 'ERITREA'),
(64, 'ESTONIA'),
(65, 'ETHIOPIA'),
(66, 'FALKLAND ISLANDS'),
(67, 'FAROE ISLANDS'),
(68, 'FIJI'),
(69, 'FINLAND'),
(70, 'FRANCE'),
(71, 'FRENCH GUIANA'),
(72, 'GABON'),
(73, 'GAMBIA'),
(74, 'GEORGIA'),
(75, 'GERMANY'),
(76, 'GHANA'),
(77, 'GIBRALTAR'),
(78, 'GREECE'),
(79, 'GREENLAND'),
(80, 'GRENADA'),
(81, 'GUADELOUPE (FRENCH)'),
(82, 'GUAM (USA)'),
(83, 'GUATEMALA'),
(84, 'GUINEA'),
(85, 'GUINEA BISSAU'),
(86, 'GUYANA'),
(87, 'HAITI'),
(88, 'HOLY SEE'),
(89, 'HONDURAS'),
(90, 'HONG KONG'),
(91, 'HUNGARY'),
(92, 'ICELAND'),
(93, 'INDIA'),
(94, 'INDONESIA'),
(95, 'IRAN'),
(96, 'IRAQ'),
(97, 'IRELAND'),
(98, 'ISRAEL'),
(99, 'ITALY'),
(100, 'IVORY COAST (COTE D`IVOIRE)'),
(101, 'JAMAICA'),
(102, 'JAPAN'),
(103, 'JORDAN'),
(104, 'KAZAKHSTAN'),
(105, 'KENYA'),
(106, 'KIRIBATI'),
(107, 'KUWAIT'),
(108, 'KYRGYZSTAN'),
(109, 'LAOS'),
(110, 'LATVIA'),
(111, 'LEBANON'),
(112, 'LESOTHO'),
(113, 'LIBERIA'),
(114, 'LIBYA'),
(115, 'LIECHTENSTEIN'),
(116, 'LITHUANIA'),
(117, 'LUXEMBOURG'),
(118, 'MACAU'),
(119, 'MACEDONIA'),
(120, 'MADAGASCAR'),
(121, 'MALAWI'),
(122, 'MALAYSIA'),
(123, 'MALDIVES'),
(124, 'MALI'),
(125, 'MALTA'),
(126, 'MARSHALL ISLANDS'),
(127, 'MARTINIQUE (FRENCH)'),
(128, 'MAURITANIA'),
(129, 'MAURITIUS'),
(130, 'MAYOTTE'),
(131, 'MEXICO'),
(132, 'MICRONESIA'),
(133, 'MOLDOVA'),
(134, 'MONACO'),
(135, 'MONGOLIA'),
(136, 'MONTENEGRO'),
(137, 'MONTSERRAT'),
(138, 'MOROCCO'),
(139, 'MOZAMBIQUE'),
(140, 'MYANMAR'),
(141, 'NAMIBIA'),
(142, 'NAURU'),
(143, 'NEPAL'),
(144, 'NETHERLANDS'),
(145, 'NETHERLANDS ANTILLES'),
(146, 'NEW CALEDONIA (FRENCH)'),
(147, 'NEW ZEALAND'),
(148, 'NICARAGUA'),
(149, 'NIGER'),
(150, 'NIGERIA'),
(151, 'NIUE'),
(152, 'NORFOLK ISLAND'),
(153, 'NORTH KOREA'),
(154, 'NORTHERN MARIANA ISLANDS'),
(155, 'NORWAY'),
(156, 'OMAN'),
(157, 'PAKISTAN'),
(158, 'PALAU'),
(159, 'PANAMA'),
(160, 'PAPUA NEW GUINEA'),
(161, 'PARAGUAY'),
(162, 'PERU'),
(163, 'PHILIPPINES'),
(164, 'PITCAIRN ISLAND'),
(165, 'POLAND'),
(166, 'POLYNESIA (FRENCH)'),
(167, 'PORTUGAL'),
(168, 'PUERTO RICO'),
(169, 'QATAR'),
(170, 'REUNION'),
(171, 'ROMANIA'),
(172, 'RUSSIA'),
(173, 'RWANDA'),
(174, 'SAINT HELENA'),
(175, 'SAINT KITTS AND NEVIS'),
(176, 'SAINT LUCIA'),
(177, 'SAINT PIERRE AND MIQUELON'),
(178, 'SAINT VINCENT AND GRENADINES'),
(179, 'SAMOA'),
(180, 'SAN MARINO'),
(181, 'SAO TOME AND PRINCIPE'),
(182, 'SAUDI ARABIA'),
(183, 'SENEGAL'),
(184, 'SERBIA'),
(185, 'SEYCHELLES'),
(186, 'SIERRA LEONE'),
(187, 'SINGAPORE'),
(188, 'SLOVAKIA'),
(189, 'SLOVENIA'),
(190, 'SOLOMON ISLANDS'),
(191, 'SOMALIA'),
(192, 'SOUTH AFRICA'),
(193, 'SOUTH GEORGIA AND SOUTH SANDWICH ISLANDS'),
(194, 'SOUTH KOREA'),
(195, 'SPAIN'),
(196, 'SRI LANKA'),
(197, 'SUDAN'),
(198, 'SURINAME'),
(199, 'SVALBARD AND JAN MAYEN ISLANDS'),
(200, 'SWAZILAND'),
(201, 'SWEDEN'),
(202, 'SWITZERLAND'),
(203, 'SYRIA'),
(204, 'TAIWAN'),
(205, 'TAJIKISTAN'),
(206, 'TANZANIA'),
(207, 'THAILAND'),
(208, 'TIMOR-LESTE (EAST TIMOR)'),
(209, 'TOGO'),
(210, 'TOKELAU'),
(211, 'TONGA'),
(212, 'TRINIDAD AND TOBAGO'),
(213, 'TUNISIA'),
(214, 'TURKEY'),
(215, 'TURKMENISTAN'),
(216, 'TURKS AND CAICOS ISLANDS'),
(217, 'TUVALU'),
(218, 'UGANDA'),
(219, 'UKRAINE'),
(220, 'UNITED ARAB EMIRATES'),
(221, 'UNITED KINGDOM'),
(222, 'UNITED STATES'),
(223, 'URUGUAY'),
(224, 'UZBEKISTAN'),
(225, 'VANUATU'),
(226, 'VENEZUELA'),
(227, 'VIETNAM'),
(228, 'VIRGIN ISLANDS'),
(229, 'WALLIS AND FUTUNA ISLANDS'),
(230, 'YEMEN'),
(231, 'ZAMBIA'),
(232, 'ZIMBABWE');

-- --------------------------------------------------------

--
-- Table structure for table `downloads`
--

CREATE TABLE `downloads` (
  `id` bigint(20) UNSIGNED NOT NULL,
  `parent_id` int(11) NOT NULL DEFAULT '0',
  `downloads` int(11) NOT NULL DEFAULT '0',
  `file` varchar(191) COLLATE utf8mb4_unicode_ci DEFAULT NULL,
  `image` varchar(191) COLLATE utf8mb4_unicode_ci DEFAULT NULL,
  `created_at` timestamp NULL DEFAULT CURRENT_TIMESTAMP,
  `updated_at` timestamp NULL DEFAULT CURRENT_TIMESTAMP ON UPDATE CURRENT_TIMESTAMP
) ENGINE=InnoDB DEFAULT CHARSET=utf8mb4 COLLATE=utf8mb4_unicode_ci;

--
-- Dumping data for table `downloads`
--

INSERT INTO `downloads` (`id`, `parent_id`, `downloads`, `file`, `image`, `created_at`, `updated_at`) VALUES
(1, 0, 0, NULL, 'u4UdntBIMf9eRcQwGcboenMaidbQ3xUCujmSrno7.jpeg', '2020-04-26 19:48:01', '2020-04-27 16:33:33'),
(2, 0, 0, NULL, '0gSEU2qHIvChuzTMJMEJFxOln9wrlP7zhtv07hbs.jpeg', '2020-04-26 19:48:17', '2020-04-27 16:34:54'),
(4, 0, 0, NULL, 'Fe2NIZD53igCaomSJ7pYqhuU54PGFBBc4jqYwF1W.jpeg', '2020-04-27 16:35:44', '2020-04-27 16:35:44'),
(5, 0, 0, NULL, 'tHF2zNASwQa1KKuOdJN7V5L6kLcBgfrxy7PxkuOk.jpeg', '2020-04-27 16:36:17', '2020-04-27 16:36:17'),
(6, 0, 0, NULL, 'kAanstxoqJjcbihWQZtHA76oOfK4qPAzXTyn1MhA.jpeg', '2020-04-27 16:36:38', '2020-04-27 16:36:38'),
(7, 0, 0, NULL, 'PqgmDyerR9mecDmLGkDpFAIU9WEasW7awZplw4Sw.jpeg', '2020-04-27 16:37:03', '2020-04-27 16:37:03'),
(8, 0, 0, NULL, 'rKjQtT2fapc2mRVONfmc2Xg5qo66EwNsNEUlWyqP.jpeg', '2020-04-27 16:37:20', '2020-04-27 16:37:20'),
(9, 0, 0, NULL, 'oBpMyHqEvttZgGaQweKD3WLsS2s4AHbhJn8GvAz1.jpeg', '2020-04-27 16:37:39', '2020-04-27 16:37:39'),
(10, 0, 0, NULL, 'JdUsI5hzIRcj7k7FP1EQe8NNQPQQeROBnTLfbsRs.jpeg', '2020-04-27 16:37:58', '2020-04-27 16:37:58'),
(11, 0, 0, NULL, 'R4CUZy9morr8vsWykyrx5gYxuWtfFAWAyyNJY33T.png', '2020-04-27 16:38:23', '2020-04-27 16:40:24'),
(12, 0, 0, NULL, 'NgF58e3i9W2DVLgwuCLr207ozvNY0Sikzt5GWDJt.png', '2020-04-27 16:38:53', '2020-04-27 16:38:53'),
(13, 0, 0, NULL, 'iaiBxQ3cxCURz8kOJiFT2OlXU5kz20uyEINVM6K4.png', '2020-04-27 16:39:32', '2020-04-27 16:39:32'),
(14, 0, 0, NULL, 'UL8r5AbdViWIbVaWdH3dyugSNXhZnfxIIj83cmw9.png', '2020-04-27 16:39:49', '2020-04-27 16:39:49'),
(16, 0, 0, NULL, 'Jxh9ALWORvjOn3DYSDLtiDJU11zJkGY3PMSrMC56.png', '2020-04-27 16:40:46', '2020-04-27 16:40:46'),
(17, 13, 10, 'March 2020 Balance Sheet.pdf', NULL, '2020-05-03 19:47:37', '2021-06-15 18:53:04'),
(18, 13, 5, 'Income Statement.pdf', NULL, '2020-05-03 19:49:47', '2020-10-22 21:12:57'),
(19, 13, 1, '2020 Budget.pdf', NULL, '2020-05-03 19:52:33', '2020-09-24 17:01:03'),
(20, 13, 1, '2019 Balance Sheet.pdf', NULL, '2020-05-03 19:55:03', '2020-09-24 17:01:05'),
(21, 13, 1, '2019 Income Statement.pdf', NULL, '2020-05-03 19:56:13', '2020-09-24 17:01:06'),
(22, 13, 2, '2019 Budget.pdf', NULL, '2020-05-03 20:00:49', '2020-09-24 17:01:08'),
(23, 7, 7, 'ANC Logo.jpg', '7BOT19tI9cn1IoxQr6Kzyy91az2VTehxD8zXpjkt.jpeg', '2020-05-03 20:02:51', '2021-07-28 02:48:11'),
(24, 7, 8, 'INSCA Logo.jpg', 'gdDB69lkkbvE46UGG7HLDI9MJWpAq6OXjCfCEsmG.jpeg', '2020-05-03 20:03:34', '2021-09-23 12:25:09'),
(25, 7, 8, 'Proud Member of INSCA Logo.png', 'KLLttScCTZvclhtZbAzuI8SOpSnhaEfndUn6l3Hk.png', '2020-05-03 20:04:21', '2021-07-28 02:48:18'),
(26, 6, 8, 'INSCA By-Laws.pdf', 'icFqc1YvzgMULZ3jDBPFRMXLmSv0ryHB8eUWgEgu.png', '2020-05-03 20:06:46', '2022-01-27 15:22:16'),
(27, 10, 5, '1st Q 2020 G&I Report.pdf', 'JiRtVOubeCgq15gAY4eOQI5SUwWadw8rBB5WvM6c.png', '2020-05-03 20:07:45', '2021-10-18 09:32:54'),
(28, 10, 1, '3rd Q 2019 G&I Report.pdf', 'Ileu70TWN6fMu4YUwj2wdoBsMRu5VMcm50g3TXy0.png', '2020-05-03 20:09:35', '2020-09-24 16:52:18'),
(29, 10, 1, '2nd Q 2019 G&I Report.pdf', 'TFUnq7XpMdCLBNKco7DSeNvZ36SqWUMiBxjfIsGD.png', '2020-05-03 20:09:50', '2020-09-24 16:52:20'),
(30, 10, 1, '1st Q 2019 G&I Report.pdf', 'phLFmMatIUfLqwjNxlDFPJFpSjjNrKtVVLuQ7Vp3.png', '2020-05-03 20:10:17', '2020-09-24 16:52:22'),
(31, 9, 4, 'The Natural Link Dec 2019.pdf', '25Thk0NWgAFPwYnJM72A6IgtNq9fswRbFBg6DEqC.png', '2020-05-03 20:11:36', '2021-08-27 03:22:57'),
(32, 2, 30, '54th Annual Convention Registration Package (Berlin).zip', 'TmlsLRYwMt9g9QuqU6VXR3BJjrAy6vnM4HhV6Xux.jpeg', '2020-05-03 20:15:26', '2022-01-03 15:45:01'),
(33, 1, 61, 'ISWG Book Second Edition.pdf', NULL, '2020-05-04 19:18:54', '2022-01-05 08:19:20'),
(34, 1, 22, 'Introduction.zip', NULL, '2020-05-07 13:54:28', '2021-11-15 15:00:15'),
(35, 1, 27, 'Public Structure.zip', NULL, '2020-05-07 13:55:33', '2021-09-03 20:16:05'),
(36, 1, 31, 'No.3 Animal Health.zip', NULL, '2020-05-07 13:57:37', '2021-11-15 15:01:01'),
(39, 1, 22, 'No.4 Tech Developments.zip', NULL, '2020-08-13 13:39:16', '2021-11-06 18:29:54'),
(40, 9, 13, 'The Natural Link- July 2020.pdf', NULL, '2020-08-13 17:50:45', '2021-08-27 03:23:25'),
(41, 10, 2, 'G&I Report- 2nd Q 2020.pdf', NULL, '2020-08-13 17:52:54', '2021-07-14 16:57:02'),
(42, 10, 4, 'G&I Report- 3rd Q 2020.pdf', NULL, '2020-08-13 17:54:30', '2020-11-19 18:40:54'),
(43, 1, 2, 'No.5 BSE-TSE.zip', NULL, '2020-09-26 19:31:57', '2021-07-01 15:47:39'),
(45, 1, 10, 'No. 6 Special Projects.zip', NULL, '2020-09-26 20:02:20', '2021-09-03 20:18:58'),
(46, 1, 8, 'Annexes.zip', NULL, '2020-09-26 20:08:38', '2021-11-15 15:03:53'),
(47, 13, 0, 'INSCA INCOME STATEMENT - JUNE 2020.pdf', NULL, '2020-09-30 18:15:38', '2020-09-30 18:15:38'),
(48, 13, 1, 'INSCA BALANCE SHEET - JUNE 2020.pdf', NULL, '2020-09-30 18:17:01', '2020-10-22 21:11:53'),
(49, 16, 4, 'ICTR Brazilian Report 2020.pdf', NULL, '2020-10-22 19:51:55', '2021-04-20 20:00:43'),
(52, 16, 5, 'ICTR Chinese Report 2020 II.pdf', NULL, '2020-10-22 20:12:38', '2021-10-20 05:57:31'),
(53, 16, 1, 'ICTR Chinese Report 2020.pdf', NULL, '2020-10-22 20:31:18', '2020-10-23 11:21:15'),
(54, 16, 2, 'ICTR European Report 2020.pdf', NULL, '2020-10-23 18:03:07', '2021-07-21 02:44:28'),
(55, 16, 3, 'ICTR Japanese Report 2020.pdf', NULL, '2020-10-23 18:04:04', '2021-07-21 02:45:51'),
(56, 16, 0, 'ICTR North American Report 2020.pdf', NULL, '2020-10-23 18:04:52', '2020-10-23 18:04:52'),
(57, 16, 1, 'ASF Webinars Oct 2020.pdf', NULL, '2020-11-07 02:23:31', '2021-07-21 02:47:48'),
(59, 16, 0, 'Compartmalisation-ICTR.pdf', NULL, '2021-03-08 17:32:05', '2021-03-08 17:32:05'),
(61, 16, 2, 'ICTR 1ST Q NL Report 2021.pdf', NULL, '2021-03-08 17:36:41', '2021-07-05 17:17:31'),
(62, 10, 5, 'G&I Report- 1st Q 2021.pdf', NULL, '2021-03-22 15:30:10', '2021-07-14 16:57:14'),
(63, 16, 2, 'Letter from ENSCA on the latest news regarding EU import from third countries..pdf', NULL, '2021-03-22 15:31:22', '2021-07-05 17:17:09'),
(64, 16, 0, 'FAO LEAP.pdf', NULL, '2021-05-11 02:24:28', '2021-05-11 02:24:28'),
(65, 16, 0, 'IMS Marketing & Communications Workshop - Report and Videos.pdf', NULL, '2021-05-11 02:25:23', '2021-05-11 02:25:23'),
(66, 16, 0, 'ICTR 2021 Egypt Report.pdf', NULL, '2021-05-11 17:23:42', '2021-05-11 17:23:42'),
(67, 16, 0, 'ICTR 2021 Japan Report.pdf', NULL, '2021-05-11 17:24:08', '2021-05-11 17:24:08'),
(68, 9, 11, 'The Natural Link- March 2021.pdf', NULL, '2021-05-11 17:27:00', '2021-11-08 13:02:24'),
(70, 16, 0, 'ICTR 2021 China Report.pdf', NULL, '2021-05-25 19:50:53', '2021-05-25 19:50:53'),
(71, 16, 0, 'ICTR 2021 EU Report.pdf', NULL, '2021-05-25 20:10:23', '2021-05-25 20:10:23'),
(72, 16, 0, 'ICTR 2021 UCC Report.pdf', NULL, '2021-05-25 20:13:23', '2021-05-25 20:13:23'),
(73, 16, 0, 'ICTR 2021 Russia Report.pdf', NULL, '2021-05-25 20:13:44', '2021-05-25 20:13:44'),
(74, 16, 0, 'ICTR 2021 North American Report.pdf', NULL, '2021-05-25 20:25:01', '2021-05-25 20:25:01'),
(75, 16, 0, 'ICTR 2021 South American Report.pdf', NULL, '2021-05-25 20:29:33', '2021-05-25 20:29:33'),
(76, 16, 0, 'Sustainable Meat Meeting of 17 May 2021.pdf', NULL, '2021-05-29 18:27:55', '2021-05-29 18:27:55'),
(77, 16, 0, 'GLOBAL MEAT SECTOR TO ENGAGE IN UN FOOD SYSTEMS SUMMIT.pdf', NULL, '2021-05-29 18:28:37', '2021-05-29 18:28:37'),
(78, 16, 0, 'Consumption of Unprocessed Red Meat is not a Risk to Health.docx', NULL, '2021-07-19 15:23:45', '2021-07-19 15:23:45'),
(79, 16, 0, 'UN Food Systems Summit Press Release.docx', NULL, '2021-10-11 16:51:51', '2021-10-11 16:51:51'),
(80, 16, 0, 'ENSCA-INSCA Explanatory note 2022.pdf', NULL, '2022-01-27 09:53:35', '2022-01-27 09:53:35');

-- --------------------------------------------------------

--
-- Table structure for table `download_translations`
--

CREATE TABLE `download_translations` (
  `id` bigint(20) UNSIGNED NOT NULL,
  `title` varchar(191) COLLATE utf8mb4_unicode_ci NOT NULL,
  `download_id` bigint(20) UNSIGNED NOT NULL,
  `locale` varchar(191) COLLATE utf8mb4_unicode_ci NOT NULL,
  `created_at` timestamp NULL DEFAULT CURRENT_TIMESTAMP,
  `updated_at` timestamp NULL DEFAULT CURRENT_TIMESTAMP ON UPDATE CURRENT_TIMESTAMP
) ENGINE=InnoDB DEFAULT CHARSET=utf8mb4 COLLATE=utf8mb4_unicode_ci;

--
-- Dumping data for table `download_translations`
--

INSERT INTO `download_translations` (`id`, `title`, `download_id`, `locale`, `created_at`, `updated_at`) VALUES
(1, 'ISWG SCIENTIFIC PAPERS', 1, 'en', '2020-04-26 19:48:01', '2020-04-28 20:33:27'),
(2, 'ISWG SCIENTIFIC PAPERS', 1, 'fr', '2020-04-26 19:48:01', '2020-04-28 20:33:27'),
(3, 'ISWG SCIENTIFIC PAPERS', 1, 'es', '2020-04-26 19:48:01', '2020-04-28 20:33:27'),
(4, 'ISWG SCIENTIFIC PAPERS', 1, 'gr', '2020-04-26 19:48:01', '2020-04-28 20:33:27'),
(5, 'ISWG SCIENTIFIC PAPERS', 1, 'ch', '2020-04-26 19:48:01', '2020-04-28 20:33:27'),
(6, 'CONVENTIONS', 2, 'en', '2020-04-26 19:48:17', '2020-04-28 20:32:49'),
(7, 'CONVENTIONS', 2, 'fr', '2020-04-26 19:48:17', '2020-04-28 20:32:49'),
(8, 'CONVENTIONS', 2, 'es', '2020-04-26 19:48:17', '2020-04-28 20:32:49'),
(9, 'CONVENTIONS', 2, 'gr', '2020-04-26 19:48:17', '2020-04-28 20:32:49'),
(10, 'CONVENTIONS', 2, 'ch', '2020-04-26 19:48:17', '2020-04-28 20:32:49'),
(16, 'CASINGS TRAINING MATERIAL', 4, 'en', '2020-04-27 16:35:44', '2020-04-28 20:33:51'),
(17, 'CASINGS TRAINING MATERIAL', 4, 'fr', '2020-04-27 16:35:44', '2020-04-28 20:33:51'),
(18, 'CASINGS TRAINING MATERIAL', 4, 'es', '2020-04-27 16:35:44', '2020-04-28 20:33:51'),
(19, 'CASINGS TRAINING MATERIAL', 4, 'gr', '2020-04-27 16:35:44', '2020-04-28 20:33:51'),
(20, 'CASINGS TRAINING MATERIAL', 4, 'ch', '2020-04-27 16:35:44', '2020-04-28 20:33:51'),
(21, 'HACCP MANUAL', 5, 'en', '2020-04-27 16:36:17', '2020-04-28 20:32:14'),
(22, 'HACCP MANUAL', 5, 'fr', '2020-04-27 16:36:17', '2020-04-28 20:32:14'),
(23, 'HACCP MANUAL', 5, 'es', '2020-04-27 16:36:17', '2020-04-28 20:32:14'),
(24, 'HACCP MANUAL', 5, 'gr', '2020-04-27 16:36:17', '2020-04-28 20:32:14'),
(25, 'HACCP MANUAL', 5, 'ch', '2020-04-27 16:36:17', '2020-04-28 20:32:14'),
(26, 'INSCA BYLAWS', 6, 'en', '2020-04-27 16:36:38', '2020-04-28 20:31:39'),
(27, 'INSCA BYLAWS', 6, 'fr', '2020-04-27 16:36:38', '2020-04-28 20:31:39'),
(28, 'INSCA BYLAWS', 6, 'es', '2020-04-27 16:36:38', '2020-04-28 20:31:39'),
(29, 'INSCA BYLAWS', 6, 'gr', '2020-04-27 16:36:38', '2020-04-28 20:31:39'),
(30, 'INSCA BYLAWS', 6, 'ch', '2020-04-27 16:36:38', '2020-04-28 20:31:39'),
(31, 'LOGOS', 7, 'en', '2020-04-27 16:37:03', '2020-04-28 20:31:00'),
(32, 'LOGOS', 7, 'fr', '2020-04-27 16:37:03', '2020-04-28 20:31:00'),
(33, 'LOGOS', 7, 'es', '2020-04-27 16:37:03', '2020-04-28 20:31:00'),
(34, 'LOGOS', 7, 'gr', '2020-04-27 16:37:03', '2020-04-28 20:31:00'),
(35, 'LOGOS', 7, 'ch', '2020-04-27 16:37:03', '2020-04-28 20:31:00'),
(36, 'MISC FORMS', 8, 'en', '2020-04-27 16:37:21', '2020-04-27 16:37:21'),
(37, 'MISC FORMS', 8, 'fr', '2020-04-27 16:37:21', '2020-04-27 16:37:21'),
(38, 'MISC FORMS', 8, 'es', '2020-04-27 16:37:21', '2020-04-27 16:37:21'),
(39, 'MISC FORMS', 8, 'gr', '2020-04-27 16:37:21', '2020-04-27 16:37:21'),
(40, 'MISC FORMS', 8, 'ch', '2020-04-27 16:37:21', '2020-04-27 16:37:21'),
(41, 'NEWSLETTERS', 9, 'en', '2020-04-27 16:37:39', '2020-04-27 16:37:39'),
(42, 'NEWSLETTERS', 9, 'fr', '2020-04-27 16:37:39', '2020-04-27 16:37:39'),
(43, 'NEWSLETTERS', 9, 'es', '2020-04-27 16:37:39', '2020-04-27 16:37:39'),
(44, 'NEWSLETTERS', 9, 'gr', '2020-04-27 16:37:39', '2020-04-27 16:37:39'),
(45, 'NEWSLETTERS', 9, 'ch', '2020-04-27 16:37:39', '2020-04-27 16:37:39'),
(46, 'GOVERNMENT & INFORMATION REPORTS', 10, 'en', '2020-04-27 16:37:58', '2020-04-27 16:37:58'),
(47, 'GOVERNMENT & INFORMATION REPORTS', 10, 'fr', '2020-04-27 16:37:58', '2020-04-27 16:37:58'),
(48, 'GOVERNMENT & INFORMATION REPORTS', 10, 'es', '2020-04-27 16:37:59', '2020-04-27 16:37:59'),
(49, 'GOVERNMENT & INFORMATION REPORTS', 10, 'gr', '2020-04-27 16:37:59', '2020-04-27 16:37:59'),
(50, 'GOVERNMENT & INFORMATION REPORTS', 10, 'ch', '2020-04-27 16:37:59', '2020-04-27 16:37:59'),
(51, 'YEARBOOK ARCHIVES', 11, 'en', '2020-04-27 16:38:23', '2020-04-27 16:38:23'),
(52, 'YEARBOOK ARCHIVES', 11, 'fr', '2020-04-27 16:38:24', '2020-04-27 16:38:24'),
(53, 'YEARBOOK ARCHIVES', 11, 'es', '2020-04-27 16:38:24', '2020-04-27 16:38:24'),
(54, 'YEARBOOK ARCHIVES', 11, 'gr', '2020-04-27 16:38:24', '2020-04-27 16:38:24'),
(55, 'YEARBOOK ARCHIVES', 11, 'ch', '2020-04-27 16:38:24', '2020-04-27 16:38:24'),
(56, 'OIE SEMINAR', 12, 'en', '2020-04-27 16:38:53', '2020-04-27 16:38:53'),
(57, 'OIE SEMINAR', 12, 'fr', '2020-04-27 16:38:54', '2020-04-27 16:38:54'),
(58, 'OIE SEMINAR', 12, 'es', '2020-04-27 16:38:54', '2020-04-27 16:38:54'),
(59, 'OIE SEMINAR', 12, 'gr', '2020-04-27 16:38:54', '2020-04-27 16:38:54'),
(60, 'OIE SEMINAR', 12, 'ch', '2020-04-27 16:38:54', '2020-04-27 16:38:54'),
(61, 'FINANCIAL REPORTS', 13, 'en', '2020-04-27 16:39:32', '2020-04-27 16:39:32'),
(62, 'FINANCIAL REPORTS', 13, 'fr', '2020-04-27 16:39:33', '2020-04-27 16:39:33'),
(63, 'FINANCIAL REPORTS', 13, 'es', '2020-04-27 16:39:33', '2020-04-27 16:39:33'),
(64, 'FINANCIAL REPORTS', 13, 'gr', '2020-04-27 16:39:33', '2020-04-27 16:39:33'),
(65, 'FINANCIAL REPORTS', 13, 'ch', '2020-04-27 16:39:33', '2020-04-27 16:39:33'),
(66, 'A BLAST FROM THE PAST', 14, 'en', '2020-04-27 16:39:49', '2020-04-27 16:39:49'),
(68, 'A BLAST FROM THE PAST', 14, 'fr', '2020-04-27 16:39:49', '2020-04-27 16:39:49'),
(70, 'A BLAST FROM THE PAST', 14, 'es', '2020-04-27 16:39:49', '2020-04-27 16:39:49'),
(72, 'A BLAST FROM THE PAST', 14, 'gr', '2020-04-27 16:39:49', '2020-04-27 16:39:49'),
(74, 'A BLAST FROM THE PAST', 14, 'ch', '2020-04-27 16:39:50', '2020-04-27 16:39:50'),
(76, 'ICTR', 16, 'en', '2020-04-27 16:40:46', '2020-04-27 16:40:46'),
(77, 'ICTR', 16, 'fr', '2020-04-27 16:40:46', '2020-04-27 16:40:46'),
(78, 'ICTR', 16, 'es', '2020-04-27 16:40:47', '2020-04-27 16:40:47'),
(79, 'ICTR', 16, 'gr', '2020-04-27 16:40:47', '2020-04-27 16:40:47'),
(80, 'ICTR', 16, 'ch', '2020-04-27 16:40:47', '2020-04-27 16:40:47'),
(81, 'March 2020 Balance Sheet', 17, 'en', '2020-05-03 19:47:37', '2020-05-03 19:47:37'),
(82, 'Bilan de mars 2020', 17, 'fr', '2020-05-03 19:47:37', '2020-05-03 19:47:37'),
(83, 'Balance de marzo de 2020', 17, 'es', '2020-05-03 19:47:37', '2020-05-03 19:47:37'),
(84, 'Bilanz März 2020', 17, 'gr', '2020-05-03 19:47:37', '2020-05-03 19:47:37'),
(85, '2020年3月资产负债表', 17, 'ch', '2020-05-03 19:47:37', '2020-05-03 19:47:37'),
(86, '2020 Income Statement', 18, 'en', '2020-05-03 19:49:47', '2020-05-03 19:53:54'),
(87, '2020 Releve de revenue', 18, 'fr', '2020-05-03 19:49:47', '2020-05-03 19:53:54'),
(88, '2020 Estado de resultados', 18, 'es', '2020-05-03 19:49:47', '2020-05-03 19:53:54'),
(89, '2020 Gewinn- und Verlustrechnung', 18, 'gr', '2020-05-03 19:49:47', '2020-05-03 19:53:54'),
(90, '2020 收入证明', 18, 'ch', '2020-05-03 19:49:47', '2020-05-03 19:53:54'),
(91, '2020 Budget', 19, 'en', '2020-05-03 19:52:33', '2020-05-03 19:52:33'),
(92, 'Budget 2020', 19, 'fr', '2020-05-03 19:52:33', '2020-05-03 19:52:33'),
(93, 'Presupuesto 2020', 19, 'es', '2020-05-03 19:52:33', '2020-05-03 19:52:33'),
(94, 'Budget 2020', 19, 'gr', '2020-05-03 19:52:33', '2020-05-03 19:52:33'),
(95, '2020年预算', 19, 'ch', '2020-05-03 19:52:33', '2020-05-03 19:52:33'),
(96, '2019 Balance Sheet', 20, 'en', '2020-05-03 19:55:03', '2020-05-03 19:55:03'),
(97, 'Bilan 2019', 20, 'fr', '2020-05-03 19:55:03', '2020-05-03 19:55:03'),
(98, 'Balance general 2019', 20, 'es', '2020-05-03 19:55:03', '2020-05-03 19:55:03'),
(99, 'Bilanz 2019', 20, 'gr', '2020-05-03 19:55:03', '2020-05-03 19:55:03'),
(100, '2019年资产负债表', 20, 'ch', '2020-05-03 19:55:03', '2020-05-03 19:55:03'),
(101, '2019 Income Statement', 21, 'en', '2020-05-03 19:56:13', '2020-05-03 19:56:13'),
(102, 'Compte de résultat 2019', 21, 'fr', '2020-05-03 19:56:13', '2020-05-03 19:56:13'),
(103, 'Estado de Resultados 2019', 21, 'es', '2020-05-03 19:56:13', '2020-05-03 19:56:13'),
(104, 'Gewinn- und Verlustrechnung 2019', 21, 'gr', '2020-05-03 19:56:13', '2020-05-03 19:56:13'),
(105, '2019年损益表', 21, 'ch', '2020-05-03 19:56:13', '2020-05-03 19:56:13'),
(106, '2019 Budget', 22, 'en', '2020-05-03 20:00:49', '2020-05-03 20:00:49'),
(107, 'Budget 2019', 22, 'fr', '2020-05-03 20:00:49', '2020-05-03 20:00:49'),
(108, 'Presupuesto 2019', 22, 'es', '2020-05-03 20:00:49', '2020-05-03 20:00:49'),
(109, 'Budget 2019', 22, 'gr', '2020-05-03 20:00:49', '2020-05-03 20:00:49'),
(110, '2019年预算', 22, 'ch', '2020-05-03 20:00:49', '2020-05-03 20:00:49'),
(111, 'ANC Logo', 23, 'en', '2020-05-03 20:02:51', '2020-05-03 20:02:51'),
(112, 'ANC Logo', 23, 'fr', '2020-05-03 20:02:51', '2020-05-03 20:02:51'),
(113, 'ANC Logo', 23, 'es', '2020-05-03 20:02:51', '2020-05-03 20:02:51'),
(114, 'ANC Logo', 23, 'gr', '2020-05-03 20:02:51', '2020-05-03 20:02:51'),
(115, 'ANC Logo', 23, 'ch', '2020-05-03 20:02:51', '2020-05-03 20:02:51'),
(116, 'INSCA Logo', 24, 'en', '2020-05-03 20:03:34', '2020-05-03 20:03:34'),
(117, 'INSCA Logo', 24, 'fr', '2020-05-03 20:03:34', '2020-05-03 20:03:34'),
(118, 'INSCA Logo', 24, 'es', '2020-05-03 20:03:34', '2020-05-03 20:03:34'),
(119, 'INSCA Logo', 24, 'gr', '2020-05-03 20:03:34', '2020-05-03 20:03:34'),
(120, 'INSCA Logo', 24, 'ch', '2020-05-03 20:03:34', '2020-05-03 20:03:34'),
(121, 'Proud Member of INSCA Logo', 25, 'en', '2020-05-03 20:04:21', '2020-05-03 20:04:21'),
(122, 'Proud Member of INSCA Logo', 25, 'fr', '2020-05-03 20:04:21', '2020-05-03 20:04:21'),
(123, 'Proud Member of INSCA Logo', 25, 'es', '2020-05-03 20:04:21', '2020-05-03 20:04:21'),
(124, 'Proud Member of INSCA Logo', 25, 'gr', '2020-05-03 20:04:21', '2020-05-03 20:04:21'),
(125, 'Proud Member of INSCA Logo', 25, 'ch', '2020-05-03 20:04:21', '2020-05-03 20:04:21'),
(126, 'INSCA By-Laws', 26, 'en', '2020-05-03 20:06:46', '2020-05-03 20:06:46'),
(127, 'Règlements de l\'INSCA', 26, 'fr', '2020-05-03 20:06:46', '2020-05-03 20:06:46'),
(128, 'Estatutos de INSCA', 26, 'es', '2020-05-03 20:06:46', '2020-05-03 20:06:46'),
(129, 'INSCA-Satzung', 26, 'gr', '2020-05-03 20:06:46', '2020-05-03 20:06:46'),
(130, 'INSCA细则', 26, 'ch', '2020-05-03 20:06:46', '2020-05-03 20:06:46'),
(131, '1st Q 2020 G&I Report', 27, 'en', '2020-05-03 20:07:45', '2020-05-03 20:07:45'),
(132, '1st Q 2020 G&I Report', 27, 'fr', '2020-05-03 20:07:45', '2020-05-03 20:07:45'),
(133, '1st Q 2020 G&I Report', 27, 'es', '2020-05-03 20:07:45', '2020-05-03 20:07:45'),
(134, '1st Q 2020 G&I Report', 27, 'gr', '2020-05-03 20:07:45', '2020-05-03 20:07:45'),
(135, '1st Q 2020 G&I Report', 27, 'ch', '2020-05-03 20:07:45', '2020-05-03 20:07:45'),
(136, '3rd Q 2019 G&I Report', 28, 'en', '2020-05-03 20:09:35', '2020-05-03 20:09:35'),
(137, '3rd Q 2019 G&I Report', 28, 'fr', '2020-05-03 20:09:35', '2020-05-03 20:09:35'),
(138, '3rd Q 2019 G&I Report', 28, 'es', '2020-05-03 20:09:35', '2020-05-03 20:09:35'),
(139, '3rd Q 2019 G&I Report', 28, 'gr', '2020-05-03 20:09:35', '2020-05-03 20:09:35'),
(140, '3rd Q 2019 G&I Report', 28, 'ch', '2020-05-03 20:09:35', '2020-05-03 20:09:35'),
(141, '2nd Q 2019 G&I Report', 29, 'en', '2020-05-03 20:09:50', '2020-05-03 20:09:50'),
(142, '2nd Q 2019 G&I Report', 29, 'fr', '2020-05-03 20:09:50', '2020-05-03 20:09:50'),
(143, '2nd Q 2019 G&I Report', 29, 'es', '2020-05-03 20:09:50', '2020-05-03 20:09:50'),
(144, '2nd Q 2019 G&I Report', 29, 'gr', '2020-05-03 20:09:50', '2020-05-03 20:09:50'),
(145, '2nd Q 2019 G&I Report', 29, 'ch', '2020-05-03 20:09:50', '2020-05-03 20:09:50'),
(146, '1st Q 2019 G&I Report', 30, 'en', '2020-05-03 20:10:17', '2020-05-03 20:10:17'),
(147, '1st Q 2019 G&I Report', 30, 'fr', '2020-05-03 20:10:17', '2020-05-03 20:10:17'),
(148, '1st Q 2019 G&I Report', 30, 'es', '2020-05-03 20:10:18', '2020-05-03 20:10:18'),
(149, '1st Q 2019 G&I Report', 30, 'gr', '2020-05-03 20:10:18', '2020-05-03 20:10:18'),
(150, '1st Q 2019 G&I Report', 30, 'ch', '2020-05-03 20:10:18', '2020-05-03 20:10:18'),
(151, 'The Natural Link Dec 2019', 31, 'en', '2020-05-03 20:11:36', '2020-05-03 20:11:36'),
(152, 'The Natural Link Dec 2019', 31, 'fr', '2020-05-03 20:11:36', '2020-05-03 20:11:36'),
(153, 'The Natural Link Dec 2019', 31, 'es', '2020-05-03 20:11:36', '2020-05-03 20:11:36'),
(154, 'The Natural Link Dec 2019', 31, 'gr', '2020-05-03 20:11:36', '2020-05-03 20:11:36'),
(155, 'The Natural Link Dec 2019', 31, 'ch', '2020-05-03 20:11:36', '2020-05-03 20:11:36'),
(156, '54th Annual Convention Registration Package (Berlin)', 32, 'en', '2020-05-03 20:15:26', '2020-05-03 20:15:26'),
(157, '54th Annual Convention Registration Package (Berlin)', 32, 'fr', '2020-05-03 20:15:26', '2020-05-03 20:15:26'),
(158, '54th Annual Convention Registration Package (Berlin)', 32, 'es', '2020-05-03 20:15:26', '2020-05-03 20:15:26'),
(159, '54th Annual Convention Registration Package (Berlin)', 32, 'gr', '2020-05-03 20:15:26', '2020-05-03 20:15:26'),
(160, '54th Annual Convention Registration Package (Berlin)', 32, 'ch', '2020-05-03 20:15:26', '2020-05-03 20:15:26'),
(161, 'ISWG Book Second Edition', 33, 'en', '2020-05-04 19:18:54', '2020-05-04 19:18:54'),
(162, 'ISWG Book Second Edition', 33, 'fr', '2020-05-04 19:18:54', '2020-05-04 19:18:54'),
(163, 'ISWG Book Second Edition', 33, 'es', '2020-05-04 19:18:54', '2020-05-04 19:18:54'),
(164, 'ISWG Book Second Edition', 33, 'gr', '2020-05-04 19:18:54', '2020-05-04 19:18:54'),
(165, 'ISWG书第二版', 33, 'ch', '2020-05-04 19:18:54', '2020-05-04 19:18:54'),
(166, 'No.1 Introduction', 34, 'en', '2020-05-07 13:54:28', '2020-05-07 13:56:15'),
(167, 'No.1 Introduction', 34, 'fr', '2020-05-07 13:54:28', '2020-05-07 13:56:15'),
(168, 'No.1 Introducción', 34, 'es', '2020-05-07 13:54:28', '2020-05-07 13:56:15'),
(169, 'No.1 Einführung', 34, 'gr', '2020-05-07 13:54:28', '2020-05-07 13:56:15'),
(170, 'No.1 介绍', 34, 'ch', '2020-05-07 13:54:28', '2020-05-07 13:56:15'),
(171, 'No.2 Public Structure', 35, 'en', '2020-05-07 13:55:33', '2020-05-07 13:56:30'),
(172, 'No.2 Structure publique', 35, 'fr', '2020-05-07 13:55:33', '2020-05-07 13:56:30'),
(173, 'No.2 Estructura publica', 35, 'es', '2020-05-07 13:55:33', '2020-05-07 13:56:30'),
(174, 'No.2 Öffentliche Struktur', 35, 'gr', '2020-05-07 13:55:33', '2020-05-07 13:56:30'),
(175, 'No.2 公共结构', 35, 'ch', '2020-05-07 13:55:33', '2020-05-07 13:56:30'),
(176, 'No.3 Animal Health', 36, 'en', '2020-05-07 13:57:37', '2020-05-07 13:57:37'),
(177, 'No. 3 La santé des animaux', 36, 'fr', '2020-05-07 13:57:37', '2020-05-07 13:57:37'),
(178, 'No. 3 Salud animal', 36, 'es', '2020-05-07 13:57:37', '2020-05-07 13:57:37'),
(179, 'No.3 Tiergesundheit', 36, 'gr', '2020-05-07 13:57:37', '2020-05-07 13:57:37'),
(180, 'No.3 动物健康', 36, 'ch', '2020-05-07 13:57:37', '2020-05-07 13:57:37'),
(191, 'No.4 Tech Developments', 39, 'en', '2020-08-13 13:39:16', '2020-08-13 13:39:16'),
(192, 'No.4 Tech Developments', 39, 'fr', '2020-08-13 13:39:16', '2020-08-13 13:39:16'),
(193, 'No.4 Tech Developments', 39, 'es', '2020-08-13 13:39:16', '2020-08-13 13:39:16'),
(194, 'No.4 Tech Developments', 39, 'gr', '2020-08-13 13:39:17', '2020-08-13 13:39:17'),
(195, 'No.4 Tech Developments', 39, 'ch', '2020-08-13 13:39:17', '2020-08-13 13:39:17'),
(196, 'The Natural Link- July 2020', 40, 'en', '2020-08-13 17:50:45', '2020-08-13 17:50:45'),
(197, 'The Natural Link- July 2020', 40, 'fr', '2020-08-13 17:50:45', '2020-08-13 17:50:45'),
(198, 'The Natural Link- July 2020', 40, 'es', '2020-08-13 17:50:45', '2020-08-13 17:50:45'),
(199, 'The Natural Link- July 2020', 40, 'gr', '2020-08-13 17:50:45', '2020-08-13 17:50:45'),
(200, 'The Natural Link- July 2020', 40, 'ch', '2020-08-13 17:50:45', '2020-08-13 17:50:45'),
(201, 'G&I Report- 2nd Q 2020', 41, 'en', '2020-08-13 17:52:54', '2020-08-13 17:52:54'),
(202, 'G&I Report- 2nd Q 2020', 41, 'fr', '2020-08-13 17:52:54', '2020-08-13 17:52:54'),
(203, 'G&I Report- 2nd Q 2020', 41, 'es', '2020-08-13 17:52:54', '2020-08-13 17:52:54'),
(204, 'G&I Report- 2nd Q 2020', 41, 'gr', '2020-08-13 17:52:54', '2020-08-13 17:52:54'),
(205, 'G&I Report- 2nd Q 2020', 41, 'ch', '2020-08-13 17:52:54', '2020-08-13 17:52:54'),
(206, 'G&I Report- 3rd Q 2020', 42, 'en', '2020-08-13 17:54:30', '2020-08-13 17:54:30'),
(207, 'G&I Report- 3rd Q 2020', 42, 'fr', '2020-08-13 17:54:30', '2020-08-13 17:54:30'),
(208, 'G&I Report- 3rd Q 2020', 42, 'es', '2020-08-13 17:54:30', '2020-08-13 17:54:30'),
(209, 'G&I Report- 3rd Q 2020', 42, 'gr', '2020-08-13 17:54:30', '2020-08-13 17:54:30'),
(210, 'G&I Report- 3rd Q 2020', 42, 'ch', '2020-08-13 17:54:30', '2020-08-13 17:54:30'),
(211, 'No.5 BSE-TSE', 43, 'en', '2020-09-26 19:31:57', '2020-09-26 19:31:57'),
(212, 'No.5 BSE-TSE', 43, 'fr', '2020-09-26 19:31:57', '2020-09-26 19:31:57'),
(213, 'No.5 BSE-TSE', 43, 'es', '2020-09-26 19:31:58', '2020-09-26 19:31:58'),
(214, 'No.5 BSE-TSE', 43, 'gr', '2020-09-26 19:31:58', '2020-09-26 19:31:58'),
(215, 'No.5 BSE-TSE', 43, 'ch', '2020-09-26 19:31:58', '2020-09-26 19:31:58'),
(221, 'No. 6 Special Projects', 45, 'en', '2020-09-26 20:02:20', '2020-09-26 20:02:20'),
(222, 'No. 6 Special Projects', 45, 'fr', '2020-09-26 20:02:20', '2020-09-26 20:02:20'),
(223, 'No. 6 Special Projects', 45, 'es', '2020-09-26 20:02:20', '2020-09-26 20:02:20'),
(224, 'No. 6 Special Projects', 45, 'gr', '2020-09-26 20:02:20', '2020-09-26 20:02:20'),
(225, 'No. 6 Special Projects', 45, 'ch', '2020-09-26 20:02:20', '2020-09-26 20:02:20'),
(226, 'Annexes', 46, 'en', '2020-09-26 20:08:38', '2020-09-26 20:08:38'),
(227, 'Annexes', 46, 'fr', '2020-09-26 20:08:38', '2020-09-26 20:08:38'),
(228, 'Annexes', 46, 'es', '2020-09-26 20:08:38', '2020-09-26 20:08:38'),
(229, 'Annexes', 46, 'gr', '2020-09-26 20:08:38', '2020-09-26 20:08:38'),
(230, 'Annexes', 46, 'ch', '2020-09-26 20:08:38', '2020-09-26 20:08:38'),
(231, 'INSCA INCOME STATEMENT - JUNE 2020', 47, 'en', '2020-09-30 18:15:38', '2020-09-30 18:15:38'),
(232, 'INSCA INCOME STATEMENT - JUNE 2020', 47, 'fr', '2020-09-30 18:15:38', '2020-09-30 18:15:38'),
(233, 'INSCA INCOME STATEMENT - JUNE 2020', 47, 'es', '2020-09-30 18:15:38', '2020-09-30 18:15:38'),
(234, 'INSCA INCOME STATEMENT - JUNE 2020', 47, 'gr', '2020-09-30 18:15:38', '2020-09-30 18:15:38'),
(235, 'INSCA INCOME STATEMENT - JUNE 2020', 47, 'ch', '2020-09-30 18:15:38', '2020-09-30 18:15:38'),
(236, 'INSCA BALANCE SHEET - JUNE 2020', 48, 'en', '2020-09-30 18:17:01', '2020-09-30 18:17:01'),
(237, 'INSCA BALANCE SHEET - JUNE 2020', 48, 'fr', '2020-09-30 18:17:01', '2020-09-30 18:17:01'),
(238, 'INSCA BALANCE SHEET - JUNE 2020', 48, 'es', '2020-09-30 18:17:01', '2020-09-30 18:17:01'),
(239, 'INSCA BALANCE SHEET - JUNE 2020', 48, 'gr', '2020-09-30 18:17:01', '2020-09-30 18:17:01'),
(240, 'INSCA BALANCE SHEET - JUNE 2020', 48, 'ch', '2020-09-30 18:17:01', '2020-09-30 18:17:01'),
(241, 'ICTR Brazilian Report 2020', 49, 'en', '2020-10-22 19:51:55', '2020-10-22 19:51:55'),
(242, 'ICTR Brazilian Report 2020', 49, 'fr', '2020-10-22 19:51:55', '2020-10-22 19:51:55'),
(243, 'ICTR Brazilian Report 2020', 49, 'es', '2020-10-22 19:51:55', '2020-10-22 19:51:55'),
(244, 'ICTR Brazilian Report 2020', 49, 'gr', '2020-10-22 19:51:55', '2020-10-22 19:51:55'),
(245, 'ICTR Brazilian Report 2020', 49, 'ch', '2020-10-22 19:51:55', '2020-10-22 19:51:55'),
(256, 'ICTR Chinese Report 2020 II', 52, 'en', '2020-10-22 20:12:38', '2020-10-22 20:12:38'),
(257, 'ICTR Chinese Report 2020 II', 52, 'fr', '2020-10-22 20:12:38', '2020-10-22 20:12:38'),
(258, 'ICTR Chinese Report 2020 II', 52, 'es', '2020-10-22 20:12:38', '2020-10-22 20:12:38'),
(259, 'ICTR Chinese Report 2020 II', 52, 'gr', '2020-10-22 20:12:38', '2020-10-22 20:12:38'),
(260, 'ICTR Chinese Report 2020 II', 52, 'ch', '2020-10-22 20:12:38', '2020-10-22 20:12:38'),
(261, 'ICTR Chinese Report 2020', 53, 'en', '2020-10-22 20:31:18', '2020-10-22 20:31:18'),
(262, 'ICTR Chinese Report 2020', 53, 'fr', '2020-10-22 20:31:18', '2020-10-22 20:31:18'),
(263, 'ICTR Chinese Report 2020', 53, 'es', '2020-10-22 20:31:18', '2020-10-22 20:31:18'),
(264, 'ICTR Chinese Report 2020', 53, 'gr', '2020-10-22 20:31:18', '2020-10-22 20:31:18'),
(265, 'ICTR Chinese Report 2020', 53, 'ch', '2020-10-22 20:31:18', '2020-10-22 20:31:18'),
(266, 'ICTR European Report 2020', 54, 'en', '2020-10-23 18:03:07', '2020-10-23 18:03:07'),
(267, 'ICTR European Report 2020', 54, 'fr', '2020-10-23 18:03:07', '2020-10-23 18:03:07'),
(268, 'ICTR European Report 2020', 54, 'es', '2020-10-23 18:03:07', '2020-10-23 18:03:07'),
(269, 'ICTR European Report 2020', 54, 'gr', '2020-10-23 18:03:07', '2020-10-23 18:03:07'),
(270, 'ICTR European Report 2020', 54, 'ch', '2020-10-23 18:03:07', '2020-10-23 18:03:07'),
(271, 'ICTR Japanese Report 2020', 55, 'en', '2020-10-23 18:04:04', '2020-10-23 18:04:04'),
(272, 'ICTR Japanese Report 2020', 55, 'fr', '2020-10-23 18:04:04', '2020-10-23 18:04:04'),
(273, 'ICTR Japanese Report 2020', 55, 'es', '2020-10-23 18:04:05', '2020-10-23 18:04:05'),
(274, 'ICTR Japanese Report 2020', 55, 'gr', '2020-10-23 18:04:05', '2020-10-23 18:04:05'),
(275, 'ICTR Japanese Report 2020', 55, 'ch', '2020-10-23 18:04:05', '2020-10-23 18:04:05'),
(276, 'ICTR North American Report 2020', 56, 'en', '2020-10-23 18:04:52', '2020-10-23 18:04:52'),
(277, 'ICTR North American Report 2020', 56, 'fr', '2020-10-23 18:04:52', '2020-10-23 18:04:52'),
(278, 'ICTR North American Report 2020', 56, 'es', '2020-10-23 18:04:52', '2020-10-23 18:04:52'),
(279, 'ICTR North American Report 2020', 56, 'gr', '2020-10-23 18:04:52', '2020-10-23 18:04:52'),
(280, 'ICTR North American Report 2020', 56, 'ch', '2020-10-23 18:04:52', '2020-10-23 18:04:52'),
(281, 'ASF Webinars Oct 2020', 57, 'en', '2020-11-07 02:23:31', '2020-11-07 02:23:31'),
(282, 'ASF Webinars Oct 2020', 57, 'fr', '2020-11-07 02:23:31', '2020-11-07 02:23:31'),
(283, 'ASF Webinars Oct 2020', 57, 'es', '2020-11-07 02:23:31', '2020-11-07 02:23:31'),
(284, 'ASF Webinars Oct 2020', 57, 'gr', '2020-11-07 02:23:31', '2020-11-07 02:23:31'),
(285, 'ASF Webinars Oct 2020', 57, 'ch', '2020-11-07 02:23:31', '2020-11-07 02:23:31'),
(291, 'Compartmalisation-ICTR', 59, 'en', '2021-03-08 17:32:05', '2021-03-08 17:32:05'),
(292, 'Compartmalisation-ICTR', 59, 'fr', '2021-03-08 17:32:05', '2021-03-08 17:32:05'),
(293, 'Compartmalisation-ICTR', 59, 'es', '2021-03-08 17:32:05', '2021-03-08 17:32:05'),
(294, 'Compartmalisation-ICTR', 59, 'gr', '2021-03-08 17:32:05', '2021-03-08 17:32:05'),
(295, 'Compartmalisation-ICTR', 59, 'ch', '2021-03-08 17:32:05', '2021-03-08 17:32:05'),
(301, 'ICTR 1ST Q NL Report 2021', 61, 'en', '2021-03-08 17:36:41', '2021-03-08 17:36:41'),
(302, 'ICTR 1ST Q NL Report 2021', 61, 'fr', '2021-03-08 17:36:41', '2021-03-08 17:36:41'),
(303, 'ICTR 1ST Q NL Report 2021', 61, 'es', '2021-03-08 17:36:41', '2021-03-08 17:36:41'),
(304, 'ICTR 1ST Q NL Report 2021', 61, 'gr', '2021-03-08 17:36:41', '2021-03-08 17:36:41'),
(305, 'ICTR 1ST Q NL Report 2021', 61, 'ch', '2021-03-08 17:36:41', '2021-03-08 17:36:41'),
(306, 'G&I Report- 1st Q 2021', 62, 'en', '2021-03-22 15:30:10', '2021-03-22 15:30:10'),
(307, 'G&I Report- 1st Q 2021', 62, 'fr', '2021-03-22 15:30:11', '2021-03-22 15:30:11'),
(308, 'G&I Report- 1st Q 2021', 62, 'es', '2021-03-22 15:30:11', '2021-03-22 15:30:11'),
(309, 'G&I Report- 1st Q 2021', 62, 'gr', '2021-03-22 15:30:11', '2021-03-22 15:30:11'),
(310, 'G&I Report- 1st Q 2021', 62, 'ch', '2021-03-22 15:30:11', '2021-03-22 15:30:11'),
(311, 'Letter from ENSCA on the latest news regarding EU import from third countries.', 63, 'en', '2021-03-22 15:31:22', '2021-03-22 15:31:22'),
(312, 'Letter from ENSCA on the latest news regarding EU import from third countries.', 63, 'fr', '2021-03-22 15:31:23', '2021-03-22 15:31:23'),
(313, 'Letter from ENSCA on the latest news regarding EU import from third countries.', 63, 'es', '2021-03-22 15:31:23', '2021-03-22 15:31:23'),
(314, 'Letter from ENSCA on the latest news regarding EU import from third countries.', 63, 'gr', '2021-03-22 15:31:23', '2021-03-22 15:31:23'),
(315, 'Letter from ENSCA on the latest news regarding EU import from third countries.', 63, 'ch', '2021-03-22 15:31:23', '2021-03-22 15:31:23'),
(316, 'FAO LEAP', 64, 'en', '2021-05-11 02:24:28', '2021-05-11 02:24:28'),
(317, 'FAO LEAP', 64, 'fr', '2021-05-11 02:24:28', '2021-05-11 02:24:28'),
(318, 'FAO LEAP', 64, 'es', '2021-05-11 02:24:28', '2021-05-11 02:24:28'),
(319, 'FAO LEAP', 64, 'gr', '2021-05-11 02:24:28', '2021-05-11 02:24:28'),
(320, 'FAO LEAP', 64, 'ch', '2021-05-11 02:24:28', '2021-05-11 02:24:28'),
(321, 'IMS Marketing & Communications Workshop - Report and Videos', 65, 'en', '2021-05-11 02:25:23', '2021-05-11 02:25:23'),
(322, 'IMS Marketing & Communications Workshop - Report and Videos', 65, 'fr', '2021-05-11 02:25:23', '2021-05-11 02:25:23'),
(323, 'IMS Marketing & Communications Workshop - Report and Videos', 65, 'es', '2021-05-11 02:25:23', '2021-05-11 02:25:23'),
(324, 'IMS Marketing & Communications Workshop - Report and Videos', 65, 'gr', '2021-05-11 02:25:23', '2021-05-11 02:25:23'),
(325, 'IMS Marketing & Communications Workshop - Report and Videos', 65, 'ch', '2021-05-11 02:25:23', '2021-05-11 02:25:23'),
(326, 'ICTR 2021 Egypt Report', 66, 'en', '2021-05-11 17:23:42', '2021-05-11 17:23:42'),
(327, 'ICTR 2021 Egypt Report', 66, 'fr', '2021-05-11 17:23:42', '2021-05-11 17:23:42'),
(328, 'ICTR 2021 Egypt Report', 66, 'es', '2021-05-11 17:23:42', '2021-05-11 17:23:42'),
(329, 'ICTR 2021 Egypt Report', 66, 'gr', '2021-05-11 17:23:42', '2021-05-11 17:23:42'),
(330, 'ICTR 2021 Egypt Report', 66, 'ch', '2021-05-11 17:23:42', '2021-05-11 17:23:42'),
(331, 'ICTR 2021 Japan Report', 67, 'en', '2021-05-11 17:24:08', '2021-05-11 17:24:08'),
(332, 'ICTR 2021 Japan Report', 67, 'fr', '2021-05-11 17:24:08', '2021-05-11 17:24:08'),
(333, 'ICTR 2021 Japan Report', 67, 'es', '2021-05-11 17:24:08', '2021-05-11 17:24:08'),
(334, 'ICTR 2021 Japan Report', 67, 'gr', '2021-05-11 17:24:08', '2021-05-11 17:24:08'),
(335, 'ICTR 2021 Japan Report', 67, 'ch', '2021-05-11 17:24:08', '2021-05-11 17:24:08'),
(336, 'The Natural Link- March 2021', 68, 'en', '2021-05-11 17:27:00', '2021-05-11 17:27:00'),
(337, 'The Natural Link- March 2021', 68, 'fr', '2021-05-11 17:27:00', '2021-05-11 17:27:00'),
(338, 'The Natural Link- March 2021', 68, 'es', '2021-05-11 17:27:00', '2021-05-11 17:27:00'),
(339, 'The Natural Link- March 2021', 68, 'gr', '2021-05-11 17:27:00', '2021-05-11 17:27:00'),
(340, 'The Natural Link- March 2021', 68, 'ch', '2021-05-11 17:27:00', '2021-05-11 17:27:00'),
(346, 'ICTR 2021 China Report', 70, 'en', '2021-05-25 19:50:53', '2021-05-25 19:50:53'),
(347, 'ICTR 2021 China Report', 70, 'fr', '2021-05-25 19:50:53', '2021-05-25 19:50:53'),
(348, 'ICTR 2021 China Report', 70, 'es', '2021-05-25 19:50:53', '2021-05-25 19:50:53'),
(349, 'ICTR 2021 China Report', 70, 'gr', '2021-05-25 19:50:53', '2021-05-25 19:50:53'),
(350, 'ICTR 2021 China Report', 70, 'ch', '2021-05-25 19:50:53', '2021-05-25 19:50:53'),
(351, 'ICTR 2021 EU Report', 71, 'en', '2021-05-25 20:10:23', '2021-05-25 20:10:23'),
(352, 'ICTR 2021 EU Report', 71, 'fr', '2021-05-25 20:10:23', '2021-05-25 20:10:23'),
(353, 'ICTR 2021 EU Report', 71, 'es', '2021-05-25 20:10:23', '2021-05-25 20:10:23'),
(354, 'ICTR 2021 EU Report', 71, 'gr', '2021-05-25 20:10:23', '2021-05-25 20:10:23'),
(355, 'ICTR 2021 EU Report', 71, 'ch', '2021-05-25 20:10:23', '2021-05-25 20:10:23'),
(356, 'ICTR 2021 UCC Report', 72, 'en', '2021-05-25 20:13:23', '2021-05-25 20:13:23'),
(357, 'ICTR 2021 UCC Report', 72, 'fr', '2021-05-25 20:13:23', '2021-05-25 20:13:23'),
(358, 'ICTR 2021 UCC Report', 72, 'es', '2021-05-25 20:13:23', '2021-05-25 20:13:23'),
(359, 'ICTR 2021 UCC Report', 72, 'gr', '2021-05-25 20:13:23', '2021-05-25 20:13:23'),
(360, 'ICTR 2021 UCC Report', 72, 'ch', '2021-05-25 20:13:23', '2021-05-25 20:13:23'),
(361, 'ICTR 2021 Russia Report', 73, 'en', '2021-05-25 20:13:44', '2021-05-25 20:13:44'),
(362, 'ICTR 2021 Russia Report', 73, 'fr', '2021-05-25 20:13:44', '2021-05-25 20:13:44'),
(363, 'ICTR 2021 Russia Report', 73, 'es', '2021-05-25 20:13:44', '2021-05-25 20:13:44'),
(364, 'ICTR 2021 Russia Report', 73, 'gr', '2021-05-25 20:13:44', '2021-05-25 20:13:44'),
(365, 'ICTR 2021 Russia Report', 73, 'ch', '2021-05-25 20:13:44', '2021-05-25 20:13:44'),
(366, 'ICTR 2021 North American Report', 74, 'en', '2021-05-25 20:25:01', '2021-05-25 20:25:01'),
(367, 'ICTR 2021 North American Report', 74, 'fr', '2021-05-25 20:25:01', '2021-05-25 20:25:01'),
(368, 'ICTR 2021 North American Report', 74, 'es', '2021-05-25 20:25:01', '2021-05-25 20:25:01'),
(369, 'ICTR 2021 North American Report', 74, 'gr', '2021-05-25 20:25:01', '2021-05-25 20:25:01'),
(370, 'ICTR 2021 North American Report', 74, 'ch', '2021-05-25 20:25:01', '2021-05-25 20:25:01'),
(371, 'ICTR 2021 South American Report', 75, 'en', '2021-05-25 20:29:33', '2021-05-25 20:29:33'),
(372, 'ICTR 2021 South American Report', 75, 'fr', '2021-05-25 20:29:33', '2021-05-25 20:29:33'),
(373, 'ICTR 2021 South American Report', 75, 'es', '2021-05-25 20:29:33', '2021-05-25 20:29:33'),
(374, 'ICTR 2021 South American Report', 75, 'gr', '2021-05-25 20:29:33', '2021-05-25 20:29:33'),
(375, 'ICTR 2021 South American Report', 75, 'ch', '2021-05-25 20:29:33', '2021-05-25 20:29:33'),
(376, 'Sustainable Meat Meeting of 17 May 2021', 76, 'en', '2021-05-29 18:27:55', '2021-05-29 18:27:55'),
(377, 'Sustainable Meat Meeting of 17 May 2021', 76, 'fr', '2021-05-29 18:27:55', '2021-05-29 18:27:55'),
(378, 'Sustainable Meat Meeting of 17 May 2021', 76, 'es', '2021-05-29 18:27:55', '2021-05-29 18:27:55'),
(379, 'Sustainable Meat Meeting of 17 May 2021', 76, 'gr', '2021-05-29 18:27:55', '2021-05-29 18:27:55'),
(380, 'Sustainable Meat Meeting of 17 May 2021', 76, 'ch', '2021-05-29 18:27:55', '2021-05-29 18:27:55'),
(381, 'GLOBAL MEAT SECTOR TO ENGAGE IN UN FOOD SYSTEMS SUMMIT', 77, 'en', '2021-05-29 18:28:37', '2021-05-29 18:28:37'),
(382, 'GLOBAL MEAT SECTOR TO ENGAGE IN UN FOOD SYSTEMS SUMMIT', 77, 'fr', '2021-05-29 18:28:37', '2021-05-29 18:28:37'),
(383, 'GLOBAL MEAT SECTOR TO ENGAGE IN UN FOOD SYSTEMS SUMMIT', 77, 'es', '2021-05-29 18:28:37', '2021-05-29 18:28:37'),
(384, 'GLOBAL MEAT SECTOR TO ENGAGE IN UN FOOD SYSTEMS SUMMIT', 77, 'gr', '2021-05-29 18:28:37', '2021-05-29 18:28:37'),
(385, 'GLOBAL MEAT SECTOR TO ENGAGE IN UN FOOD SYSTEMS SUMMIT', 77, 'ch', '2021-05-29 18:28:37', '2021-05-29 18:28:37'),
(386, 'Consumption of Unprocessed Red Meat is not a Risk to Health', 78, 'en', '2021-07-19 15:23:45', '2021-07-19 15:23:45'),
(387, 'Consumption of Unprocessed Red Meat is not a Risk to Health', 78, 'fr', '2021-07-19 15:23:45', '2021-07-19 15:23:45'),
(388, 'Consumption of Unprocessed Red Meat is not a Risk to Health', 78, 'es', '2021-07-19 15:23:45', '2021-07-19 15:23:45'),
(389, 'Consumption of Unprocessed Red Meat is not a Risk to Health', 78, 'gr', '2021-07-19 15:23:45', '2021-07-19 15:23:45'),
(390, 'Consumption of Unprocessed Red Meat is not a Risk to Health', 78, 'ch', '2021-07-19 15:23:45', '2021-07-19 15:23:45'),
(391, 'UN Food Systems Summit Press Release', 79, 'en', '2021-10-11 16:51:51', '2021-10-11 16:51:51'),
(392, 'UN Food Systems Summit Press Release', 79, 'fr', '2021-10-11 16:51:52', '2021-10-11 16:51:52'),
(393, 'UN Food Systems Summit Press Release', 79, 'es', '2021-10-11 16:51:52', '2021-10-11 16:51:52'),
(394, 'UN Food Systems Summit Press Release', 79, 'gr', '2021-10-11 16:51:52', '2021-10-11 16:51:52'),
(395, 'UN Food Systems Summit Press Release', 79, 'ch', '2021-10-11 16:51:52', '2021-10-11 16:51:52'),
(396, 'ENSCA-INSCA Explanatory note 2022', 80, 'en', '2022-01-27 09:53:35', '2022-01-27 09:53:35'),
(397, 'ENSCA- INSCA Explanatory note 2022', 80, 'fr', '2022-01-27 09:53:35', '2022-01-27 09:53:35'),
(398, 'ENSCA- INSCA Explanatory note 2022', 80, 'es', '2022-01-27 09:53:35', '2022-01-27 09:53:35'),
(399, 'ENSCA- INSCA Explanatory note 2022', 80, 'gr', '2022-01-27 09:53:35', '2022-01-27 09:53:35'),
(400, 'ENSCA- INSCA Explanatory note 2022', 80, 'ch', '2022-01-27 09:53:35', '2022-01-27 09:53:35');

-- --------------------------------------------------------

--
-- Table structure for table `email_templetes`
--

CREATE TABLE `email_templetes` (
  `id` int(11) NOT NULL,
  `from` varchar(250) NOT NULL,
  `cc` varchar(250) NOT NULL,
  `subject` varchar(250) NOT NULL,
  `body` text NOT NULL,
  `updated_at` datetime DEFAULT NULL
) ENGINE=InnoDB DEFAULT CHARSET=utf8;

--
-- Dumping data for table `email_templetes`
--

INSERT INTO `email_templetes` (`id`, `from`, `cc`, `subject`, `body`, `updated_at`) VALUES
(1, '', 'office@insca.org', '2019 DUES INVOICE', 'Dear INSCA Member,\n\nAttached please find the 2019 membership dues invoice which includes the previously announced assessment fee and the penalty fee due to late payment, to be remitted by June 2019. Please note that hard copies are mailed only upon request.\n\nThank you', '2019-04-02 20:51:34'),
(2, '', 'office@insca.org', 'RECEIPT OF PAYMENT', 'Dear Sir,\nAttached, please find receipt of payment\nINSCA HQ   ', '2016-12-13 13:51:54'),
(3, '', 'office@insca.org', 'PAYMENT INVOICE', 'Attached, please find your invoice of payment.\n', '2016-11-30 21:18:35');

-- --------------------------------------------------------

--
-- Table structure for table `galleries`
--

CREATE TABLE `galleries` (
  `id` int(10) UNSIGNED NOT NULL,
  `image` varchar(191) COLLATE utf8mb4_unicode_ci NOT NULL,
  `slug` varchar(191) COLLATE utf8mb4_unicode_ci NOT NULL,
  `created_at` timestamp NULL DEFAULT NULL,
  `updated_at` timestamp NULL DEFAULT NULL ON UPDATE CURRENT_TIMESTAMP
) ENGINE=InnoDB DEFAULT CHARSET=utf8mb4 COLLATE=utf8mb4_unicode_ci;

--
-- Dumping data for table `galleries`
--

INSERT INTO `galleries` (`id`, `image`, `slug`, `created_at`, `updated_at`) VALUES
(7, 'kD357dMOeY2UpmtTjhGJhxKZ4FESSj7eaR8o38Mv.jpeg', '2019-annual-meeting-berlin-germany-general-assembly', '2019-10-14 16:34:13', '2020-04-16 20:46:18'),
(8, '3nkWiFnSNLN8f0eikngawVuN3SQfJ5jWxZLUTdeL.jpeg', '2019-Annual-Meeting-Berlin,-Germany-(Welcome-Reception)', '2019-10-14 16:34:47', '2020-04-16 22:45:38');

-- --------------------------------------------------------

--
-- Table structure for table `gallery_images`
--

CREATE TABLE `gallery_images` (
  `id` int(10) UNSIGNED NOT NULL,
  `gallery_id` int(10) UNSIGNED NOT NULL,
  `image` varchar(191) COLLATE utf8mb4_unicode_ci NOT NULL,
  `created_at` timestamp NULL DEFAULT NULL,
  `updated_at` timestamp NULL DEFAULT NULL ON UPDATE CURRENT_TIMESTAMP
) ENGINE=InnoDB DEFAULT CHARSET=utf8mb4 COLLATE=utf8mb4_unicode_ci;

--
-- Dumping data for table `gallery_images`
--

INSERT INTO `gallery_images` (`id`, `gallery_id`, `image`, `created_at`, `updated_at`) VALUES
(18, 7, 'mhVhnHiUFGcsOQbd0xu9IPs2pDGrp2QwJz4S8WcB.jpeg', '2019-10-14 16:35:20', '2019-10-14 16:35:20'),
(19, 7, 'qy6jKxmqa3zPTdq5CQqjOxUGvf6SPSINXmXuvgh5.jpeg', '2019-10-14 16:35:26', '2019-10-14 16:35:26'),
(20, 7, 'McVByCMQcpgY1QjcIzJty58IKT3mMfePiwDorjEj.jpeg', '2019-10-14 16:35:31', '2019-10-14 16:35:31'),
(21, 7, 'LCpl8zKWxDcNF7dLwDKxlQlXWsS6JZUklVfPrC8e.jpeg', '2019-10-14 16:35:37', '2019-10-14 16:35:37'),
(22, 7, 'pJcY98LVWHrMrKzARFUIbZs7x0eMCSTDs74N8xfL.jpeg', '2019-10-14 16:35:42', '2019-10-14 16:35:42'),
(23, 7, 'RjjrALOrjaWkBncjx7SSD8HYUWpXQ8tMAw8yYQ3T.jpeg', '2019-10-14 16:35:48', '2019-10-14 16:35:48'),
(24, 7, 'L50qOrQZeR10g3lFsPMesLSO6wVtihEwVQB7SjwD.jpeg', '2019-10-14 16:35:56', '2019-10-14 16:35:56'),
(25, 7, 'YUnBD7A4OhGKfuPS5s8wuR6MZfVWO7QMCJMeFk6W.jpeg', '2019-10-14 16:36:01', '2019-10-14 16:36:01'),
(26, 7, '5N8SEEcOaSYTLD2FOTSYLbkgWVikEFrJnAdADscL.jpeg', '2019-10-14 16:36:07', '2019-10-14 16:36:07'),
(27, 7, 'hWmy01qgofv8GtjSuZQX4qhZqlBMLvydL1U1Gbzb.jpeg', '2019-10-14 16:36:19', '2019-10-14 16:36:19'),
(28, 7, 'sFlh92nH4S1q0MIHvHUMj3wD4UW8TOMMdb5TzLJw.jpeg', '2019-10-14 16:36:34', '2019-10-14 16:36:34'),
(29, 7, '36Q9KQDHckiJSjWP6QLDhCimnsBo5jHtjzHIN2k8.jpeg', '2019-10-14 16:36:40', '2019-10-14 16:36:40'),
(30, 7, 'KGjuIvUUj0kdW6JVwuCQs6vm6yjyIripVYZELTbZ.jpeg', '2019-10-14 16:36:45', '2019-10-14 16:36:45'),
(31, 7, 'f1kEPV88dBuQ5QiwKD0Lax0WTzCcLFMMB20ByS5d.jpeg', '2019-10-14 16:36:50', '2019-10-14 16:36:50'),
(32, 7, 'TvB9OX4tLKOtsVEWjeUBDVxwQGuPai67xnYfRGjf.jpeg', '2019-10-14 16:36:56', '2019-10-14 16:36:56'),
(33, 7, 'cXLgosfIFPpl85h6FwQrBdBOmQBdCjrstJE7AbcK.jpeg', '2019-10-14 16:37:03', '2019-10-14 16:37:03'),
(34, 7, 'cVdiS3g7LncvxHetGUaeb4Xr5a39zjONckxSHbu0.jpeg', '2019-10-14 16:37:08', '2019-10-14 16:37:08'),
(35, 7, 'jTNYYgwqQtnfjZftI7bZyxGGwuS1Ttkoh7XAtucw.jpeg', '2019-10-14 16:37:12', '2019-10-14 16:37:12'),
(36, 7, '636uUetiZCh4rrqtDjxodLKyDT5DcdWAPIL9waom.jpeg', '2019-10-14 16:37:17', '2019-10-14 16:37:17'),
(37, 7, 'BufjiUfwq0U61gbM8VbOxvvXxoivl7zheczJdJ9F.jpeg', '2019-10-14 16:37:22', '2019-10-14 16:37:22'),
(38, 7, 'dMuzXQH8puK81EYCU0cL9UhUS94QEk0D3xR2b83U.jpeg', '2019-10-14 16:37:29', '2019-10-14 16:37:29'),
(39, 7, 'Rz0553Tt6NxUzEdCv8FI2hbpV9NH0xWles9FcK9N.jpeg', '2019-10-14 16:37:34', '2019-10-14 16:37:34'),
(40, 7, 'dlggGO8kFp7ruCqZkeaFzSGGpJFW8srbiBHhcBMj.jpeg', '2019-10-14 16:37:46', '2019-10-14 16:37:46'),
(41, 7, 'gUBOHMOoyhPJlno5qLLuEp1Qc64pE9CHQ9JmqjgD.jpeg', '2019-10-14 16:37:50', '2019-10-14 16:37:50'),
(42, 7, 'RSJK15lWLKcrxc5rB317QNufu9rh1WdUJfTGq4F2.jpeg', '2019-10-14 16:37:56', '2019-10-14 16:37:56'),
(43, 7, 'mdVCNKS3Y5fuydel4JnOgvHMgghbdQ7OvjoCKfHu.jpeg', '2019-10-14 16:38:07', '2019-10-14 16:38:07'),
(44, 7, '1baoejsgeYbk6KKnWfBW3Kr2qthFip4MjkzMEFz7.jpeg', '2019-10-14 16:38:19', '2019-10-14 16:38:19'),
(45, 7, 'RlZi0ww5A8aQ8PWJtjVyTvqECImjYE2fDJwgh9ct.jpeg', '2019-10-14 16:38:29', '2019-10-14 16:38:29'),
(46, 7, 'q4N9lH2MUae2aCFMQp7KH3YoOC6mpuhCxHW1i09e.jpeg', '2019-10-14 16:38:43', '2019-10-14 16:38:43'),
(47, 7, 'MsfBTsjBau2lNczod3I1hREw4INHprd5saeKHJiZ.jpeg', '2019-10-14 16:38:49', '2019-10-14 16:38:49'),
(48, 7, 'weAqqcJZ7VwnshbD0Fs1V2OQQUpN0TnKWjnuD68Q.jpeg', '2019-10-14 16:38:59', '2019-10-14 16:38:59'),
(49, 7, '6CJFW0eAyKmuxgHsLvDMn0d5PFWcNbCljVKsWGyr.jpeg', '2019-10-14 16:39:04', '2019-10-14 16:39:04'),
(50, 7, 'fE2jIiyJyZdfA4Lz8oYFCHwSbS1qHrHanhTYTWS5.jpeg', '2019-10-14 16:39:14', '2019-10-14 16:39:14'),
(51, 7, 'UX7yi24CpnxFe2PSkd2eQJypgeQYuMCQJwL7HfVf.jpeg', '2019-10-14 16:39:24', '2019-10-14 16:39:24'),
(52, 7, 'pRC2NxEtmwtsFC5o2l0tUT7xkqvtGB6yUeGKgh5F.jpeg', '2019-10-14 16:39:35', '2019-10-14 16:39:35'),
(53, 7, 'Sc8r9yWSmALRuehldJfR3v02UERcSXXIkAO4OVYk.jpeg', '2019-10-14 16:39:43', '2019-10-14 16:39:43'),
(54, 7, 'bTnJ408zYbTcIxXViYarb2075ESi7hK1dKJ4CT6D.jpeg', '2019-10-14 16:39:54', '2019-10-14 16:39:54'),
(55, 7, 'Vlhc3zZfkBBzucrZTAMr8Z0WVAD4k1r74ThIsFX8.jpeg', '2019-10-14 16:40:01', '2019-10-14 16:40:01'),
(56, 7, 'r8tTt3RAvy67v2W5NPpCpK1HNB6IM7JicgoPY3b1.jpeg', '2019-10-14 16:40:11', '2019-10-14 16:40:11'),
(57, 7, 'xlhfsFo36enDDiyDXHL3HGeufKbVu5EmNtrntjfh.jpeg', '2019-10-14 16:40:17', '2019-10-14 16:40:17'),
(58, 7, 'Nq353sLQM2E4R5l5UzEh4p9C0TrGyQmalGJTFNNE.jpeg', '2019-10-14 16:40:26', '2019-10-14 16:40:26'),
(59, 7, 'FVlPc3czEEixg8RXvRUtwbT45uSfdH0pX8IKb3r4.jpeg', '2019-10-14 16:40:35', '2019-10-14 16:40:35'),
(60, 7, 'rfMZ90PUGEjR1aSDqAKyCMQ0vaj1ILMLTOJw3QCP.jpeg', '2019-10-14 16:40:40', '2019-10-14 16:40:40'),
(61, 7, 'kzBdNsD414ZgLiWnQAmLb21JqlQpncs0SyZtBomV.jpeg', '2019-10-14 16:40:51', '2019-10-14 16:40:51'),
(62, 7, '31pE5nngzCLlyAgDwQ2EWkyt5DYdosj4IvHWYpjT.jpeg', '2019-10-14 16:41:00', '2019-10-14 16:41:00'),
(63, 7, 'MtHxoZW9qzC5kIMvsS7OzK7cU3blQc5v1wGACyEg.jpeg', '2019-10-14 16:41:07', '2019-10-14 16:41:07'),
(64, 7, '3gxv9eUs8YQglLlH9hTXvY5JM4S6stysOz8yOIPN.jpeg', '2019-10-14 16:41:19', '2019-10-14 16:41:19'),
(65, 7, '92lbQE62YhsJNrdx055XEqDOYLwlcP4HaUCVW1Am.jpeg', '2019-10-14 16:43:19', '2019-10-14 16:43:19'),
(66, 7, 'azR8Z5JezNqB3pVg99dDKNdrKxRUxQCn4XtdTrXR.jpeg', '2019-10-14 16:43:33', '2019-10-14 16:43:33'),
(67, 8, 'hgYo5YPDDpUWhl2K0sq3y6OjYpLfrZdvGpiOgrMo.jpeg', '2019-10-14 16:44:24', '2019-10-14 16:44:24'),
(68, 8, 'JQP2cZOMVSotnOhLlum5Vzwx0BMROHtl912IzuLt.jpeg', '2019-10-14 16:44:32', '2019-10-14 16:44:32'),
(69, 8, 'ZgsE1HSkVjNmw6OsPAkNLNDadMThT1l55A5sl3Ek.jpeg', '2019-10-14 16:44:39', '2019-10-14 16:44:39'),
(70, 8, '7H9NjzmDMzeZJOCf0S7RXp6BPSuiyHUwz0KRqFAP.jpeg', '2019-10-14 16:44:44', '2019-10-14 16:44:44'),
(71, 8, 'UG3vLny3t87RpLIjuSmR4NmR31Uk5BozSwwyRhsI.jpeg', '2019-10-14 16:44:50', '2019-10-14 16:44:50'),
(72, 8, 'IvQUMOwVVcvgy0vh2BUxIqeJTsBtj2a42HrcUSus.jpeg', '2019-10-14 16:45:01', '2019-10-14 16:45:01'),
(73, 8, '2RP2TBq4Y7XqBamJp8qPNKaAzyr0R1EwuaiYa9aU.jpeg', '2019-10-14 16:45:23', '2019-10-14 16:45:23'),
(74, 8, 'Ca5WjFNrtrxrZt51n6QkK424dHF9nDEOQjS30oIa.jpeg', '2019-10-14 16:45:30', '2019-10-14 16:45:30'),
(75, 8, 'HB2PWJRyWBv0t7ScTN452yoBQ8bC8wzXZbL1Alj2.jpeg', '2019-10-14 16:45:35', '2019-10-14 16:45:35'),
(76, 8, 'be5wpnRlDSaYLA6KfWGFB2T2tZirvXUANEp35KNc.jpeg', '2019-10-14 16:45:41', '2019-10-14 16:45:41'),
(77, 8, '4CCqC3Cj3KgkrBubHuBVFQ3o5S5Lj0w5B1msoauS.jpeg', '2019-10-14 16:45:47', '2019-10-14 16:45:47'),
(78, 8, 'YFixC2X5g31BgBNBSDZECB7xQFTlXKkqxYzkEEBl.jpeg', '2019-10-14 16:45:53', '2019-10-14 16:45:53'),
(79, 8, 'd4hZLKqLD3oo7ZJRBeYwYkAbqdLkfmfWhMyxVsMc.jpeg', '2019-10-14 16:45:59', '2019-10-14 16:45:59'),
(80, 8, 'AkIJ4FKO2rxeENCNTHO9DikA7KIHK6YXoCZq5twN.jpeg', '2019-10-14 16:46:06', '2019-10-14 16:46:06'),
(82, 8, 'vGl8Lai82xBoZQb1Eu6wVKJ8K9UlMqgIq42b4jRt.jpeg', '2019-10-14 16:46:33', '2019-10-14 16:46:33'),
(83, 8, 'STG4PQSTxbjQS0XrI2vSwQJlK99X4LO4wbUiiQmI.jpeg', '2019-10-14 16:46:39', '2019-10-14 16:46:39'),
(84, 8, 'kbPH83REWTjYjTvDZ1bq2ZiGWg01fs8Ilbx23n6m.jpeg', '2019-10-14 16:46:45', '2019-10-14 16:46:45'),
(85, 8, 'YHuj8bobtHje0Tl4K29Zf70dIxsn47DFPSEvZ7MK.jpeg', '2019-10-14 16:46:51', '2019-10-14 16:46:51'),
(86, 8, 'mJ1jUKjKdUB4eTwXYN6I2rf79mz2SrpjYg6IG4am.jpeg', '2019-10-14 16:47:03', '2019-10-14 16:47:03'),
(87, 8, 'Dz9rjZ6VzHcF3ErWktKwIGZEr4Wj6K31HWccVP7K.jpeg', '2019-10-14 16:47:09', '2019-10-14 16:47:09'),
(88, 8, 'tEvW0rUSV18sBj3jOTe1pw0Nhtxp9IjDCVrwAOnh.jpeg', '2019-10-14 16:47:14', '2019-10-14 16:47:14'),
(89, 8, 'AOvCLhhFZPdoKca9gqeoMrSOyt9PCBNp8qaSW7Lh.jpeg', '2019-10-14 16:47:19', '2019-10-14 16:47:19'),
(90, 8, 'v4K010UrB3V4tQODDaQKUFuPrh3zEGRh6Q3uArl8.jpeg', '2019-10-14 16:47:25', '2019-10-14 16:47:25'),
(91, 8, 'NZUEEXTGovhI0wvWq0o0NsmufoHpoxYQEhXvvG0I.jpeg', '2019-10-14 16:47:32', '2019-10-14 16:47:32'),
(92, 8, 'FvlN7mE9dXIQyxLqWWmyA0MXs4CD1BvkpeOQ6LLn.jpeg', '2019-10-14 16:47:42', '2019-10-14 16:47:42'),
(93, 8, 'Nf5i6jNpyPrWZAJkgKZMVv8Bab5K7WbMMoId5WD2.jpeg', '2019-10-14 16:47:48', '2019-10-14 16:47:48'),
(94, 8, 'DB6SVPPK0TQNqbh93hIr8R7eTImeSqxdqyE3Oxtj.jpeg', '2019-10-14 16:48:01', '2019-10-14 16:48:01'),
(95, 8, '6EaV436g4PLOloG0kE9AmDi5NTuuyj1qC3uIXv8Q.jpeg', '2019-10-14 16:48:08', '2019-10-14 16:48:08'),
(96, 8, 'SJ4IWMLTG4IYlzkcWPPa80aDStUTIp1IV99dBwPF.jpeg', '2019-10-14 16:48:14', '2019-10-14 16:48:14'),
(97, 8, 'Op8nlajMY32PQSEVgYhIMIgdG9TsFFCGTiCQBnMr.jpeg', '2019-10-14 16:48:21', '2019-10-14 16:48:21'),
(98, 8, 's0jwAT9HNpLoNesqGEaSlnrELsjTYqU0ou02AqTv.jpeg', '2019-10-14 16:48:31', '2019-10-14 16:48:31'),
(99, 8, 'RIVe0GLbifniethXrxJ7aFwdwDhD37rPizigzCJC.jpeg', '2019-10-14 16:48:37', '2019-10-14 16:48:37'),
(100, 8, 'snTceBF9T59C0qDXQhk7OzheqKnKFcC5nGa5dUqQ.jpeg', '2019-10-14 16:48:44', '2019-10-14 16:48:44'),
(101, 8, '1FcwcwWBQQmJPj67391yk3RZoLVU0VtgS5ZiSoA3.jpeg', '2019-10-14 16:48:49', '2019-10-14 16:48:49'),
(102, 8, 'b8qwe87cTs1LUpmxi2QBKGfIsp2AOYQaDphxaiun.jpeg', '2019-10-14 16:48:55', '2019-10-14 16:48:55'),
(103, 8, '6KZwcs0BqhCm2fiKuCJH4zDIGASlzqPIZgdUxI1J.jpeg', '2019-10-14 16:49:04', '2019-10-14 16:49:04'),
(104, 8, 'UH0SlOVtopOdytujcp8npKwdE067Ic5rFNrzZn8B.jpeg', '2019-10-14 16:49:17', '2019-10-14 16:49:17'),
(105, 8, '3iEemdjr0VWnoLHixcB7GDuVzVnuWxWKpIWaWfYW.jpeg', '2019-10-14 16:49:26', '2019-10-14 16:49:26'),
(106, 8, 'u4UsINJaGA5jGrDgxcDaODWCygSfrQcgo57ha77v.jpeg', '2019-10-14 16:49:32', '2019-10-14 16:49:32'),
(107, 8, 'Rnv6dwGAFcb7kxnjMoKU8Mlwnm4QdT8YKVfvmVHi.jpeg', '2019-10-14 16:49:38', '2019-10-14 16:49:38'),
(108, 8, 'NRnfOmRjLSADOL8tHyQsyvVQPRbcWuYjnTZEi8W2.jpeg', '2019-10-14 16:49:48', '2019-10-14 16:49:48'),
(109, 8, 'AT62NRhQQl9nU8rgi00lhPl7Fn3x63m4WGq7zkW4.jpeg', '2019-10-14 16:50:26', '2019-10-14 16:50:26'),
(110, 8, 'rhgkPW4IoUSLe5w3w7If7JNlmQkofbkgRq6gDZjb.jpeg', '2019-10-14 16:50:36', '2019-10-14 16:50:36'),
(111, 8, 'TzLykKYEDTAiEKpwSDuflzsGItSc6X2XdNm1cqOV.jpeg', '2019-10-14 16:50:48', '2019-10-14 16:50:48'),
(112, 8, 'HdkcBClXk0y0bbsuFGxojWLiSm9oFAtuL70Msy7I.jpeg', '2019-10-14 16:50:58', '2019-10-14 16:50:58'),
(113, 8, 'ULZLjWm6JTGWfRgSuVafg68CIVLvTehMBakwWyTF.jpeg', '2019-10-14 16:51:03', '2019-10-14 16:51:03'),
(114, 8, 'sPeqGkpUKpfsDyT62Hnal5fxoJzw4IP1FjwdJonR.jpeg', '2019-10-14 16:51:09', '2019-10-14 16:51:09'),
(115, 8, 'qj4OacQ7fjU1QvT8THqHvdzFs2Tn8XTdVJzUrc4A.jpeg', '2019-10-14 16:51:14', '2019-10-14 16:51:14'),
(116, 8, 'NPw5XcKnttBixe3y9MZ6D3wysme6u7E2BlqUJmml.jpeg', '2019-10-14 16:51:24', '2019-10-14 16:51:24'),
(117, 8, 'nv7MSfS1FJ4JBkYVUEzbwSVvS30uP71ZQ2eaRnDl.jpeg', '2019-10-14 16:51:39', '2019-10-14 16:51:39'),
(118, 8, 'Q8jYowyU16k3mabyprvFqcQmy2tHKZyMCxylX3We.jpeg', '2019-10-14 16:51:44', '2019-10-14 16:51:44'),
(119, 8, 'tUrPL9o0PNO7DbQv9Z4183INP3HcWit2UIYlI8Sv.jpeg', '2019-10-14 16:51:51', '2019-10-14 16:51:51'),
(120, 8, 'd4iYOwKrY8UHoMwYiQjS8fndIIyhm1lZpzIXwnqP.jpeg', '2019-10-14 16:52:06', '2019-10-14 16:52:06'),
(121, 8, 'WrSoYQd3ortg61jJSShKFftuno1jtssT0O2cBg8y.jpeg', '2019-10-14 16:52:14', '2019-10-14 16:52:14'),
(122, 8, 'l3Kzqzx5pdMvtAqKj4EdcT7fFgpv0yhUNXwIqYsL.jpeg', '2019-10-14 16:52:22', '2019-10-14 16:52:22'),
(123, 8, 'y1NVN2QxKdZnJZDDfWtfSttBxGlZpC0ys0wgCLwi.jpeg', '2019-10-14 16:52:30', '2019-10-14 16:52:30'),
(124, 8, 'hr29hBHM4jD0SDOevExcDLAZtrumCRS8rpTrF6Mm.jpeg', '2019-10-14 16:52:39', '2019-10-14 16:52:39'),
(125, 8, 'xUJIOjpoX5u4rhsJyt3Bunjo4c0RNvtKHYf5pvmA.jpeg', '2019-10-14 16:52:46', '2019-10-14 16:52:46');

-- --------------------------------------------------------

--
-- Table structure for table `gallery_translations`
--

CREATE TABLE `gallery_translations` (
  `id` bigint(20) UNSIGNED NOT NULL,
  `name` varchar(191) COLLATE utf8mb4_unicode_ci NOT NULL,
  `gallery_id` int(10) UNSIGNED NOT NULL,
  `locale` varchar(191) COLLATE utf8mb4_unicode_ci NOT NULL,
  `created_at` timestamp NULL DEFAULT CURRENT_TIMESTAMP,
  `updated_at` timestamp NULL DEFAULT CURRENT_TIMESTAMP ON UPDATE CURRENT_TIMESTAMP
) ENGINE=InnoDB DEFAULT CHARSET=utf8mb4 COLLATE=utf8mb4_unicode_ci;

--
-- Dumping data for table `gallery_translations`
--

INSERT INTO `gallery_translations` (`id`, `name`, `gallery_id`, `locale`, `created_at`, `updated_at`) VALUES
(1, '2019 Annual Meeting - Berlin, Germany (General Assembly)', 7, 'en', '2020-04-16 20:06:20', '2020-04-16 20:06:20'),
(2, '2019 Annual Meeting - Berlin, Germany (General Assembly)', 7, 'fr', '2020-04-16 20:06:20', '2020-04-16 20:06:20'),
(3, '2019 Annual Meeting - Berlin, Germany (General Assembly)', 7, 'es', '2020-04-16 20:06:20', '2020-04-16 20:06:20'),
(4, '2019 Annual Meeting - Berlin, Germany (General Assembly)', 7, 'gr', '2020-04-16 20:06:20', '2020-04-16 20:06:20'),
(5, '2019 Annual Meeting - Berlin, Germany (General Assembly)', 7, 'ch', '2020-04-16 20:06:20', '2020-04-16 20:06:20'),
(11, '2019 Annual Meeting - Berlin, Germany (Welcome Reception)', 8, 'en', '2020-04-16 20:06:20', '2020-04-16 20:06:20'),
(12, '2019 Annual Meeting - Berlin, Germany (Welcome Reception)', 8, 'fr', '2020-04-16 20:06:20', '2020-04-16 20:06:20'),
(13, '2019 Annual Meeting - Berlin, Germany (Welcome Reception)', 8, 'es', '2020-04-16 20:06:20', '2020-04-16 18:14:17'),
(14, '2019 Annual Meeting - Berlin, Germany (Welcome Reception)', 8, 'gr', '2020-04-16 20:06:20', '2020-04-16 20:06:20'),
(15, '2019 Annual Meeting - Berlin, Germany (Welcome Reception)', 8, 'ch', '2020-04-16 20:06:20', '2020-04-16 20:06:20');

-- --------------------------------------------------------

--
-- Table structure for table `guides`
--

CREATE TABLE `guides` (
  `id` bigint(20) UNSIGNED NOT NULL,
  `created_at` timestamp NULL DEFAULT NULL,
  `updated_at` timestamp NULL DEFAULT NULL
) ENGINE=InnoDB DEFAULT CHARSET=utf8mb4 COLLATE=utf8mb4_unicode_ci;

--
-- Dumping data for table `guides`
--

INSERT INTO `guides` (`id`, `created_at`, `updated_at`) VALUES
(1, NULL, NULL);

-- --------------------------------------------------------

--
-- Table structure for table `guide_translations`
--

CREATE TABLE `guide_translations` (
  `id` bigint(20) UNSIGNED NOT NULL,
  `description` text COLLATE utf8mb4_unicode_ci NOT NULL,
  `guide_id` bigint(20) UNSIGNED NOT NULL,
  `locale` varchar(191) COLLATE utf8mb4_unicode_ci NOT NULL,
  `created_at` timestamp NULL DEFAULT NULL,
  `updated_at` timestamp NULL DEFAULT NULL
) ENGINE=InnoDB DEFAULT CHARSET=utf8mb4 COLLATE=utf8mb4_unicode_ci;

--
-- Dumping data for table `guide_translations`
--

INSERT INTO `guide_translations` (`id`, `description`, `guide_id`, `locale`, `created_at`, `updated_at`) VALUES
(1, '<div class=\"article-header\">\r\n<div class=\"module-title\">\r\n<div class=\"module-title2\">\r\n<div class=\"module-title3\">\r\n<h1 class=\"title\">HOW&nbsp;TO USE THIS GUIDE</h1>\r\n</div>\r\n</div>\r\n</div>\r\n<div class=\"clear\">&nbsp;</div>\r\n</div>\r\n<p>This online manual is intended to serve as a guide for sausage makers, deli managers and students of sausage making.</p>\r\n<ol>\r\n<li>The various types of Natural Casings are identified</li>\r\n<li>Their range of calibration is classified</li>\r\n<li>Approximate stuffing capacities are given</li>\r\n<li>Ideal uses are recommended</li>\r\n</ol>\r\n<p align=\"left\">This information is provided in the charts at the beginning of the \"Natural Casing Products\" section. Using these charts, you can learn which casing to buy for a particular sausage, what the optimum quality should be for the job, and very importantly, how much you should buy.</p>\r\n<p align=\"left\">In \"Handling Casings\" you\'ll find information on buying casings and how to make the most of them through proper storage, handling and processing.</p>\r\n<p align=\"left\">The section called \"Drying &amp; Moisturizing\" is a brief synopsis about the smoking process. This subject is far too technical to be treaded in-depth in the short space provided here, but the overview will at least enable you to recognize some potential concerns and, hopefully, encourage you to further study. Finally, \"Making Sausage\" provides you with an introductory, step-by-step guide to beginning actual \"wurstmaking.\"</p>\r\n<p align=\"left\">This online manual is designed to serve as a general reference for selecting, buying, handling and understanding Natural Casings. Many good recipes are available from a variety of excellent sources, among whom are sausage makers, trade publications, industry associations, cookbooks, etc. In fact, INSCA provides many excelent recipes within this site. We hope you find this information beneficial.</p>', 1, 'en', NULL, '2020-06-15 19:29:57'),
(2, '<div class=\"article-header\">\r\n<div class=\"module-title\">\r\n<div class=\"module-title2\">\r\n<div class=\"module-title3\">\r\n<p><span style=\"font-size: 24pt;\">COMMENT UTILISER CE GUIDE</span></p>\r\n</div>\r\n</div>\r\n</div>\r\n<div class=\"clear\">\r\n<p>Ce manuel en ligne est destin&eacute; &agrave; servir de guide aux fabricants de saucisses, aux gestionnaires de charcuterie et aux &eacute;tudiants en fabrication de saucisses.</p>\r\n<ol>\r\n<li>Les diff&eacute;rents types de boyaux naturels sont identifi&eacute;s</li>\r\n<li>Les diff&eacute;rents calibres et qualit&eacute;s</li>\r\n<li>Les capacit&eacute;s approximatives de remplissage sont donn&eacute;es</li>\r\n<li>Les utilisations id&eacute;ales sont recommand&eacute;es</li>\r\n</ol>\r\n<p>&nbsp;Ces informations sont fournies dans les tableaux au d&eacute;but de la section &laquo; Produits Boyaux Naturels &raquo;. &Agrave; l\'aide de ces tableaux, vous pouvez savoir quel boyau acheter pour une saucisse ou une autre, quelle devrait &ecirc;tre la qualit&eacute; optimale pour le travail et, surtout, quelle quantit&eacute; vous devriez acheter.</p>\r\n<p>&nbsp;Dans &laquo;&nbsp;Manipuler&nbsp;les boyaux&nbsp;&raquo; vous trouverez les informations sur l\'achat de boyaux et comment en tirer le meilleur parti gr&acirc;ce &agrave; un stockage, une manipulation et un traitement appropri&eacute;s. La section intitul&eacute;e &laquo; S&eacute;chage et hydratation &raquo; est un bref r&eacute;sum&eacute; du processus de fumage. Ce sujet est beaucoup trop technique pour &ecirc;tre trait&eacute; en profondeur dans le court espace fourni ici, mais l\'aper&ccedil;u vous permettra au moins de reconna&icirc;tre certaines pr&eacute;occupations potentielles et, esp&eacute;rons-le, vous encouragera &agrave; poursuivre vos &eacute;tudes. Enfin, &laquo; Faire des saucisses &raquo; vous fournit un guide d\'introduction, &eacute;tape par &eacute;tape, pour commencer une v&eacute;ritable &laquo; fabrication de saucisses &raquo;. Ce manuel en ligne est con&ccedil;u pour servir de r&eacute;f&eacute;rence g&eacute;n&eacute;rale pour la s&eacute;lection, l\'achat, la manipulation et la compr&eacute;hension des boyaux naturels. De nombreuses bonnes recettes sont disponibles &agrave; partir d\'une vari&eacute;t&eacute; d\'excellentes sources, parmi lesquelles les fabricants de saucisses, les publications commerciales, les associations industrielles, les livres de cuisine, etc. En fait, INSCA propose de nombreuses excellentes recettes sur ce site. Nous esp&eacute;rons que ces informations vous seront utiles.</p>\r\n</div>\r\n</div>', 1, 'fr', NULL, '2020-07-21 14:45:29'),
(3, '<div class=\"article-header\">\r\n<div class=\"module-title\">\r\n<div class=\"module-title2\">\r\n<div class=\"module-title3\">\r\n<p><span style=\"font-size: 24pt;\">C&Oacute;MO USAR ESTA GU&Iacute;A</span></p>\r\n</div>\r\n</div>\r\n</div>\r\n<div class=\"clear\">&nbsp;Este manual en l&iacute;nea est&aacute; destinado a servir de gu&iacute;a para los fabricantes de salchichas, los encargados de la charcuter&iacute;a y los estudiantes de fabricaci&oacute;n de salchichas.</div>\r\n</div>\r\n<ol>\r\n<li>Se identifican los diversos tipos de tripas naturales</li>\r\n<li>Su rango de calibraci&oacute;n se clasifica</li>\r\n<li>Se dan las capacidades aproximadas de relleno</li>\r\n<li>Se recomiendan los usos ideales</li>\r\n</ol>\r\n<p>Esta informaci&oacute;n figura en los cuadros al principio de la secci&oacute;n \"Productos de tripa natural\". Usando estas tablas, usted puede aprender que tripa comprar para una salchicha en particular, cual es la calidad &oacute;ptima para el trabajo, y muy importante, cuanto debe comprar.</p>\r\n<p>En \"Manipulaci&oacute;n de tripas\" encontrar&aacute; informaci&oacute;n sobre la compra de tripas y c&oacute;mo sacarle el m&aacute;ximo provecho a las mismas mediante un almacenamiento, manipulaci&oacute;n y procesamiento adecuados.</p>\r\n<p>La secci&oacute;n llamada \"Secado e hidrataci&oacute;n\" es una breve sinopsis sobre el proceso de ahumado. Este tema es demasiado t&eacute;cnico para tratarlo a fondo en el breve espacio que se ofrece aqu&iacute;, pero la sinopsis le permitir&aacute; al menos reconocer algunas preocupaciones potenciales y, con suerte, le animar&aacute; a seguir estudiando. Finalmente, \"Haciendo Salchichas\" le proporciona una gu&iacute;a introductoria, paso a paso, para comenzar a \"hacer salchichas\".</p>\r\n<p>Este manual en l&iacute;nea est&aacute; dise&ntilde;ado para servir como una referencia general para seleccionar, comprar, manejar y entender las Tripas Naturales. Muchas buenas recetas est&aacute;n disponibles en una variedad de excelentes fuentes, entre las que se encuentran fabricantes de salchichas, publicaciones comerciales, asociaciones industriales, libros de cocina, etc. De hecho, INSCA proporciona muchas recetas excelentes en este sitio. Esperamos que esta informaci&oacute;n le resulte beneficiosa.</p>', 1, 'es', NULL, '2020-07-21 14:46:22'),
(4, '<div class=\"article-header\">\r\n<div class=\"module-title\">\r\n<div class=\"module-title2\">\r\n<div class=\"module-title3\">\r\n<h1 class=\"title\"><span style=\"font-size: 24pt;\">WIE MAN DIESEN LEITFADEN ANWENDET</span></h1>\r\n<h1 class=\"title\"><span style=\"font-size: 14px;\">Diese Online-Anleitung hat die Absicht als Leitfaden f&uuml;r Wursthersteller, Hersteller von Feinkost und Sch&uuml;lern der Wurstproduktion zu dienen.</span></h1>\r\n</div>\r\n</div>\r\n</div>\r\n</div>\r\n<ol>\r\n<li>Die verschiedene Arten von Naturd&auml;rmen wurden ermittelt</li>\r\n<li>Ihr Spektrum der Kalibrierung wurde bestimmt</li>\r\n<li>Ungef&auml;hren F&uuml;llmengen sind vorhanden</li>\r\n<li>Optimale Verwendungen wurde vorgeschlagen</li>\r\n</ol>\r\n<p>Diese Informationen werden bei den Schaubildern am Anfang der Rubrik &bdquo;Naturdarmprodukte&ldquo; zur Verf&uuml;gung gestellt.</p>\r\n<p>Anhand der Schaubilder lernen Sie welcher Naturdarm f&uuml;r welche Wurstprodukt gekauft werden muss, was die optimale Qualit&auml;t f&uuml;r daf&uuml;r ist und am Wichtigsten, welche Menge Sie kaufen sollten.</p>\r\n<p>&nbsp;</p>\r\n<p>Unter &ldquo;Verwendung von Naturd&auml;rmen&rdquo; finden Sie Informationen wie Sie D&auml;rme kaufen und wie Sie das Beste aus optimaler Lagerhaltung, Verwendung und Verarbeitung herausholen.</p>\r\n<p>In der Rubrik &ldquo;Trocknen &amp; Befeuchten&rdquo; ist eine kurze Zusammenfassung des R&auml;ucherprozesses. Dieses Thema ist allerdings viel zu technisch und w&uuml;rde hier den Rahmen sprengen, der &Uuml;berblick erm&ouml;glicht es aber wenigstens potentiell wichtige Punkte zu vermitteln und ermutigt sie, hoffentlich, weiter zu lernen.</p>\r\n<p>Schlie&szlig;lich liefert Ihnen &bdquo;Wurst herstellen&ldquo; eine einf&uuml;hrende, Schritt-f&uuml;r-Schritt-Anleitung um mit dem &bdquo;Wursteln&ldquo; zu beginnen. Diese Online-Anleitung wurde entwickelt um generelle Hinweise zu den Themen Sortierung, Kauf, Verarbeitung und Verst&auml;ndnis von Naturd&auml;rmen zu geben.<br /> Es sind viele gute Rezepte aus einer Vielzahl von hervorragenden Quellen vorhanden, u.a. von Wurstherstellern, Fachmagazinen, Industrieverb&auml;nden, Kochb&uuml;chern, etc.</p>\r\n<p>Tats&auml;chlich stellt INSCA viele exzellente Rezepte auf dieser Seite zur Verf&uuml;gung. Wir hoffen Sie finden diese Informationen hilfreich.</p>\r\n<p><strong>&nbsp;</strong></p>\r\n<p>&nbsp;</p>', 1, 'gr', NULL, '2020-07-21 14:49:33'),
(5, '<div class=\"article-header\">\r\n<div class=\"module-title\">\r\n<div class=\"module-title2\">\r\n<div class=\"module-title3\">\r\n<p><span style=\"font-size: 24pt;\"><a href=\"http://insca.org/index.php/en/natural-casings/guide-to-natural-casings\">如何使用本指南</a></span></p>\r\n</div>\r\n</div>\r\n</div>\r\n<div class=\"clear\">&nbsp;</div>\r\n</div>\r\n<p>本在线手册旨在为香肠生产商、熟食店经理和香肠制作新手提供指导。</p>\r\n<ol>\r\n<li>区分各种类型的天然肠衣</li>\r\n<li>天然肠衣口径范围分类</li>\r\n<li>大概的填充量</li>\r\n<li>最佳用法推荐</li>\r\n</ol>\r\n<p>这些信息在&ldquo;天然肠衣产品&rdquo;部分开头的图表中提供。通过这些图表，你可以了解到某一种香肠应该买哪种肠衣，灌制这种香肠的最佳肠衣等级，最重要的是，你应该买多少。</p>', 1, 'ch', NULL, '2020-07-21 14:49:14');

-- --------------------------------------------------------

--
-- Table structure for table `how_to_joins`
--

CREATE TABLE `how_to_joins` (
  `id` int(10) UNSIGNED NOT NULL,
  `description` text COLLATE utf8mb4_unicode_ci NOT NULL,
  `created_at` timestamp NULL DEFAULT NULL,
  `updated_at` timestamp NULL DEFAULT NULL ON UPDATE CURRENT_TIMESTAMP
) ENGINE=InnoDB DEFAULT CHARSET=utf8mb4 COLLATE=utf8mb4_unicode_ci;

--
-- Dumping data for table `how_to_joins`
--

INSERT INTO `how_to_joins` (`id`, `description`, `created_at`, `updated_at`) VALUES
(1, '<div class=\"row\">\r\n<div class=\"inner\">\r\n<h3 class=\"head-title\">Regular Members</h3>\r\n<p>are business firms or entities which are producers, brokers, distributors, exporters, importers, and suppliers of natural sausage casings throughout the world. Annual membership fees are $2,000.</p>\r\n<h3 class=\"head-title\">Associate Members</h3>\r\n<p>are trade associations, chambers of commerce, or business firms supplying materials or services to the industry, or producing products derived from by-products of natural casing production. Annual membership fees are $1,000.</p>\r\n<h3 class=\"head-title\">Association Members</h3>\r\n<p>are natural casing associations located anywhere in the world. Annual Membership fees are $1,000.</p>\r\n<h3 class=\"head-title\">Affiliate Members</h3>\r\n<p>are business entities of which a majority ownership lies with a current INSCA Regular Member firm (hereafter referred to as the \"Parent Company\"). Affiliate Members are producers, brokers, distributors, exporters, importers, and suppliers of natural sausage casings throughout the world, who have qualified in accordance with the requirements of INSCA. Annual Membership fees are $1,000.</p>\r\n<p>Fill application and send it to us at <a href=\"mailto:insca@insca.org\">insca@insca.org</a> &ndash; <a href=\"mailto:office@insca.org\">office@insca.org</a></p>\r\n<a class=\"custom-btn\" href=\"storage/uploads/INSCA-Members-Application-2020.pdf\" target=\"_blank\" rel=\"noopener\" download=\"\"> Download Application PDF </a></div>\r\n</div>', '2019-09-30 21:12:04', '2020-03-22 21:06:53');

-- --------------------------------------------------------

--
-- Table structure for table `how_to_join_translations`
--

CREATE TABLE `how_to_join_translations` (
  `id` bigint(20) UNSIGNED NOT NULL,
  `description` text COLLATE utf8mb4_unicode_ci NOT NULL,
  `how_to_join_id` int(10) UNSIGNED NOT NULL,
  `locale` varchar(191) COLLATE utf8mb4_unicode_ci NOT NULL,
  `created_at` timestamp NULL DEFAULT CURRENT_TIMESTAMP,
  `updated_at` timestamp NULL DEFAULT CURRENT_TIMESTAMP ON UPDATE CURRENT_TIMESTAMP
) ENGINE=InnoDB DEFAULT CHARSET=utf8mb4 COLLATE=utf8mb4_unicode_ci;

--
-- Dumping data for table `how_to_join_translations`
--

INSERT INTO `how_to_join_translations` (`id`, `description`, `how_to_join_id`, `locale`, `created_at`, `updated_at`) VALUES
(1, '<div class=\"row\">\r\n<div class=\"inner\">\r\n<h3 class=\"head-title\">Regular Members</h3>\r\n<p>are business firms or entities which are producers, brokers, distributors, exporters, importers, and suppliers of natural sausage casings throughout the world. Annual membership fees are $2,000.</p>\r\n<h3 class=\"head-title\">Associate Members</h3>\r\n<p>are trade associations, chambers of commerce, or business firms supplying materials or services to the industry, or producing products derived from by-products of natural casing production. Annual membership fees are $1,000.</p>\r\n<h3 class=\"head-title\">Association Members</h3>\r\n<p>are natural casing associations located anywhere in the world. Annual Membership fees are $1,000.</p>\r\n<h3 class=\"head-title\">Affiliate Members</h3>\r\n<p>are business entities of which a majority ownership lies with a current INSCA Regular Member firm (hereafter referred to as the \"Parent Company\"). Affiliate Members are producers, brokers, distributors, exporters, importers, and suppliers of natural sausage casings throughout the world, who have qualified in accordance with the requirements of INSCA. Annual Membership fees are $1,000.</p>\r\n</div>\r\n</div>', 1, 'en', '2020-04-16 18:11:18', '2020-04-27 19:46:20'),
(2, '<div class=\"row\">\r\n<p><strong>MEMBRES R&Eacute;GULIERS</strong></p>\r\n<p>Sont des entreprises commerciales ou des entit&eacute;s qui sont des producteurs, des courtiers, des distributeurs, des exportateurs, des importateurs et des fournisseurs de boyaux naturels pour la salaison dans le monde entier. Les frais d\'adh&eacute;sion annuels sont de 2 000 $.</p>\r\n<p>&nbsp;</p>\r\n<p><strong>MEMBRES ASSOCI&Eacute;S</strong></p>\r\n<p>Sont des associations professionnelles, des chambres de commerce ou des entreprises fournissant des mat&eacute;riaux ou des services &agrave; l\'industrie ou produisant des produits d&eacute;riv&eacute;s de sous-produits de la production de boyaux naturels. Les frais d\'adh&eacute;sion annuels sont de 1 000 $.</p>\r\n<p>&nbsp;</p>\r\n<p><strong>MEMBRES DE L\'ASSOCIATION</strong></p>\r\n<p>Sont des associations de boyaux naturels situ&eacute;es partout dans le monde. Les frais d\'adh&eacute;sion annuels sont de 1 000 $.</p>\r\n<p>&nbsp;</p>\r\n<p><strong>MEMBRES AFFILI&Eacute;S</strong></p>\r\n<p>Sont des entit&eacute;s commerciales dont la majorit&eacute; appartient &agrave; une soci&eacute;t&eacute; membre r&eacute;guli&egrave;re de l\'INSCA (ci-apr&egrave;s d&eacute;nomm&eacute;e la &laquo; soci&eacute;t&eacute; m&egrave;re &raquo;). Les membres affili&eacute;s sont des producteurs, des courtiers, des distributeurs, des exportateurs, des importateurs et des fournisseurs de boyaux naturels &agrave; travers le monde, qui se sont qualifi&eacute;s conform&eacute;ment aux exigences de l\'INSCA. Les frais d\'adh&eacute;sion annuels sont de 1 000 $.</p>\r\n</div>', 1, 'fr', '2020-04-16 18:11:18', '2020-07-30 16:33:07'),
(3, '<div class=\"row\">\r\n<p><strong>ORDENTLICHE MITGLIEDer</strong></p>\r\n<p>sind gesch&auml;ftliche Firmen oder juristische Personen welche Produzenten, Agenten, H&auml;ndler, Exporteure, Importeure und Lieferanten von Naturd&auml;rmen weltweit. Die j&auml;hrlichen Mitgliedsbeitr&auml;ge betragen 2.000$ (USD).</p>\r\n<p><strong>AU&szlig;ERORDENTLICHE MITGLIEDER</strong></p>\r\n<p>sind Handelsverb&auml;nde, Handelskammern oder Firmen, welche Material oder Dienstleistungen an die Branche liefern oder Firmen, welche Nebenprodukte aus der Naturdarmproduktion verarbeiten. Die j&auml;hrlichen Mitgliedsbeitr&auml;ge betragen 1.000$ (USD).</p>\r\n<p><br /> <strong>VERBANDSMITGLIEDER</strong></p>\r\n<p>sind Naturdarmverb&auml;nde welche sich &uuml;berall weltweit befinden. Die j&auml;hrlichen Mitgliedsbeitr&auml;ge betragen 1.000$ (USD).</p>\r\n<p>&nbsp;</p>\r\n<p><strong>VERBUNDMITGLIEDER</strong></p>\r\n<p>sind wirtschaftliche Einheiten, an welchen ein regul&auml;res INSCA-Mitglied die Mehrheitsbeteiligung h&auml;lt (im Folgenden als &ldquo;Mutterfirma&rdquo; bezeichnet). Verbundmitglieder sind Produzenten, Agenten, H&auml;ndler, Exporteuer, Importeure und Lieferanten von naturd&auml;rmen weltweit, welche nach den Voraussetzungen der INSCA qualifiziert sind. Die j&auml;hrlichen Mitgliedsbeitr&auml;ge betragen 1.000$ (USD).</p>\r\n</div>', 1, 'gr', '2020-04-16 18:11:18', '2020-07-30 16:34:54'),
(4, '<div class=\"row\">\r\n<p><strong>MIEMBROS REGULARES</strong></p>\r\n<p>son empresas o entidades comerciales que son productoras, intermediarias, distribuidoras, exportadoras, importadoras y proveedoras de tripas naturales para embutidos en todo el mundo. Las cuotas anuales de los miembros son de 2.000 d&oacute;lares.</p>\r\n<p><strong>MIEMBROS ASOCIADOS</strong></p>\r\n<p>son las asociaciones comerciales, las c&aacute;maras de comercio o las empresas comerciales que suministran materiales o servicios a la industria, o que producen productos derivados de los subproductos de la producci&oacute;n de tripas naturales. Las cuotas anuales de los miembros son de 1.000 d&oacute;lares. son asociaciones de tripas naturales ubicadas en cualquier parte del mundo. Las cuotas anuales de los miembros son de 1.000 d&oacute;lares.</p>\r\n<p><strong>MIEMBROS AFILIADOS</strong></p>\r\n<p>son entidades comerciales cuya propiedad mayoritaria recae en una firma actual de Miembros Regulares de la INSCA (en lo sucesivo, la \"Sociedad Matriz\"). Los Miembros Afiliados son productores, corredores, distribuidores, exportadores, importadores y proveedores de tripas naturales para salchichas en todo el mundo, que han calificado de acuerdo con los requisitos de la INSCA. Las cuotas anuales de los miembros son de 1.000 d&oacute;lares.</p>\r\n</div>', 1, 'es', '2020-04-16 18:11:18', '2020-07-30 16:34:02'),
(5, '<div class=\"row\">\r\n<p><strong>正式会员</strong></p>\r\n<p>为全世界的天然肠衣生产商、经销商、分销商、出口商、进口商和供应商商业公司或实体企业。每年的会费是2,000美元。</p>\r\n<p>&nbsp;</p>\r\n<p><strong>合作会员</strong></p>\r\n<p>为贸易协会、商会、或为肠衣行业提供材料或服务或使用天然肠衣生产中的副产品生产产品的商业公司。每年的会费是1,000美元。</p>\r\n<p><strong>&nbsp;</strong></p>\r\n<p><strong>协会会员</strong></p>\r\n<p>为位于全世界任何地方的天然肠衣协会。每年的会费是1,000美元。</p>\r\n<p><strong>&nbsp;</strong></p>\r\n<p><strong>附属会员</strong></p>\r\n<p>为由当前INSCA正式会员公司(以下简称&ldquo;母公司&rdquo;)占有大部分所有权的商业实体。附属会员是世界各地符合INSCA要求的天然肠衣生产商、经销商、分销商、出口商、进口商和供应商。每年的会费是1,000美元。</p>\r\n</div>', 1, 'ch', '2020-04-16 18:11:18', '2020-07-30 16:35:37');

-- --------------------------------------------------------

--
-- Table structure for table `industries`
--

CREATE TABLE `industries` (
  `id` bigint(20) UNSIGNED NOT NULL,
  `created_at` timestamp NULL DEFAULT NULL,
  `updated_at` timestamp NULL DEFAULT NULL
) ENGINE=InnoDB DEFAULT CHARSET=utf8mb4 COLLATE=utf8mb4_unicode_ci;

--
-- Dumping data for table `industries`
--

INSERT INTO `industries` (`id`, `created_at`, `updated_at`) VALUES
(1, NULL, NULL);

-- --------------------------------------------------------

--
-- Table structure for table `industry_translations`
--

CREATE TABLE `industry_translations` (
  `id` bigint(20) UNSIGNED NOT NULL,
  `description` text COLLATE utf8mb4_unicode_ci NOT NULL,
  `industry_id` bigint(20) UNSIGNED NOT NULL,
  `locale` varchar(191) COLLATE utf8mb4_unicode_ci NOT NULL,
  `created_at` timestamp NULL DEFAULT NULL,
  `updated_at` timestamp NULL DEFAULT NULL
) ENGINE=InnoDB DEFAULT CHARSET=utf8mb4 COLLATE=utf8mb4_unicode_ci;

--
-- Dumping data for table `industry_translations`
--

INSERT INTO `industry_translations` (`id`, `description`, `industry_id`, `locale`, `created_at`, `updated_at`) VALUES
(1, '<p>&nbsp;</p>\r\n<p>&nbsp;</p>\r\n<p><span style=\"font-size: 12pt;\">Illustrations origin; ENSCA</span></p>\r\n<p><a href=\"https://documentcloud.adobe.com/link/track?uri=urn:aaid:scds:US:06a53d82-318f-4b41-9877-5f3acd16ddbf\">COMMUNITY GUIDE to GOOD PRACTICE </a></p>', 1, 'en', NULL, '2020-08-30 03:12:47'),
(2, '<p>Origine des illustrations ; ENSCA</p>\r\n<p>&nbsp;</p>\r\n<table>\r\n<tbody>\r\n<tr>\r\n<td width=\"359\">\r\n<p><u>GUIDE COMMUNAUTAIRE DE BONNES PRATIQUES</u></p>\r\n</td>\r\n</tr>\r\n</tbody>\r\n</table>\r\n<p>&nbsp;</p>', 1, 'fr', NULL, '2020-07-21 14:55:36'),
(3, '<p>Origen de las ilustraciones; ENSCA</p>\r\n<p>GU&Iacute;A COMUNITARIA DE BUENAS PR&Aacute;CTICAS</p>', 1, 'es', NULL, '2020-07-21 14:56:24'),
(4, '<p>Illustrations origin; ENSCA</p>\r\n<p><a href=\"https://drive.google.com/file/d/15ye3z9VZ6cl9NCsvv7wxfvPnouRWULmH/view?usp=drivesdk\">COMMUNITY GUIDE to GOOD PRACTICE </a></p>\r\n<p><strong>&nbsp;</strong></p>', 1, 'gr', NULL, '2020-07-21 14:56:24'),
(5, '<p style=\"margin: 0in; margin-bottom: .0001pt;\"><span style=\"font-size: 11.0pt; font-family: \'Arial Nova Light\',sans-serif;\">Illustrations origin; ENSCA</span></p>\r\n<p style=\"margin: 0in; margin-bottom: .0001pt;\">&nbsp;</p>\r\n<p style=\"margin: 0in; margin-bottom: .0001pt;\"><a href=\"https://drive.google.com/file/d/15ye3z9VZ6cl9NCsvv7wxfvPnouRWULmH/view?usp=drivesdk\"><span style=\"font-size: 11.0pt; font-family: \'Arial Nova Light\',sans-serif; letter-spacing: .75pt; background: #060509;\">COMMUNITY GUIDE to GOOD PRACTICE</span></a><a rel=\"nofollow\">&nbsp;</a></p>', 1, 'ch', NULL, '2020-08-30 03:12:47');

-- --------------------------------------------------------

--
-- Table structure for table `insca_events`
--

CREATE TABLE `insca_events` (
  `id` int(10) UNSIGNED NOT NULL,
  `created_at` timestamp NULL DEFAULT NULL,
  `updated_at` timestamp NULL DEFAULT NULL ON UPDATE CURRENT_TIMESTAMP
) ENGINE=InnoDB DEFAULT CHARSET=utf8mb4 COLLATE=utf8mb4_unicode_ci;

--
-- Dumping data for table `insca_events`
--

INSERT INTO `insca_events` (`id`, `created_at`, `updated_at`) VALUES
(1, '2019-10-01 13:04:34', '2020-03-03 19:05:10');

-- --------------------------------------------------------

--
-- Table structure for table `insca_event_translations`
--

CREATE TABLE `insca_event_translations` (
  `id` bigint(20) UNSIGNED NOT NULL,
  `description` text COLLATE utf8mb4_unicode_ci NOT NULL,
  `insca_event_id` int(10) UNSIGNED NOT NULL,
  `locale` varchar(191) COLLATE utf8mb4_unicode_ci NOT NULL,
  `created_at` timestamp NULL DEFAULT CURRENT_TIMESTAMP,
  `updated_at` timestamp NULL DEFAULT CURRENT_TIMESTAMP ON UPDATE CURRENT_TIMESTAMP
) ENGINE=InnoDB DEFAULT CHARSET=utf8mb4 COLLATE=utf8mb4_unicode_ci;

--
-- Dumping data for table `insca_event_translations`
--

INSERT INTO `insca_event_translations` (`id`, `description`, `insca_event_id`, `locale`, `created_at`, `updated_at`) VALUES
(1, '<pre id=\"tw-target-text\" class=\"tw-data-text tw-text-large tw-ta\" dir=\"ltr\" data-placeholder=\"Translation\">&nbsp;</pre>\r\n<p style=\"font-weight: 400;\"><strong>The INSCA Annual Convention is held in the Spring of each year to provide a relaxed resort style venue where INSCA members and non-members alike may gather to network with their peers and to discuss and learn about the latest industry advances, trends and important product and business issues.&nbsp; The Convention serves as the ideal opportunity to interact and network with as many as 600 of your fellow industry colleagues in a variety of group settings, including receptions, the annual banquet, as well as recreational activities, including sporting events and tournaments. Throughout the Convention attendees have many opportunities to connect and strengthen relationships with current business customers and partners and to develop relationships with potential new business clients.&nbsp; &nbsp;The Annual Convention is also where INSCA&rsquo;s leadership, by way of the Board of Directors, holds one of its two yearly meetings to conduct formal INSCA business.&nbsp;&nbsp;</strong></p>\r\n<p style=\"font-weight: 400;\"><strong>&nbsp;</strong></p>\r\n<p style=\"font-weight: 400;\"><strong>In addition to the many great opportunities to network, Convention attendees may take advantage of a thoughtfully organized and comprehensive schedule of informative general sessions, seminars, workshops and presentations from leading experts in the industry as well as featured speakers on a wide variety of topics of general interest. No other international industry gathering provides so many opportunities to network with and learn from your peers as does the INSCA Annual Convention.&nbsp; That is what makes it the industry&rsquo;s must attend event each year.&nbsp; What better opportunity could there be to experience both great camaraderie and learn, all in an international resort setting which has been carefully selected to ensure a great experience.&nbsp;INSCA recognizes the importance of ensuring that its meetings and events, including the Convention, are carried on in conformity with applicable antitrust laws.&nbsp; To that end, INSCA&rsquo; Board adopted an antitrust policy and guidelines which are included in convention materials and made available to all attendees.&nbsp;</strong></p>\r\n<p style=\"font-weight: 400;\"><strong>&nbsp;</strong></p>\r\n<p style=\"font-weight: 400;\"><strong>As a reminder, INSCA expects all attendees to comply with its policy and while in attendance avoid any meeting or discussion that includes pricing, including raising, lowering or stabilizing or prices, regulating production, dividing up markets, or encouraging boycotts.&nbsp; It is important to avoid creating even the appearance of conduct that violates the antitrust laws.</strong></p>', 1, 'en', '2020-04-16 19:04:51', '2020-06-02 21:13:12'),
(2, '<pre class=\"tw-data-text tw-text-large tw-ta\" dir=\"ltr\" data-placeholder=\"Translation\"><span lang=\"fr\">&nbsp;</span></pre>\r\n<p>Le congr&egrave;s annuel de l\'INSCA a lieu au printemps de chaque ann&eacute;e pour fournir un lieu de style de vill&eacute;giature d&eacute;contract&eacute; o&ugrave; les membres et les non-membres de l\'INSCA peuvent se r&eacute;unir pour communiquer avec leurs pairs et pour discuter et en apprendre davantage sur les derni&egrave;res avanc&eacute;es de l\'industrie, les tendances et les produits et produits importants. Les questions d\'affaires. La Convention est l\'occasion id&eacute;ale d\'interagir et d&rsquo;&eacute;changer avec jusqu\'&agrave; 600 de vos coll&egrave;gues de l\'industrie dans divers environnements de groupe, y compris des r&eacute;ceptions, le banquet annuel, ainsi que des activit&eacute;s r&eacute;cr&eacute;atives, y compris des &eacute;v&eacute;nements sportifs et des tournois. Tout au long du congr&egrave;s, les participants ont de nombreuses occasions de se connecter et de renforcer les relations avec les clients et partenaires commerciaux actuels et de d&eacute;velopper des relations avec de nouveaux clients commerciaux potentiels. Le congr&egrave;s annuel est &eacute;galement le lieu o&ugrave; la direction de l&rsquo;INSCA, par le biais du conseil d&rsquo;administration, tient l&rsquo;une de ses deux r&eacute;unions annuelles pour mener les activit&eacute;s officielles de l&rsquo;INSCA.</p>\r\n<p>&nbsp;En plus des nombreuses opportunit&eacute;s d&rsquo;&eacute;changes, les participants au congr&egrave;s peuvent profiter d\'un calendrier soigneusement organis&eacute; et complet de sessions g&eacute;n&eacute;rales informatives, de s&eacute;minaires, d\'ateliers et de pr&eacute;sentations d\'experts de premier plan de l\'industrie ainsi que de conf&eacute;renciers invit&eacute;s sur une grande vari&eacute;t&eacute; de sujets d&rsquo;int&eacute;r&ecirc;t g&eacute;n&eacute;ral. Aucun autre rassemblement international de l\'industrie n\'offre autant d\'occasions d&rsquo;&eacute;changer et d\'apprendre de vos pairs que le congr&egrave;s annuel de l\'INSCA. C&rsquo;est ce qui fait que l&rsquo;industrie doit assister &agrave; un &eacute;v&eacute;nement chaque ann&eacute;e. Quelle meilleure occasion pourrait-il y avoir de vivre &agrave; la fois une grande camaraderie et d\'apprendre, le tout dans un cadre de vill&eacute;giature international qui a &eacute;t&eacute; soigneusement s&eacute;lectionn&eacute; pour garantir une exp&eacute;rience inoubliable. L\'INSCA reconna&icirc;t l\'importance de veiller &agrave; ce que ses r&eacute;unions et &eacute;v&eacute;nements, y compris la Convention, se d&eacute;roulent conform&eacute;ment aux lois antitrust applicables. &Agrave; cette fin, le conseil d\'administration de l\'INSCA a adopt&eacute; une politique et des directives antitrust qui sont incluses dans les documents de la convention et mises &agrave; la disposition de tous les participants.</p>\r\n<p>&nbsp;Pour rappel, l\'INSCA s\'attend &agrave; ce que tous les participants se conforment &agrave; sa politique et &eacute;vitent pendant toute leur pr&eacute;sence toute r&eacute;union ou discussion incluant des prix, y compris une augmentation, une baisse ou une stabilisation des prix, une r&eacute;glementation de la production, une division des march&eacute;s ou un encouragement au boycott. Il est important d\'&eacute;viter de cr&eacute;er m&ecirc;me une apparence de conduite qui viole les lois antitrust.</p>\r\n<p>&nbsp;</p>\r\n<pre id=\"tw-target-text\" class=\"tw-data-text tw-text-large tw-ta\" dir=\"ltr\" data-placeholder=\"Translation\"><span lang=\"fr\">&nbsp;</span></pre>', 1, 'fr', '2020-04-16 19:04:51', '2020-07-30 16:41:55'),
(3, '<pre class=\"tw-data-text tw-text-large tw-ta\" dir=\"ltr\" data-placeholder=\"Translation\"><span lang=\"es\">&nbsp;</span></pre>\r\n<p><strong>La Convenci&oacute;n Anual de la INSCA se celebra en la primavera de cada a&ntilde;o para proporcionar un lugar de reuni&oacute;n relajado al estilo de un centro tur&iacute;stico en el que tanto los miembros como los no miembros de la INSCA pueden reunirse para establecer contactos con sus pares y para debatir y aprender sobre los &uacute;ltimos avances de la industria, las tendencias y las cuestiones importantes de productos y negocios.&nbsp; La Convenci&oacute;n es la oportunidad ideal para interactuar y establecer contactos con hasta 600 de sus miembros de la industria en una variedad de entornos de grupo, incluidas recepciones, el banquete anual, as&iacute; como actividades recreativas, incluidos eventos deportivos y torneos. A lo largo de la Convenci&oacute;n los asistentes tienen muchas oportunidades de conectar y fortalecer las relaciones con los clientes y socios comerciales actuales y de desarrollar relaciones con posibles nuevos clientes comerciales.&nbsp;&nbsp; La Convenci&oacute;n Anual es tambi&eacute;n la&nbsp;</strong><strong>donde la direcci&oacute;n de la INSCA, a trav&eacute;s de la Junta Directiva, celebra una de sus dos reuniones anuales para llevar a cabo los asuntos formales de la INSCA.&nbsp; </strong></p>\r\n<p><strong>&nbsp;</strong><strong>Adem&aacute;s de las muchas y excelentes oportunidades de establecer contactos, los asistentes a la Convenci&oacute;n pueden aprovechar un programa completo y bien organizado de sesiones generales informativas, seminarios, talleres y presentaciones de los principales expertos de la industria, as&iacute; como de oradores destacados sobre una amplia variedad de temas de inter&eacute;s general. Ninguna otra reuni&oacute;n internacional de la industria ofrece tantas oportunidades para establecer contactos y aprender de sus pares como la Convenci&oacute;n Anual de la INSCA.&nbsp; Eso es lo que hace que la industria deba asistir al evento cada a&ntilde;o.&nbsp; Qu&eacute; mejor oportunidad podr&iacute;a haber para experimentar tanto un gran compa&ntilde;erismo como para aprender, todo ello en un entorno tur&iacute;stico internacional que ha sido cuidadosamente seleccionado para asegurar una gran experiencia. INSCA reconoce la importancia de asegurar que sus reuniones y eventos, incluida la Convenci&oacute;n, se lleven a cabo de conformidad con las leyes antimonopolio aplicables.&nbsp; Con ese fin, la Junta de INSCA adopt&oacute; una pol&iacute;tica y directrices antimonopolio que se incluyen en los materiales de la convenci&oacute;n y se ponen a disposici&oacute;n de todos los asistentes. </strong></p>\r\n<p><strong>&nbsp;</strong><strong>Como recordatorio, INSCA espera que todos los asistentes cumplan con su pol&iacute;tica y que mientras est&eacute;n presentes eviten cualquier reuni&oacute;n o debate que incluya la fijaci&oacute;n de precios, incluyendo el aumento, la reducci&oacute;n o la estabilizaci&oacute;n de los precios, la regulaci&oacute;n de la producci&oacute;n, la divisi&oacute;n de los mercados o el fomento de boicots.&nbsp; Es importante evitar crear incluso la apariencia de una conducta que viole las leyes antimonopolio.</strong></p>\r\n<pre id=\"tw-target-text\" class=\"tw-data-text tw-text-large tw-ta\" dir=\"ltr\" data-placeholder=\"Translation\"><span lang=\"es\">&nbsp;</span></pre>', 1, 'es', '2020-04-16 19:04:51', '2020-07-30 16:41:55'),
(4, '<p><strong>Die INSCA-Jahrestagung wird jedes Jahr im Fr&uuml;hling abgehalten und bietet eine entspannte Atmosph&auml;re mit Urlaubsfeeling wo sich INSCA-Mitglieder und nicht-Mitglieder gleicherma&szlig;en zusammenfinden k&ouml;nnen, um sich mit Kollegen zu vernetzen und um sich &uuml;ber die neusten Industriefortschritte, wichtige Produkte und Gesch&auml;ftsthemen auszutauschen.</strong></p>\r\n<p><strong>Die Tagung dient als ideale M&ouml;glichkeit um mit bis zu 600 Kollegen aus der Branche zu interagieren und sich zu vernetzen. Dabei stehen Ihnen eine Vielzahl von M&ouml;glichkeiten zur Gruppenbildung wie Rezeptionen, dem j&auml;hrlichen Bankett, sowie Freizeitaktivit&auml;ten einschlie&szlig;lich Sportveranstaltungen und &ndash;turnieren zur Verf&uuml;gung.</strong></p>\r\n<p><strong>W&auml;hrend der Tagung haben die Teilnehmer die M&ouml;glichkeit Verbindungen mit bestehenden Gesch&auml;ftskunden und -partnern zu kn&uuml;pfen und zu st&auml;rken und um Beziehungen zu neuen potentiellen Kunden aufzubauen. Auf der Jahrestagung trifft sich auch die F&uuml;hrungsriege der INSCA, also der Vorstand, zu einem der beiden j&auml;hrlichen Treffen um formale INSCA-Gesch&auml;fte zu betreiben.</strong><strong>Zus&auml;tzlich zu den gro&szlig;artigen M&ouml;glichkeiten sich zu vernetzen, k&ouml;nnen die Veranstaltungsteilnehmer </strong></p>\r\n<p><strong>ein durchdacht organisiertes und umfangreiches Rahmenprogramm, bestehend aus allgemeinen Vorlesungen, Seminaren, Workshops und Pr&auml;sentationen von f&uuml;hrenden Experten der Industrie, sowie gefragten Referenten aus einer Vielzahl von Themen des allgemeinen Interesses nutzen. Keine andere Industrieversammlung bietet so viele M&ouml;glichkeiten sich miteinander zu vernetzen und von seinen Kollegen zu lernen wie </strong><strong>es die INSCA-Jahrestagung macht.<br /> Das macht die Tagung jedes Jahr zum Pflichttermin. Welche bessere M&ouml;glichkeit k&ouml;nnte es geben als beides zu erleben, ein gro&szlig;es Gemeinschaftsgef&uuml;hl und ein Dazulernen und das alles in einer internationalen Urlaubsatmosph&auml;re, welche sorgf&auml;ltig ausgew&auml;hlt wurde um eine gro&szlig;artige Erfahrung sicherzustellen. INSCA erkennt die Wichtigkeit an sicherzustellen, dass Veranstaltungen, einschlie&szlig;lich der Tagung, in vollem Einklang mit dem anwendbaren Kartellrecht ausgef&uuml;hrt werden. Zu diesem Zweck verabschiedete der INSCA-Vorstand eine Kartellrechtspolitik und Richtlinien, welche den Tagungsunterlagen beiliegen und allen Teilnehmern zur Verf&uuml;gung gestellt werden.<br /> </strong></p>\r\n<p><strong>Zur Erinnerung: INSCA erwartet von allen Teilnehmern, dass seine Politik eingehalten wird und dass w&auml;hrend der Teilnahme alle Treffen oder Gespr&auml;che &uuml;ber Preisgestaltungen, inklusive Steigerungen, Senkungen oder Stabilisierungen oder Preise, Regulierung von Produktionen, Marktaufteilungen oder Aufrufe zu Boykotten vermieden werden m&uuml;ssen. Es ist wichtig zu vermeiden, dass auch nur der Anschein von Verhalten erweckt wird, welche auf Verletzungen des Kartellrechts hindeuten k&ouml;nnten.</strong></p>\r\n<pre id=\"tw-target-text\" class=\"tw-data-text tw-text-large tw-ta\" dir=\"ltr\" data-placeholder=\"Translation\"><span lang=\"de\">&nbsp;</span></pre>', 1, 'gr', '2020-04-16 19:04:51', '2020-07-30 16:41:55'),
(5, '<pre class=\"tw-data-text tw-text-large tw-ta\" dir=\"ltr\" data-placeholder=\"Translation\"><span lang=\"zh-TW\">&nbsp;</span></pre>\r\n<p><strong>INSCA</strong><strong>年度会议在每年春天举行，为</strong><strong>INSCA会</strong><strong>员和非会员提供一个轻松的度假风格场所，在这里，他们可以与同行交流，讨论和了解最新的行业进展、趋势以及重要的产品和贸易事宜。大会作为一个与多达</strong><strong>600位</strong><strong>同行进行联络和互动的理想机会，有包括接待宴会、年度宴会，以及包括体育竞赛和锦标赛等创新性活动的各种集体活动安排。在整个会议期间，与会者有许多机会与现有的贸易客户和合作伙伴建立和加强关系，</strong></p>\r\n<p><strong>并与潜在的新贸易客户发展关系。年会也是INSCA的领导&mdash;&mdash;董事会举行它的两个年度会议之一，以进行INSCA正式工作的地方。</strong></p>\r\n<p><strong>&nbsp;</strong><strong>除了很多的绝佳交流机会外，与会者还可以享受到精心组织和覆盖全面的会议安排，包括信息丰富的会员大会、研讨会、研习会和业界领先专家的演讲，以及特约嘉宾就大家感兴趣的主题进行的专题演讲。没有其他的国际行业聚会能像</strong><strong>INSCA</strong><strong>年会这样提供如此多的机会与您的同行进行交流和学习。这使得年度会议成为了每年必须参加的行业活动。还有什么比在一个经过精心挑选的国际度假胜地就能够让我们既能体验到深厚的友情又能得到相关信息的机会呢</strong><strong>? INSCA意识到了</strong><strong>确保包括大会在内的会议和活动需要按照适用的反垄断法进行的重要性。为此，</strong><strong>INSCA</strong><strong>理事会通过了一项反垄断政策和准则，并将其列入了向所有与会者提供的会议材料中。</strong></p>\r\n<p><strong>&nbsp;</strong><strong>作为提醒，</strong><strong>INSCA</strong><strong>希望所有与会者遵守其政策，并在出席时避免任何涉及定价的会议或讨论，包括提高、降低或稳定或价格、调节生产、划分市场或鼓励抵制。重要的是要避免制造甚至出现违反反垄断法的行为。</strong></p>\r\n<p><strong>&nbsp;</strong></p>\r\n<pre id=\"tw-target-text\" class=\"tw-data-text tw-text-large tw-ta\" dir=\"ltr\" data-placeholder=\"Translation\"><span lang=\"zh-TW\">&nbsp;</span></pre>', 1, 'ch', '2020-04-16 19:04:51', '2020-07-30 16:41:55');

-- --------------------------------------------------------

--
-- Table structure for table `invoices`
--

CREATE TABLE `invoices` (
  `id` int(11) NOT NULL,
  `company_id` int(11) NOT NULL,
  `type_id` int(11) DEFAULT NULL,
  `serial` varchar(250) DEFAULT NULL,
  `amount` int(11) DEFAULT NULL,
  `invoice_date` varchar(250) DEFAULT NULL,
  `due_date` varchar(250) DEFAULT NULL,
  `is_paid` tinyint(4) DEFAULT NULL,
  `payment_date` varchar(250) DEFAULT NULL,
  `is_revision` tinyint(4) DEFAULT NULL,
  `is_penalty` int(11) DEFAULT NULL,
  `penalty_amount` int(11) DEFAULT NULL,
  `description` text,
  `is_deleted` tinyint(4) DEFAULT NULL,
  `year_id` int(11) DEFAULT NULL,
  `payment_method_id` int(11) DEFAULT NULL,
  `payment_amount` int(11) DEFAULT NULL,
  `due_amount` int(11) DEFAULT NULL,
  `is_sent` tinyint(4) DEFAULT NULL,
  `updated_at` datetime DEFAULT NULL,
  `created_at` datetime DEFAULT NULL,
  `is_partial` tinyint(4) DEFAULT NULL,
  `is_partial2` tinyint(4) DEFAULT NULL,
  `payment_method_id2` int(11) DEFAULT NULL,
  `payment_amount2` int(11) DEFAULT NULL,
  `payment_date2` varchar(250) DEFAULT NULL,
  `is_convention` tinyint(4) DEFAULT NULL,
  `is_other` tinyint(4) DEFAULT NULL
) ENGINE=InnoDB DEFAULT CHARSET=utf8;

-- --------------------------------------------------------

--
-- Table structure for table `in_memory_ofs`
--

CREATE TABLE `in_memory_ofs` (
  `id` int(10) UNSIGNED NOT NULL,
  `created_at` timestamp NULL DEFAULT NULL,
  `updated_at` timestamp NULL DEFAULT NULL ON UPDATE CURRENT_TIMESTAMP
) ENGINE=InnoDB DEFAULT CHARSET=utf8mb4 COLLATE=utf8mb4_unicode_ci;

--
-- Dumping data for table `in_memory_ofs`
--

INSERT INTO `in_memory_ofs` (`id`, `created_at`, `updated_at`) VALUES
(2, '2019-09-30 19:30:48', '2019-09-30 19:30:48'),
(3, '2019-09-30 19:30:56', '2019-09-30 19:30:56'),
(4, '2019-09-30 19:31:02', '2019-09-30 19:31:02'),
(5, '2019-09-30 19:31:09', '2019-09-30 19:31:09'),
(6, '2019-09-30 19:31:13', '2019-09-30 19:31:13'),
(7, '2019-09-30 19:31:19', '2019-09-30 19:31:19'),
(8, '2019-09-30 19:31:23', '2019-09-30 19:31:23'),
(9, '2019-09-30 19:31:29', '2019-09-30 19:31:29'),
(10, '2019-09-30 19:31:35', '2019-09-30 19:31:35'),
(11, '2019-09-30 19:31:39', '2019-09-30 19:31:39'),
(12, '2019-09-30 19:31:44', '2019-09-30 19:31:44'),
(13, '2019-09-30 19:31:49', '2019-09-30 19:31:49'),
(14, '2019-09-30 19:31:54', '2019-09-30 19:31:54'),
(15, '2019-09-30 19:31:59', '2019-09-30 19:31:59'),
(16, '2019-09-30 19:32:04', '2019-09-30 19:32:04'),
(17, '2019-09-30 19:32:08', '2019-09-30 19:32:08'),
(18, '2019-09-30 19:32:12', '2019-09-30 19:32:39'),
(19, '2019-10-02 16:49:37', '2019-10-02 16:49:51'),
(20, '2020-04-28 20:01:19', '2020-04-28 20:01:19'),
(21, '2020-04-28 20:01:39', '2020-04-28 20:01:39'),
(22, '2020-07-09 18:57:07', '2020-07-09 18:57:07'),
(23, '2021-03-22 15:19:25', '2021-03-22 15:19:25'),
(24, '2021-03-22 15:19:48', '2021-03-22 15:19:48'),
(25, '2021-05-11 17:29:53', '2021-05-11 17:29:53');

-- --------------------------------------------------------

--
-- Table structure for table `in_memory_of_translations`
--

CREATE TABLE `in_memory_of_translations` (
  `id` bigint(20) UNSIGNED NOT NULL,
  `name` varchar(191) COLLATE utf8mb4_unicode_ci NOT NULL,
  `in_memory_of_id` int(10) UNSIGNED NOT NULL,
  `locale` varchar(191) COLLATE utf8mb4_unicode_ci NOT NULL,
  `created_at` timestamp NULL DEFAULT CURRENT_TIMESTAMP,
  `updated_at` timestamp NULL DEFAULT CURRENT_TIMESTAMP ON UPDATE CURRENT_TIMESTAMP
) ENGINE=InnoDB DEFAULT CHARSET=utf8mb4 COLLATE=utf8mb4_unicode_ci;

--
-- Dumping data for table `in_memory_of_translations`
--

INSERT INTO `in_memory_of_translations` (`id`, `name`, `in_memory_of_id`, `locale`, `created_at`, `updated_at`) VALUES
(1, 'Mr. Norberto S. Parodi', 2, 'en', '2019-09-30 17:30:48', '2019-09-30 17:30:48'),
(2, 'Mr. Norberto S. Parodi', 2, 'fr', '2019-09-30 17:30:48', '2019-09-30 17:30:48'),
(3, 'Mr. Norberto S. Parodi', 2, 'es', '2019-09-30 17:30:48', '2019-09-30 17:30:48'),
(4, 'Mr. Norberto S. Parodi', 2, 'gr', '2019-09-30 17:30:48', '2019-09-30 17:30:48'),
(5, 'Mr. Norberto S. Parodi', 2, 'ch', '2019-09-30 17:30:48', '2019-09-30 17:30:48'),
(6, 'Mr. Perry Levinson', 3, 'en', '2019-09-30 17:30:56', '2019-09-30 17:30:56'),
(7, 'Mr. Perry Levinson', 3, 'fr', '2019-09-30 17:30:56', '2019-09-30 17:30:56'),
(8, 'Mr. Perry Levinson', 3, 'es', '2019-09-30 17:30:56', '2019-09-30 17:30:56'),
(9, 'Mr. Perry Levinson', 3, 'gr', '2019-09-30 17:30:56', '2019-09-30 17:30:56'),
(10, 'Mr. Perry Levinson', 3, 'ch', '2019-09-30 17:30:56', '2019-09-30 17:30:56'),
(11, 'Mr. Robert Levaco', 4, 'en', '2019-09-30 17:31:02', '2019-09-30 17:31:02'),
(12, 'Mr. Robert Levaco', 4, 'fr', '2019-09-30 17:31:02', '2019-09-30 17:31:02'),
(13, 'Mr. Robert Levaco', 4, 'es', '2019-09-30 17:31:02', '2019-09-30 17:31:02'),
(14, 'Mr. Robert Levaco', 4, 'gr', '2019-09-30 17:31:02', '2019-09-30 17:31:02'),
(15, 'Mr. Robert Levaco', 4, 'ch', '2019-09-30 17:31:02', '2019-09-30 17:31:02'),
(16, 'Mr. Allessio Broglio', 5, 'en', '2019-09-30 17:31:09', '2019-09-30 17:31:09'),
(17, 'Mr. Allessio Broglio', 5, 'fr', '2019-09-30 17:31:09', '2019-09-30 17:31:09'),
(18, 'Mr. Allessio Broglio', 5, 'es', '2019-09-30 17:31:09', '2019-09-30 17:31:09'),
(19, 'Mr. Allessio Broglio', 5, 'gr', '2019-09-30 17:31:09', '2019-09-30 17:31:09'),
(20, 'Mr. Allessio Broglio', 5, 'ch', '2019-09-30 17:31:09', '2019-09-30 17:31:09'),
(21, 'Mr. Nazart Barsamian', 6, 'en', '2019-09-30 17:31:13', '2019-09-30 17:31:13'),
(22, 'Mr. Nazart Barsamian', 6, 'fr', '2019-09-30 17:31:13', '2019-09-30 17:31:13'),
(23, 'Mr. Nazart Barsamian', 6, 'es', '2019-09-30 17:31:13', '2019-09-30 17:31:13'),
(24, 'Mr. Nazart Barsamian', 6, 'gr', '2019-09-30 17:31:13', '2019-09-30 17:31:13'),
(25, 'Mr. Nazart Barsamian', 6, 'ch', '2019-09-30 17:31:13', '2019-09-30 17:31:13'),
(26, 'Mr. Edward J. Leist', 7, 'en', '2019-09-30 17:31:19', '2019-09-30 17:31:19'),
(27, 'Mr. Edward J. Leist', 7, 'fr', '2019-09-30 17:31:19', '2019-09-30 17:31:19'),
(28, 'Mr. Edward J. Leist', 7, 'es', '2019-09-30 17:31:19', '2019-09-30 17:31:19'),
(29, 'Mr. Edward J. Leist', 7, 'gr', '2019-09-30 17:31:19', '2019-09-30 17:31:19'),
(30, 'Mr. Edward J. Leist', 7, 'ch', '2019-09-30 17:31:19', '2019-09-30 17:31:19'),
(31, 'Mr. Daniel Koss', 8, 'en', '2019-09-30 17:31:23', '2019-09-30 17:31:23'),
(32, 'Mr. Daniel Koss', 8, 'fr', '2019-09-30 17:31:23', '2019-09-30 17:31:23'),
(33, 'Mr. Daniel Koss', 8, 'es', '2019-09-30 17:31:23', '2019-09-30 17:31:23'),
(34, 'Mr. Daniel Koss', 8, 'gr', '2019-09-30 17:31:23', '2019-09-30 17:31:23'),
(35, 'Mr. Daniel Koss', 8, 'ch', '2019-09-30 17:31:23', '2019-09-30 17:31:23'),
(36, 'Mrs. Gisele Bardfield', 9, 'en', '2019-09-30 17:31:29', '2019-09-30 17:31:29'),
(37, 'Mrs. Gisele Bardfield', 9, 'fr', '2019-09-30 17:31:29', '2019-09-30 17:31:29'),
(38, 'Mrs. Gisele Bardfield', 9, 'es', '2019-09-30 17:31:29', '2019-09-30 17:31:29'),
(39, 'Mrs. Gisele Bardfield', 9, 'gr', '2019-09-30 17:31:29', '2019-09-30 17:31:29'),
(40, 'Mrs. Gisele Bardfield', 9, 'ch', '2019-09-30 17:31:29', '2019-09-30 17:31:29'),
(41, 'Mr. Detlef Saprautzki', 10, 'en', '2019-09-30 17:31:35', '2019-09-30 17:31:35'),
(42, 'Mr. Detlef Saprautzki', 10, 'fr', '2019-09-30 17:31:35', '2019-09-30 17:31:35'),
(43, 'Mr. Detlef Saprautzki', 10, 'es', '2019-09-30 17:31:35', '2019-09-30 17:31:35'),
(44, 'Mr. Detlef Saprautzki', 10, 'gr', '2019-09-30 17:31:35', '2019-09-30 17:31:35'),
(45, 'Mr. Detlef Saprautzki', 10, 'ch', '2019-09-30 17:31:35', '2019-09-30 17:31:35'),
(46, 'Mr. William Anstis', 11, 'en', '2019-09-30 17:31:39', '2019-09-30 17:31:39'),
(47, 'Mr. William Anstis', 11, 'fr', '2019-09-30 17:31:39', '2019-09-30 17:31:39'),
(48, 'Mr. William Anstis', 11, 'es', '2019-09-30 17:31:39', '2019-09-30 17:31:39'),
(49, 'Mr. William Anstis', 11, 'gr', '2019-09-30 17:31:39', '2019-09-30 17:31:39'),
(50, 'Mr. William Anstis', 11, 'ch', '2019-09-30 17:31:39', '2019-09-30 17:31:39'),
(51, 'Mr. Claud Heinemann', 12, 'en', '2019-09-30 17:31:44', '2019-09-30 17:31:44'),
(52, 'Mr. Claud Heinemann', 12, 'fr', '2019-09-30 17:31:44', '2019-09-30 17:31:44'),
(53, 'Mr. Claud Heinemann', 12, 'es', '2019-09-30 17:31:44', '2019-09-30 17:31:44'),
(54, 'Mr. Claud Heinemann', 12, 'gr', '2019-09-30 17:31:44', '2019-09-30 17:31:44'),
(55, 'Mr. Claud Heinemann', 12, 'ch', '2019-09-30 17:31:44', '2019-09-30 17:31:44'),
(56, 'Mr. David Sharp', 13, 'en', '2019-09-30 17:31:49', '2019-09-30 17:31:49'),
(57, 'Mr. David Sharp', 13, 'fr', '2019-09-30 17:31:49', '2019-09-30 17:31:49'),
(58, 'Mr. David Sharp', 13, 'es', '2019-09-30 17:31:49', '2019-09-30 17:31:49'),
(59, 'Mr. David Sharp', 13, 'gr', '2019-09-30 17:31:49', '2019-09-30 17:31:49'),
(60, 'Mr. David Sharp', 13, 'ch', '2019-09-30 17:31:49', '2019-09-30 17:31:49'),
(61, 'Mr. Perry Levinson', 14, 'en', '2019-09-30 17:31:54', '2019-09-30 17:31:54'),
(62, 'Mr. Perry Levinson', 14, 'fr', '2019-09-30 17:31:54', '2019-09-30 17:31:54'),
(63, 'Mr. Perry Levinson', 14, 'es', '2019-09-30 17:31:54', '2019-09-30 17:31:54'),
(64, 'Mr. Perry Levinson', 14, 'gr', '2019-09-30 17:31:54', '2019-09-30 17:31:54'),
(65, 'Mr. Perry Levinson', 14, 'ch', '2019-09-30 17:31:54', '2019-09-30 17:31:54'),
(66, 'Mr. Robert Levaco', 15, 'en', '2019-09-30 17:31:59', '2019-09-30 17:31:59'),
(67, 'Mr. Robert Levaco', 15, 'fr', '2019-09-30 17:31:59', '2019-09-30 17:31:59'),
(68, 'Mr. Robert Levaco', 15, 'es', '2019-09-30 17:31:59', '2019-09-30 17:31:59'),
(69, 'Mr. Robert Levaco', 15, 'gr', '2019-09-30 17:31:59', '2019-09-30 17:31:59'),
(70, 'Mr. Robert Levaco', 15, 'ch', '2019-09-30 17:31:59', '2019-09-30 17:31:59'),
(71, 'Mr. Allessio Broglio', 16, 'en', '2019-09-30 17:32:04', '2019-09-30 17:32:04'),
(72, 'Mr. Allessio Broglio', 16, 'fr', '2019-09-30 17:32:04', '2019-09-30 17:32:04'),
(73, 'Mr. Allessio Broglio', 16, 'es', '2019-09-30 17:32:04', '2019-09-30 17:32:04'),
(74, 'Mr. Allessio Broglio', 16, 'gr', '2019-09-30 17:32:04', '2019-09-30 17:32:04'),
(75, 'Mr. Allessio Broglio', 16, 'ch', '2019-09-30 17:32:04', '2019-09-30 17:32:04'),
(76, 'Mr. Nazart Barsamian', 17, 'en', '2019-09-30 17:32:08', '2019-09-30 17:32:08'),
(77, 'Mr. Nazart Barsamian', 17, 'fr', '2019-09-30 17:32:08', '2019-09-30 17:32:08'),
(78, 'Mr. Nazart Barsamian', 17, 'es', '2019-09-30 17:32:08', '2019-09-30 17:32:08'),
(79, 'Mr. Nazart Barsamian', 17, 'gr', '2019-09-30 17:32:08', '2019-09-30 17:32:08'),
(80, 'Mr. Nazart Barsamian', 17, 'ch', '2019-09-30 17:32:08', '2019-09-30 17:32:08'),
(81, 'Mr. Edward J. Leist', 18, 'en', '2019-09-30 17:32:12', '2019-09-30 17:32:39'),
(82, 'Mr. Edward J. Leist', 18, 'fr', '2019-09-30 17:32:12', '2019-09-30 17:32:39'),
(83, 'Mr. Edward J. Leist', 18, 'es', '2019-09-30 17:32:12', '2019-09-30 17:32:39'),
(84, 'Mr. Edward J. Leist', 18, 'gr', '2019-09-30 17:32:12', '2019-09-30 17:32:39'),
(85, 'Mr. Edward J. Leist', 18, 'ch', '2019-09-30 17:32:12', '2019-09-30 17:32:39'),
(86, 'Mrs. Amy DeAvegno', 19, 'en', '2019-10-02 14:49:37', '2019-10-02 14:49:51'),
(87, 'Mrs. Amy DeAvegno', 19, 'fr', '2019-10-02 14:49:37', '2019-10-02 14:49:51'),
(88, 'Mrs. Amy DeAvegno', 19, 'es', '2019-10-02 14:49:37', '2019-10-02 14:49:51'),
(89, 'Mrs. Amy DeAvegno', 19, 'gr', '2019-10-02 14:49:37', '2019-10-02 14:49:51'),
(90, 'Mrs. Amy DeAvegno', 19, 'ch', '2019-10-02 14:49:37', '2020-04-16 16:58:32'),
(91, 'Mr. Virginio Conti', 20, 'en', '2020-04-28 20:01:19', '2020-04-28 20:01:19'),
(92, 'Mr. Virginio Conti', 20, 'fr', '2020-04-28 20:01:19', '2020-04-28 20:01:19'),
(93, 'Mr. Virginio Conti', 20, 'es', '2020-04-28 20:01:19', '2020-04-28 20:01:19'),
(94, 'Mr. Virginio Conti', 20, 'gr', '2020-04-28 20:01:19', '2020-04-28 20:01:19'),
(95, 'Mr. Virginio Conti', 20, 'ch', '2020-04-28 20:01:19', '2020-04-28 20:01:19'),
(96, 'Mr. Claus Kersting', 21, 'en', '2020-04-28 20:01:39', '2020-04-28 20:01:39'),
(97, 'Mr. Claus Kersting', 21, 'fr', '2020-04-28 20:01:39', '2020-04-28 20:01:39'),
(98, 'Mr. Claus Kersting', 21, 'es', '2020-04-28 20:01:39', '2020-04-28 20:01:39'),
(99, 'Mr. Claus Kersting', 21, 'gr', '2020-04-28 20:01:39', '2020-04-28 20:01:39'),
(100, 'Mr. Claus Kersting', 21, 'ch', '2020-04-28 20:01:39', '2020-04-28 20:01:39'),
(101, 'Mr. Heiner Woith', 22, 'en', '2020-07-09 18:57:07', '2020-07-09 18:57:07'),
(102, 'Mr. Heiner Woith', 22, 'fr', '2020-07-09 18:57:07', '2020-07-09 18:57:07'),
(103, 'Mr. Heiner Woith', 22, 'es', '2020-07-09 18:57:07', '2020-07-09 18:57:07'),
(104, 'Mr. Heiner Woith', 22, 'gr', '2020-07-09 18:57:07', '2020-07-09 18:57:07'),
(105, 'Mr. Heiner Woith', 22, 'ch', '2020-07-09 18:57:07', '2020-07-09 18:57:07'),
(106, 'Mr. Igor Lavrinenko', 23, 'en', '2021-03-22 15:19:25', '2021-03-22 15:19:25'),
(107, 'Mr. Igor Lavrinenko', 23, 'fr', '2021-03-22 15:19:25', '2021-03-22 15:19:25'),
(108, 'Mr. Igor Lavrinenko', 23, 'es', '2021-03-22 15:19:25', '2021-03-22 15:19:25'),
(109, 'Mr. Igor Lavrinenko', 23, 'gr', '2021-03-22 15:19:25', '2021-03-22 15:19:25'),
(110, 'Mr. Igor Lavrinenko', 23, 'ch', '2021-03-22 15:19:25', '2021-03-22 15:19:25'),
(111, 'Mr. Cirillo Gallina', 24, 'en', '2021-03-22 15:19:48', '2021-03-22 15:19:48'),
(112, 'Mr. Cirillo Gallina', 24, 'fr', '2021-03-22 15:19:48', '2021-03-22 15:19:48'),
(113, 'Mr. Cirillo Gallina', 24, 'es', '2021-03-22 15:19:48', '2021-03-22 15:19:48'),
(114, 'Mr. Cirillo Gallina', 24, 'gr', '2021-03-22 15:19:48', '2021-03-22 15:19:48'),
(115, 'Mr. Cirillo Gallina', 24, 'ch', '2021-03-22 15:19:48', '2021-03-22 15:19:48'),
(116, 'Mr. Hassan Bakry Alwattar', 25, 'en', '2021-05-11 17:29:53', '2021-05-11 17:29:53'),
(117, 'Mr. Hassan Bakry Alwattar', 25, 'fr', '2021-05-11 17:29:53', '2021-05-11 17:29:53'),
(118, 'Mr. Hassan Bakry Alwattar', 25, 'es', '2021-05-11 17:29:53', '2021-05-11 17:29:53'),
(119, 'Mr. Hassan Bakry Alwattar', 25, 'gr', '2021-05-11 17:29:53', '2021-05-11 17:29:53'),
(120, 'Mr. Hassan Bakry Alwattar', 25, 'ch', '2021-05-11 17:29:53', '2021-05-11 17:29:53');

-- --------------------------------------------------------

--
-- Table structure for table `iswg_members`
--

CREATE TABLE `iswg_members` (
  `id` int(10) UNSIGNED NOT NULL,
  `image` varchar(191) COLLATE utf8mb4_unicode_ci NOT NULL,
  `created_at` timestamp NULL DEFAULT NULL,
  `updated_at` timestamp NULL DEFAULT NULL ON UPDATE CURRENT_TIMESTAMP
) ENGINE=InnoDB DEFAULT CHARSET=utf8mb4 COLLATE=utf8mb4_unicode_ci;

--
-- Dumping data for table `iswg_members`
--

INSERT INTO `iswg_members` (`id`, `image`, `created_at`, `updated_at`) VALUES
(1, 'x8TUqmE6uZ4aFANq9jNWllw8h5oBZjBKSvh3GVLA.jpeg', '2019-10-15 22:25:20', '2019-10-15 22:25:20'),
(2, 'MWFbOTI4qV1gysWK7rBAFc4MxWk6ggRYv7q5HjqX.jpeg', '2019-10-15 22:25:51', '2020-09-20 14:49:30'),
(3, '82BWGFWYPHR9WmBTW5Oq9dlzvzYEvbcXYX8a68wx.jpeg', '2019-10-15 22:26:19', '2019-10-15 22:26:19'),
(4, 'IF6NBPvT9s4ooiaRdpEHPwTG9FhOQjKrXBR2QlGC.jpeg', '2019-10-15 22:26:39', '2019-10-15 22:27:20'),
(5, 'eZyvcJdJw9DOmM45w8YAndwY0cHAjCRdqJj0TNr8.jpeg', '2019-10-15 22:27:11', '2019-10-15 22:27:36'),
(7, 'noNqqKyFtia2K7icJkdUFfiMGIjMPlIMxJnx6Vme.jpeg', '2020-07-09 20:25:23', '2020-09-17 12:46:41');

-- --------------------------------------------------------

--
-- Table structure for table `iswg_member_translations`
--

CREATE TABLE `iswg_member_translations` (
  `id` bigint(20) UNSIGNED NOT NULL,
  `name` varchar(191) COLLATE utf8mb4_unicode_ci NOT NULL,
  `position` varchar(191) COLLATE utf8mb4_unicode_ci NOT NULL,
  `iswg_member_id` int(10) UNSIGNED NOT NULL,
  `locale` varchar(191) COLLATE utf8mb4_unicode_ci NOT NULL,
  `created_at` timestamp NULL DEFAULT CURRENT_TIMESTAMP,
  `updated_at` timestamp NULL DEFAULT CURRENT_TIMESTAMP ON UPDATE CURRENT_TIMESTAMP
) ENGINE=InnoDB DEFAULT CHARSET=utf8mb4 COLLATE=utf8mb4_unicode_ci;

--
-- Dumping data for table `iswg_member_translations`
--

INSERT INTO `iswg_member_translations` (`id`, `name`, `position`, `iswg_member_id`, `locale`, `created_at`, `updated_at`) VALUES
(1, 'Marcus Kienast', 'Brazil', 1, 'en', '2020-04-16 15:15:58', '2020-04-16 15:15:58'),
(2, 'Marcus Kienast', 'Brazil', 1, 'fr', '2020-04-16 15:15:58', '2020-04-16 15:15:58'),
(3, 'Marcus Kienast', 'Brazil', 1, 'es', '2020-04-16 15:15:58', '2020-04-16 15:15:58'),
(4, 'Marcus Kienast', 'Brazil', 1, 'gr', '2020-04-16 15:15:58', '2020-04-16 15:15:58'),
(5, 'Marcus Kienast', 'Brazil', 1, 'ch', '2020-04-16 15:15:58', '2020-04-16 15:15:58'),
(6, 'Jonathan Hirst', 'UK', 2, 'en', '2020-04-16 15:15:58', '2020-04-16 15:15:58'),
(7, 'Jonathan Hirst', 'UK', 2, 'fr', '2020-04-16 15:15:58', '2020-04-16 15:15:58'),
(8, 'Jonathan Hirst', 'UK', 2, 'es', '2020-04-16 15:15:58', '2020-04-16 15:15:58'),
(9, 'Jonathan Hirst', 'UK', 2, 'gr', '2020-04-16 15:15:58', '2020-04-16 15:15:58'),
(10, 'Jonathan Hirst', 'UK', 2, 'ch', '2020-04-16 15:15:58', '2020-04-16 15:15:58'),
(11, 'Jan Roelsgaard', 'Denmark', 3, 'en', '2020-04-16 15:15:58', '2020-04-16 15:15:58'),
(12, 'Jan Roelsgaard', 'Denmark', 3, 'fr', '2020-04-16 15:15:58', '2020-04-16 15:15:58'),
(13, 'Jan Roelsgaard', 'Denmark', 3, 'es', '2020-04-16 15:15:58', '2020-04-16 15:15:58'),
(14, 'Jan Roelsgaard', 'Denmark', 3, 'gr', '2020-04-16 15:15:58', '2020-04-16 15:15:58'),
(15, 'Jan Roelsgaard', 'Denmark', 3, 'ch', '2020-04-16 15:15:58', '2020-04-16 15:15:58'),
(16, 'Barbara Negron', 'USA', 4, 'en', '2020-04-16 15:15:58', '2020-04-16 15:15:58'),
(17, 'Barbara Negron', 'USA', 4, 'fr', '2020-04-16 15:15:58', '2020-04-16 15:15:58'),
(18, 'Barbara Negron', 'USA', 4, 'es', '2020-04-16 15:15:58', '2020-04-16 15:15:58'),
(19, 'Barbara Negron', 'USA', 4, 'gr', '2020-04-16 15:15:58', '2020-04-16 15:19:55'),
(20, 'Barbara Negron', 'USA', 4, 'ch', '2020-04-16 15:15:58', '2020-04-16 15:15:58'),
(21, 'Christian Billon', 'Chairman/France', 5, 'en', '2020-04-16 15:15:58', '2020-04-16 15:15:58'),
(22, 'Christian Billon', 'France / Président', 5, 'fr', '2020-04-16 15:15:58', '2020-07-24 00:06:35'),
(23, 'Christian Billon', 'Presidente / Francia', 5, 'es', '2020-04-16 15:15:58', '2020-07-24 00:07:50'),
(24, 'Christian Billon', 'Vorsitzender/Frankreich', 5, 'gr', '2020-04-16 15:15:58', '2020-07-24 00:08:21'),
(25, 'Christian Billon', '主席/法国', 5, 'ch', '2020-04-16 15:15:58', '2020-07-24 00:08:56'),
(31, 'Dr. Joris Wijnker', 'Scientific Advisor', 7, 'en', '2020-07-09 20:25:23', '2020-07-09 20:25:23'),
(32, 'Dr. Joris Wijnker', 'Conseiller scientifique / ISWG', 7, 'fr', '2020-07-09 20:25:23', '2020-07-21 15:11:01'),
(33, 'Dr. Joris Wijnker', 'Asesor Científico/ ISWG', 7, 'es', '2020-07-09 20:25:23', '2020-07-21 15:13:34'),
(34, 'Dr. Joris Wijnker', 'Scientific Advisor / ISWG', 7, 'gr', '2020-07-09 20:25:23', '2020-07-21 15:13:34'),
(35, 'Dr. Joris Wijnker', '科学顾问/ 国际科学工作组', 7, 'ch', '2020-07-09 20:25:23', '2020-07-21 15:13:34');

-- --------------------------------------------------------

--
