INSERT INTO `messages` (`id`, `name`, `email`, `subject`, `message`, `created_at`, `updated_at`) VALUES
(10906, 'RobertThype', 'valentinakimov9460@rambler.ru', 'при бронировании авиабилетов какой паспорт указывать', 'Археологи нашли у скал несколько стоянок древнего человека. Посещая это удивительное место, обратите внимание на кое-где встречающиеся на скалах углубления. По одной из версий в этих каменных чашах наши далёкие предки совершали обряды жертвоприношения и разводили ритуальные костры. Диаметр каменных чаш около двух метров, а глубина доходит до одного метра.\r\nНа стыке двух регионов Пермского края и Свердловской области лежит Молебка. Это деревня на берегу реки Салва. В 80-х г. деревня стала известна благодаря зоне с аномалией. Сама аномалия находится вблизи Молебки. Местность получила название Пермским или Молебским треугольником. Зона была обнаружена в 1983 г. геологом со способностями контактера Эмилем Бачуриным.\r\nБелое море не для купания.\r\n \r\nhttps://moooga.ru/argentina/romantika-ili-seks-turizm-kak-zhenshhiny-pokupajut-seks-v-puteshestviyah-wonderzine/\r\nПещера состоит из нескольких галерей и нижнего этажа, где протекает небольшая река. К сожалению, множество натечных образований было сбито, сохранились лишь самые крупные. Не смотря на это, пещера, по-прежнему, красива.\r\nКавказский государственный природный биосферный заповедник.', '2022-01-11 12:39:42', '2022-01-11 12:39:42'),
(10907, 'BlackVueena', 'triddle64@gmail.com', 'going through the writing process.', 'manuscripts held onto', '2022-01-11 12:55:03', '2022-01-11 12:55:03'),
(10908, 'Williamtep', 'suplesatia81@gmail.com', 'Mangalore', 'Mangalore (or Mangaluru) is an Arabian Sea port and a major commercial center in the Indian state of Karnataka. It\'s home to the Kadri Manjunath Temple, known for its bronze statues, and the 9th-century Mangaladevi Temple. Its Catholic sites include Milagres Church, dating to the 17th century, and St. Aloysious Chapel, which features interior paintings. Tannirbhavi Beach is popular for its sunset views. \r\n \r\n<a href=https://qastack.it/superuser/688367/external-hard-disk-is-not-accessible-the-disk-structure-is-corrupted-and-unreadable> Mangalore </a> \r\n \r\nMangalore (or Mangaluru) is an Arabian Sea port and a major commercial center in the Indian state of Karnataka. It\'s home to the Kadri Manjunath Temple, known for its bronze statues, and the 9th-century Mangaladevi Temple. Its Catholic sites include Milagres Church, dating to the 17th century, and St. Aloysious Chapel, which features interior paintings. Tannirbhavi Beach is popular for its sunset views.', '2022-01-11 14:55:05', '2022-01-11 14:55:05'),
(10909, 'herbertwa11', 'bianca@tamotsu19.sorataki.in.net', 'Hardcore Galleries with hot Hardcore photos', 'Hot new pictures each day\r\nhttp://pendleton.lexixxx.com/?kaylin \r\n american iligal porn pictures free darlene lupo porn free and great porn suzanne walsh porn porn free hard dude czech point', '2022-01-11 16:54:18', '2022-01-11 16:54:18'),
(10910, 'Stanmorexvh', 'gloriaann2212@yahoo.com', ', however, the results of graphological', 'books in ancient times was papyrus', '2022-01-11 18:02:03', '2022-01-11 18:02:03'),
(10911, 'Pouringgkg', 'tina_mlny@yahoo.com', 'research is not universally recognized in', 'scroll. Go to Code Form', '2022-01-11 19:12:13', '2022-01-11 19:12:13'),
(10912, 'Superchipsocc', 'tina_mlny@yahoo.com', 'on external conditions in which', 'inventions of typography', '2022-01-11 23:28:54', '2022-01-11 23:28:54'),
(10913, 'Candyoua', 'tina_mlny@yahoo.com', 'personality of the writer, and objective ones depend', 'European glory, and even after', '2022-01-12 00:14:44', '2022-01-12 00:14:44'),
(10914, 'Milwaukeeqrj', 'super163-babyg@yahoo.com', 'forensic research of documents (handwriting). Also handwriting', 'elements (case, binding).', '2022-01-12 02:27:28', '2022-01-12 02:27:28'),
(10915, 'joannanh69', 'nanettemv4@kunio110.hiraku94.kiyoakari.xyz', 'Girls of Desire: All babes in one place, crazy, art', 'Enjoy daily galleries\r\nhttp://cimarron.topanasex.com/?zoe \r\n porn stars gia fucking hard core porn hot busty teacher porn video oma granny porn sex porn little anime henetia photos', '2022-01-12 02:53:54', '2022-01-12 02:53:54'),
(10916, 'marleneto69', 'concepcionli3@masumi7210.naoki62.mokomichi.xyz', 'Sexy pictures each day', 'Sexy photo galleries, daily updated collections\r\nhttp://swingers.porn.lexixxx.com/?alanis \r\n acs law porn vintage spain porn mrs pennington porn mother stepdaughter porn reality office porn', '2022-01-12 03:23:51', '2022-01-12 03:23:51'),
(10917, 'RolandoVor', 'e1@4ttmail.com', 'naked up skirt pictures', 'Hello ladies and gentlemen! Congratulations to every person and I have a good mood delivery for you: \r\nhttps://blackxxxpics.com/ - www black xxx pic com\r\nhttps://blackxxxpics.com/pornstar/satine-phoenix/ - satine ftv\r\n<a href=https://www.pornpicsblack.com/pornstar/yara-skye/>yara skye pics</a>', '2022-01-12 03:27:16', '2022-01-12 03:27:16'),
(10918, 'Rigidhvl', 'helpful1137@gmail.com', 'as a scientific fact.', 'for Countess Louise of Savoy', '2022-01-12 03:28:07', '2022-01-12 03:28:07'),
(10919, 'leenm18', 'amanda@tamotsu4110.masumi70.kiyoakari.xyz', 'Nude Sex Pics, Sexy Naked Women, Hot Girls Porn', 'New project started to be available today, check it out\r\nhttp://wellingfreeprettenporn.amandahot.com/?janie \r\n free oilly porn adult porn two in one sink canton ohio porn videos just free porn videos please big dick gay ainal porn', '2022-01-12 05:39:50', '2022-01-12 05:39:50'),
(10920, 'bradsw4', 'mariagray6323321+sidney@gmail.com}', 'Enjoy daily galleries', 'Girls of Desire: All babes in one place, crazy, art\r\nhttp://strippclubporneast.merrimack.energysexy.com/?precious \r\n blacks on whites porn no download free lesbian porn porn free bdsm porn vieo clips public porn clubs', '2022-01-12 06:12:12', '2022-01-12 06:12:12'),
(10921, 'sylviagt16', 'rosemarygp20@masato8210.masumi62.mokomichi.xyz', 'Girls of Desire: All babes in one place, crazy, art', 'Sexy photo galleries, daily updated collections\r\nhttp://amandahot.com/?nicole \r\n shorthair woman porn free girlfriend porn video age limit for porn porn pictures of blond sexy girls 100 most famous porn stars', '2022-01-12 06:37:45', '2022-01-12 06:37:45'),
(10922, 'amandakg1', 'ronniedy3@masaaki8810.naoki29.kiyoakari.xyz|akira4310.haru51.mokomichi.xyz}', 'New project started to be available today, check it out', 'Browse over 500 000 of the best porn galleries, daily updated collections\r\nhttp://bundysporn.escondida.moesexy.com/?iyana \r\n stockings british wife porn gay black rimming porn videos ukranian porn girls videos free porn videos fuck for cash family sperm porn', '2022-01-12 09:38:05', '2022-01-12 09:38:05'),
(10923, 'MoimeMuh', 'vjqha34t@icloud.com', 'I promised.', 'Cryptocurrency rates are breaking records, which means you have the opportunity to make money on cryptocurrencies. Join our system and start making money with us. Go to system: https://tinyurl.com/y5hwz3ha', '2022-01-12 16:34:40', '2022-01-12 16:34:40'),
(10924, 'deanalt16', 'edwina@tamotsu4110.masumi70.kiyoakari.xyz', 'Hot new pictures each day', 'Free Porn Pictures and Best HD Sex Photos\r\nhttp://voyeur.porn.alypics.com/?darlene \r\n ffm daily porn clips porn star agent 99 enoby girl porn free shota porn furry porn blade', '2022-01-12 18:32:37', '2022-01-12 18:32:37'),
(10925, 'Donald', 'donald.skene@googlemail.com', 'PawSafer™ INSCA | HOME', 'Good Morning \r\n \r\nPawSafer™ CAN SAFELY TRIM YOUR DOG\'S NAILS IN NO TIME FROM HOME.\r\n\r\nGet it while it\'s still 50% OFF + FREE Shipping\r\n\r\nBuy here: https://pawsafer.shop\r\n \r\nThanks and Best Regards, \r\n \r\nDonald', '2022-01-12 19:46:25', '2022-01-12 19:46:25'),
(10926, 'Jenny', 'jenny@foremedia.net', 'Best Ad Network For Publishers And Bloggers In 2021', 'Hey, I visited your site and I think that your content is amazing! It is really engaging and original, you must have worked so hard to generate such a quality content. We are ForeMedia and we help website owners with great websites to maximize the revenue they make from their website. I would love to buy Ad Spaces on your website and pay you per each impression of the ads on your site. We are Google Ad Exchange Premium partners and we work with more than 100 Ad Network & thousands of premium direct advertisers who would LOVE to buy Ads directly from your site and we can guarantee to increase your revenue by at least 45% compared to other advertising solutions you are currently using. You deserve to earn more for your content and maximize your earning potential and I will help you unlock that potential! There is no cost, you can register to our monetization platform for free on this link: https://foremedia.net/start I will be available for you on the Live Chat if you need any help, or you can email me back to: jenny@foremedia.net if you have any questions. I have at least 17 Premium Advertisers that have asked me to approach you because they would like to advertise on your website on Premium eCPM [cost per impressions] basis. Have a good day & feel free to ping me for any question! Click the link here for 1 minute registration to our platform [it\'s free!]: https://go.foremedia.net/u/start/', '2022-01-12 21:52:51', '2022-01-12 21:52:51'),
(10927, 'Davidlef', 'riabova.masha-19681219@mail.ru', 'ссылка на гидру', 'новая ссылка гидра \r\n \r\n<a href=https://hydraclubbioknikokex7njhwuahc2l67lfiz7z36md2jvopda7nchidonion.online/>hydrarusoeitpwagsnukxyxkd4copuuvio52k7hd6qbabt4lxcwnbsad.onion</a>', '2022-01-13 01:04:55', '2022-01-13 01:04:55'),
(10928, 'aliciagt1', 'idacv5@haru7210.masumi72.kiyoakari.xyz', 'Girls of Desire: All babes in one place, crazy, art', 'Girls of Desire: All babes in one place, crazy, art\r\nhttp://girard.encestporn.kanakox.com/?makenna \r\n porn names to real movies melina free porn vids ashlee wife porn free downloadable porn for phones lilane asian porn', '2022-01-13 01:46:33', '2022-01-13 01:46:33'),
(10929, 'toniayl3', 'jamieuc7@kaede77.mokomichi.xyz', 'Hot galleries, thousands new daily.', 'Browse over 500 000 of the best porn galleries, daily updated collections\r\nhttp://firstpornmovieamidon.amandahot.com/?maddison \r\n nikki perez tube porn 1930 porn alicyn sterling porn horny gay white porn chearleading porn', '2022-01-13 01:50:09', '2022-01-13 01:50:09'),
(10930, 'Everettvem', 'glukhina.1998@mail.ru', 'Единый сервис услуг Саранска', 'Домашнее хозяйство, даже в небольшой квартире-студии, требует постоянного внимания. В доме всегда есть что исправить или починить: поклеить обои, положить плитку или установить дверь. Для решения разных бытовых проблем, можете воспользоваться услугой \r\nна нашем сайте \"БОЛЬШОЙ МАСТЕР\" — работаем в Саранске и Мордовии. \r\n \r\n<a href=https://doccentr.com>a</a>,<a href=http://dom-lady.ru>b</a>,<a href=https://zagorodny.net>c</a>,<a href=https://ifvremya.ru>d</a>,<a href=http://akro-spb.ru>i</a>,<a href=http://blitz-remont.ru>f</a>,<a href=https://ruspl.com>g</a>,<a href=https://dailybest.me>h</a>,<a href=https://novostidnja.ru>i</a>,<a href=http://binom-s.com>j</a>,<a href=http://medinfon.ru>k</a>,<a href=https://friendlygames.ru>l</a>,<a href=https://2019god.net>m</a>,<a href=http://rusbetonplus.ru>n</a>,<a href=https://domocvet.com>o</a>,<a href=http://telead.ru>p</a>,<a href=http://womaan.ru>q</a>,<a href=http://ladyup.ru>r</a>,<a href=http://about-windows.ru>s</a>,<a href=http://icar-by.com>t</a>,<a href=https://pancreatus.com>u</a>,<a href=http://shoptrip.ru>v</a>,<a href=http://zonakulinara.ru>w</a>,<a href=https://loverust.ru>x</a>,<a href=http://beton-cement-ru.ru>y</a>,<a href=http://tvoi-noski.ru>z</a>,<a href=http://arctic-online.ru>a</a>,<a href=http://dk-zio.ru>b</a>,<a href=http://womanmaniya.ru>c</a>,<a href=https://4dekor.ru>d</a>,<a href=http://apploidnews.com>i</a>,<a href=http://omontazhe.ru>f</a>,<a href=http://qllq.ru>g</a>,<a href=http://windowss10.ru>h</a>,<a href=http://domoxozyaiki.ru>i</a>,<a href=http://dumainfo.ru>j</a>,<a href=http://rempostroy.ru>k</a>,<a href=http://slapk.ru>l</a>,<a href=http://gdefile.ru>m</a>,<a href=https://1vesti.kharkiv.ua>n</a>,<a href=https://newsstroy.kyiv.ua>o</a>,<a href=https://rnews.kharkiv.ua>p</a>,<a href=https://rnews.kr.ua>q</a>,<a href=https://bestnews.kyiv.ua>r</a>,<a href=https://bestnews.kharkiv.ua>s</a>,<a href=https://newsfor.kr.ua>t</a>,<a href=https://newsfor.kyiv.ua>u</a>,<a href=https://newsfor.kharkiv.ua>v</a>,<a href=https://vsenews.kharkiv.ua>w</a>,<a href=https://n1.kharkiv.ua>x</a>,<a href=https://autonews.kyiv.ua>y</a>,<a href=https://nbest.kyiv.ua>z</a>,<a href=https://nbest.kharkiv.ua>a</a>,<a href=https://n1.kyiv.ua>b</a>,<a href=https://newsstroy.kr.ua>c</a>,<a href=https://x-news.kr.ua>d</a>,<a href=https://v-news.kr.ua>i</a>,<a href=https://novostidnya.kr.ua>f</a>,<a href=https://newsru.kr.ua>g</a>,<a href=https://daynews.kr.ua>h</a>,<a href=https://realnews.kr.ua>i</a>,<a href=https://thenews.kr.ua>j</a>,<a href=https://sobitiya.kr.ua>k</a>,<a href=https://miv.kr.ua>l</a>,<a href=https://rnews.kyiv.ua>m</a>,<a href=https://1vesti.kyiv.ua>n</a>,<a href=https://vsenews.kyiv.ua>o</a>,<a href=https://autonews.kharkiv.ua>p</a>,<a href=https://mirnews.kr.ua>q</a>,<a href=https://onews.kr.ua>r</a>,<a href=https://uk.kr.ua>s</a>,<a href=https://vnovostyah.kr.ua>t</a>,<a href=https://infopress.kr.ua>u</a>,<a href=https://vse.kr.ua>v</a>,<a href=https://n-news.kr.ua>w</a>,<a href=https://development.eu.com>x</a>,<a href=https://vesti.eu.com>y</a>,<a href=https://novosti.eu.com>z</a>,<a href=https://allaboutnews.eu.com>a</a>,<a href=https://rusnews.kharkiv.ua>b</a>,<a href=https://f-news.kr.ua>c</a>,<a href=https://formatnews.kr.ua>d</a>,<a href=https://autonews.kr.ua>i</a>,<a href=https://worldpress.kr.ua>f</a>,<a href=https://vsenews.kr.ua>g</a>,<a href=https://nbest.kr.ua>h</a>,<a href=https://1vesti.kr.ua>i</a>,<a href=https://svodnews.kr.ua>j</a>,<a href=https://q.kr.ua>k</a>,<a href=https://yk.kr.ua>l</a>,<a href=https://onlinenews.eu.com>m</a>,<a href=https://people.eu.com>n</a>,<a href=https://n1.kr.ua>o</a>,<a href=https://rusnews.kyiv.ua>p</a>,<a href=https://rusnews.kr.ua>q</a>,<a href=https://bestnews.kr.ua>r</a>,<a href=https://euronews.kr.ua>s</a>,<a href=https://timenews.kr.ua>t</a>,<a href=https://rtnews.kr.ua>u</a>,<a href=https://town-news.kr.ua>v</a>,<a href=https://krnews.kr.ua>w</a>,<a href=https://vedomost.kr.ua>x</a>,<a href=https://euro.kr.ua>y</a>,<a href=https://1news.kr.ua>z</a>,<a href=https://obzor.kr.ua>a</a>,<a href=https://aboutnews.kr.ua>b</a>,<a href=https://worldnews.kr.ua>c</a>,<a href=https://newsday.kr.ua>d</a>,<a href=https://strana.kr.ua>i</a>,<a href=https://newsn.kr.ua>f</a>,<a href=https://infonews.kr.ua>g</a>,<a href=https://h.kr.ua>h</a>,<a href=https://moivesti.kr.ua>i</a>,<a href=https://currentnews.kr.ua>j</a>,<a href=https://easynews.kr.ua>k</a>,<a href=https://lifenews.kr.ua>l</a>,<a href=https://lastnews.kr.ua>m</a>,<a href=https://j.kr.ua>n</a>,<a href=https://inform.kr.ua>o</a>,<a href=https://rus.kr.ua>p</a>,<a href=https://press-release.kr.ua>q</a>,<a href=https://izvesti.kr.ua>r</a>,<a href=https://034.kr.ua>s</a>,<a href=https://v.kr.ua>t</a>,<a href=https://xop.kr.ua>u</a>,<a href=https://dni.kr.ua>v</a>,<a href=https://ykr.kr.ua>w</a>,<a href=https://newsportal.kr.ua>x</a>,<a href=https://msv.kr.ua>y</a>,<a href=https://s5.kr.ua>z</a>,<a href=https://znews.kr.ua>a</a>,<a href=https://information.kr.ua>b</a>,<a href=https://ukr.kr.ua>c</a>,<a href=https://portalnews.kr.ua>d</a>,<a href=https://today.kr.ua>i</a>,<a href=https://xznews.kr.ua>f</a>,<a href=https://nn.kr.ua>g</a>,<a href=https://mls.kr.ua>h</a>,<a href=https://novostnik.kr.ua>i</a>,<a href=https://informing.kr.ua>j</a>,<a href=https://vnovosti.kr.ua>k</a>,<a href=https://y.kr.ua>l</a>,<a href=https://nation.kr.ua>m</a>,<a href=https://item.eu.com>n</a>,<a href=https://gazette.eu.com>o</a>,<a href=https://headline.eu.com>p</a>,<a href=https://fact.eu.com>q</a>,<a href=https://somenews.eu.com>r</a>,<a href=https://lifenews.eu.com>s</a>,<a href=https://tidings.eu.com>t</a>,<a href=https://today.eu.com>u</a>,<a href=https://eunews.eu.com>v</a>,<a href=https://sir.eu.com>w</a>,<a href=https://journal.eu.com>x</a>,<a href=https://gazeta.eu.com>y</a>,<a href=https://lenta.eu.com>z</a>,<a href=https://exclusive.eu.com>a</a>,<a href=https://all.eu.com>b</a>,<a href=https://expert.eu.com>c</a>,<a href=https://news-magazine.eu.com>d</a>,<a href=https://newshour.eu.com>i</a>,<a href=https://presentation.eu.com>f</a>,<a href=https://publication.eu.com>g</a>,<a href=https://release.eu.com>h</a>,<a href=https://smi.eu.com>i</a>,<a href=https://view.eu.com>j</a>,<a href=https://vremya.eu.com>k</a>,<a href=https://prsn.eu.com>l</a>,<a href=https://lnd.eu.com>m</a>,<a href=https://034.eu.com>n</a>,<a href=https://all-about.eu.com>o</a>,<a href=https://solution.eu.com>p</a>,<a href=https://rightnow.eu.com>q</a>,<a href=https://euro21.eu.com>r</a>,<a href=https://euro22.eu.com>s</a>,<a href=https://100.eu.com>t</a>,<a href=https://mdrd.eu.com>u</a>,<a href=https://newtime.kr.ua>v</a>,<a href=https://fraufluger.ru>w</a>,<a href=https://rossoshru.ru>x</a>,<a href=https://lifeposi.ru>y</a>,<a href=http://megamcpe.com>z</a>,<a href=https://mirzodiaka.com>a</a>,<a href=http://ladysarafan.ru>b</a>,<a href=https://hypecrib.com>c</a>,<a href=https://vd-tv.ru>d</a>,<a href=https://buzulukmedia.ru>i</a>,<a href=https://donklephant.net>f</a>,<a href=https://avtotema.kr.ua>g</a>,<a href=http://hayastannews.com>h</a>,<a href=https://deepcool-ma.com>i</a>,<a href=https://russianshop.org>j</a>,<a href=http://dettka.com>k</a>,<a href=https://chexov.net>l</a>,<a href=http://nalatty.com>m</a>,<a href=https://hozyaushka.org>n</a>,<a href=http://montazhnik02.ru>o</a>,<a href=https://mama-creative.com>p</a>,<a href=https://crimeabest.com>q</a>,<a href=https://womanka.com>r</a>,<a href=http://teletap.org>s</a>,<a href=https://csharpcoderr.com>t</a>,<a href=https://dooralei.ru>u</a>,<a href=http://newsfast.ru>v</a>,<a href=https://2020about.com>w</a>,<a href=http://u-sity.net>x</a>,<a href=http://intofact.ru>y</a>,<a href=https://astrakhan.net>z</a>,<a href=http://oneznakomke.ru>a</a>,<a href=https://vpolozhenii.com>b</a>,<a href=http://gturs.com>c</a>,<a href=https://cultmoscow.com>d</a>,<a href=https://dvedoli.com>i</a>,<a href=https://belady.online>f</a>,<a href=https://dobrenok.com>g</a>,<a href=https://milomarket.com>h</a>,<a href=https://adres.kr.ua>i</a>,<a href=https://womanjour.ru>j</a>,<a href=http://ladystory.ru>k</a>,<a href=http://kapitosha.net>l</a>,<a href=http://mirokru.ru>m</a>,<a href=https://kakpravilino.com>n</a>,<a href=https://1001guru.ru>o</a>,<a href=http://xozyaika.com>p</a>,<a href=https://aromat.kr.ua>q</a>,<a href=https://parovarim.com>r</a>,<a href=http://remstroitelstvo.ru>s</a>,<a href=https://golubevod.net>t</a>,<a href=http://s-narodom.ru>u</a>,<a href=https://zazdorovie.net>v</a>,<a href=http://roofor.ru>w</a>,<a href=http://sovet-sadovody.ru>x</a>,<a href=https://albooking.net>y</a>,<a href=http://fi-hi.ru>z</a>,<a href=https://modnuesovetu.ru>a</a>,<a href=https://rabotainternet.com>b</a>,<a href=https://1npf.com>c</a>,<a href=https://renewablenergy-world.com>d</a>,\r\n<a href=https://viewangle.net>i</a>', '2022-01-13 02:56:21', '2022-01-13 02:56:21'),
(10931, 'Raymond Sleath', 'sleath.raymond@gmail.com', 'Amazing Site!', 'Let me just say your site is amazing! It is well put together and easy to navigate which is a plus. With such a nice layout you must attract a lot of visitors. I just wanted to give you a heads up because your site inspired me to build my own. I hope everything is going great and much success in your future. Thank and have the best of day! zbVmAywkz5N4jq65', '2022-01-13 04:28:38', '2022-01-13 04:28:38'),
(10932, 'goldieop60', 'bryantj18@haru21.kiyoakari.xyz', 'Enjoy our scandal amateur galleries that looks incredibly dirty', 'Big Ass Photos - Free Huge Butt Porn, Big Booty Pics\r\nhttp://amateurpornfuxmarissa.kanakox.com/?denise \r\n jenna brooks porn clips real homemade amateur porn videos free petite porn vids new porn movies wholesale free hard porn leather', '2022-01-13 05:29:00', '2022-01-13 05:29:00'),
(10933, 'Arthurtig', 'a3@mailaddress.host', 'acute to collect you!', 'Hi, \r\nacute to upon you! Give permission me begin myselft \r\n49 yr old Equipment Retain Manager Jewell from Gravenhurst, has hobbies for instance belly dancing, and cross-stitch. Recently had a family trip to Kenya Lake System in the Great Rift Valley \r\nhttps://www.evernote.com/shard/s701/sh/3f3531fe-0e30-1e3b-d521-c2861d0698d6/d14fb984baef131e5d5391e514866388', '2022-01-13 06:53:11', '2022-01-13 06:53:11'),
(10934, 'jannare69', 'albert@hideo29.mokomichi.xyz', 'New super hot photo galleries, daily updated collections', 'Free Porn Pictures and Best HD Sex Photos\r\nhttp://pornmovieshbolaportecity.amandahot.com/?jalynn \r\n asian porn superstar names pay animated porn strap on porn lesbian free porn streaming on ipod touch asian jasmin alejandrino porn', '2022-01-13 07:12:53', '2022-01-13 07:12:53'),
(10935, 'robertomj18', 'annabellena16@tamotsu6910.takayuki51.sorataki.in.net', 'Hot photo galleries blogs and pictures', 'Enjoy our scandal amateur galleries that looks incredibly dirty\r\nhttp://cutfetporn.bestsexyblog.com/?alisha \r\n\r\n types of violent porn youngestteen porn videos snake girl porn red tube porn movies porn tudes', '2022-01-13 07:25:01', '2022-01-13 07:25:01'),
(10936, 'Jaziermop', 'kimlige@stromectoldc.com', 'Arouse with disregard low valuation pharmacy', 'gadgetry stromectol marijuana\r\n colossal ivermectin and doxycycline heartworm treatment\r\n <a href=\"http://ivermectin-3mg.net/#\">ivermectin 12mg for sale\r\n</a> - skin rash after 2 weeks of invermecton stromectol\r\n http://ivermectin-3mg.net/# - buy ivermectin 3 mg otc\r\n palmer buy stromectol for dogs', '2022-01-13 08:13:51', '2022-01-13 08:13:51'),
(10937, 'jacquelineuw4', 'gildadp3@masaaki8810.naoki29.kiyoakari.xyz|akira4310.haru51.mokomichi.xyz}', 'New hot project galleries, daily updates', 'Sexy teen photo galleries\r\nhttp://ruchc18.porn.adablog69.com/?aria \r\n free porn gay anal sex free teen porn vieeos free cartoon disney porn best ree animal porn porn young old caught', '2022-01-13 08:27:29', '2022-01-13 08:27:29'),
(10938, 'Sterling Petty', 'sterling.petty@gmail.com', 'Hi', 'Stay warm and cozy with a Wall Outlet Portable Space Heater.\r\n\r\nhttps://bit.ly/3K7fNZi\r\n\r\n\r\n\r\n\r\n\r\n\r\n\r\n\r\n\r\n\r\nor https://bit.ly/3fhszGn', '2022-01-13 11:20:55', '2022-01-13 11:20:55'),
(10939, 'imeldayy3', 'caitlinkg2@takayuki47.toshikokaori.xyz', 'Nude Sex Pics, Sexy Naked Women, Hot Girls Porn', 'Hot new pictures each day\r\nhttp://sexydownvideo.hotjones.xblognetwork.com/?abigale \r\n\r\n unform porn submissive husband porn free real live porn crying painful anal porn freeware celibirites porn videos to download', '2022-01-13 14:31:35', '2022-01-13 14:31:35'),
(10940, 'Everettvem', 'glukhina.1998@mail.ru', 'Актуальный каталог со свежими ценами!', 'Внимание - внимание. Супер акционное предложение. Таких цен вы ещё не видели! \r\n \r\n<a href=https://www.admdental.ru>Специальные предложения</a>\r\n<a href=https://www.admdental.ru/catalog/titanovyie-osnovaniya/titanovyie-osnovaniya-dlya-sirona/titanovoe-osnovanie-bez-vinta-sovmestimoe-s-s-straumann-bone-level.html>Титановое основание совместимое с Straumann Bone level 3.3</a>\r\n<a href=https://www.admdental.ru/articles/fotopolimernyie-materialyi-dlya-3d-pechati.html>Фотополимерные материалы для 3D-печати</a>\r\n<a href=https://www.admdental.ru/catalog/vintyi-adm/kopiya-mis/alpha-bio/zimmer/adin/biogorizont/vint-misalphabioadin-35-45.html>Винт Mis/AlphaBio/Adin 3,5/4,5 А</a>\r\n<a href=https://www.personadent.ru/articles/vyrvat_zub/>Болит зуб</a>', '2022-01-13 17:27:31', '2022-01-13 17:27:31'),
(10941, 'madelinedz4', 'bertie@shiro67.kiyoakari.xyz', 'Big Ass Photos - Free Huge Butt Porn, Big Booty Pics', 'Girls of Desire: All babes in one place, crazy, art\r\nhttp://meeker.hi5porn.gigixo.com/?destiney \r\n mean bitches free porn ass movie porn full free length porn videos ov 100 freev porn mom son free porn', '2022-01-13 20:01:40', '2022-01-13 20:01:40'),
(10942, 'Portablefda', 'susan@cannonballcapital.net', 'system of movements using', 'and was erased, and on cleaned', '2022-01-13 21:43:09', '2022-01-13 21:43:09'),
(10943, 'Mike Nash', 'no-replybaf@gmail.com', 'quality monthly SEO plans', 'Hi there \r\n \r\nI have just analyzed  insca.org for the ranking keywords and saw that your website could use a push. \r\n \r\nWe will improve your SEO metrics and ranks organically and safely, using only whitehat methods, while providing monthly reports and outstanding support. \r\n \r\nPlease check our services below, we offer SEO at cheap rates. \r\nhttps://www.hilkom-digital.de/cheap-seo-packages/ \r\n \r\nStart enhancing your sales and leads with us, today! \r\n \r\n \r\nregards \r\nMike Nash\r\n \r\nHilkom Digital Team \r\nsupport@hilkom-digital.de', '2022-01-13 23:47:44', '2022-01-13 23:47:44'),
(10944, 'chasitylw3', 'nevavm7@masumi7210.naoki62.mokomichi.xyz', 'Hardcore Galleries with hot Hardcore photos', 'Enjoy our scandal amateur galleries that looks incredibly dirty\r\nhttp://crossville.gagfactorporn.hotnatalia.com/?daisy \r\n caramel skinned black girls porn doctor fetishes porn which porn is illigal to watch funniest porn vidieo ever psp porn games downloadable', '2022-01-14 00:06:03', '2022-01-14 00:06:03'),
(10945, 'jerryaq1', 'amparofv3@satoshi22.mokomichi.xyz', 'Sexy pictures each day', 'College Girls Porn Pics\r\nhttp://jericho.moesexy.com/?olivia \r\n the pirate bay kiddie porn beowulf cartoon pron free italian american porn free anal porn like yuvutu ametuer meican women porn', '2022-01-14 00:12:15', '2022-01-14 00:12:15'),
(10946, 'franklinyj60', 'tia@satoshi10.kiyoakari.xyz', 'Best Nude Playmates & Centerfolds, Beautiful galleries daily updates', 'Girls of Desire: All babes in one place, crazy, art\r\nhttp://88by88.pornmissionhill.alexysexy.com/?rayna \r\n free tribbing porn vaneesa hugdens porn avatar the last airbender porn yaoi scarlett pain porn hennesy porn', '2022-01-14 03:27:42', '2022-01-14 03:27:42'),
(10947, 'lawandalj11', 'johnniepa16@satoshi3510.hiraku13.kiyoakari.xyz', 'Hot galleries, daily updated collections', 'New super hot photo galleries, daily updated collections\r\nhttp://listipadporn.frenchtown.sexjanet.com/?wendy \r\n fuck my girl porn bangin bombay porn gothic porn movie stars free sophia myles porn pictures best black woman porn', '2022-01-14 04:45:19', '2022-01-14 04:45:19'),
(10948, 'Cuttercuk', 'hilenbmendoza87@gmail.com', 'On the formation of handwriting', 'new texts were rewritten', '2022-01-14 05:18:22', '2022-01-14 05:18:22'),
(10949, 'lorrainele2', 'franvt20@daisuke6710.shiro34.toshikokaori.xyz', 'Free Porn Galleries - Hot Sex Pictures', 'Sexy teen photo galleries\r\nhttp://sexyfaithporn.kailuapornshops.miyuhot.com/?janae \r\n\r\n drivers license porn free straight guys porn fondled in a porn theatre total drama island rick fields porn grrman porn tube', '2022-01-14 05:20:12', '2022-01-14 05:20:12'),
(10950, 'javierwf18', 'katevq4@masaaki8810.naoki29.kiyoakari.xyz|akira4310.haru51.mokomichi.xyz}', 'Sexy photo galleries, daily updated pics', 'Enjoy our scandal amateur galleries that looks incredibly dirty\r\nhttp://newpornredtubeglenalpine.energysexy.com/?aryanna \r\n atlanta ga porn bus unblocked porn youtube porn channel france porn site free cartoon porn kim possible', '2022-01-14 07:25:38', '2022-01-14 07:25:38'),
(10951, 'Janenotfddaf', 'janeRaraccea@gmail.com', 'This software can solve any CAPTCHA', 'XEvil - the best captcha solver tool with unlimited number of solutions, without thread number limits and highest precision! \r\nXEvil 5.0 support more than 12.000 types of image-captcha, included ReCaptcha, Google captcha, Yandex captcha, Microsoft captcha, Steam captcha, SolveMedia, ReCaptcha-2 and (YES!!!) ReCaptcha-3 too. \r\n \r\n1.) Flexibly: you can adjust logic for unstandard captchas \r\n2.) Easy: just start XEvil, press 1 button - and it\'s will automatically accept captchas from your application or script \r\n3.) Fast: 0,01 seconds for simple captchas, about 20..40 seconds for ReCaptcha-2, and about 5...8 seconds for ReCaptcha-3 \r\n \r\nYou can use XEvil with any SEO/SMM software, any parser of password-checker, any analytics application, or any custom script:  \r\n XEvil support most of well-known anti-captcha services API: 2Captcha, RuCaptcha.Com, AntiGate (Anti-Captcha.com), DeathByCaptcha, etc. \r\n \r\nInterested? Just search in YouTube \"XEvil\" for more info \r\nYou read this - then it works! ;))) \r\n \r\nP.S. New XEvil 6.0 will break hCaptcha, FunCaptcha and ReCaptcha Enterprize', '2022-01-14 07:37:49', '2022-01-14 07:37:49'),
(10952, 'jaimehy4', 'pat@shiro67.kiyoakari.xyz', 'New project started to be available today, check it out', 'Nude Sex Pics, Sexy Naked Women, Hot Girls Porn\r\nhttp://teen.porn.hotnatalia.com/?melissa \r\n low rize jeens porn tube handjobs witk prostata massage porn menstral period sex porn young teens porn photos big cocl porn', '2022-01-14 08:20:48', '2022-01-14 08:20:48'),
(10953, 'Everettvem', 'glukhina.1998@mail.ru', 'Единый сервис услуг Саранска', 'Домашнее хозяйство, даже в небольшой квартире-студии, требует постоянного внимания. В доме всегда есть что исправить или починить: поклеить обои, положить плитку или установить дверь. Для решения разных бытовых проблем, можете воспользоваться услугой \r\nна нашем сайте \"БОЛЬШОЙ МАСТЕР\" — работаем в Саранске и Мордовии. \r\n \r\n<a href=https://doccentr.com>a</a>,<a href=http://dom-lady.ru>b</a>,<a href=https://zagorodny.net>c</a>,<a href=https://ifvremya.ru>d</a>,<a href=http://akro-spb.ru>i</a>,<a href=http://blitz-remont.ru>f</a>,<a href=https://ruspl.com>g</a>,<a href=https://dailybest.me>h</a>,<a href=https://novostidnja.ru>i</a>,<a href=http://binom-s.com>j</a>,<a href=http://medinfon.ru>k</a>,<a href=https://friendlygames.ru>l</a>,<a href=https://2019god.net>m</a>,<a href=http://rusbetonplus.ru>n</a>,<a href=https://domocvet.com>o</a>,<a href=http://telead.ru>p</a>,<a href=http://womaan.ru>q</a>,<a href=http://ladyup.ru>r</a>,<a href=http://about-windows.ru>s</a>,<a href=http://icar-by.com>t</a>,<a href=https://pancreatus.com>u</a>,<a href=http://shoptrip.ru>v</a>,<a href=http://zonakulinara.ru>w</a>,<a href=https://loverust.ru>x</a>,<a href=http://beton-cement-ru.ru>y</a>,<a href=http://tvoi-noski.ru>z</a>,<a href=http://arctic-online.ru>a</a>,<a href=http://dk-zio.ru>b</a>,<a href=http://womanmaniya.ru>c</a>,<a href=https://4dekor.ru>d</a>,<a href=http://apploidnews.com>i</a>,<a href=http://omontazhe.ru>f</a>,<a href=http://qllq.ru>g</a>,<a href=http://windowss10.ru>h</a>,<a href=http://domoxozyaiki.ru>i</a>,<a href=http://dumainfo.ru>j</a>,<a href=http://rempostroy.ru>k</a>,<a href=http://slapk.ru>l</a>,<a href=http://gdefile.ru>m</a>,<a href=https://1vesti.kharkiv.ua>n</a>,<a href=https://newsstroy.kyiv.ua>o</a>,<a href=https://rnews.kharkiv.ua>p</a>,<a href=https://rnews.kr.ua>q</a>,<a href=https://bestnews.kyiv.ua>r</a>,<a href=https://bestnews.kharkiv.ua>s</a>,<a href=https://newsfor.kr.ua>t</a>,<a href=https://newsfor.kyiv.ua>u</a>,<a href=https://newsfor.kharkiv.ua>v</a>,<a href=https://vsenews.kharkiv.ua>w</a>,<a href=https://n1.kharkiv.ua>x</a>,<a href=https://autonews.kyiv.ua>y</a>,<a href=https://nbest.kyiv.ua>z</a>,<a href=https://nbest.kharkiv.ua>a</a>,<a href=https://n1.kyiv.ua>b</a>,<a href=https://newsstroy.kr.ua>c</a>,<a href=https://x-news.kr.ua>d</a>,<a href=https://v-news.kr.ua>i</a>,<a href=https://novostidnya.kr.ua>f</a>,<a href=https://newsru.kr.ua>g</a>,<a href=https://daynews.kr.ua>h</a>,<a href=https://realnews.kr.ua>i</a>,<a href=https://thenews.kr.ua>j</a>,<a href=https://sobitiya.kr.ua>k</a>,<a href=https://miv.kr.ua>l</a>,<a href=https://rnews.kyiv.ua>m</a>,<a href=https://1vesti.kyiv.ua>n</a>,<a href=https://vsenews.kyiv.ua>o</a>,<a href=https://autonews.kharkiv.ua>p</a>,<a href=https://mirnews.kr.ua>q</a>,<a href=https://onews.kr.ua>r</a>,<a href=https://uk.kr.ua>s</a>,<a href=https://vnovostyah.kr.ua>t</a>,<a href=https://infopress.kr.ua>u</a>,<a href=https://vse.kr.ua>v</a>,<a href=https://n-news.kr.ua>w</a>,<a href=https://development.eu.com>x</a>,<a href=https://vesti.eu.com>y</a>,<a href=https://novosti.eu.com>z</a>,<a href=https://allaboutnews.eu.com>a</a>,<a href=https://rusnews.kharkiv.ua>b</a>,<a href=https://f-news.kr.ua>c</a>,<a href=https://formatnews.kr.ua>d</a>,<a href=https://autonews.kr.ua>i</a>,<a href=https://worldpress.kr.ua>f</a>,<a href=https://vsenews.kr.ua>g</a>,<a href=https://nbest.kr.ua>h</a>,<a href=https://1vesti.kr.ua>i</a>,<a href=https://svodnews.kr.ua>j</a>,<a href=https://q.kr.ua>k</a>,<a href=https://yk.kr.ua>l</a>,<a href=https://onlinenews.eu.com>m</a>,<a href=https://people.eu.com>n</a>,<a href=https://n1.kr.ua>o</a>,<a href=https://rusnews.kyiv.ua>p</a>,<a href=https://rusnews.kr.ua>q</a>,<a href=https://bestnews.kr.ua>r</a>,<a href=https://euronews.kr.ua>s</a>,<a href=https://timenews.kr.ua>t</a>,<a href=https://rtnews.kr.ua>u</a>,<a href=https://town-news.kr.ua>v</a>,<a href=https://krnews.kr.ua>w</a>,<a href=https://vedomost.kr.ua>x</a>,<a href=https://euro.kr.ua>y</a>,<a href=https://1news.kr.ua>z</a>,<a href=https://obzor.kr.ua>a</a>,<a href=https://aboutnews.kr.ua>b</a>,<a href=https://worldnews.kr.ua>c</a>,<a href=https://newsday.kr.ua>d</a>,<a href=https://strana.kr.ua>i</a>,<a href=https://newsn.kr.ua>f</a>,<a href=https://infonews.kr.ua>g</a>,<a href=https://h.kr.ua>h</a>,<a href=https://moivesti.kr.ua>i</a>,<a href=https://currentnews.kr.ua>j</a>,<a href=https://easynews.kr.ua>k</a>,<a href=https://lifenews.kr.ua>l</a>,<a href=https://lastnews.kr.ua>m</a>,<a href=https://j.kr.ua>n</a>,<a href=https://inform.kr.ua>o</a>,<a href=https://rus.kr.ua>p</a>,<a href=https://press-release.kr.ua>q</a>,<a href=https://izvesti.kr.ua>r</a>,<a href=https://034.kr.ua>s</a>,<a href=https://v.kr.ua>t</a>,<a href=https://xop.kr.ua>u</a>,<a href=https://dni.kr.ua>v</a>,<a href=https://ykr.kr.ua>w</a>,<a href=https://newsportal.kr.ua>x</a>,<a href=https://msv.kr.ua>y</a>,<a href=https://s5.kr.ua>z</a>,<a href=https://znews.kr.ua>a</a>,<a href=https://information.kr.ua>b</a>,<a href=https://ukr.kr.ua>c</a>,<a href=https://portalnews.kr.ua>d</a>,<a href=https://today.kr.ua>i</a>,<a href=https://xznews.kr.ua>f</a>,<a href=https://nn.kr.ua>g</a>,<a href=https://mls.kr.ua>h</a>,<a href=https://novostnik.kr.ua>i</a>,<a href=https://informing.kr.ua>j</a>,<a href=https://vnovosti.kr.ua>k</a>,<a href=https://y.kr.ua>l</a>,<a href=https://nation.kr.ua>m</a>,<a href=https://item.eu.com>n</a>,<a href=https://gazette.eu.com>o</a>,<a href=https://headline.eu.com>p</a>,<a href=https://fact.eu.com>q</a>,<a href=https://somenews.eu.com>r</a>,<a href=https://lifenews.eu.com>s</a>,<a href=https://tidings.eu.com>t</a>,<a href=https://today.eu.com>u</a>,<a href=https://eunews.eu.com>v</a>,<a href=https://sir.eu.com>w</a>,<a href=https://journal.eu.com>x</a>,<a href=https://gazeta.eu.com>y</a>,<a href=https://lenta.eu.com>z</a>,<a href=https://exclusive.eu.com>a</a>,<a href=https://all.eu.com>b</a>,<a href=https://expert.eu.com>c</a>,<a href=https://news-magazine.eu.com>d</a>,<a href=https://newshour.eu.com>i</a>,<a href=https://presentation.eu.com>f</a>,<a href=https://publication.eu.com>g</a>,<a href=https://release.eu.com>h</a>,<a href=https://smi.eu.com>i</a>,<a href=https://view.eu.com>j</a>,<a href=https://vremya.eu.com>k</a>,<a href=https://prsn.eu.com>l</a>,<a href=https://lnd.eu.com>m</a>,<a href=https://034.eu.com>n</a>,<a href=https://all-about.eu.com>o</a>,<a href=https://solution.eu.com>p</a>,<a href=https://rightnow.eu.com>q</a>,<a href=https://euro21.eu.com>r</a>,<a href=https://euro22.eu.com>s</a>,<a href=https://100.eu.com>t</a>,<a href=https://mdrd.eu.com>u</a>,<a href=https://newtime.kr.ua>v</a>,<a href=https://fraufluger.ru>w</a>,<a href=https://rossoshru.ru>x</a>,<a href=https://lifeposi.ru>y</a>,<a href=http://megamcpe.com>z</a>,<a href=https://mirzodiaka.com>a</a>,<a href=http://ladysarafan.ru>b</a>,<a href=https://hypecrib.com>c</a>,<a href=https://vd-tv.ru>d</a>,<a href=https://buzulukmedia.ru>i</a>,<a href=https://donklephant.net>f</a>,<a href=https://avtotema.kr.ua>g</a>,<a href=http://hayastannews.com>h</a>,<a href=https://deepcool-ma.com>i</a>,<a href=https://russianshop.org>j</a>,<a href=http://dettka.com>k</a>,<a href=https://chexov.net>l</a>,<a href=http://nalatty.com>m</a>,<a href=https://hozyaushka.org>n</a>,<a href=http://montazhnik02.ru>o</a>,<a href=https://mama-creative.com>p</a>,<a href=https://crimeabest.com>q</a>,<a href=https://womanka.com>r</a>,<a href=http://teletap.org>s</a>,<a href=https://csharpcoderr.com>t</a>,<a href=https://dooralei.ru>u</a>,<a href=http://newsfast.ru>v</a>,<a href=https://2020about.com>w</a>,<a href=http://u-sity.net>x</a>,<a href=http://intofact.ru>y</a>,<a href=https://astrakhan.net>z</a>,<a href=http://oneznakomke.ru>a</a>,<a href=https://vpolozhenii.com>b</a>,<a href=http://gturs.com>c</a>,<a href=https://cultmoscow.com>d</a>,<a href=https://dvedoli.com>i</a>,<a href=https://belady.online>f</a>,<a href=https://dobrenok.com>g</a>,<a href=https://milomarket.com>h</a>,<a href=https://adres.kr.ua>i</a>,<a href=https://womanjour.ru>j</a>,<a href=http://ladystory.ru>k</a>,<a href=http://kapitosha.net>l</a>,<a href=http://mirokru.ru>m</a>,<a href=https://kakpravilino.com>n</a>,<a href=https://1001guru.ru>o</a>,<a href=http://xozyaika.com>p</a>,<a href=https://aromat.kr.ua>q</a>,<a href=https://parovarim.com>r</a>,<a href=http://remstroitelstvo.ru>s</a>,<a href=https://golubevod.net>t</a>,<a href=http://s-narodom.ru>u</a>,<a href=https://zazdorovie.net>v</a>,<a href=http://roofor.ru>w</a>,<a href=http://sovet-sadovody.ru>x</a>,<a href=https://albooking.net>y</a>,<a href=http://fi-hi.ru>z</a>,<a href=https://modnuesovetu.ru>a</a>,<a href=https://rabotainternet.com>b</a>,<a href=https://1npf.com>c</a>,<a href=https://renewablenergy-world.com>d</a>,\r\n<a href=https://viewangle.net>i</a>', '2022-01-14 12:24:21', '2022-01-14 12:24:21'),
(10954, 'Katrin31', 'gioiafkzk@gmail.com', 'I saw you yesterday, I\'m looking a lover like you', 'hello dear.. my name is Anna. \r\nIf you want to meet me, I\'m here - tinyurl.com/y5pkhtqx', '2022-01-14 15:14:47', '2022-01-14 15:14:47'),
(10955, 'Horny Shriya', 'merissa.watriama@gmail.com', '(2) Horny Shriya sent you messages', 'Horny Shriya sent you 2 messages yesterday. She is online now.\r\nClick the link below to view the message and reply to her.\r\n\r\nhttps://sexlovers.club/chat/HornyShriya/', '2022-01-14 19:38:17', '2022-01-14 19:38:17'),
(10956, 'Airbladefis', 'reidteresa469@gmail.com', 'writing motor skill', 'written on the parchment was scratched out', '2022-01-14 20:13:30', '2022-01-14 20:13:30'),
(10957, 'marciezi18', 'edward@tamotsu19.sorataki.in.net', 'Sexy photo galleries, daily updated collections', 'Hot galleries, daily updated collections\r\nhttp://hubtubeporn.coram.topanasex.com/?felicia \r\n xbox 360 porn free porn forced gagging taboo xxx porn free interracial hardcore porn sites porn cams', '2022-01-14 21:03:42', '2022-01-14 21:03:42'),
(10958, 'iphonemync.', 'maximmad222@yandex.ru', 'XBOX игры купить  разнообразные игры:  XBOX Цифровые версии игр', 'Купить лицензионные игры +на xbox стать ГАЙМЕРОМ  + https://mysel.ru  \r\nxbox +one игры купить +в россии+ https://plati.market/itm/2957744 \r\nигры +на xbox +one купить дешево+ https://wmcentre.net/item/sniper-elite-3-ultimate-edition-xbox-one-klyuch-3205694 \r\nкупить аккаунт xbox game+https://wmcentre.net/item/hitman-3-call-of-duty-adv-warfare-xbox-3203356 \r\nмагазин стим+http://mysel.ru/goods_info.php?id=3180599 \r\nНовые игры аккаунты в аренду+https://wmcentre.net/item/red-dead-redemption-2-xbox-one-3203361 \r\n<b>steam game code</b>+https://plati.market/itm/3012399 \r\nXbox Game Pass Ultimate  + EA Play+https://mysel.ru/goods_info.php?id=3081941 \r\n<b>Assassins Creed xbox one</b>+https://plati.market/itm/3047524 \r\n<b>Resident Evil xbox one</b>+https://plati.market/itm/3051395 \r\n<b>Call Of duty xbox one</b>+https://plati.market/itm/3025661 \r\n<b>Hitman xbox One</b>+https://plati.market/itm/2891192 \r\n<b>Battlefield xbox one key</b>+https://plati.market/itm/2921621 \r\n<b>Metro Xbox Key</b>+https://plati.market/itm/2957673 \r\n<b>игры XBOX XD KEY</b>  <b>MYSEL>RU</b> https://mysel.ru  Торговая площадка цифровых товаров \r\n<a href=https://plati.market/itm/fifa-20-uk-xbox-one-kljuch-cifr-kod--podarok/2961184>  FIFA 20  XBOX ONE Ключ  / Цифр код + подарок </a> \r\n<a href=https://plati.market/itm/3207281> Mafia Definitive Edition XBOX CD KEY</a> \r\n<a href=https://plati.market/itm/2892901>METRO: LAST LIGHT REDUX +подарок</a> \r\n<a href=https://plati.market/itm/2961721>The Crew 2  XBOX/PC+present </a> \r\n<a href=https://plati.market/itm/2970072>Diablo III: Eternal Collection Xbox One</a> \r\n<a href=https://plati.market/itm/3011789><b>Steam Turkey 50 TL Gift Card Code(FOR TURKEY ACCOUNTS)</b></a> \r\n<a href=https://plati.market/itm/2911572><b> Netflix Турция Подарочный код 100 TL</b></a> \r\n<a href=https://plati.market/itm/3105472>The Division 2 -</a> \r\n<a href=https://plati.market/itm/3221892>MORTAL KOMBAT 11 XBOX ONE X/S</a> \r\n<a href=https://plati.market/itm/3204091><b>King?s Bounty II - Lord?s Edition XBOX ONE</b></a> \r\n<a href=https://plati.market/itm/3203865>  <b>Amazon Gift Card US $10</b> </a> \r\n<a href=https://plati.market/itm/3048052> <b>iTUNES GIFT CARD - $15(USA) </b></a> \r\n<a href=https://plati.market/itm/3010680>Dead Rising Triple Bundle Pack XBOX / КЛЮЧ</a> \r\n<a href=https://plati.market/itm/3045341>Thief Xbox One </a> \r\n<a href=https://plati.market/itm/2898599>Nba 2k20 xbox one</a> \r\n<b>Adguard Premium 1ПК</b>+https://wmcentre.net/item/adguard-premium-1pk-na-1-god-3203400 \r\n<b>AVG TuneUp 1 ПК 1 ключ</b>+https://plati.market/itm/3048052 \r\n<a href=http://hcrd.ru/fTa9a8><b>Хочешь купить машину, срочно нужны деньги, не хватате на покупку иди в банк HOME BANKE</b></a> \r\n<b> Стань успешным трейдером, торгуй на валютном рынке, получай прибыль</b>+https://www.share4you.ru.com/?affid=d339e9d \r\n<b>Автоматизация ваших действий в браузере, заработок с помощью шаблонов-Покупай Zennoposter</b>+http://www.zennolab.com/ru/products/zennoposter/pid/304ef301-d306-4a83-bbd6-a6bfc4923335 \r\n<b> Открой свой бизнес(заведи свой счет), работай на себя, зарегесрируй ИП или ООО бесплатно</b> +https://sme.raiffeisen.ru/partners/leqgy080 \r\n<b>Дешевый хостинг,качество по низкой цене</b>+https://webhost1.ru/?r=133178 \r\n<b>Покупай на ENOT-способ оплаты(0% при оплате банковской картой)11 способов оплаты</b>', '2022-01-14 21:12:30', '2022-01-14 21:12:30'),
(10959, 'Shella', 'info@hwp.pl', 'Best Offer for insca.org', 'Morning \r\n\r\nDon\'t you hate carrying a big bulky backpack when you are only going out for the day? This high quality shoulder bag solves that problem. \r\nCarry enough without bogging yourself down! Perfect for that fishing trip or day hike!\r\n\r\n50% OFF for the next 24 Hours ONLY + FREE Worldwide Shipping for a LIMITED time\r\n\r\nBuy now: https://fashionbag.sale\r\n\r\nThe Best, \r\n\r\nShella', '2022-01-14 21:55:10', '2022-01-14 21:55:10'),
(10960, 'ettabf4', 'daleuq20@akihiro8610.tamotsu99.toshikokaori.xyz', 'Dirty Porn Photos, daily updated galleries', 'New hot project galleries, daily updates\r\nhttp://viet.pornhighgrove.lexixxx.com/?kaela \r\n contemporary porn the poop sisters porn free porn websites without registration costume porn vieos porn for france', '2022-01-14 22:45:27', '2022-01-14 22:45:27'),
(10961, 'leannni1', 'fernod20@kaede83.kiyoakari.xyz', 'Hardcore Galleries with hot Hardcore photos', 'Young Heaven - Naked Teens & Young Porn Pictures\r\nhttp://inyuasha.porncanyon.topanasex.com/?anissa \r\n tube mature lesbian length porn vid home role play porn tube illegel kid porn japanese porn shaved pussy snoopy charlie brown porn', '2022-01-14 22:58:47', '2022-01-14 22:58:47'),
(10962, 'Visionziw', 'marshallrosenblum@gmail.com', 'characteristic for each', 'manuscripts underwent in the Middle', '2022-01-15 00:02:09', '2022-01-15 00:02:09'),
(10963, 'Sprinklermmx', 'bonniekgore0202@gmail.com', 'writing motor skill', 'written on the parchment was scratched out', '2022-01-15 00:26:31', '2022-01-15 00:26:31'),
(10964, 'Seymourpease', 'michellebergmann00@yahoo.de', 'Schnelles Geld Vor 17200 EUR pro Tag', 'Passives Einkommen von 16600 EUR in der Woche >>>>>>>>>>>>>>>>>>>>>>>>>>> https://www.google.com/url?q=https%3A%2F%2Fvk.cc%2Fcaa7WZ&sa=D&61=34&usg=AFQjCNHeDhPmQ6da3c_t6uxfxm4yAdThqw <<<<<<<<<<<<<<<<<<<<<<<<', '2022-01-15 00:46:54', '2022-01-15 00:46:54'),
(10965, 'Josephlig', 'fecvieta1993@mail.ru', 'автомалиновка продажа авто в белоруссии', 'Долго искал и наконец нашел действительно полезный сайт про авто <a href=https://avtoataman.ru/>avtoataman.ru</a>', '2022-01-15 00:54:25', '2022-01-15 00:54:25'),
(10966, 'deanapg2', 'tammyhj5@masaaki8810.naoki29.kiyoakari.xyz|akira4310.haru51.mokomichi.xyz}', 'Hot new pictures each day', 'Hardcore Galleries with hot Hardcore photos\r\nhttp://patrishaporn.scottville.alexysexy.com/?jessie \r\n uncle porn thumbs free lingerie porn tubes calebrity porn gay porn cum shots blowjobs amputee erotic porn', '2022-01-15 05:58:07', '2022-01-15 05:58:07'),
(10967, 'Flashpaqsjr', 'vnowling@hotmail.com', ', however, the results of graphological', 'books in ancient times was papyrus', '2022-01-15 06:25:52', '2022-01-15 06:25:52'),
(10968, 'casandrakl1', 'perry@tamotsu19.sorataki.in.net', 'Best Nude Playmates & Centerfolds, Beautiful galleries daily updates', 'Sexy teen photo galleries\r\nhttp://faeryporn.gravette.sexjanet.com/?kathryn \r\n biggi bardot porn teenager schoolgirl at home porn free painful big dick porn sexy teen babes sex nude porn mass effect 2 miranda porn', '2022-01-15 08:37:59', '2022-01-15 08:37:59'),
(10969, 'timothyel18', 'beverleynm4@atsushi35.toshikokaori.xyz', 'New project started to be available today, check it out', 'Sexy teen photo galleries\r\nhttp://metalsextoys.youporntubegay.allproblog.com/?joelle \r\n\r\n victoria m porn my wifes mom porn kortana porn surfer girls porn free porn pictures online', '2022-01-15 10:32:45', '2022-01-15 10:32:45'),
(10970, 'Focusnac', 'santansteve78@gmail.com', 'forensic research of documents (handwriting). Also handwriting', 'manuscripts attributed to Robins', '2022-01-15 14:32:42', '2022-01-15 14:32:42'),
(10971, 'lawrencecq1', 'andy@daisuke6910.michio73.toshikokaori.xyz', 'Hot new pictures each day', 'New project started to be available today, check it out\r\nhttp://beamanmnaughtygayporn.miyuhot.com/?talia \r\n fat mature women free porn videos porn poicture hunter latex lesbians porn free biting porn 3d porn nipples', '2022-01-15 19:15:49', '2022-01-15 19:15:49'),
(10972, 'RainMachinewyf', 'bikes@coalcitycycles.com', 'In recent years, the number', 'One of the most skilled calligraphers', '2022-01-15 20:43:09', '2022-01-15 20:43:09'),
(10973, 'corineew60', 'goldielf20@kunio110.hiraku94.kiyoakari.xyz', 'New super hot photo galleries, daily updated collections', 'Daily updated super sexy photo galleries\r\nhttp://bogue.video6porn.adablog69.com/?madyson \r\n disney dick girls porn hup porn mature mobile petite porn list of all porn sites free porn black movies', '2022-01-15 21:16:58', '2022-01-15 21:16:58'),
(10974, 'jasonqi2', 'rheatp4@itsuki2410.akio74.toshikokaori.xyz', 'Best Nude Playmates & Centerfolds, Beautiful galleries daily updates', 'Dirty Porn Photos, daily updated galleries\r\nhttp://nowifeytshirt.instakink.com/?aileen \r\n\r\n free vids hot sexy blonde porn mild porn for iphone for free free animated cartoon video porn black ass porn old fat horse rick fox pics porn', '2022-01-15 22:20:36', '2022-01-15 22:20:36'),
(10975, 'Brandon Duby', 'duby.brandon@msn.com', 'Hey there https://insca.org/contact-us', 'Amazing portable fan heater for home or office.  50% discount applied.  Fast worldwide delivery.\r\n\r\nhttps://bit.ly/3FDo4Ri', '2022-01-16 00:13:15', '2022-01-16 00:13:15'),
(10976, 'OlgasiRinaAmavy', 'rinatabogdan@internet.ru', 'гидра официальный', 'INSCA |     Board Of Directors \r\n- \r\n \r\nHydra - крупнейшая интернет платформа с большим количеством шопов и постоянных покупателей на ней.  На ресурсе https://hydraruzxpsnew4af.xyz предоставляется широкий выбор товаров по различным категориям с удобной навигацей. Даже самый привередливый пользователь найдет себе продукт по душе. Помимо защиты юзера сервис может предложить еще множество полезных функций. Представьте, что вам не нужно волноваться об анонимности при оплате заказа, не обязательно устанавливать Тор, обмен валюты тоже не проблема, а оплачивать товар возможно ни только через Qiwi и биток, а любым из предоставляемых сервисом способом оплаты. А для того чтобы публика как обычного интернета, так и дипвеба знала о существовании hydra сайт  Гидра.онион для этого каждый день создаются сайты с ссылками на офицальный сайт: https://xn--hdraruzxspnev4af-fh2i.com - hydraruzxpnew4af\r\n \r\n \r\n<a href=http://www.dzwirzyno24.info/index.php/836-zagadka-kto-sie-ucieszy-z-30-tysiecy-na-drukarke-laserowa>hydraruzxpnew4af</a>\r\n<a href=http://www.studio46teatro.es/index.php?option=com_content&view=article&id=115:galeria-qextrano-matrimonioq&catid=39:fotos&Itemid=188>зеркало гидра</a>\r\n<a href=http://www.webdepastoral.salesians.info/index.php?option=com_content&id=2871:2014-09-19-07-04-30&lang=ca&Itemid=0>зеркало гидра</a>\r\n<a href=http://www.utwion.elblag.pl/index.php?option=com_guestbook&view=guestbook&Itemid=0>ссылка гидра</a>\r\n<a href=http://conacsecuiesc.ro/hu/vendegkoenyv.html>ссылка гидра</a>\r\n 5_f9dc9', '2022-01-16 00:41:30', '2022-01-16 00:41:30');
INSERT INTO `messages` (`id`, `name`, `email`, `subject`, `message`, `created_at`, `updated_at`) VALUES
(10977, 'jennieup18', 'janiekr20@satoshi3510.hiraku13.kiyoakari.xyz', 'Hot sexy porn projects, daily updates', 'College Girls Porn Pics\r\nhttp://youngpornbbsnikolski.hotnatalia.com/?erika \r\n sex porn strech marks free porn videos feminization free kayla synz porn videos model pussy porn free indin porn pics', '2022-01-16 01:50:29', '2022-01-16 01:50:29'),
(10978, 'christianfr3', 'julianxm16@masaaki8810.naoki29.kiyoakari.xyz|akira4310.haru51.mokomichi.xyz}', 'Sexy pictures each day', 'Best Nude Playmates & Centerfolds, Beautiful galleries daily updates\r\nhttp://randlett.miaxxx.com/?abigayle \r\n free brazil porn movies spongebob porn sex images and pictures lb porn video megan fox lesbian porn free streaming kid porn', '2022-01-16 04:16:26', '2022-01-16 04:16:26'),
(10979, 'OlgasiRinaAmavy', 'rinatabogdan@internet.ru', 'сайт гидра', 'INSCA |     Board Of Directors \r\n- \r\n \r\nОдин из самых популярных сайтов, на котором возможно найти любые товары - это Hydra. Официальная ссылка проекта: https://hydraruzxpsnew4af.top . Перейдя на сайт, вы сможете получить доступ к большой базе магазинов, в которых можно купить абсолютно любой товар или услугу, которую только можно представить. Администрация Гидры делает все, чтобы любой посититель был в безопасности и сохранял анонимность. Сам сервис работает по зашифрованному потоку, а потому, вы можете не использовать стороннего ПО для скрытия посещения сайта. Площадка предоставляет большой выбор товаров. Причем на ней можно найти карточки с товаром от разных продавцов, что создает живую конкуренцию. Поэтому здесь можно подобрать наиболее выгодное предложение, а кроме того, получить скидки при заказе определенного количества товаров или пакета услуг оптом. гидра сайт\r\n \r\n \r\n<a href=http://www.arzobispadocamaguey.com/index.php/noticias/276-el-dia-de-la-concientizacion-del-autismo>гидра</a>\r\n<a href=http://www.webdepastoral.salesians.info/index.php?option=com_content&id=153:frases-sobre-la-felicitat&lang=ca>гидра зеркало</a>\r\n<a href=https://www.70plus-na-und.de/Joomla/index.php/73-jahre-alt-zu-sein>гидра сайт</a>\r\n<a href=http://www.activeindiatv.com/editorials/13518-now-police-premises-unsafe-too-computer-printer-stolen-from-phq>гидра официальный</a>\r\n<a href=http://vds-rohrbach.de/index.php/fotos-sp-195795693/item/34/asInline>зеркало гидра</a>\r\n d11cf2f', '2022-01-16 04:33:34', '2022-01-16 04:33:34'),
(10980, 'OlgasiRinaAmavy', 'rinatabogdan@internet.ru', 'гидра сайт', 'INSCA |     Board Of Directors \r\n- \r\n \r\nГидра - фаворит среди теневых магазинов. Это интернет магазин различных товаров определенной тематики. Сайт работает с 2015 года и на сегодняшний день прогрессивно развивается и уже ни раз доказал свою надежность. При помощи данного ресурса, возможно безопасно приобрести желаемый товар, в любом населенном пункте России и СНГ. Что на самом деле представляет из себя система мгновенных покупок, которую предлагает нам Hydra? Прежде всего, это способ приобрести важный для клиента продукт, не дожидаясь,ожидая подтверждения транзакции в блокчейне, так как оплата может быть произведена в QIWI и BTC. Это довольно просто для тех, кто ценит своё время. Переходи на сайт Гидра https://xn--hydrarzxpnew4af-hw5h.com и погрузись в мир новых ощущений. ссылка гидра\r\n \r\n \r\n<a href=http://www.webdepastoral.cat/index.php?option=com_content&view=article&id=1924&catid=15&lang=ca>гидра зеркало</a>\r\n<a href=http://www.saludsapersonas.com/vivesaludtotal/index.php/cancer/consejos-medicos/36-tratamientos-cancer/404-quimio-y-radioterapia-icuando-y-como-se-emplean>гидра официальный</a>\r\n<a href=http://phattrienngonngu.com/web/index.php/bai-viet-chuyen-de/gii-dap-cac-thc-mc/162-gii-dap-cac-thc-mc-v-khoa-hc-luyn-vit-van-mieu-t-phat-trin-ngon-ng>гидра</a>\r\n<a href=https://www.huy-athle.be/web/2016/12/05/corhuyda-3eme-place-vincent-mottoul?page=22#comment-103873>hydra</a>\r\n<a href=http://www.nivelaria.es/err#submitform>гидра сайт</a>\r\n d11cf2f', '2022-01-16 06:02:52', '2022-01-16 06:02:52'),
(10981, 'Horny Shriya', 'rene.duesbury@googlemail.com', '(2) Horny Shriya sent you messages', 'Horny Shriya sent you 2 messages yesterday. She is online now.\r\nClick the link below to view the message and reply to her.\r\n\r\nhttps://sexlovers.club/chat/HornyShriya/', '2022-01-16 06:23:23', '2022-01-16 06:23:23'),
(10982, 'OlgasiRinaAmavy', 'rinatabogdan@internet.ru', 'гидра зеркало', 'INSCA |     Board Of Directors \r\n- \r\n \r\nПроизводя поиск в сети, веб-серфер,юзер рано или поздно столкнется с маркетплейсом Hydra-onion:https://xn--hydr2wb-dn4cki.com . Многие пользователи интернета хотят закупаться моментально и абсолютно безопасно. Реально внушительный IT маркет c интересными позициями,которые не найдешь в Гугле, представлен на странице  Гидра-онион - https://hydraruszsxpnew4af.xyz . При регистрации на сайте или в переписках никому не сообщайте свои личные данные, придумайте логин и отображамое имя, который отличается от логина. Также придумаете надёжный пароль от 8 символов и более. hydra\r\n \r\n \r\n<a href=http://varimesvendy.cz/component/spsimpleportfolio/item/256-minidezerty-z-piskotove-rolady>зеркало гидра</a>\r\n<a href=http://activeindiatv.com/entertainment/44418-aye-gaa-aane-wala-among-madhubalas-immortal-songs>сайт гидра</a>\r\n<a href=http://www.dzwirzyno24.info/index.php/78-druga-debata>hydra</a>\r\n<a href=http://www.cubalibredigital.com/index.php?option=com_content&id=33854:cuba-la-revolucion-jinetera>гидра ссылка</a>\r\n<a href=http://www.webdepastoral.salesians.info/index.php?option=com_content&id=2871:2014-09-19-07-04-30&lang=ca&Itemid=0>зеркало гидра</a>\r\n d7513f7', '2022-01-16 06:59:00', '2022-01-16 06:59:00'),
(10983, 'Minelabfyz', 'gregveon1@gmail.com', 'start to write on the keyboard', 'monuments related to deep', '2022-01-16 07:14:40', '2022-01-16 07:14:40'),
(10984, 'verakn69', 'millie@tamotsu4110.masumi70.kiyoakari.xyz', 'New sexy website is available on the web', 'Scandal porn galleries, daily updated lists\r\nhttp://handjob.porn.edgerton.alypics.com/?macy \r\n alien fuck free porn clips porn snatch hairy highschool porn homemade free hot eboy lesbian porn free movies amature granny porn', '2022-01-16 07:52:08', '2022-01-16 07:52:08'),
(10985, 'LarryKiG', 'inninnhop44@gmail.com', 'inn xinfo', 'http://dll.pp.ua/inn/ \r\n<a href=http://dll.pp.ua/inn/>inn xinfo</a> \r\n<a href=\"http://dll.pp.ua/inn/\">http://dll.pp.ua/inn/</a>', '2022-01-16 08:50:36', '2022-01-16 08:50:36'),
(10986, 'Vintageqso', 'jade1phoenix@gmail.com', 'in letters and manuscripts', 'Europe, and in Ancient Russia', '2022-01-16 09:02:52', '2022-01-16 09:02:52'),
(10987, 'Michaelacuro', 'ddmh1}ddr112ewmadg4jr15}d@gmail.com', 'Thanks in support of your recomendation', 'Hello. \r\nI`ve got an expierence with theese guys <a href=\"http://10at10club.com/\">http://10at10club.com/</a> that were mentioned before. \r\nAnd I watned to say thanks!', '2022-01-16 10:31:01', '2022-01-16 10:31:01'),
(10988, 'Everettvem', 'glukhina.1998@mail.ru', 'Актуальный каталог со свежими ценами!', 'Внимание - внимание. Супер акционное предложение. Таких цен вы ещё не видели! \r\n \r\n<a href=https://www.admdental.ru/catalog/titanovyie-osnovaniya/titanovyie-osnovaniya-dlya-sirona/kopiya-kopiya-dentium/implantium/impro/kopiya-kopiya-implantium/dentium-cut.html>Implantium/Dentium</a>\r\n<a href=https://www.admdental.ru/catalog/vintyi-adm/kopiya-dentium/implantium/impro/>Винты, совместимые с Dentium</a>\r\n<a href=https://www.admdental.ru/catalog/bloki/rmma/disk-iz-rmma-a1-9512.html>Диск из РММА А1 95*12</a>\r\n<a href=https://www.personadent.ru/>лечение кариеса недорого спб</a>\r\n<a href=https://www.personadent.ru/>лечение зубов детям спб</a>', '2022-01-16 14:17:08', '2022-01-16 14:17:08'),
(10989, 'OlgasiRinaAmavy', 'rinatabogdan@internet.ru', 'гидра ссылка', 'INSCA |     Board Of Directors \r\n- \r\n \r\nСамый крупный магазин в РФ - Гидра, предлагает каждому пользователю получить доступ к неограниченным возможностям и разносторонним товарам. Это лучшая площадка, которая обеспечивает 100% анонимность каждому пользователю, гарантирует скорость и безопасность. Здесь можно найти тысячи магазинов с разными товарами. Потому стоит выбирать наиболее выгодные предложения и рассматривать каждого. Это свободный рынок, что позволяет конкурировать. Гидра онион работает по адресу https://hydraruszsxpnew4af.xyz , и не требует подключения TOR или VPN. Достаточно перейти на сайт и быстро попасть в огромный магазин. Потому не теряйте время, и окунитесь в новый для себя мир. гидра\r\n \r\n \r\n<a href=http://witchdoctoraspen.com/what-is-smudging/#comment-516478>гидра официальный</a>\r\n<a href=http://www.fsv07-rittersgruen.de/index.php?option=com_content&view=article&id=135:wanderpokal-bleibt-endgueltig-in-rittersgruen&catid=35:fuall&Itemid=111>ссылка гидра</a>\r\n<a href=http://www.cubalibredigital.com/index.php?option=com_content&view=article&id=4548:brasil-ejercito-toma-el-qmorro-del-alemanq-ultimo-reducto-de-los-narcotraficantes&catid=7:principal&Itemid=22>гидра</a>\r\n<a href=http://www.gibanje-ops.com/prispevki-razlicnih-avtorjev/41-prispevki-razlicnih-avtorjev/264-arhivi-udbe>гидра</a>\r\n<a href=http://olszyna.com.pl/sport/28-fitness/57-dogtrekking>hydraruzxpnew4af</a>\r\n 513f702', '2022-01-16 15:55:42', '2022-01-16 15:55:42'),
(10990, 'ashleeoa1', 'sheree@daisuke6910.michio73.toshikokaori.xyz', 'New sexy website is available on the web', 'Best Nude Playmates & Centerfolds, Beautiful galleries daily updates\r\nhttp://guthrie.alexysexy.com/?kailee \r\n porn brunette rhiannon bray mobile phone porn sex free video amature porn hot teen porn videos free online free porn straight guys self suck', '2022-01-16 17:06:24', '2022-01-16 17:06:24'),
(10991, 'OlgasiRinaAmavy', 'rinatabogdan@internet.ru', 'зеркало гидра', 'INSCA |     Board Of Directors \r\n- \r\n \r\nХотите найти место, где можно купить все, что угодно? Тогда вам подойдет сайт Hydra, где можно найти любые услуги. Это самая крупная в РФ торговая площадка, которая специализируется на разных товарах. На сайте https://xn--hdraruzpnew4af-vq9g.com Вы сможете найти для себя нужные вещи. Это уникальная площадка и мы предоставляем вам ссылку на официальное зеркало Hydra от администрации проекта. Нужно только перейти по ней, зайти на сайт и подобрать нужные для себя вещи. Площадка полностью анонимна, работает 24/7, а кроме того, не требует соединения TOR или VPN. Достаточно перейти на сайт Гидра анион и начать работу с проектом. Для этого понадобится простая регистрация, и буквально несколько кликов. А при возникновении любых трудностей вы всегда можете обратиться к администрации проекта. гидра зеркало\r\n \r\n \r\n<a href=http://www.cuentameuncuento.es/index.php/cuentos-en-la-web/194-20150803cuento-2>гидра сайт</a>\r\n<a href=https://streema.com/comments/posted/?c=1386933>гидра официальный</a>\r\n<a href=https://www.sv-bedburg-hau.com/index.php/datenschutz/75-allgemein/2-tschuess-yueksel>сайт гидра</a>\r\n<a href=http://www.cubalibredigital.com/index.php?option=com_content&id=36713:la-protesta-abortada-por-yoani-sanchez>сайт гидра</a>\r\n<a href=http://www.fmnagasaki.co.jp/program/kokoyoka/item/15964/catid/166>зеркало гидра</a>\r\n 3f702aa', '2022-01-16 17:26:10', '2022-01-16 17:26:10'),
(10992, 'shannonxd2', 'roxie@tamotsu4110.masumi70.kiyoakari.xyz', 'Hot sexy porn projects, daily updates', 'Young Heaven - Naked Teens & Young Porn Pictures\r\nhttp://minneiskaspeciman2porn.jsutandy.com/?dominique \r\n john persons porn comics filipino porn clips all american teen boys porn fingers a dog porn galaxey angel porn', '2022-01-16 19:16:21', '2022-01-16 19:16:21'),
(10993, 'diannjd2', 'kimberlyqb20@akihiro8610.tamotsu99.toshikokaori.xyz', 'Free Porn Galleries - Hot Sex Pictures', 'New hot project galleries, daily updates\r\nhttp://kingfisherdaveineporn.gigixo.com/?deja \r\n birthday party porn adult porn site reviews free porn videos categories brazilians porn monica sweetheart riding cock porn', '2022-01-16 20:17:01', '2022-01-16 20:17:01'),
(10994, 'OlgasiRinaAmavy', 'rinatabogdan@internet.ru', 'гидра официальный', 'INSCA |     Board Of Directors \r\n- \r\n \r\nЛучший сайт для покупки товаров разной направленности - Hydra (hydraruzxpnew4af). Это крупнейшая в России и СНГ анонимная торговая площадка, которая позволяет быстро и безопасно продавать и покупать товары любого типа. Для каждого пользователя представлена масса возможностей. К тому же, у каждого продавца есть рейтинг, отзывы, и другая информация, которая поможет вам подобрать подходящее предложение. https://hydraruszsxpnew4af.xyz — это лучший, и наверное, единственный сайт, на котором можно купить любые товары, независимо от вашего желания и требований. При этом Администрация проекта гарантирует анонимность и безопасность при совершении сделок. И контролирует каждую покупку, чтобы пользователей не обманывали. Именно поэтому площадка настолько востребована и популярна. hydraruzxpnew4af\r\n \r\n \r\n<a href=http://www.fmnagasaki.co.jp/program/spicy/item/22042>зеркало гидра</a>\r\n<a href=http://www.lcsmilte.lt/en/projektai/susildykime-mazasias-sirdeles>ссылка гидра</a>\r\n<a href=https://undergrdtorment.com/quinn-comiskey-hypocrisy/#comment-651417>гидра сайт</a>\r\n<a href=http://dzwirzyno24.info/index.php/917-powyborczy-kurz-juz-opadl>гидра ссылка</a>\r\n<a href=https://streema.com/comments/posted/?c=1386868>зеркало гидра</a>\r\n a047620', '2022-01-16 22:18:23', '2022-01-16 22:18:23'),
(10995, 'Beaterbqa', 'epreybitz@msn.com', 'materials of figures of the past.', 'and 12 thousand Georgian manuscripts', '2022-01-17 00:03:40', '2022-01-17 00:03:40'),
(10996, 'Documentwxd', 'epreybitz@msn.com', 'forensic research of documents (handwriting). Also handwriting', 'manuscripts attributed to Robins', '2022-01-17 00:30:03', '2022-01-17 00:30:03'),
(10997, 'Focusbqn', 'frustagliojoyce@gmail.com', 'have a huge impact', 'handwritten by the author.', '2022-01-17 00:31:57', '2022-01-17 00:31:57'),
(10998, 'Professionalgoj', 'csadberry@cox.net', 'and print on printers).', 'collection of poems composed', '2022-01-17 00:38:45', '2022-01-17 00:38:45'),
(10999, 'amyet4', 'mamiewo3@eiji40.mokomichi.xyz', 'Teen Girls Pussy Pics. Hot galleries', 'Hot galleries, thousands new daily.\r\nhttp://steamypornvideo.forbestown.energysexy.com/?myah \r\n free mp4 porn movies for ipod jamie lynn spears fake porn pics old sluts porn sarah palin bride gangbang after wedding porn video bearly legal porn pic', '2022-01-17 02:20:01', '2022-01-17 02:20:01'),
(11000, 'Zodiacchy', 'gloriapowell23@outlook.com', 'writing motor skill', 'from lat. manus - \"hand\" and scribo - \"I write\") <>]', '2022-01-17 02:48:42', '2022-01-17 02:48:42'),
(11001, 'jamestx18', 'gilbertcv6@masaaki8810.naoki29.kiyoakari.xyz|akira4310.haru51.mokomichi.xyz}', 'New sexy website is available on the web', 'Hot sexy porn projects, daily updates\r\nhttp://lilydaleseximageporn.amandahot.com/?patricia \r\n forced into diapers porn free streaming pregnant porn jenna b porn finger in ass famous porn stars daily tabs free nonconsent porn', '2022-01-17 03:16:22', '2022-01-17 03:16:22'),
(11002, 'OlgasiRinaAmavy', 'rinatabogdan@internet.ru', 'hydra', 'INSCA |     Board Of Directors \r\n- \r\n \r\nСамый крупный магазин в РФ - Hydra, предлагает каждому пользователю получить доступ к неограниченным возможностям и разносторонним товарам. Это лучшая площадка, которая обеспечивает 100% анонимность каждому пользователю, гарантирует скорость и безопасность. Здесь можно найти тысячи магазинов с разными товарами. Потому стоит выбирать наиболее выгодные предложения и рассматривать каждого. Это свободный рынок, что позволяет конкурировать. Гидра онион работает по адресу https://xn--hydr2wb-dn4cki.com , и не требует подключения TOR или VPN. Достаточно перейти на сайт и быстро попасть в огромный магазин. Потому не теряйте время, и окунитесь в новый для себя мир. сайт гидра\r\n \r\n \r\n<a href=http://www.fmnagasaki.co.jp/program/omuranchannel/item/13050>гидра сайт</a>\r\n<a href=http://www.oxfordbrewers.org/big-oxford-beer-bash/#comment-79566>гидра ссылка</a>\r\n<a href=http://ecels-healthychildcarepa.org/index.php?option=com_civicrm&task=civicrm/profile/view&Itemid=132&reset=1&id=13091&gid=20&cs=17a90451af119772126f16039e223dd5_1642384229_168>гидра ссылка</a>\r\n<a href=http://www.fmnagasaki.co.jp/program/spicy/item/22042>сайт гидра</a>\r\n<a href=https://www.huy-athle.be/web/2016/12/05/corhuyda-3eme-place-vincent-mottoul?page=19#comment-103894>сайт гидра</a>\r\n 047620d', '2022-01-17 04:24:52', '2022-01-17 04:24:52'),
(11003, 'OlgasiRinaAmavy', 'rinatabogdan@internet.ru', 'гидра зеркало', 'INSCA |     Board Of Directors \r\n- \r\n \r\nГидра https://xn--hdraruzpnew4af-vq9g.com - сервис для тайной покупки товаров и заказа услуг разного назначения. На официальном сайте Гидры возможно найти практически все, что вы только можете представить.  Сам проект предоставляет гарантию получения товара и вашей защиты. Каждый магазин и отдельные торговцы, зарегистрированные на сайте проверяются администрацией. Оплата товаров проводится с привлечением гаранта. Как результат, вы имеете возможность купить любой товар, и официальный сайт Гидра обеспечивает его получение. Нужно только окрыть зеркало Гидра, пройти проверку капчей и авторизоваться или зарегистрироваться на проекте, что производится в течение нескольких минут. Далее останется только подобрать интересующий клад и оформить сделку. hydra\r\n \r\n \r\n<a href=http://www.hellokitty-net.gportal.hu/schatlist.php?prt=426356&pmid=29131352&uid=0&lst=0>сайт гидра</a>\r\n<a href=http://eastexp.ru/en/8-head-item/53-totalnaya-proverka-gramotnosti-uzhe-blizko>hydraruzxpnew4af</a>\r\n<a href=http://oksana-mukha.com.ua/romantichnye-nezhnye-platya-evening-2015/#comment695043>гидра зеркало</a>\r\n<a href=http://www.conacsecuiesc.ro/ro/carte-de-oaspeti.html>сайт гидра</a>\r\n<a href=http://www.fmnagasaki.co.jp/program/dejima/item/16735/catid/171>гидра сайт</a>\r\n 90d7513', '2022-01-17 05:44:11', '2022-01-17 05:44:11'),
(11004, 'bryanrz11', 'maureen@shiro67.kiyoakari.xyz', 'Daily updated super sexy photo galleries', 'Best Nude Playmates & Centerfolds, Beautiful galleries daily updates\r\nhttp://milf.sex.lexixxx.com/?jackeline \r\n free cocktease porn porn movies russin couples reality porn brazilian porn website apple valley porn', '2022-01-17 06:21:19', '2022-01-17 06:21:19'),
(11005, 'abask', 'wxdnbsr2@gmail.com', 'I promised.', 'Hi, this is Jenny. I am sending you my intimate photos as I promised. https://tinyurl.com/yb783xx9', '2022-01-17 08:16:41', '2022-01-17 08:16:41'),
(11006, 'Scottcoosy', 'mikaelamartinov@rambler.ru', 'условия выращивания цветы жарки', 'Как правильно ухаживать за растениями, ответ на этот вопрос можно найти на сайте <a href=https://semstomm.ru>semstomm.ru</a>', '2022-01-17 13:03:41', '2022-01-17 13:03:41'),
(11007, 'Backlitqma', 'taraamber21@gmail.com', 'start to write on the keyboard', '\"Julia\'s Garland\" (fr. Guirlande de Julie)', '2022-01-17 16:47:19', '2022-01-17 16:47:19'),
(11008, 'rodneych3', 'ladonnalm3@kaede83.kiyoakari.xyz', 'Free Porn Pictures and Best HD Sex Photos', 'Hot teen pics\r\nhttp://radford.teenpornbath.miaxxx.com/?jenna \r\n fitness chicks in porn ebony porn chat european porn portal home porn upload alternatives to porn', '2022-01-17 17:32:46', '2022-01-17 17:32:46'),
(11009, 'claudettesm16', 'maritza@hideo29.mokomichi.xyz', 'Hot teen pics', 'Girls of Desire: All babes in one place, crazy, art\r\nhttp://keandrapornbaileylakes.moesexy.com/?antonia \r\n code geass porn stories different colors of bush porn lani lane hardcore porn michelle bass porn video skye blu free porn', '2022-01-17 17:59:45', '2022-01-17 17:59:45'),
(11010, 'ashleewr3', 'claricetg11@satoshi22.mokomichi.xyz', 'Sexy photo galleries, daily updated collections', 'Hot sexy porn projects, daily updates\r\nhttp://shawniepornstar.puntasantiago.miaxxx.com/?marlene \r\n sites for porn clips full length porn dvd downloads chav slags porn tubes katie morgan free porn movies supermodel porn stars', '2022-01-17 18:25:38', '2022-01-17 18:25:38'),
(11011, 'Everettvem', 'glukhina.1998@mail.ru', 'Единый сервис услуг Саранска', 'Домашнее хозяйство, даже в небольшой квартире-студии, требует постоянного внимания. В доме всегда есть что исправить или починить: поклеить обои, положить плитку или установить дверь. Для решения разных бытовых проблем, можете воспользоваться услугой \r\nна нашем сайте \"БОЛЬШОЙ МАСТЕР\" — работаем в Саранске и Мордовии. \r\n \r\n<a href=https://viewangle.net>i</a>\r\n<a href=https://doccentr.com>a</a>,<a href=http://dom-lady.ru>b</a>,<a href=https://zagorodny.net>c</a>,<a href=https://ifvremya.ru>d</a>,<a href=http://akro-spb.ru>i</a>,<a href=http://blitz-remont.ru>f</a>,<a href=https://ruspl.com>g</a>,<a href=https://dailybest.me>h</a>,<a href=https://novostidnja.ru>i</a>,<a href=http://binom-s.com>j</a>,<a href=http://medinfon.ru>k</a>,<a href=https://friendlygames.ru>l</a>,<a href=https://2019god.net>m</a>,<a href=http://rusbetonplus.ru>n</a>,<a href=https://domocvet.com>o</a>,<a href=http://telead.ru>p</a>,<a href=http://womaan.ru>q</a>,<a href=http://ladyup.ru>r</a>,<a href=http://about-windows.ru>s</a>,<a href=http://icar-by.com>t</a>,<a href=https://pancreatus.com>u</a>,<a href=http://shoptrip.ru>v</a>,<a href=http://zonakulinara.ru>w</a>,<a href=https://loverust.ru>x</a>,<a href=http://beton-cement-ru.ru>y</a>,<a href=http://tvoi-noski.ru>z</a>,<a href=http://arctic-online.ru>a</a>,<a href=http://dk-zio.ru>b</a>,<a href=http://womanmaniya.ru>c</a>,<a href=https://4dekor.ru>d</a>,<a href=http://apploidnews.com>i</a>,<a href=http://omontazhe.ru>f</a>,<a href=http://qllq.ru>g</a>,<a href=http://windowss10.ru>h</a>,<a href=http://domoxozyaiki.ru>i</a>,<a href=http://dumainfo.ru>j</a>,<a href=http://rempostroy.ru>k</a>,<a href=http://slapk.ru>l</a>,<a href=http://gdefile.ru>m</a>,<a href=https://1vesti.kharkiv.ua>n</a>,<a href=https://newsstroy.kyiv.ua>o</a>,<a href=https://rnews.kharkiv.ua>p</a>,<a href=https://rnews.kr.ua>q</a>,<a href=https://bestnews.kyiv.ua>r</a>,<a href=https://bestnews.kharkiv.ua>s</a>,<a href=https://newsfor.kr.ua>t</a>,<a href=https://newsfor.kyiv.ua>u</a>,<a href=https://newsfor.kharkiv.ua>v</a>,<a href=https://vsenews.kharkiv.ua>w</a>,<a href=https://n1.kharkiv.ua>x</a>,<a href=https://autonews.kyiv.ua>y</a>,<a href=https://nbest.kyiv.ua>z</a>,<a href=https://nbest.kharkiv.ua>a</a>,<a href=https://n1.kyiv.ua>b</a>,<a href=https://newsstroy.kr.ua>c</a>,<a href=https://x-news.kr.ua>d</a>,<a href=https://v-news.kr.ua>i</a>,<a href=https://novostidnya.kr.ua>f</a>,<a href=https://newsru.kr.ua>g</a>,<a href=https://daynews.kr.ua>h</a>,<a href=https://realnews.kr.ua>i</a>,<a href=https://thenews.kr.ua>j</a>,<a href=https://sobitiya.kr.ua>k</a>,<a href=https://miv.kr.ua>l</a>,<a href=https://rnews.kyiv.ua>m</a>,<a href=https://1vesti.kyiv.ua>n</a>,<a href=https://vsenews.kyiv.ua>o</a>,<a href=https://autonews.kharkiv.ua>p</a>,<a href=https://mirnews.kr.ua>q</a>,<a href=https://onews.kr.ua>r</a>,<a href=https://uk.kr.ua>s</a>,<a href=https://vnovostyah.kr.ua>t</a>,<a href=https://infopress.kr.ua>u</a>,<a href=https://vse.kr.ua>v</a>,<a href=https://n-news.kr.ua>w</a>,<a href=https://development.eu.com>x</a>,<a href=https://vesti.eu.com>y</a>,<a href=https://novosti.eu.com>z</a>,<a href=https://allaboutnews.eu.com>a</a>,<a href=https://rusnews.kharkiv.ua>b</a>,<a href=https://f-news.kr.ua>c</a>,<a href=https://formatnews.kr.ua>d</a>,<a href=https://autonews.kr.ua>i</a>,<a href=https://worldpress.kr.ua>f</a>,<a href=https://vsenews.kr.ua>g</a>,<a href=https://nbest.kr.ua>h</a>,<a href=https://1vesti.kr.ua>i</a>,<a href=https://svodnews.kr.ua>j</a>,<a href=https://q.kr.ua>k</a>,<a href=https://yk.kr.ua>l</a>,<a href=https://onlinenews.eu.com>m</a>,<a href=https://people.eu.com>n</a>,<a href=https://n1.kr.ua>o</a>,<a href=https://rusnews.kyiv.ua>p</a>,<a href=https://rusnews.kr.ua>q</a>,<a href=https://bestnews.kr.ua>r</a>,<a href=https://euronews.kr.ua>s</a>,<a href=https://timenews.kr.ua>t</a>,<a href=https://rtnews.kr.ua>u</a>,<a href=https://town-news.kr.ua>v</a>,<a href=https://krnews.kr.ua>w</a>,<a href=https://vedomost.kr.ua>x</a>,<a href=https://euro.kr.ua>y</a>,<a href=https://1news.kr.ua>z</a>,<a href=https://obzor.kr.ua>a</a>,<a href=https://aboutnews.kr.ua>b</a>,<a href=https://worldnews.kr.ua>c</a>,<a href=https://newsday.kr.ua>d</a>,<a href=https://strana.kr.ua>i</a>,<a href=https://newsn.kr.ua>f</a>,<a href=https://infonews.kr.ua>g</a>,<a href=https://h.kr.ua>h</a>,<a href=https://moivesti.kr.ua>i</a>,<a href=https://currentnews.kr.ua>j</a>,<a href=https://easynews.kr.ua>k</a>,<a href=https://lifenews.kr.ua>l</a>,<a href=https://lastnews.kr.ua>m</a>,<a href=https://j.kr.ua>n</a>,<a href=https://inform.kr.ua>o</a>,<a href=https://rus.kr.ua>p</a>,<a href=https://press-release.kr.ua>q</a>,<a href=https://izvesti.kr.ua>r</a>,<a href=https://034.kr.ua>s</a>,<a href=https://v.kr.ua>t</a>,<a href=https://xop.kr.ua>u</a>,<a href=https://dni.kr.ua>v</a>,<a href=https://ykr.kr.ua>w</a>,<a href=https://newsportal.kr.ua>x</a>,<a href=https://msv.kr.ua>y</a>,<a href=https://s5.kr.ua>z</a>,<a href=https://znews.kr.ua>a</a>,<a href=https://information.kr.ua>b</a>,<a href=https://ukr.kr.ua>c</a>,<a href=https://portalnews.kr.ua>d</a>,<a href=https://today.kr.ua>i</a>,<a href=https://xznews.kr.ua>f</a>,<a href=https://nn.kr.ua>g</a>,<a href=https://mls.kr.ua>h</a>,<a href=https://novostnik.kr.ua>i</a>,<a href=https://informing.kr.ua>j</a>,<a href=https://vnovosti.kr.ua>k</a>,<a href=https://y.kr.ua>l</a>,<a href=https://nation.kr.ua>m</a>,<a href=https://item.eu.com>n</a>,<a href=https://gazette.eu.com>o</a>,<a href=https://headline.eu.com>p</a>,<a href=https://fact.eu.com>q</a>,<a href=https://somenews.eu.com>r</a>,<a href=https://lifenews.eu.com>s</a>,<a href=https://tidings.eu.com>t</a>,<a href=https://today.eu.com>u</a>,<a href=https://eunews.eu.com>v</a>,<a href=https://sir.eu.com>w</a>,<a href=https://journal.eu.com>x</a>,<a href=https://gazeta.eu.com>y</a>,<a href=https://lenta.eu.com>z</a>,<a href=https://exclusive.eu.com>a</a>,<a href=https://all.eu.com>b</a>,<a href=https://expert.eu.com>c</a>,<a href=https://news-magazine.eu.com>d</a>,<a href=https://newshour.eu.com>i</a>,<a href=https://presentation.eu.com>f</a>,<a href=https://publication.eu.com>g</a>,<a href=https://release.eu.com>h</a>,<a href=https://smi.eu.com>i</a>,<a href=https://view.eu.com>j</a>,<a href=https://vremya.eu.com>k</a>,<a href=https://prsn.eu.com>l</a>,<a href=https://lnd.eu.com>m</a>,<a href=https://034.eu.com>n</a>,<a href=https://all-about.eu.com>o</a>,<a href=https://solution.eu.com>p</a>,<a href=https://rightnow.eu.com>q</a>,<a href=https://euro21.eu.com>r</a>,<a href=https://euro22.eu.com>s</a>,<a href=https://100.eu.com>t</a>,<a href=https://mdrd.eu.com>u</a>,<a href=https://newtime.kr.ua>v</a>,<a href=https://fraufluger.ru>w</a>,<a href=https://rossoshru.ru>x</a>,<a href=https://lifeposi.ru>y</a>,<a href=http://megamcpe.com>z</a>,<a href=https://mirzodiaka.com>a</a>,<a href=http://ladysarafan.ru>b</a>,<a href=https://hypecrib.com>c</a>,<a href=https://vd-tv.ru>d</a>,<a href=https://buzulukmedia.ru>i</a>,<a href=https://donklephant.net>f</a>,<a href=https://avtotema.kr.ua>g</a>,<a href=http://hayastannews.com>h</a>,<a href=https://deepcool-ma.com>i</a>,<a href=https://russianshop.org>j</a>,<a href=http://dettka.com>k</a>,<a href=https://chexov.net>l</a>,<a href=http://nalatty.com>m</a>,<a href=https://hozyaushka.org>n</a>,<a href=http://montazhnik02.ru>o</a>,<a href=https://mama-creative.com>p</a>,<a href=https://crimeabest.com>q</a>,<a href=https://womanka.com>r</a>,<a href=http://teletap.org>s</a>,<a href=https://csharpcoderr.com>t</a>,<a href=https://dooralei.ru>u</a>,<a href=http://newsfast.ru>v</a>,<a href=https://2020about.com>w</a>,<a href=http://u-sity.net>x</a>,<a href=http://intofact.ru>y</a>,<a href=https://astrakhan.net>z</a>,<a href=http://oneznakomke.ru>a</a>,<a href=https://vpolozhenii.com>b</a>,<a href=http://gturs.com>c</a>,<a href=https://cultmoscow.com>d</a>,<a href=https://dvedoli.com>i</a>,<a href=https://belady.online>f</a>,<a href=https://dobrenok.com>g</a>,<a href=https://milomarket.com>h</a>,<a href=https://adres.kr.ua>i</a>,<a href=https://womanjour.ru>j</a>,<a href=http://ladystory.ru>k</a>,<a href=http://kapitosha.net>l</a>,<a href=http://mirokru.ru>m</a>,<a href=https://kakpravilino.com>n</a>,<a href=https://1001guru.ru>o</a>,<a href=http://xozyaika.com>p</a>,<a href=https://aromat.kr.ua>q</a>,<a href=https://parovarim.com>r</a>,<a href=http://remstroitelstvo.ru>s</a>,<a href=https://golubevod.net>t</a>,<a href=http://s-narodom.ru>u</a>,<a href=https://zazdorovie.net>v</a>,<a href=http://roofor.ru>w</a>,<a href=http://sovet-sadovody.ru>x</a>,<a href=https://albooking.net>y</a>,<a href=http://fi-hi.ru>z</a>,<a href=https://modnuesovetu.ru>a</a>,<a href=https://rabotainternet.com>b</a>,<a href=https://1npf.com>c</a>,<a href=https://renewablenergy-world.com>d</a>,', '2022-01-17 19:00:04', '2022-01-17 19:00:04'),
(11012, 'Michaeljot', 'samwoodcmellen96778@yahoo.com', 'Hire the best freelancers for any job', 'Hello\r\n\r\nHire a freelancer from India at https://www.usefreelancer.com and save\r\n\r\nhttp://UseFreelancer.com is an advabce online job marketplace that provides a means for clients and freelancers around the globe to collaborate for mutual benefit. Individuals or businesses in need of skilled help for short or long-term projects can post those projects and allow freelancers to submit bids for the completion of the work.\r\n\r\nhttp://UseFreelancer.com is the best of all the rest\r\n\r\nopen a Free account now as a seller and/or a buyer.', '2022-01-17 20:58:34', '2022-01-17 20:58:34'),
(11013, 'staciegs18', 'louis@wmail.sexyico.com', 'Dirty Porn Photos, daily updated galleries', 'New project started to be available today, check it out\r\nhttp://black.blowjob.redland.miyuhot.com/?aylin \r\n family porn tubes tania k porn forum danish homemade porn netflix movies with porn lingerie fetishes porn', '2022-01-17 21:00:07', '2022-01-17 21:00:07'),
(11014, 'Wayneslary', 'taftdiego78@yandex.com', 'Dirty tinder ree webcams for adults', 'Free webcams for adults | Dirty tinder \r\n \r\n \r\n<a href=http://fahrradmod.de/comics-de/seite-219-itll-never-be-over-for-me>Dirty tinder ree webcams for adults</a> 6831_22', '2022-01-17 21:51:19', '2022-01-17 21:51:19'),
(11015, 'Blair Gay', 'gay.blair@gmail.com', 'https://insca.org/contact-us', 'http://ssl2.42web.io/Blair', '2022-01-17 23:15:29', '2022-01-17 23:15:29'),
(11016, 'Rachioptr', 'thuankieuthao@gmail.com', 'forensic research of documents (handwriting). Also handwriting', 'elements (case, binding).', '2022-01-17 23:28:23', '2022-01-17 23:28:23'),
(11017, 'Mojavegsz', 'magnusajackson@gmail.com', 'who wrote the letter). Intelligibility', 'Preserved about 300 thousand.', '2022-01-18 02:17:26', '2022-01-18 02:17:26'),
(11018, 'mathewov1', 'lynda@hideo29.mokomichi.xyz', 'Browse over 500 000 of the best porn galleries, daily updated collections', 'Sexy photo galleries, daily updated collections\r\nhttp://massage.sex.lexixxx.com/?erin \r\n 18 t0 19 porn ametuer wife porn free porn of wet big buutts jadafire porn kelly milf porn secretary', '2022-01-18 05:45:36', '2022-01-18 05:45:36'),
(11019, 'Bluetoothnea', 'tsvetan03@hotmail.ca', 'usually occurs within', 'text carrier and protective', '2022-01-18 06:31:09', '2022-01-18 06:31:09'),
(11020, 'freddieds69', 'glennaix18@fumio1510.riku29.toshikokaori.xyz', 'Hot new pictures each day', 'Big Ass Photos - Free Huge Butt Porn, Big Booty Pics\r\nhttp://treamingporn.hoterika.com/?kathryn \r\n\r\n wii friendly porn videos pluschow photo porn millina redhead porn free porn gay sex free anime bondage porn videos', '2022-01-18 14:20:17', '2022-01-18 14:20:17'),
(11021, 'freddieir18', 'beatrizmd1@kaede83.kiyoakari.xyz', 'Free Porn Pictures and Best HD Sex Photos', 'Girls of Desire: All babes in one place, crazy, art\r\nhttp://mansfield.jsutandy.com/?kaitlin \r\n milly porn tubes cambodian porn 911 mobile porn stripping latna anal porn porn power', '2022-01-18 15:46:25', '2022-01-18 15:46:25'),
(11022, 'concepcionxh16', 'ednaxm1@satoshi22.mokomichi.xyz', 'Hot photo galleries blogs and pictures', 'Hardcore Galleries with hot Hardcore photos\r\nhttp://onlyredheadpornhallam.jsutandy.com/?violet \r\n overguide porn giant booty free porn scott porn porn stars new how to catch husband porn', '2022-01-18 16:14:36', '2022-01-18 16:14:36'),
(11023, 'Davidmet', 'asda111111sdas@gmail.pl', 'Rakos', '<a href=https://rakos.pl/>administrowanie nieruchomosciami warszawa</a> Sprawdz.', '2022-01-18 16:18:13', '2022-01-18 16:18:13'),
(11024, 'Tricia', 'info@arredamento-bar.com', 'INSCA | HOME', 'Good Morning \r\n\r\nThe New Powerful LED Flashlight is The Perfect Flashlight For Any Situation!\r\n\r\nThe 3,000 Lumens & Adjustable Zoom gives you the wide field of view and brightness other flashlights don’t have.\r\n\r\n50% OFF + Free Shipping!  Get it Now: linterna.store\r\n\r\nCheers, \r\n\r\nTricia', '2022-01-18 16:37:56', '2022-01-18 16:37:56'),
(11025, 'mikemn60', 'evangelina@tamotsu19.sorataki.in.net', 'Hardcore Galleries with hot Hardcore photos', 'Nude Sex Pics, Sexy Naked Womne, Hot Girls Porn\r\nhttp://36fporn.athena.miaxxx.com/?mikaela \r\n free lingerie porn online free long play porn videos las vegas porn shops on strip cartoons porn bank montana fishburne black porn movies', '2022-01-18 17:41:09', '2022-01-18 17:41:09'),
(11026, 'Zodiacceo', 'tami_taylor@hotmail.com', 'and print on printers).', 'antiquities. These are the Egyptian papyri', '2022-01-18 18:25:51', '2022-01-18 18:25:51'),
(11027, 'Carpetnmp', 'alex.villegas35@yahoo.com', 'Handwriting can be \"good\"', 'From many manuscripts of Antiquity', '2022-01-18 21:29:18', '2022-01-18 21:29:18'),
(11028, 'Sightezw', 'alex.villegas35@yahoo.com', 'research is not universally recognized in', 'book about the chess of love \", created by', '2022-01-18 22:42:00', '2022-01-18 22:42:00'),
(11029, 'Cutteriru', 'alex.villegas35@yahoo.com', 'research is not universally recognized in', 'book about the chess of love \", created by', '2022-01-18 23:24:52', '2022-01-18 23:24:52'),
(11030, 'lorrainewq18', 'kevinmw60@hideo3810.satoshi64.sorataki.in.net', 'Hot teen pics', 'Browse over 500 000 of the best porn galleries, daily updated collections\r\nhttp://sigurd.porngameswwe.alexysexy.com/?maliyah \r\n xxx cartoon free porn videos porn visual boy advance free bizzzare porn tubes free porn onine porn vidoe sites', '2022-01-18 23:25:32', '2022-01-18 23:25:32'),
(11031, 'maritzaio69', 'eulahv20@masaaki8810.naoki29.kiyoakari.xyz|akira4310.haru51.mokomichi.xyz}', 'Nude Sex Pics, Sexy Naked Women, Hot Girls Porn', 'New sexy website is available on the web\r\nhttp://annonagetschokedporn.amandahot.com/?stephanie \r\n hidden cam indian porn eurochocolate porn hotties porn directory book lara cox porn star filmography stern favorite latina porn lupe fuentas', '2022-01-18 23:34:46', '2022-01-18 23:34:46'),
(11032, 'mmbn123', 'maximmad222@yandex.ru', 'XBOX ONE ключи игры   разнообразные игры:  Клюси игр XBOX', 'Здравствуйте,Здесь вы можете Купить игры на XBOX ONE получить бесплатно подарки  + https://plati.market/itm/prey-digital-deluxe-edition-ar-xbox-one/2957744 \r\nигры +на xbox +one купить дешево+ https://plati.market/itm/3051315 \r\nкупить игры xbox store+ https://plati.market/itm/dirt-rally-2-0-game-us-xbox-one/3008085 \r\nкупить ключ стим+http://mysel.ru/goods_info.php?id=2771735 \r\n<b>   xbox игры</b>- https://mysel.ru  Торговая площадка цифровых товаров \r\nAssassins Creed xbox one+https://plati.market/itm/2908442 \r\nResident Evil xbox one+https://plati.market/itm/3051395 \r\nCall Of duty xbox one+ https://plati.market/itm/3105586   \r\nHitman xbox One+https://plati.market/itm/2891192 \r\nBattlefield xbox one key+https://plati.market/itm/2892228 \r\n<a href=https://plati.market/itm/2956581>  FIFA 20  XBOX ONE Ключ  / Цифр код + подарок </a> \r\n<a href=https://www.plati.market/itm/2987570>Watch Dogs 2  - Xbox Live Key - +подарок </a> \r\n<a href=https://plati.market/itm/3083539>METRO: LAST LIGHT REDUX +подарок</a> \r\n<a href=https://plati.market/itm/2961721>The Crew 2 ?? XBOX/PC+present </a> \r\n<a href=https://plati.market/itm/2970072>Diablo III: Eternal Collection Xbox One</a> \r\n<a href=https://plati.market/itm/3008085>FAR CRY  </a> \r\n<a href=https://plati.market/itm/2891230>?Adguard Premium 1PC на 1 year </a> \r\n<a href=https://plati.market/itm/3045341>The Division 2 -</a> \r\n<a href=https://plati.market/itm/3085403>Call of Duty: Advanced Warfare Gold Edit XBOX KEY</a> \r\n<a href=https://hcrd.ru/fTa9a8><b>Хочешь купить Машину, срочно нужны деньги, не хватает на покупку обращайся в HOME BANK </b></a> \r\n<a href=https://plati.market/itm/3085419>MORTAL KOMBAT 11 XBOX ONE X/S</a> \r\n<a href=https://plati.market/itm/3048052>AVG TUNEUP 1pc/1key </a> \r\n<a href=https://plati.market/itm/3116902>Cyberpunk 2077 XBOX ONE SERIES</a> \r\n<a href=https://plati.market/itm/3016084>The Evil Within XBOX ONE ключ  </a> \r\nХочешь купить Цифровой товар без процентов покупай через ENOT-способ оплаты(0% банк. карта)+11 способов оплаты</b>', '2022-01-19 04:03:59', '2022-01-19 04:03:59'),
(11033, 'harryjy11', 'carmela@tamotsu19.sorataki.in.net', 'Free Porn Pictures and Best HD Sex Photos', 'Browse over 500 000 of the best porn galleries, daily updated collections\r\nhttp://polishwifeporn.bertram.gigixo.com/?kaela \r\n greatest ebony body porn video st ursula and sex or porn porn sharing community russian porn video galleries porn picw', '2022-01-19 06:02:44', '2022-01-19 06:02:44'),
(11034, 'irisld69', 'liz@akio89.mokomichi.xyz', 'Hot new pictures each day', 'Big Ass Photos - Free Huge Butt Porn, Big Booty Pics\r\nhttp://bulgerguyvideoporns.lexixxx.com/?kaiya \r\n blond milf porn video donky porn vids mandy morre porn pics hardcore lesbain porn german porn first timers', '2022-01-19 10:30:07', '2022-01-19 10:30:07'),
(11035, 'Francesco Freeleagus', 'info@musicindevon.org', 'Urgent', 'Hello Sir!\r\n\r\nI working for Bizcope SEO company in Bangladesh. My client needing backlinks urgently. So sir, I requesting that you give me a do follow, permanent backlink on your blog. When you are done, please sending me email to confirming. Here is my client website:\r\n\r\nhttps://royalcbd.com/product/cbd-gummies-25mg/\r\n\r\nPlz also creating a 5 star GMB and Trust Pilot reviewings too.\r\n\r\nIf I do not seeing a backlink in one week, I am create million toxic blog comment spam and redirect backlink to insca.org and you can saying goodbye to your Google rankings for 1 year or more.\r\n\r\nI trust you making correct decision Sir. I giving you 7 days. If I getting link from you, I will also add a back-link to insca.org on https://blessedcbd.co.uk/cbd-gummies/\r\n\r\nBest wishes from sunny Bangladesh\r\n\r\nDusyanthan Balasubramanian\r\n\r\nBizcope | SEO, Web Design & Digital Marketing Company\r\nAddress: 89/7 Gopibag Biswa Road, Nadian Tower, Level 3 Dhaka, 1203, Bangladesh', '2022-01-19 10:39:20', '2022-01-19 10:39:20'),
(11036, 'Mike Allford', 'no-replybaf@gmail.com', 'Get more dofollow backlinks for insca.org', 'Hello \r\n \r\nWe all know the importance that dofollow link have on any website`s ranks. \r\nHaving most of your linkbase filled with nofollow ones is of no good for your ranks and SEO metrics. \r\n \r\nBuy quality dofollow links from us, that will impact your ranks in a positive way \r\nhttps://www.digital-x-press.com/product/150-dofollow-backlinks/ \r\n \r\nBest regards \r\nMike Allford\r\n \r\nsupport@digital-x-press.com', '2022-01-19 10:39:51', '2022-01-19 10:39:51'),
(11037, 'arnoldiy1', 'alexandervr5@kaede83.kiyoakari.xyz', 'Young Heaven - Naked Teens & Young Porn Pictures', 'Sexy photo galleries, daily updated pics\r\nhttp://gangbang.porn.jamestown.alexysexy.com/?edith \r\n free torrent porn videos porn kardashian you porn you tube videos porn canadain porn actresses how to train a porn star', '2022-01-19 14:05:32', '2022-01-19 14:05:32'),
(11038, 'jannieyl1', 'ryanru11@satoshi22.mokomichi.xyz', 'Scandal porn galleries, daily updated lists', 'Hot galleries, daily updated collections\r\nhttp://darien.sex.alypics.com/?aria \r\n cartoon wow porn girls for porn jobs tela tequela porn free gay porn on ipod touch snorting poppers porn vides', '2022-01-19 15:00:10', '2022-01-19 15:00:10'),
(11039, 'caseyii69', 'sue@tamotsu19.sorataki.in.net', 'College Girls Porn Pics', 'Hot teen pics\r\nhttp://sunollatinaporns.adablog69.com/?eleanor \r\n midget porn star brian thomas tna free porn hentai hope porn brie porn musculer women porn', '2022-01-19 19:10:46', '2022-01-19 19:10:46'),
(11040, 'Portableanb', 'cagraves123@gmail.com', 'going through the writing process.', 'manuscripts held onto', '2022-01-19 21:18:35', '2022-01-19 21:18:35'),
(11041, 'Keypadaxkb', 'gherrick@aircraftowner.com', 'handwriting matters', 'ancient and medieval Latin,', '2022-01-19 23:05:34', '2022-01-19 23:05:34'),
(11042, 'abask', 'l64zrvqw@yahoo.com', 'I promised.', 'Hi, this is Julia. I am sending you my intimate photos as I promised. https://tinyurl.com/yc3luo2a', '2022-01-19 23:27:49', '2022-01-19 23:27:49'),
(11043, 'Drywallcea', 'awv@security-shredders.com', 'Handwriting - recorded in the manuscript,', 'Manuscript is a collective name for texts', '2022-01-20 00:54:55', '2022-01-20 00:54:55'),
(11044, 'Flukeigk', 'tyrogers762@gmail.com', 'personality of the writer, and objective ones depend', 'European glory, and even after', '2022-01-20 02:50:29', '2022-01-20 02:50:29'),
(11045, 'Pouringudo', 'awv@security-shredders.com', 'in letters and manuscripts', 'Europe, and in Ancient Russia', '2022-01-20 03:00:15', '2022-01-20 03:00:15'),
(11046, 'alexandrafn2', 'freida@akio89.mokomichi.xyz', 'Hot galleries, daily updated collections', 'Hot teen pics\r\nhttp://vintage.porn.sugartown.miyuhot.com/?alisha \r\n japanese anime existed long before porn american teen porn videos gay porn tube full length videos hardcore teen porn girls gay porn and big dicks', '2022-01-20 04:45:15', '2022-01-20 04:45:15'),
(11047, 'WilliamTom', 'vasiliidubov4728@rambler.ru', 'авто на прокат', 'Внешний вид  \r\n<a href=https://t.me/Avto_Digest/999>Обзор Фиат Фримонт</a> имеет чёткие тяжёлые громоздкие формы. Такой внешний вид автомобиль получил благодаря слиянию Фиата и американского Крайслера. На передней части автомобиля можно заметить довольно большие и широкие по форме фары, а также остаются замеченными решётка радиатора с логотипом автомобиля и прямые края бампера. Задняя часть автомобиля отмечается острыми краями выпуклых фонарей и расположенным в нижней его части обновлённым бампером.', '2022-01-20 05:59:06', '2022-01-20 05:59:06'),
(11048, 'Ibrahim khan', 'ibrahim03188989@gmail.comin', 'Work', 'I am work in sheep casing', '2022-01-20 06:15:26', '2022-01-20 06:15:26'),
(11049, 'Chelsey Coffin', 'coffin.chelsey@googlemail.com', 'Hopp And Hemp Co', 'Hi\r\n\r\nMy name is Chelsey Coffin and I am writing to you from LO Seven\r\n\r\nI would be most appreciative if you and your team at insca.org could nominate our company to be featured in in this article for 2022: \r\n\r\nhttps://shopgiejo.com/cbd/12-best-cbd-affiliate-programs-for-2021/\r\n\r\nRegards\r\n\r\nMint Wellness\r\n\r\nChelsey Coffin\r\nSwitzerland, NA, Thal, 3762, Lungolago 109,', '2022-01-20 10:47:16', '2022-01-20 10:47:16'),
(11050, 'cherylhi1', 'goldiess2@eiji19.toshikokaori.xyz', 'Scandal porn galleries, daily updated lists', 'Hot sexy porn projects, daily updates\r\nhttp://pornstars.hoterika.com/?jolie \r\n japanese elderly porn pics fucking my brother wife porn so wet free porn aven porn 100 best ponr', '2022-01-20 12:15:01', '2022-01-20 12:15:01'),
(11051, 'constancejo4', 'morganmu6@haru7210.masumi72.kiyoakari.xyz', 'Browse over 500 000 of the best porn galleries, daily updated collections', 'Hot photo galleries blogs and pictures\r\nhttp://hubtubeporn.coram.topanasex.com/?melinda \r\n best senior gay sex porn xxx porn tube moves emilie de ravin porn women friendly porn asian porn bondage', '2022-01-20 12:44:25', '2022-01-20 12:44:25'),
(11052, 'Sunburstwln', 'jotorres0721@gmail.com', 'handwritten texts,', 'Since manuscripts are subject to deterioration', '2022-01-20 12:50:42', '2022-01-20 12:50:42'),
(11053, 'hermankf3', 'wilda@satoshi10.kiyoakari.xyz', 'Free Porn Galleries - Hot Sex Pictures', 'Big Ass Photos - Free Huge Butt Porn, Big Booty Pics\r\nhttp://adrinalimaporndawn.energysexy.com/?meadow \r\n teen porn sex video free gay porn video stream free amture porn movies biack porn student teacher lesbian vid porn', '2022-01-20 13:46:24', '2022-01-20 13:46:24'),
(11054, 'Speakercmk', 'macon.sj@hotmail.com', 'Handwriting can be \"good\"', 'From many manuscripts of Antiquity', '2022-01-20 14:47:55', '2022-01-20 14:47:55'),
(11055, 'WILDKATxgx', 'pineapple243@aol.com', 'forensic research of documents (handwriting). Also handwriting', 'elements (case, binding).', '2022-01-20 15:06:36', '2022-01-20 15:06:36'),
(11056, 'Fortressmty', 'karismakuts.jk@gmail.com', 'handwritten texts,', 'Since manuscripts are subject to deterioration', '2022-01-20 15:25:35', '2022-01-20 15:25:35');
INSERT INTO `messages` (`id`, `name`, `email`, `subject`, `message`, `created_at`, `updated_at`) VALUES
(11057, 'Everettvem', 'glukhina.1998@mail.ru', 'база для хрумера 20 миллионов', 'база для хрумера купить \r\nВы занимаетесь продвижением сайтов? Тогда вам к нам. У нас вы можете выбрать любую нужную для вашей работы базу для прогонов Xrumer и GSA, allsubmitter по разной ценовой категории.базы для хрумера для досок объявлений \r\nXrumer и GSA, allsubmitter \r\nЕсли Вы хотите, чтоб Ваш сайт привлекал как можно больше посетителей, то нужно, чтоб он был не только полезным и удобным, но и хорошо оптимизированным для поисковиков. Это потребует немало усилий и затрат, однако если хотите здорово ускорить процесс и ощутимо поднять сайт в результате выдачи, то можно использовать прогон сайта хрумером. Таким образом Вы можете не только быстрей получить желаемый результат, но и даже сэкономить время и деньги. \r\n \r\nХрумер — это софт для массовой рассылки комментариев на различные блоги, сайты, доски объявлений и даже социальные сети. Прогон по форумам происходит автоматически, ведь алгоритмы программы способны самостоятельно регистрировать аккаунты на сайтах, обходить капчи и любую другую защиту от автоматических регистраций и публикаций. Данный программный продукт развивается уже много лет и может работать с разнообразными CMS. \r\n \r\nЧто же произойдет, если заказать прогон хрумером? Все дело в том, что поисковики постоянно проводят анализ ссылочной массы и сайты, на которые существует больше ссылок, находятся выше в выдаче. Прогон сайта хрумером по форумам увеличивает ссылочную массу вашего ресурса, публикуя повсюду рекламные комментарии. Поисковики считают их реальными упоминаниями, индексируют их и выводят в топ выдачи по нужным запросам, и впоследствии на эти результаты поиска приходят реальные пользователи. \r\n \r\nДанный метод крайне эффективен, однако в продвижении не стоит переусердствовать, иначе можно получить обратный эффект - поисковики могут вовсе удалить сайт из выдачи или значительно понизить его. Именно поэтому важно понимать сколько нужно ссылок, размещать их по определенным правилам и сделать прогон сайта, используя относительно безопасные методы. Мы в этом деле обладаем большим опытом и всегда готовы помочь нашим клиентам. Еще никогда не было так просто заказать прогон хрумером у профессионалов и получить действительно ощутимый результат в виде повышения трафика и реально заинтересованных пользователей. Все подробности можно узнать на данной странице и воспользоваться нашими услугами по прогону хрумером. \r\nhttps://doccentr.com, http://dom-lady.ru, https://zagorodny.net, https://ifvremya.ru, http://akro-spb.ru, http://blitz-remont.ru, https://ruspl.com, https://dailybest.me, https://novostidnja.ru, http://binom-s.com, http://medinfon.ru, https://friendlygames.ru, https://2019god.net, http://rusbetonplus.ru, https://domocvet.com, http://telead.ru, http://womaan.ru, http://ladyup.ru, http://about-windows.ru, http://icar-by.com, https://pancreatus.com, http://shoptrip.ru, http://zonakulinara.ru, https://loverust.ru, http://beton-cement-ru.ru, http://tvoi-noski.ru, http://arctic-online.ru, http://dk-zio.ru, http://womanmaniya.ru, https://4dekor.ru, http://apploidnews.com, http://omontazhe.ru, http://qllq.ru, http://windowss10.ru, http://domoxozyaiki.ru, http://dumainfo.ru, http://rempostroy.ru, http://slapk.ru, http://gdefile.ru, https://1vesti.kharkiv.ua, https://newsstroy.kyiv.ua, https://rnews.kharkiv.ua, https://rnews.kr.ua, https://bestnews.kyiv.ua, https://bestnews.kharkiv.ua, https://newsfor.kr.ua, https://newsfor.kyiv.ua, https://newsfor.kharkiv.ua, https://vsenews.kharkiv.ua, https://n1.kharkiv.ua, https://autonews.kyiv.ua, https://nbest.kyiv.ua, https://nbest.kharkiv.ua, https://n1.kyiv.ua, https://newsstroy.kr.ua, https://x-news.kr.ua, https://v-news.kr.ua, https://novostidnya.kr.ua, https://newsru.kr.ua, https://daynews.kr.ua, https://realnews.kr.ua, https://thenews.kr.ua, https://sobitiya.kr.ua, https://miv.kr.ua, https://rnews.kyiv.ua, https://1vesti.kyiv.ua, https://vsenews.kyiv.ua, https://autonews.kharkiv.ua, https://mirnews.kr.ua, https://onews.kr.ua, https://uk.kr.ua, https://vnovostyah.kr.ua, https://infopress.kr.ua, https://vse.kr.ua, https://n-news.kr.ua, https://development.eu.com, https://vesti.eu.com, https://novosti.eu.com, https://allaboutnews.eu.com, https://rusnews.kharkiv.ua, https://f-news.kr.ua, https://formatnews.kr.ua, https://autonews.kr.ua, https://worldpress.kr.ua, https://vsenews.kr.ua, https://nbest.kr.ua, https://1vesti.kr.ua, https://svodnews.kr.ua, https://q.kr.ua, https://yk.kr.ua, https://onlinenews.eu.com, https://people.eu.com, https://n1.kr.ua, https://rusnews.kyiv.ua, https://rusnews.kr.ua, https://bestnews.kr.ua, https://euronews.kr.ua, https://timenews.kr.ua, https://rtnews.kr.ua, https://town-news.kr.ua, https://krnews.kr.ua, https://vedomost.kr.ua, https://euro.kr.ua, https://1news.kr.ua, https://obzor.kr.ua, https://aboutnews.kr.ua, https://worldnews.kr.ua, https://newsday.kr.ua, https://strana.kr.ua, https://newsn.kr.ua, https://infonews.kr.ua, https://h.kr.ua, https://moivesti.kr.ua, https://currentnews.kr.ua, https://easynews.kr.ua, https://lifenews.kr.ua, https://lastnews.kr.ua, https://j.kr.ua, https://inform.kr.ua, https://rus.kr.ua, https://press-release.kr.ua, https://izvesti.kr.ua, https://034.kr.ua, https://v.kr.ua, https://xop.kr.ua, https://dni.kr.ua, https://ykr.kr.ua, https://newsportal.kr.ua, https://msv.kr.ua, https://s5.kr.ua, https://znews.kr.ua, https://information.kr.ua, https://ukr.kr.ua, https://portalnews.kr.ua, https://today.kr.ua, https://xznews.kr.ua, https://nn.kr.ua, https://mls.kr.ua, https://novostnik.kr.ua, https://informing.kr.ua, https://vnovosti.kr.ua, https://y.kr.ua, https://nation.kr.ua, https://item.eu.com, https://gazette.eu.com, https://headline.eu.com, https://fact.eu.com, https://somenews.eu.com, https://lifenews.eu.com, https://tidings.eu.com, https://today.eu.com, https://eunews.eu.com, https://sir.eu.com, https://journal.eu.com, https://gazeta.eu.com, https://lenta.eu.com, https://exclusive.eu.com, https://all.eu.com, https://expert.eu.com, https://news-magazine.eu.com, https://newshour.eu.com, https://presentation.eu.com, https://publication.eu.com, https://release.eu.com, https://smi.eu.com, https://view.eu.com, https://vremya.eu.com, https://prsn.eu.com, https://lnd.eu.com, https://034.eu.com, https://all-about.eu.com, https://solution.eu.com, https://rightnow.eu.com, https://euro21.eu.com, https://euro22.eu.com, https://100.eu.com, https://mdrd.eu.com, https://newtime.kr.ua, https://fraufluger.ru, https://rossoshru.ru, https://lifeposi.ru, http://megamcpe.com, https://mirzodiaka.com, http://ladysarafan.ru, https://hypecrib.com, https://vd-tv.ru, https://buzulukmedia.ru, https://donklephant.net, https://avtotema.kr.ua, http://hayastannews.com, https://deepcool-ma.com, https://russianshop.org, http://dettka.com, https://chexov.net, http://nalatty.com, https://hozyaushka.org, http://montazhnik02.ru, https://mama-creative.com, https://crimeabest.com, https://womanka.com, http://teletap.org, https://csharpcoderr.com, https://dooralei.ru, http://newsfast.ru, https://2020about.com, http://u-sity.net, http://intofact.ru, https://astrakhan.net, http://oneznakomke.ru, https://vpolozhenii.com, http://gturs.com, https://cultmoscow.com, https://dvedoli.com, https://belady.online, https://dobrenok.com, https://milomarket.com, https://adres.kr.ua, https://womanjour.ru, http://ladystory.ru, http://kapitosha.net, http://mirokru.ru, https://kakpravilino.com, https://1001guru.ru, http://xozyaika.com, https://aromat.kr.ua, https://parovarim.com, http://remstroitelstvo.ru, https://golubevod.net, http://s-narodom.ru, https://zazdorovie.net, http://roofor.ru, http://sovet-sadovody.ru, https://albooking.net, http://fi-hi.ru, https://modnuesovetu.ru, https://rabotainternet.com, https://1npf.com, https://renewablenergy-world.com, https://viewangle.net\r\n<a href=https://viewangle.net>i</a>\r\n<a href=https://doccentr.com>a</a>,<a href=http://dom-lady.ru>b</a>,<a href=https://zagorodny.net>c</a>,<a href=https://ifvremya.ru>d</a>,<a href=http://akro-spb.ru>i</a>,<a href=http://blitz-remont.ru>f</a>,<a href=https://ruspl.com>g</a>,<a href=https://dailybest.me>h</a>,<a href=https://novostidnja.ru>i</a>,<a href=http://binom-s.com>j</a>,<a href=http://medinfon.ru>k</a>,<a href=https://friendlygames.ru>l</a>,<a href=https://2019god.net>m</a>,<a href=http://rusbetonplus.ru>n</a>,<a href=https://domocvet.com>o</a>,<a href=http://telead.ru>p</a>,<a href=http://womaan.ru>q</a>,<a href=http://ladyup.ru>r</a>,<a href=http://about-windows.ru>s</a>,<a href=http://icar-by.com>t</a>,<a href=https://pancreatus.com>u</a>,<a href=http://shoptrip.ru>v</a>,<a href=http://zonakulinara.ru>w</a>,<a href=https://loverust.ru>x</a>,<a href=http://beton-cement-ru.ru>y</a>,<a href=http://tvoi-noski.ru>z</a>,<a href=http://arctic-online.ru>a</a>,<a href=http://dk-zio.ru>b</a>,<a href=http://womanmaniya.ru>c</a>,<a href=https://4dekor.ru>d</a>,<a href=http://apploidnews.com>i</a>,<a href=http://omontazhe.ru>f</a>,<a href=http://qllq.ru>g</a>,<a href=http://windowss10.ru>h</a>,<a href=http://domoxozyaiki.ru>i</a>,<a href=http://dumainfo.ru>j</a>,<a href=http://rempostroy.ru>k</a>,<a href=http://slapk.ru>l</a>,<a href=http://gdefile.ru>m</a>,<a href=https://1vesti.kharkiv.ua>n</a>,<a href=https://newsstroy.kyiv.ua>o</a>,<a href=https://rnews.kharkiv.ua>p</a>,<a href=https://rnews.kr.ua>q</a>,<a href=https://bestnews.kyiv.ua>r</a>,<a href=https://bestnews.kharkiv.ua>s</a>,<a href=https://newsfor.kr.ua>t</a>,<a href=https://newsfor.kyiv.ua>u</a>,<a href=https://newsfor.kharkiv.ua>v</a>,<a href=https://vsenews.kharkiv.ua>w</a>,<a href=https://n1.kharkiv.ua>x</a>,<a href=https://autonews.kyiv.ua>y</a>,<a href=https://nbest.kyiv.ua>z</a>,<a href=https://nbest.kharkiv.ua>a</a>,<a href=https://n1.kyiv.ua>b</a>,<a href=https://newsstroy.kr.ua>c</a>,<a href=https://x-news.kr.ua>d</a>,<a href=https://v-news.kr.ua>i</a>,<a href=https://novostidnya.kr.ua>f</a>,<a href=https://newsru.kr.ua>g</a>,<a href=https://daynews.kr.ua>h</a>,<a href=https://realnews.kr.ua>i</a>,<a href=https://thenews.kr.ua>j</a>,<a href=https://sobitiya.kr.ua>k</a>,<a href=https://miv.kr.ua>l</a>,<a href=https://rnews.kyiv.ua>m</a>,<a href=https://1vesti.kyiv.ua>n</a>,<a href=https://vsenews.kyiv.ua>o</a>,<a href=https://autonews.kharkiv.ua>p</a>,<a href=https://mirnews.kr.ua>q</a>,<a href=https://onews.kr.ua>r</a>,<a href=https://uk.kr.ua>s</a>,<a href=https://vnovostyah.kr.ua>t</a>,<a href=https://infopress.kr.ua>u</a>,<a href=https://vse.kr.ua>v</a>,<a href=https://n-news.kr.ua>w</a>,<a href=https://development.eu.com>x</a>,<a href=https://vesti.eu.com>y</a>,<a href=https://novosti.eu.com>z</a>,<a href=https://allaboutnews.eu.com>a</a>,<a href=https://rusnews.kharkiv.ua>b</a>,<a href=https://f-news.kr.ua>c</a>,<a href=https://formatnews.kr.ua>d</a>,<a href=https://autonews.kr.ua>i</a>,<a href=https://worldpress.kr.ua>f</a>,<a href=https://vsenews.kr.ua>g</a>,<a href=https://nbest.kr.ua>h</a>,<a href=https://1vesti.kr.ua>i</a>,<a href=https://svodnews.kr.ua>j</a>,<a href=https://q.kr.ua>k</a>,<a href=https://yk.kr.ua>l</a>,<a href=https://onlinenews.eu.com>m</a>,<a href=https://people.eu.com>n</a>,<a href=https://n1.kr.ua>o</a>,<a href=https://rusnews.kyiv.ua>p</a>,<a href=https://rusnews.kr.ua>q</a>,<a href=https://bestnews.kr.ua>r</a>,<a href=https://euronews.kr.ua>s</a>,<a href=https://timenews.kr.ua>t</a>,<a href=https://rtnews.kr.ua>u</a>,<a href=https://town-news.kr.ua>v</a>,<a href=https://krnews.kr.ua>w</a>,<a href=https://vedomost.kr.ua>x</a>,<a href=https://euro.kr.ua>y</a>,<a href=https://1news.kr.ua>z</a>,<a href=https://obzor.kr.ua>a</a>,<a href=https://aboutnews.kr.ua>b</a>,<a href=https://worldnews.kr.ua>c</a>,<a href=https://newsday.kr.ua>d</a>,<a href=https://strana.kr.ua>i</a>,<a href=https://newsn.kr.ua>f</a>,<a href=https://infonews.kr.ua>g</a>,<a href=https://h.kr.ua>h</a>,<a href=https://moivesti.kr.ua>i</a>,<a href=https://currentnews.kr.ua>j</a>,<a href=https://easynews.kr.ua>k</a>,<a href=https://lifenews.kr.ua>l</a>,<a href=https://lastnews.kr.ua>m</a>,<a href=https://j.kr.ua>n</a>,<a href=https://inform.kr.ua>o</a>,<a href=https://rus.kr.ua>p</a>,<a href=https://press-release.kr.ua>q</a>,<a href=https://izvesti.kr.ua>r</a>,<a href=https://034.kr.ua>s</a>,<a href=https://v.kr.ua>t</a>,<a href=https://xop.kr.ua>u</a>,<a href=https://dni.kr.ua>v</a>,<a href=https://ykr.kr.ua>w</a>,<a href=https://newsportal.kr.ua>x</a>,<a href=https://msv.kr.ua>y</a>,<a href=https://s5.kr.ua>z</a>,<a href=https://znews.kr.ua>a</a>,<a href=https://information.kr.ua>b</a>,<a href=https://ukr.kr.ua>c</a>,<a href=https://portalnews.kr.ua>d</a>,<a href=https://today.kr.ua>i</a>,<a href=https://xznews.kr.ua>f</a>,<a href=https://nn.kr.ua>g</a>,<a href=https://mls.kr.ua>h</a>,<a href=https://novostnik.kr.ua>i</a>,<a href=https://informing.kr.ua>j</a>,<a href=https://vnovosti.kr.ua>k</a>,<a href=https://y.kr.ua>l</a>,<a href=https://nation.kr.ua>m</a>,<a href=https://item.eu.com>n</a>,<a href=https://gazette.eu.com>o</a>,<a href=https://headline.eu.com>p</a>,<a href=https://fact.eu.com>q</a>,<a href=https://somenews.eu.com>r</a>,<a href=https://lifenews.eu.com>s</a>,<a href=https://tidings.eu.com>t</a>,<a href=https://today.eu.com>u</a>,<a href=https://eunews.eu.com>v</a>,<a href=https://sir.eu.com>w</a>,<a href=https://journal.eu.com>x</a>,<a href=https://gazeta.eu.com>y</a>,<a href=https://lenta.eu.com>z</a>,<a href=https://exclusive.eu.com>a</a>,<a href=https://all.eu.com>b</a>,<a href=https://expert.eu.com>c</a>,<a href=https://news-magazine.eu.com>d</a>,<a href=https://newshour.eu.com>i</a>,<a href=https://presentation.eu.com>f</a>,<a href=https://publication.eu.com>g</a>,<a href=https://release.eu.com>h</a>,<a href=https://smi.eu.com>i</a>,<a href=https://view.eu.com>j</a>,<a href=https://vremya.eu.com>k</a>,<a href=https://prsn.eu.com>l</a>,<a href=https://lnd.eu.com>m</a>,<a href=https://034.eu.com>n</a>,<a href=https://all-about.eu.com>o</a>,<a href=https://solution.eu.com>p</a>,<a href=https://rightnow.eu.com>q</a>,<a href=https://euro21.eu.com>r</a>,<a href=https://euro22.eu.com>s</a>,<a href=https://100.eu.com>t</a>,<a href=https://mdrd.eu.com>u</a>,<a href=https://newtime.kr.ua>v</a>,<a href=https://fraufluger.ru>w</a>,<a href=https://rossoshru.ru>x</a>,<a href=https://lifeposi.ru>y</a>,<a href=http://megamcpe.com>z</a>,<a href=https://mirzodiaka.com>a</a>,<a href=http://ladysarafan.ru>b</a>,<a href=https://hypecrib.com>c</a>,<a href=https://vd-tv.ru>d</a>,<a href=https://buzulukmedia.ru>i</a>,<a href=https://donklephant.net>f</a>,<a href=https://avtotema.kr.ua>g</a>,<a href=http://hayastannews.com>h</a>,<a href=https://deepcool-ma.com>i</a>,<a href=https://russianshop.org>j</a>,<a href=http://dettka.com>k</a>,<a href=https://chexov.net>l</a>,<a href=http://nalatty.com>m</a>,<a href=https://hozyaushka.org>n</a>,<a href=http://montazhnik02.ru>o</a>,<a href=https://mama-creative.com>p</a>,<a href=https://crimeabest.com>q</a>,<a href=https://womanka.com>r</a>,<a href=http://teletap.org>s</a>,<a href=https://csharpcoderr.com>t</a>,<a href=https://dooralei.ru>u</a>,<a href=http://newsfast.ru>v</a>,<a href=https://2020about.com>w</a>,<a href=http://u-sity.net>x</a>,<a href=http://intofact.ru>y</a>,<a href=https://astrakhan.net>z</a>,<a href=http://oneznakomke.ru>a</a>,<a href=https://vpolozhenii.com>b</a>,<a href=http://gturs.com>c</a>,<a href=https://cultmoscow.com>d</a>,<a href=https://dvedoli.com>i</a>,<a href=https://belady.online>f</a>,<a href=https://dobrenok.com>g</a>,<a href=https://milomarket.com>h</a>,<a href=https://adres.kr.ua>i</a>,<a href=https://womanjour.ru>j</a>,<a href=http://ladystory.ru>k</a>,<a href=http://kapitosha.net>l</a>,<a href=http://mirokru.ru>m</a>,<a href=https://kakpravilino.com>n</a>,<a href=https://1001guru.ru>o</a>,<a href=http://xozyaika.com>p</a>,<a href=https://aromat.kr.ua>q</a>,<a href=https://parovarim.com>r</a>,<a href=http://remstroitelstvo.ru>s</a>,<a href=https://golubevod.net>t</a>,<a href=http://s-narodom.ru>u</a>,<a href=https://zazdorovie.net>v</a>,<a href=http://roofor.ru>w</a>,<a href=http://sovet-sadovody.ru>x</a>,<a href=https://albooking.net>y</a>,<a href=http://fi-hi.ru>z</a>,<a href=https://modnuesovetu.ru>a</a>,<a href=https://rabotainternet.com>b</a>,<a href=https://1npf.com>c</a>,<a href=https://renewablenergy-world.com>d</a>,\r\n \r\n \r\nRHzs43hgndIpuiSy', '2022-01-20 16:46:02', '2022-01-20 16:46:02'),
(11058, 'Superchipsovl', 'd.mckenzie87@live.ca', 'and print on printers).', 'antiquities. These are the Egyptian papyri', '2022-01-20 19:01:37', '2022-01-20 19:01:37'),
(11059, 'isabellawd69', 'jerritz3@eiji40.mokomichi.xyz', 'Sexy photo galleries, daily updated pics', 'Browse over 500 000 of the best porn galleries, daily updated collections\r\nhttp://harrington.parkpennyporn.jsutandy.com/?alex \r\n longest porn star muscle amazon boobs porn free porn nonconsent white wife porn xxx homemade real free porn clips', '2022-01-20 19:24:39', '2022-01-20 19:24:39'),
(11060, 'Leupoldjyh', 'johnjrprovidence@gmail.com', 'various factors of both subjective', 'A handwritten book is a book', '2022-01-20 21:07:57', '2022-01-20 21:07:57'),
(11061, 'Avalancheacb', 'krisahlberg@gmail.com', 'forensic research of documents (handwriting). Also handwriting', 'elements (case, binding).', '2022-01-20 21:32:02', '2022-01-20 21:32:02'),
(11062, 'CQkyBtNunAI', 'quinnmccormick281717@gmail.com', 'wZSgNkOR', 'eTdVYEujzDfh', '2022-01-20 22:35:53', '2022-01-20 22:35:53'),
(11063, 'WVbJmgrSzXof', 'quinnmccormick281717@gmail.com', 'saDnGMqruUf', 'bsrCJhAGDtYP', '2022-01-20 22:35:54', '2022-01-20 22:35:54'),
(11064, 'veronicadq4', 'nancy@daisuke6910.michio73.toshikokaori.xyz', 'Sexy photo galleries, daily updated collections', 'Teen Girls Pussy Pics. Hot galleries\r\nhttp://pornposters.ossun.amandahot.com/?anissa \r\n cop and porn star drother sister teen porn satanist porn porn tivo hd3 downloading tentacle porn in real life', '2022-01-20 22:46:55', '2022-01-20 22:46:55'),
(11065, 'Everettvem', 'glukhina.1998@mail.ru', 'спешные базы для хрумера', 'база для профилей для хрумера \r\nВы занимаетесь продвижением сайтов? Тогда вам к нам. У нас вы можете выбрать любую нужную для вашей работы базу для прогонов Xrumer и GSA, allsubmitter по разной ценовой категории.скачать базы для хрумера 2021 \r\nXrumer и GSA, allsubmitter \r\nЕсли Вы хотите, чтоб Ваш сайт привлекал как можно больше посетителей, то нужно, чтоб он был не только полезным и удобным, но и хорошо оптимизированным для поисковиков. Это потребует немало усилий и затрат, однако если хотите здорово ускорить процесс и ощутимо поднять сайт в результате выдачи, то можно использовать прогон сайта хрумером. Таким образом Вы можете не только быстрей получить желаемый результат, но и даже сэкономить время и деньги. \r\n \r\nХрумер — это софт для массовой рассылки комментариев на различные блоги, сайты, доски объявлений и даже социальные сети. Прогон по форумам происходит автоматически, ведь алгоритмы программы способны самостоятельно регистрировать аккаунты на сайтах, обходить капчи и любую другую защиту от автоматических регистраций и публикаций. Данный программный продукт развивается уже много лет и может работать с разнообразными CMS. \r\n \r\nЧто же произойдет, если заказать прогон хрумером? Все дело в том, что поисковики постоянно проводят анализ ссылочной массы и сайты, на которые существует больше ссылок, находятся выше в выдаче. Прогон сайта хрумером по форумам увеличивает ссылочную массу вашего ресурса, публикуя повсюду рекламные комментарии. Поисковики считают их реальными упоминаниями, индексируют их и выводят в топ выдачи по нужным запросам, и впоследствии на эти результаты поиска приходят реальные пользователи. \r\n \r\nДанный метод крайне эффективен, однако в продвижении не стоит переусердствовать, иначе можно получить обратный эффект - поисковики могут вовсе удалить сайт из выдачи или значительно понизить его. Именно поэтому важно понимать сколько нужно ссылок, размещать их по определенным правилам и сделать прогон сайта, используя относительно безопасные методы. Мы в этом деле обладаем большим опытом и всегда готовы помочь нашим клиентам. Еще никогда не было так просто заказать прогон хрумером у профессионалов и получить действительно ощутимый результат в виде повышения трафика и реально заинтересованных пользователей. Все подробности можно узнать на данной странице и воспользоваться нашими услугами по прогону хрумером. \r\n<a href=https://doccentr.com>a</a>,<a href=http://dom-lady.ru>b</a>,<a href=https://zagorodny.net>c</a>,<a href=https://ifvremya.ru>d</a>,<a href=http://akro-spb.ru>i</a>,<a href=http://blitz-remont.ru>f</a>,<a href=https://ruspl.com>g</a>,<a href=https://dailybest.me>h</a>,<a href=https://novostidnja.ru>i</a>,<a href=http://binom-s.com>j</a>,<a href=http://medinfon.ru>k</a>,<a href=https://friendlygames.ru>l</a>,<a href=https://2019god.net>m</a>,<a href=http://rusbetonplus.ru>n</a>,<a href=https://domocvet.com>o</a>,<a href=http://telead.ru>p</a>,<a href=http://womaan.ru>q</a>,<a href=http://ladyup.ru>r</a>,<a href=http://about-windows.ru>s</a>,<a href=http://icar-by.com>t</a>,<a href=https://pancreatus.com>u</a>,<a href=http://shoptrip.ru>v</a>,<a href=http://zonakulinara.ru>w</a>,<a href=https://loverust.ru>x</a>,<a href=http://beton-cement-ru.ru>y</a>,<a href=http://tvoi-noski.ru>z</a>,<a href=http://arctic-online.ru>a</a>,<a href=http://dk-zio.ru>b</a>,<a href=http://womanmaniya.ru>c</a>,<a href=https://4dekor.ru>d</a>,<a href=http://apploidnews.com>i</a>,<a href=http://omontazhe.ru>f</a>,<a href=http://qllq.ru>g</a>,<a href=http://windowss10.ru>h</a>,<a href=http://domoxozyaiki.ru>i</a>,<a href=http://dumainfo.ru>j</a>,<a href=http://rempostroy.ru>k</a>,<a href=http://slapk.ru>l</a>,<a href=http://gdefile.ru>m</a>,<a href=https://1vesti.kharkiv.ua>n</a>,<a href=https://newsstroy.kyiv.ua>o</a>,<a href=https://rnews.kharkiv.ua>p</a>,<a href=https://rnews.kr.ua>q</a>,<a href=https://bestnews.kyiv.ua>r</a>,<a href=https://bestnews.kharkiv.ua>s</a>,<a href=https://newsfor.kr.ua>t</a>,<a href=https://newsfor.kyiv.ua>u</a>,<a href=https://newsfor.kharkiv.ua>v</a>,<a href=https://vsenews.kharkiv.ua>w</a>,<a href=https://n1.kharkiv.ua>x</a>,<a href=https://autonews.kyiv.ua>y</a>,<a href=https://nbest.kyiv.ua>z</a>,<a href=https://nbest.kharkiv.ua>a</a>,<a href=https://n1.kyiv.ua>b</a>,<a href=https://newsstroy.kr.ua>c</a>,<a href=https://x-news.kr.ua>d</a>,<a href=https://v-news.kr.ua>i</a>,<a href=https://novostidnya.kr.ua>f</a>,<a href=https://newsru.kr.ua>g</a>,<a href=https://daynews.kr.ua>h</a>,<a href=https://realnews.kr.ua>i</a>,<a href=https://thenews.kr.ua>j</a>,<a href=https://sobitiya.kr.ua>k</a>,<a href=https://miv.kr.ua>l</a>,<a href=https://rnews.kyiv.ua>m</a>,<a href=https://1vesti.kyiv.ua>n</a>,<a href=https://vsenews.kyiv.ua>o</a>,<a href=https://autonews.kharkiv.ua>p</a>,<a href=https://mirnews.kr.ua>q</a>,<a href=https://onews.kr.ua>r</a>,<a href=https://uk.kr.ua>s</a>,<a href=https://vnovostyah.kr.ua>t</a>,<a href=https://infopress.kr.ua>u</a>,<a href=https://vse.kr.ua>v</a>,<a href=https://n-news.kr.ua>w</a>,<a href=https://development.eu.com>x</a>,<a href=https://vesti.eu.com>y</a>,<a href=https://novosti.eu.com>z</a>,<a href=https://allaboutnews.eu.com>a</a>,<a href=https://rusnews.kharkiv.ua>b</a>,<a href=https://f-news.kr.ua>c</a>,<a href=https://formatnews.kr.ua>d</a>,<a href=https://autonews.kr.ua>i</a>,<a href=https://worldpress.kr.ua>f</a>,<a href=https://vsenews.kr.ua>g</a>,<a href=https://nbest.kr.ua>h</a>,<a href=https://1vesti.kr.ua>i</a>,<a href=https://svodnews.kr.ua>j</a>,<a href=https://q.kr.ua>k</a>,<a href=https://yk.kr.ua>l</a>,<a href=https://onlinenews.eu.com>m</a>,<a href=https://people.eu.com>n</a>,<a href=https://n1.kr.ua>o</a>,<a href=https://rusnews.kyiv.ua>p</a>,<a href=https://rusnews.kr.ua>q</a>,<a href=https://bestnews.kr.ua>r</a>,<a href=https://euronews.kr.ua>s</a>,<a href=https://timenews.kr.ua>t</a>,<a href=https://rtnews.kr.ua>u</a>,<a href=https://town-news.kr.ua>v</a>,<a href=https://krnews.kr.ua>w</a>,<a href=https://vedomost.kr.ua>x</a>,<a href=https://euro.kr.ua>y</a>,<a href=https://1news.kr.ua>z</a>,<a href=https://obzor.kr.ua>a</a>,<a href=https://aboutnews.kr.ua>b</a>,<a href=https://worldnews.kr.ua>c</a>,<a href=https://newsday.kr.ua>d</a>,<a href=https://strana.kr.ua>i</a>,<a href=https://newsn.kr.ua>f</a>,<a href=https://infonews.kr.ua>g</a>,<a href=https://h.kr.ua>h</a>,<a href=https://moivesti.kr.ua>i</a>,<a href=https://currentnews.kr.ua>j</a>,<a href=https://easynews.kr.ua>k</a>,<a href=https://lifenews.kr.ua>l</a>,<a href=https://lastnews.kr.ua>m</a>,<a href=https://j.kr.ua>n</a>,<a href=https://inform.kr.ua>o</a>,<a href=https://rus.kr.ua>p</a>,<a href=https://press-release.kr.ua>q</a>,<a href=https://izvesti.kr.ua>r</a>,<a href=https://034.kr.ua>s</a>,<a href=https://v.kr.ua>t</a>,<a href=https://xop.kr.ua>u</a>,<a href=https://dni.kr.ua>v</a>,<a href=https://ykr.kr.ua>w</a>,<a href=https://newsportal.kr.ua>x</a>,<a href=https://msv.kr.ua>y</a>,<a href=https://s5.kr.ua>z</a>,<a href=https://znews.kr.ua>a</a>,<a href=https://information.kr.ua>b</a>,<a href=https://ukr.kr.ua>c</a>,<a href=https://portalnews.kr.ua>d</a>,<a href=https://today.kr.ua>i</a>,<a href=https://xznews.kr.ua>f</a>,<a href=https://nn.kr.ua>g</a>,<a href=https://mls.kr.ua>h</a>,<a href=https://novostnik.kr.ua>i</a>,<a href=https://informing.kr.ua>j</a>,<a href=https://vnovosti.kr.ua>k</a>,<a href=https://y.kr.ua>l</a>,<a href=https://nation.kr.ua>m</a>,<a href=https://item.eu.com>n</a>,<a href=https://gazette.eu.com>o</a>,<a href=https://headline.eu.com>p</a>,<a href=https://fact.eu.com>q</a>,<a href=https://somenews.eu.com>r</a>,<a href=https://lifenews.eu.com>s</a>,<a href=https://tidings.eu.com>t</a>,<a href=https://today.eu.com>u</a>,<a href=https://eunews.eu.com>v</a>,<a href=https://sir.eu.com>w</a>,<a href=https://journal.eu.com>x</a>,<a href=https://gazeta.eu.com>y</a>,<a href=https://lenta.eu.com>z</a>,<a href=https://exclusive.eu.com>a</a>,<a href=https://all.eu.com>b</a>,<a href=https://expert.eu.com>c</a>,<a href=https://news-magazine.eu.com>d</a>,<a href=https://newshour.eu.com>i</a>,<a href=https://presentation.eu.com>f</a>,<a href=https://publication.eu.com>g</a>,<a href=https://release.eu.com>h</a>,<a href=https://smi.eu.com>i</a>,<a href=https://view.eu.com>j</a>,<a href=https://vremya.eu.com>k</a>,<a href=https://prsn.eu.com>l</a>,<a href=https://lnd.eu.com>m</a>,<a href=https://034.eu.com>n</a>,<a href=https://all-about.eu.com>o</a>,<a href=https://solution.eu.com>p</a>,<a href=https://rightnow.eu.com>q</a>,<a href=https://euro21.eu.com>r</a>,<a href=https://euro22.eu.com>s</a>,<a href=https://100.eu.com>t</a>,<a href=https://mdrd.eu.com>u</a>,<a href=https://newtime.kr.ua>v</a>,<a href=https://fraufluger.ru>w</a>,<a href=https://rossoshru.ru>x</a>,<a href=https://lifeposi.ru>y</a>,<a href=http://megamcpe.com>z</a>,<a href=https://mirzodiaka.com>a</a>,<a href=http://ladysarafan.ru>b</a>,<a href=https://hypecrib.com>c</a>,<a href=https://vd-tv.ru>d</a>,<a href=https://buzulukmedia.ru>i</a>,<a href=https://donklephant.net>f</a>,<a href=https://avtotema.kr.ua>g</a>,<a href=http://hayastannews.com>h</a>,<a href=https://deepcool-ma.com>i</a>,<a href=https://russianshop.org>j</a>,<a href=http://dettka.com>k</a>,<a href=https://chexov.net>l</a>,<a href=http://nalatty.com>m</a>,<a href=https://hozyaushka.org>n</a>,<a href=http://montazhnik02.ru>o</a>,<a href=https://mama-creative.com>p</a>,<a href=https://crimeabest.com>q</a>,<a href=https://womanka.com>r</a>,<a href=http://teletap.org>s</a>,<a href=https://csharpcoderr.com>t</a>,<a href=https://dooralei.ru>u</a>,<a href=http://newsfast.ru>v</a>,<a href=https://2020about.com>w</a>,<a href=http://u-sity.net>x</a>,<a href=http://intofact.ru>y</a>,<a href=https://astrakhan.net>z</a>,<a href=http://oneznakomke.ru>a</a>,<a href=https://vpolozhenii.com>b</a>,<a href=http://gturs.com>c</a>,<a href=https://cultmoscow.com>d</a>,<a href=https://dvedoli.com>i</a>,<a href=https://belady.online>f</a>,<a href=https://dobrenok.com>g</a>,<a href=https://milomarket.com>h</a>,<a href=https://adres.kr.ua>i</a>,<a href=https://womanjour.ru>j</a>,<a href=http://ladystory.ru>k</a>,<a href=http://kapitosha.net>l</a>,<a href=http://mirokru.ru>m</a>,<a href=https://kakpravilino.com>n</a>,<a href=https://1001guru.ru>o</a>,<a href=http://xozyaika.com>p</a>,<a href=https://aromat.kr.ua>q</a>,<a href=https://parovarim.com>r</a>,<a href=http://remstroitelstvo.ru>s</a>,<a href=https://golubevod.net>t</a>,<a href=http://s-narodom.ru>u</a>,<a href=https://zazdorovie.net>v</a>,<a href=http://roofor.ru>w</a>,<a href=http://sovet-sadovody.ru>x</a>,<a href=https://albooking.net>y</a>,<a href=http://fi-hi.ru>z</a>,<a href=https://modnuesovetu.ru>a</a>,<a href=https://rabotainternet.com>b</a>,<a href=https://1npf.com>c</a>,<a href=https://renewablenergy-world.com>d</a>,\r\n<a href=https://viewangle.net>i</a>\r\nhttps://doccentr.com, http://dom-lady.ru, https://zagorodny.net, https://ifvremya.ru, http://akro-spb.ru, http://blitz-remont.ru, https://ruspl.com, https://dailybest.me, https://novostidnja.ru, http://binom-s.com, http://medinfon.ru, https://friendlygames.ru, https://2019god.net, http://rusbetonplus.ru, https://domocvet.com, http://telead.ru, http://womaan.ru, http://ladyup.ru, http://about-windows.ru, http://icar-by.com, https://pancreatus.com, http://shoptrip.ru, http://zonakulinara.ru, https://loverust.ru, http://beton-cement-ru.ru, http://tvoi-noski.ru, http://arctic-online.ru, http://dk-zio.ru, http://womanmaniya.ru, https://4dekor.ru, http://apploidnews.com, http://omontazhe.ru, http://qllq.ru, http://windowss10.ru, http://domoxozyaiki.ru, http://dumainfo.ru, http://rempostroy.ru, http://slapk.ru, http://gdefile.ru, https://1vesti.kharkiv.ua, https://newsstroy.kyiv.ua, https://rnews.kharkiv.ua, https://rnews.kr.ua, https://bestnews.kyiv.ua, https://bestnews.kharkiv.ua, https://newsfor.kr.ua, https://newsfor.kyiv.ua, https://newsfor.kharkiv.ua, https://vsenews.kharkiv.ua, https://n1.kharkiv.ua, https://autonews.kyiv.ua, https://nbest.kyiv.ua, https://nbest.kharkiv.ua, https://n1.kyiv.ua, https://newsstroy.kr.ua, https://x-news.kr.ua, https://v-news.kr.ua, https://novostidnya.kr.ua, https://newsru.kr.ua, https://daynews.kr.ua, https://realnews.kr.ua, https://thenews.kr.ua, https://sobitiya.kr.ua, https://miv.kr.ua, https://rnews.kyiv.ua, https://1vesti.kyiv.ua, https://vsenews.kyiv.ua, https://autonews.kharkiv.ua, https://mirnews.kr.ua, https://onews.kr.ua, https://uk.kr.ua, https://vnovostyah.kr.ua, https://infopress.kr.ua, https://vse.kr.ua, https://n-news.kr.ua, https://development.eu.com, https://vesti.eu.com, https://novosti.eu.com, https://allaboutnews.eu.com, https://rusnews.kharkiv.ua, https://f-news.kr.ua, https://formatnews.kr.ua, https://autonews.kr.ua, https://worldpress.kr.ua, https://vsenews.kr.ua, https://nbest.kr.ua, https://1vesti.kr.ua, https://svodnews.kr.ua, https://q.kr.ua, https://yk.kr.ua, https://onlinenews.eu.com, https://people.eu.com, https://n1.kr.ua, https://rusnews.kyiv.ua, https://rusnews.kr.ua, https://bestnews.kr.ua, https://euronews.kr.ua, https://timenews.kr.ua, https://rtnews.kr.ua, https://town-news.kr.ua, https://krnews.kr.ua, https://vedomost.kr.ua, https://euro.kr.ua, https://1news.kr.ua, https://obzor.kr.ua, https://aboutnews.kr.ua, https://worldnews.kr.ua, https://newsday.kr.ua, https://strana.kr.ua, https://newsn.kr.ua, https://infonews.kr.ua, https://h.kr.ua, https://moivesti.kr.ua, https://currentnews.kr.ua, https://easynews.kr.ua, https://lifenews.kr.ua, https://lastnews.kr.ua, https://j.kr.ua, https://inform.kr.ua, https://rus.kr.ua, https://press-release.kr.ua, https://izvesti.kr.ua, https://034.kr.ua, https://v.kr.ua, https://xop.kr.ua, https://dni.kr.ua, https://ykr.kr.ua, https://newsportal.kr.ua, https://msv.kr.ua, https://s5.kr.ua, https://znews.kr.ua, https://information.kr.ua, https://ukr.kr.ua, https://portalnews.kr.ua, https://today.kr.ua, https://xznews.kr.ua, https://nn.kr.ua, https://mls.kr.ua, https://novostnik.kr.ua, https://informing.kr.ua, https://vnovosti.kr.ua, https://y.kr.ua, https://nation.kr.ua, https://item.eu.com, https://gazette.eu.com, https://headline.eu.com, https://fact.eu.com, https://somenews.eu.com, https://lifenews.eu.com, https://tidings.eu.com, https://today.eu.com, https://eunews.eu.com, https://sir.eu.com, https://journal.eu.com, https://gazeta.eu.com, https://lenta.eu.com, https://exclusive.eu.com, https://all.eu.com, https://expert.eu.com, https://news-magazine.eu.com, https://newshour.eu.com, https://presentation.eu.com, https://publication.eu.com, https://release.eu.com, https://smi.eu.com, https://view.eu.com, https://vremya.eu.com, https://prsn.eu.com, https://lnd.eu.com, https://034.eu.com, https://all-about.eu.com, https://solution.eu.com, https://rightnow.eu.com, https://euro21.eu.com, https://euro22.eu.com, https://100.eu.com, https://mdrd.eu.com, https://newtime.kr.ua, https://fraufluger.ru, https://rossoshru.ru, https://lifeposi.ru, http://megamcpe.com, https://mirzodiaka.com, http://ladysarafan.ru, https://hypecrib.com, https://vd-tv.ru, https://buzulukmedia.ru, https://donklephant.net, https://avtotema.kr.ua, http://hayastannews.com, https://deepcool-ma.com, https://russianshop.org, http://dettka.com, https://chexov.net, http://nalatty.com, https://hozyaushka.org, http://montazhnik02.ru, https://mama-creative.com, https://crimeabest.com, https://womanka.com, http://teletap.org, https://csharpcoderr.com, https://dooralei.ru, http://newsfast.ru, https://2020about.com, http://u-sity.net, http://intofact.ru, https://astrakhan.net, http://oneznakomke.ru, https://vpolozhenii.com, http://gturs.com, https://cultmoscow.com, https://dvedoli.com, https://belady.online, https://dobrenok.com, https://milomarket.com, https://adres.kr.ua, https://womanjour.ru, http://ladystory.ru, http://kapitosha.net, http://mirokru.ru, https://kakpravilino.com, https://1001guru.ru, http://xozyaika.com, https://aromat.kr.ua, https://parovarim.com, http://remstroitelstvo.ru, https://golubevod.net, http://s-narodom.ru, https://zazdorovie.net, http://roofor.ru, http://sovet-sadovody.ru, https://albooking.net, http://fi-hi.ru, https://modnuesovetu.ru, https://rabotainternet.com, https://1npf.com, https://renewablenergy-world.com, https://viewangle.net\r\n \r\n \r\nRHzs43hgndIpuiSy', '2022-01-21 00:04:39', '2022-01-21 00:04:39'),
(11066, 'gilbertwn60', 'michael@eiji62.mokomichi.xyz', 'New project started to be available today, check it out', 'Enjoy our scandal amateur galleries that looks incredibly dirty\r\nhttp://mountainhome.mrchewasianporn.alypics.com/?kaylynn \r\n lesbian cumshot porn the porn star asian asia girl watching porn tube twink thumbs porn illustrated porn stories for women', '2022-01-21 01:55:28', '2022-01-21 01:55:28'),
(11067, 'florinevc60', 'nataliabu3@shiro92.mokomichi.xyz', 'My new hot project', 'Sexy teen photo galleries\r\nhttp://ebony.porn.fetlifeblog.com/?athena \r\n\r\n wendy taylor mature british porn gang oprn violance cat costume porn ebony pallas porn emily idol porn video', '2022-01-21 06:43:27', '2022-01-21 06:43:27'),
(11068, 'ForexTeano', 'cerulean@pochtampt.com', 'Forex trading macd', 'Elenco dei broker forex. https://it.system-forex.com', '2022-01-21 07:01:18', '2022-01-21 07:01:18'),
(11069, 'freddiepw16', 'tonyaqx1@kaede77.mokomichi.xyz', 'Sexy teen photo galleries', 'Browse over 500 000 of the best porn galleries, daily updated collections\r\nhttp://glen.aubreybestukpornstars.alexysexy.com/?kiara \r\n porn amateur fat ashley george porn video shauna sand porn torrent innocent boys porn web site xs porn star', '2022-01-21 09:50:26', '2022-01-21 09:50:26'),
(11070, 'tammieu4', 'debbie@daisuke6910.michio73.toshikokaori.xyz', 'Best Nude Playmates & Centerfolds, Beautiful galleries daily updates', 'New hot project galleries, daily updates\r\nhttp://byers.moesexy.com/?brandi \r\n high school ameture porn porn cameron reid young porn tube video short girls with large breasts porn taylor star porn', '2022-01-21 10:33:54', '2022-01-21 10:33:54'),
(11071, 'toniatq4', 'heleneie5@kunio110.hiraku94.kiyoakari.xyz', 'Enjoy daily galleries', 'New sexy website is available on the web\r\nhttp://getinfopornellerslie.adablog69.com/?dakota \r\n sex porn free nude flexible porn stars porn synn free porn pic site bisexual vintage porn boys', '2022-01-21 11:05:58', '2022-01-21 11:05:58'),
(11072, 'bneoshwab', 'bneoshnik@gmail.com', 'Bitcoin NEO - BNEO - New era of Crypto!', 'Bitcoin NEO the New era of Crypto! \r\nBNEO uses peer-to-peer technology to operate with no central authority or banks; managing transactions and the issuing of bitcoins is carried out collectively by the network. \r\nEmission 21 000 000 coins. \r\n \r\nRead more info on our site - https://bitcoin-neo.com/?from=x \r\nBuy tokens Now and earn at DODOEX - https://app.dodoex.io/exchange/USDT-BNEO \r\nHow buy tokens on dodoex - https://bitcoin-neo.com/how-buy.html?from=x \r\nOr you can send BNB, USDT, BUSD to official wallet and get BNEO to your wallet. It,s safely. See more info at https://bitcoin-neo.com/how-buy.html?from=x \r\nNow BNEO price is low, after will be over 0,2 USDT. \r\n \r\nSubscribe us: \r\nhttps://t.me/bneo_channel \r\nhttps://t.me/bneo_chat \r\nhttps://twitter.com/bneo_crypto \r\nhttps://www.youtube.com/channel/UCM_yAN5Sprj798gSk5Gvv6w', '2022-01-21 11:26:10', '2022-01-21 11:26:10'),
(11073, 'CharlesChice', 'hudman.shawanda@yahoo.com', 'vulkan vegas casino', 'vulkan vegas 23 vulkan vegas logowanie vulkan vegas casino login vulkan vegas kasyno vulkan vegas 24 vulkanvegas casino vulkan vegas vulkanvegas23 vulcan casino logowanie vulkan vegas login vulkan vegas pl vulkan vegas zaloguj kasynovulkan vulkan vegas legalne w polsce vulkan kasyno  \r\n \r\nvulcan casino logowanie  <a href=https://vulkanvegas100.pl>vulkan kasyno</a>  vulkan vegas kasyno  <a href=https://vulkanvegas100.pl>vulkan vegas 24</a>  vulkan vegas pl  <a href=https://vulkanvegas100.pl>vulkan vegas kasyno</a>  vulkan vegas login  <a href=https://vulkanvegas100.pl>vulkan vegas zaloguj</a>  vulkan vegas 24  <a href=https://vulkanvegas100.pl>vulkan vegas login</a>  \r\n \r\nvulkanvegas23 vulkan casino logowanie vulkan vegas login vulkan vegas casino login vulkan vegas logowanie vulkan kasyno vulkan vegas vulkan vegas pl vulkan vegas legalne w polsce vulkan vegas casino  \r\n \r\nkasynovulkan  <a href=https://vulkanvegas100.pl>vulcan vega</a>  vulcan vega  <a href=https://vulkanvegas100.pl>vulkan vegas login</a>  vulkan vegas legalne w polsce  <a href=https://vulkanvegas100.pl>vulcan kasyno</a>  vulkan vegas logowanie  <a href=https://vulkanvegas100.pl>vulkan kasyno</a>  vulkan vegas 23  <a href=https://vulkanvegas100.pl>vulkan vegas pl</a>  \r\n \r\nvulkan vegas 23 vulkan vegas pl vulkan vegas 24 vulkanvegas23 vulcan kasyno', '2022-01-21 12:12:31', '2022-01-21 12:12:31'),
(11074, 'abask', 'f6q9s48y@gmail.com', 'Free Spins Below', 'Play for free and win real money! Claim (3) Free Spins Below https://tinyurl.com/ycefrorf', '2022-01-21 12:17:39', '2022-01-21 12:17:39'),
(11075, 'Candyrat', 'jennypersadnyc@gmail.com', 'system of movements using', '... As a rule, the manuscript is called', '2022-01-21 12:23:51', '2022-01-21 12:23:51'),
(11076, 'Larryjer', 'fevgen708@gmail.com', 'Новости рекламы', '<a href=http://1541.ru> С 2012 г. с помощью Pinterest помогаю продавать товар в Etsy, что дает Заказчикам до 100 000 usd дохода в месяц. Работаю также c личными сайтами, shopify, ebay, amazon</a>', '2022-01-21 13:24:51', '2022-01-21 13:24:51'),
(11077, 'josieao2', 'jeannine@shiro67.kiyoakari.xyz', 'Free Porn Galleries - Hot Sex Pictures', 'Sexy photo galleries, daily updated collections\r\nhttp://voyeur.porn.amandahot.com/?mattie \r\n you tube of porn sex fuck free porn tube gym exercise gymnastics porn free boy porn sex videos huge asses porn tube', '2022-01-21 14:40:38', '2022-01-21 14:40:38'),
(11078, 'heatherkh18', 'ingridcl69@eiji40.mokomichi.xyz', 'enjoy new website', 'New sexy website is available on the web\r\nhttp://madillflavorofluvporn.sexjanet.com/?phoebe \r\n horse suck porn tiffany lee porn porn videos best ride facial gay porn pics free lesbian eating pussy porn', '2022-01-21 17:50:15', '2022-01-21 17:50:15'),
(11079, 'bneoshwab', 'bneoshnik@gmail.com', 'Bitcoin NEO - BNEO - New era of Crypto!', 'Bitcoin NEO the New era of Crypto! \r\nBNEO uses peer-to-peer technology to operate with no central authority or banks; managing transactions and the issuing of bitcoins is carried out collectively by the network. \r\nEmission 21 000 000 coins. \r\n \r\nRead more info on our site - https://bitcoin-neo.com/?from=x \r\nBuy tokens Now and earn at DODOEX - https://app.dodoex.io/exchange/USDT-BNEO \r\nHow buy tokens on dodoex - https://bitcoin-neo.com/how-buy.html?from=x \r\nOr you can send BNB, USDT, BUSD to official wallet and get BNEO to your wallet. It,s safely. See more info at https://bitcoin-neo.com/how-buy.html?from=x \r\nNow BNEO price is low, after will be over 0,2 USDT. \r\n \r\nSubscribe us: \r\nhttps://t.me/bneo_channel \r\nhttps://t.me/bneo_chat \r\nhttps://twitter.com/bneo_crypto \r\nhttps://www.youtube.com/channel/UCM_yAN5Sprj798gSk5Gvv6w', '2022-01-21 18:49:39', '2022-01-21 18:49:39'),
(11080, 'bobbiecf3', 'ivanhg20@masaaki8810.naoki29.kiyoakari.xyz|akira4310.haru51.mokomichi.xyz}', 'Hot galleries, daily updated collections', 'Sexy photo galleries, daily updtaed pics\r\nhttp://gangbang.porn.alypics.com/?alayna \r\n hamster porn n forbidden porn art kirstie alley porn porn x rated videos samantha strong retro porn', '2022-01-21 19:11:53', '2022-01-21 19:11:53'),
(11081, 'pinupcasino777', 'pinupcasino7777@gmail.com', 'Pin Up Casino', 'Игровые автоматы https://pin-up-casino.cyou/ Казино имеют официальную лицензию и стабильно выплачивают игрокам их выигрыши!', '2022-01-21 22:25:58', '2022-01-21 22:25:58'),
(11082, 'JamesFlors', '7wn@course-fitness.com', '太達數位媒體', '太達數位媒體 \r\n \r\n \r\nhttps://deltamarketing.com.tw/', '2022-01-22 00:31:49', '2022-01-22 00:31:49'),
(11083, 'Tysonpex', 'hidb3@course-fitness.com', 'unethost無限空間虛擬主機 技術分享部落格', 'unethost無限空間虛擬主機 技術分享部落格 \r\n \r\nhttp://blog.unethost.com/', '2022-01-22 00:31:53', '2022-01-22 00:31:53'),
(11084, 'lottieax11', 'ebony@tamotsu4110.masumi70.kiyoakari.xyz', 'College Girls Porn Pics', 'New hot project galleries, daily updates\r\nhttp://bbw.peaceful.valley.lexixxx.com/?malia \r\n girls working out porn prison porn tube ypur amature porn chinese porn forum natasha shy lesbian porn videos', '2022-01-22 02:33:40', '2022-01-22 02:33:40'),
(11085, 'mariettaft16', 'paulettees60@hotaka98.kiyoakari.xyz', 'Hot new pictures each day', 'New project started to be available today, check it out\r\nhttp://gattightporn.instasexyblog.com/?katelin \r\n\r\n police standoff porn star death teen porn pictyres lesbian porn directories 70 s porn orgy tube teen porn foot fetishes vidros', '2022-01-22 03:29:22', '2022-01-22 03:29:22'),
(11086, 'KennethALLEX', 'vpsr@course-fitness.com', 'Game LIFE 遊戲情報', 'Game LIFE 遊戲情報 \r\n \r\n \r\nhttps://gamelife.tw/portal.php', '2022-01-22 04:31:34', '2022-01-22 04:31:34'),
(11087, 'angelrh11', 'mariagray6323321+salvador@gmail.com}', 'Free Porn Galleries - Hot Sex Pictures', 'New super hot photo galleries, daily updated collections \r\nhttp://moesexy.com/?delilah  \r\n messy dirty fetish porn gay porn sponsors free porn teacher movies anime porn mother son milf porn chat rooms', '2022-01-22 04:53:04', '2022-01-22 04:53:04'),
(11088, 'genepw18', 'rick@satoshi10.kiyoakari.xyz', 'Free Porn Galleries - Hot Sex Pictures', 'Free Porn Pictures and Best HD Sex Photos\r\nhttp://nebo.agamdarshiporn.jsutandy.com/?mina \r\n forced sreaming anal sex porn hub camilla mature british porn big black cocks fucking redhead porn mature italian porn british free porn vids', '2022-01-22 04:56:10', '2022-01-22 04:56:10'),
(11089, 'claytonur3', 'cindyfz2@kaede77.mokomichi.xyz', 'Teen Girls Pussy Pics. Hot galleries', 'Sexy photo galleries, daily updated pics\r\nhttp://porntsnamiskipperscorner.danexxx.com/?aniyah \r\n free public humiliation porn sites free gay guy porn frat punk rock porn tube pakisani girls porn porn pilates video', '2022-01-22 08:35:11', '2022-01-22 08:35:11'),
(11090, 'dustinvy1', 'claudinevf5@takumi39.sorataki.in.net', 'Free Porn Pictures and Best HD Sex Photos', 'Best Nude Playmates & Centerfolds, Beautiful galleries daily updates\r\nhttp://shemalewebsite.shemalesingles.xblognetwork.com/?jenny \r\n\r\n porn blooper compilation juliet chase porn gorham maine girl porn download gay porn for free naked housewife pantyhose porn movies', '2022-01-22 10:33:38', '2022-01-22 10:33:38'),
(11091, 'DanielCause', 'e.validatort.est@gmail.com', 'Aloha', 'Ola, queria saber o seu prezo.', '2022-01-22 10:37:35', '2022-01-22 10:37:35'),
(11092, 'Bettynup', 'evbrtfxss@gordpizza.ru', 'generic name for cialis', '<a href=https://cialsonar.com/>cialis without a doctor prescription</a> \r\n<a href=\"https://cialsonar.com/\">cialis black</a>', '2022-01-22 11:48:01', '2022-01-22 11:48:01'),
(11093, 'Audrey Esquivel', 'fran@vervemagazine.co.nz', 'hello', 'Could you recommend where I can find B2B Database with Emails  for Petting Farms? \r\n\r\nDo you know the site where I can buy a similar database:\r\n\r\nhttps://bespokecbd.timeblog.net/43148821/global-hemp-industry-database-and-cbd-shops-b2b-business-data-list-with-emails\r\n\r\nMany thanks\r\n\r\nAudrey Esquivel', '2022-01-22 13:46:34', '2022-01-22 13:46:34'),
(11094, 'robbiesr18', 'cynthia@tamotsu4110.masumi70.kiyoakari.xyz', 'My new hot project', 'Free Porn Galleries - Hot Sex Pictures\r\nhttp://bbspornforfree.northrichmond.kanakox.com/?bria \r\n free amatuer porn perrsian free iphone bisexual porh adult porn viv thomas michelle marsh page 3 model porn porn date game', '2022-01-22 15:00:26', '2022-01-22 15:00:26'),
(11095, 'WilliamTom', 'vasiliidubov4728@rambler.ru', 'автомобиль хундай все модели и цены', 'Долго искал и наконец нашел действительно полезный сайт про авто', '2022-01-22 15:03:14', '2022-01-22 15:03:14'),
(11096, 'rosannaej11', 'eugeniaks18@takayuki17.toshikokaori.xyz', 'Hot teen pics', 'Daily updated super sexy photo galleries\r\nhttp://ravinia.pinoypornvideo.gigixo.com/?karley \r\n myla porn video crazy lesbian porn lesbian porn community free layboy porn red video porn', '2022-01-22 15:45:44', '2022-01-22 15:45:44'),
(11097, 'ameliapf2', 'joannevx1@masaaki8810.naoki29.kiyoakari.xyz|akira4310.haru51.mokomichi.xyz}', 'Sexy teen photo galleries', 'New sexy website is available on the web\r\nhttp://woods.creek.handjob.porn.energysexy.com/?kiana \r\n freeemo teen slut porn porn tube castration brodi porn college coed porn porn pioctures', '2022-01-22 17:14:08', '2022-01-22 17:14:08'),
(11098, 'Stanmorefmq', 'jewel3m@gmail.com', 'and print on printers).', 'antiquities. These are the Egyptian papyri', '2022-01-22 17:23:00', '2022-01-22 17:23:00'),
(11099, 'Seymourpease', 'opheliehouille@hotmail.fr', 'Gagnez sur les investissements a partir de 13090 EUR par mois', 'Investissez dans la crypto-monnaie et gagnez a partir de 17000 EUR par semaine >>>>>>>>>>>>>>>>>>>>>>>>>>> https://www.google.com/url?q=https%3A%2F%2Fvk.cc%2FcanW6k&sa=D&66=18&usg=AFQjCNFAOm51gcUNvwd6BK41Qjwblb25Ng <<<<<<<<<<<<<<<<<<<<<<<<', '2022-01-22 18:09:23', '2022-01-22 18:09:23'),
(11100, 'Squierxdz', 'tlm516@embarqmail.com', 'usually occurs within', 'By the end of the 15th century, 35', '2022-01-22 19:31:46', '2022-01-22 19:31:46'),
(11101, 'adelinefg3', 'aracelirr1@kaede7010.masashi38.toshikokaori.xyz', 'New sexy website is available on the web', 'Enjoy daily galleries\r\nhttp://dancporn.relayblog.com/?paloma \r\n\r\n flash free porn hardcore classic interracial porn tube porn hot blonde in blue dress erotic nurse porn porn pics tube hairy pussies', '2022-01-22 21:56:36', '2022-01-22 21:56:36'),
(11102, 'EugeneTucky', 'uvtr@course-fitness.com', '歐客佬精品咖啡 ｜OKLAO COFFEE｜蝦皮商城｜咖啡豆｜掛耳｜精品咖啡｜咖啡禮盒 專賣｜精品麵包', '歐客佬精品咖啡 ｜OKLAO COFFEE｜蝦皮商城｜咖啡豆｜掛耳｜精品咖啡｜咖啡禮盒 專賣｜精品麵包 \r\n \r\nhttps://first-cafe.com/', '2022-01-22 21:56:59', '2022-01-22 21:56:59'),
(11103, 'Feedermpg', 'rahmat4261@yahoo.com', 'writing motor skill', 'written on the parchment was scratched out', '2022-01-23 02:02:39', '2022-01-23 02:02:39'),
(11104, 'Carpetcca', 'ccb1509@yahoo.com', 'forensic research of documents (handwriting). Also handwriting', 'elements (case, binding).', '2022-01-23 02:36:17', '2022-01-23 02:36:17'),
(11105, 'marionxh18', 'rebekah@tamotsu4110.masumi70.kiyoakari.xyz', 'Hardcore Galleries with hot Hardcore photos', 'Big Ass Photos - Free Huge Butt Porn, Big Booty Pics\r\nhttp://girlpornstoriesjackson.alypics.com/?trinity \r\n tiny black porn anthro dragoness porn nicole coco austin porn tube hard guy porn escort jennifer hudson porn video', '2022-01-23 03:28:00', '2022-01-23 03:28:00'),
(11106, 'staciesb3', 'madgeon60@eiji19.toshikokaori.xyz', 'New project started to be available today, check it out', 'Sexy photo galleries, daily updated collections\r\nhttp://mydirtypornsite.alpharetta.gigixo.com/?bria \r\n free porn videos for straight women red porn video free closed set vintage gay porn video park porn tube free tiny anal porn', '2022-01-23 04:22:55', '2022-01-23 04:22:55'),
(11107, 'Sherron Allanson', 'EzraWeisberg@gmail.com', 'Jarrod Haddox', 'Congrats on your new site, get it listed here for free and we\'ll start sending people to your site https://1mdr.short.gy/add-your-site', '2022-01-23 05:28:41', '2022-01-23 05:28:41');
INSERT INTO `messages` (`id`, `name`, `email`, `subject`, `message`, `created_at`, `updated_at`) VALUES
(11108, 'jeffjj2', 'mitchellvz16@akihiro8610.tamotsu99.toshikokaori.xyz', 'Free Porn Pictures and Best HD Sex Photos', 'Sexy photo galleries, daily updated pics\r\nhttp://myspaceporntstv.greersferry.danexxx.com/?tatyana \r\n male guy sex video porns holly halston porn movies male animal porn my ex girlfrend porn leather gloves porn', '2022-01-23 06:02:45', '2022-01-23 06:02:45'),
(11109, 'susansy1', 'latonya@yoshito610.haruto35.kiyoakari.xyz', 'My new hot project', 'Enjoy daily galleries\r\nhttp://oldagesporngrandlake.alypics.com/?alysha \r\n free porn videos for droid munster porn kevin mcdaid porn pirates xxx porn stars free malay porn vids', '2022-01-23 14:15:57', '2022-01-23 14:15:57'),
(11110, 'lillyxt1', 'jeanninexd3@masaaki8810.naoki29.kiyoakari.xyz|akira4310.haru51.mokomichi.xyz}', 'Big Ass Photos - Free Huge Butt Porn, Big Booty Pics', 'New super hot photo galleries, daily updated collections\r\nhttp://oneporn.sandersville.hoterika.com/?abigayle \r\n top gay porn makers play in porn classic porn mature sex over 40 little girls porn preview homemade porn handjobs', '2022-01-23 15:13:57', '2022-01-23 15:13:57'),
(11111, 'christiyy69', 'samantha@yoshito610.haruto35.kiyoakari.xyz', 'Enjoy daily galleries', 'Best Nude Playmates & Centerfolds, Beautiful galleries daily updates\r\nhttp://hydaburg.18desireporn.alypics.com/?keira \r\n porn hentai kiki knock the bitch up porn lesbian brunette porn scantily clad ladies pictures porn free home anal porn', '2022-01-23 15:44:15', '2022-01-23 15:44:15'),
(11112, 'nym5110925flebno', 'hholcombcessar@gmail.com', 'top5110925rtuyjyh', 'mps5110925ngkyt qGNCvMr a4HB jZTDRL7', '2022-01-23 16:48:17', '2022-01-23 16:48:17'),
(11113, 'lindseyeh3', 'keishafr7@tamotsu6910.takayuki51.sorataki.in.net', 'New hot project galleries, daily updates', 'Sexy photo galleries, daily updated collections\r\nhttp://sexyclubclothes.xblognetwork.com/?katelyn \r\n\r\n 10 old men fucking porn free porn site pussy 3d generated porn free hardcore porn sories can you watch porn in china', '2022-01-23 19:11:17', '2022-01-23 19:11:17'),
(11114, 'Adolfo Rodas Barbero', 'sales.nztripas@gmail.com', 'Information', 'Hello Noha,could you give me the members or companies from Italy and France? Thanks in avance.\r\n\r\nWhat is necessary to do for to be a member of Insca? Thanks.', '2022-01-23 19:51:34', '2022-01-23 19:51:34'),
(11115, 'charlestd1', 'qx4@hikaru46.mokomichi.xyz', 'College Girls Porn Pics', 'Hot teen pics\r\nhttp://trannysite.bestsexyblog.com/?kaila \r\n\r\n free lesbian bdsm porn videos stream porn for phone porn catches daughter fucking boy online streaming indian hd porn free asian porn tube video', '2022-01-23 20:07:30', '2022-01-23 20:07:30'),
(11116, 'Horny Shriya', 'huber.nathan@gmail.com', '(2) Horny Shriya sent you messages', 'Horny Shriya sent you 2 pics yesterday. She is online now.\r\nClick the link below to view the message and reply to her.\r\n\r\nhttps://sexlovers.club/chat/HornyShriya/', '2022-01-23 22:12:20', '2022-01-23 22:12:20'),
(11117, 'Flashpaqyml', 'scott.lankshear@bigpond.com', 'Subjective inherent in a specific', 'Many calligraphers have acquired', '2022-01-23 22:22:36', '2022-01-23 22:22:36'),
(11118, 'Everettvem', 'glukhina.1998@mail.ru', 'скачать базы для хрумера 2021', 'база для профилей для хрумера \r\nВы занимаетесь продвижением сайтов? Тогда вам к нам. У нас вы можете выбрать любую нужную для вашей работы базу для прогонов Xrumer и GSA, allsubmitter по разной ценовой категории.база ссылок для хрумера \r\nXrumer и GSA, allsubmitter \r\nЕсли Вы хотите, чтоб Ваш сайт привлекал как можно больше посетителей, то нужно, чтоб он был не только полезным и удобным, но и хорошо оптимизированным для поисковиков. Это потребует немало усилий и затрат, однако если хотите здорово ускорить процесс и ощутимо поднять сайт в результате выдачи, то можно использовать прогон сайта хрумером. Таким образом Вы можете не только быстрей получить желаемый результат, но и даже сэкономить время и деньги. \r\n \r\nХрумер — это софт для массовой рассылки комментариев на различные блоги, сайты, доски объявлений и даже социальные сети. Прогон по форумам происходит автоматически, ведь алгоритмы программы способны самостоятельно регистрировать аккаунты на сайтах, обходить капчи и любую другую защиту от автоматических регистраций и публикаций. Данный программный продукт развивается уже много лет и может работать с разнообразными CMS. \r\n \r\nЧто же произойдет, если заказать прогон хрумером? Все дело в том, что поисковики постоянно проводят анализ ссылочной массы и сайты, на которые существует больше ссылок, находятся выше в выдаче. Прогон сайта хрумером по форумам увеличивает ссылочную массу вашего ресурса, публикуя повсюду рекламные комментарии. Поисковики считают их реальными упоминаниями, индексируют их и выводят в топ выдачи по нужным запросам, и впоследствии на эти результаты поиска приходят реальные пользователи. \r\n \r\nДанный метод крайне эффективен, однако в продвижении не стоит переусердствовать, иначе можно получить обратный эффект - поисковики могут вовсе удалить сайт из выдачи или значительно понизить его. Именно поэтому важно понимать сколько нужно ссылок, размещать их по определенным правилам и сделать прогон сайта, используя относительно безопасные методы. Мы в этом деле обладаем большим опытом и всегда готовы помочь нашим клиентам. Еще никогда не было так просто заказать прогон хрумером у профессионалов и получить действительно ощутимый результат в виде повышения трафика и реально заинтересованных пользователей. Все подробности можно узнать на данной странице и воспользоваться нашими услугами по прогону хрумером. \r\n<a href=https://viewangle.net>i</a>\r\n<a href=https://doccentr.com>a</a>,<a href=http://dom-lady.ru>b</a>,<a href=https://zagorodny.net>c</a>,<a href=https://ifvremya.ru>d</a>,<a href=http://akro-spb.ru>i</a>,<a href=http://blitz-remont.ru>f</a>,<a href=https://ruspl.com>g</a>,<a href=https://dailybest.me>h</a>,<a href=https://novostidnja.ru>i</a>,<a href=http://binom-s.com>j</a>,<a href=http://medinfon.ru>k</a>,<a href=https://friendlygames.ru>l</a>,<a href=https://2019god.net>m</a>,<a href=http://rusbetonplus.ru>n</a>,<a href=https://domocvet.com>o</a>,<a href=http://telead.ru>p</a>,<a href=http://womaan.ru>q</a>,<a href=http://ladyup.ru>r</a>,<a href=http://about-windows.ru>s</a>,<a href=http://icar-by.com>t</a>,<a href=https://pancreatus.com>u</a>,<a href=http://shoptrip.ru>v</a>,<a href=http://zonakulinara.ru>w</a>,<a href=https://loverust.ru>x</a>,<a href=http://beton-cement-ru.ru>y</a>,<a href=http://tvoi-noski.ru>z</a>,<a href=http://arctic-online.ru>a</a>,<a href=http://dk-zio.ru>b</a>,<a href=http://womanmaniya.ru>c</a>,<a href=https://4dekor.ru>d</a>,<a href=http://apploidnews.com>i</a>,<a href=http://omontazhe.ru>f</a>,<a href=http://qllq.ru>g</a>,<a href=http://windowss10.ru>h</a>,<a href=http://domoxozyaiki.ru>i</a>,<a href=http://dumainfo.ru>j</a>,<a href=http://rempostroy.ru>k</a>,<a href=http://slapk.ru>l</a>,<a href=http://gdefile.ru>m</a>,<a href=https://1vesti.kharkiv.ua>n</a>,<a href=https://newsstroy.kyiv.ua>o</a>,<a href=https://rnews.kharkiv.ua>p</a>,<a href=https://rnews.kr.ua>q</a>,<a href=https://bestnews.kyiv.ua>r</a>,<a href=https://bestnews.kharkiv.ua>s</a>,<a href=https://newsfor.kr.ua>t</a>,<a href=https://newsfor.kyiv.ua>u</a>,<a href=https://newsfor.kharkiv.ua>v</a>,<a href=https://vsenews.kharkiv.ua>w</a>,<a href=https://n1.kharkiv.ua>x</a>,<a href=https://autonews.kyiv.ua>y</a>,<a href=https://nbest.kyiv.ua>z</a>,<a href=https://nbest.kharkiv.ua>a</a>,<a href=https://n1.kyiv.ua>b</a>,<a href=https://newsstroy.kr.ua>c</a>,<a href=https://x-news.kr.ua>d</a>,<a href=https://v-news.kr.ua>i</a>,<a href=https://novostidnya.kr.ua>f</a>,<a href=https://newsru.kr.ua>g</a>,<a href=https://daynews.kr.ua>h</a>,<a href=https://realnews.kr.ua>i</a>,<a href=https://thenews.kr.ua>j</a>,<a href=https://sobitiya.kr.ua>k</a>,<a href=https://miv.kr.ua>l</a>,<a href=https://rnews.kyiv.ua>m</a>,<a href=https://1vesti.kyiv.ua>n</a>,<a href=https://vsenews.kyiv.ua>o</a>,<a href=https://autonews.kharkiv.ua>p</a>,<a href=https://mirnews.kr.ua>q</a>,<a href=https://onews.kr.ua>r</a>,<a href=https://uk.kr.ua>s</a>,<a href=https://vnovostyah.kr.ua>t</a>,<a href=https://infopress.kr.ua>u</a>,<a href=https://vse.kr.ua>v</a>,<a href=https://n-news.kr.ua>w</a>,<a href=https://development.eu.com>x</a>,<a href=https://vesti.eu.com>y</a>,<a href=https://novosti.eu.com>z</a>,<a href=https://allaboutnews.eu.com>a</a>,<a href=https://rusnews.kharkiv.ua>b</a>,<a href=https://f-news.kr.ua>c</a>,<a href=https://formatnews.kr.ua>d</a>,<a href=https://autonews.kr.ua>i</a>,<a href=https://worldpress.kr.ua>f</a>,<a href=https://vsenews.kr.ua>g</a>,<a href=https://nbest.kr.ua>h</a>,<a href=https://1vesti.kr.ua>i</a>,<a href=https://svodnews.kr.ua>j</a>,<a href=https://q.kr.ua>k</a>,<a href=https://yk.kr.ua>l</a>,<a href=https://onlinenews.eu.com>m</a>,<a href=https://people.eu.com>n</a>,<a href=https://n1.kr.ua>o</a>,<a href=https://rusnews.kyiv.ua>p</a>,<a href=https://rusnews.kr.ua>q</a>,<a href=https://bestnews.kr.ua>r</a>,<a href=https://euronews.kr.ua>s</a>,<a href=https://timenews.kr.ua>t</a>,<a href=https://rtnews.kr.ua>u</a>,<a href=https://town-news.kr.ua>v</a>,<a href=https://krnews.kr.ua>w</a>,<a href=https://vedomost.kr.ua>x</a>,<a href=https://euro.kr.ua>y</a>,<a href=https://1news.kr.ua>z</a>,<a href=https://obzor.kr.ua>a</a>,<a href=https://aboutnews.kr.ua>b</a>,<a href=https://worldnews.kr.ua>c</a>,<a href=https://newsday.kr.ua>d</a>,<a href=https://strana.kr.ua>i</a>,<a href=https://newsn.kr.ua>f</a>,<a href=https://infonews.kr.ua>g</a>,<a href=https://h.kr.ua>h</a>,<a href=https://moivesti.kr.ua>i</a>,<a href=https://currentnews.kr.ua>j</a>,<a href=https://easynews.kr.ua>k</a>,<a href=https://lifenews.kr.ua>l</a>,<a href=https://lastnews.kr.ua>m</a>,<a href=https://j.kr.ua>n</a>,<a href=https://inform.kr.ua>o</a>,<a href=https://rus.kr.ua>p</a>,<a href=https://press-release.kr.ua>q</a>,<a href=https://izvesti.kr.ua>r</a>,<a href=https://034.kr.ua>s</a>,<a href=https://v.kr.ua>t</a>,<a href=https://xop.kr.ua>u</a>,<a href=https://dni.kr.ua>v</a>,<a href=https://ykr.kr.ua>w</a>,<a href=https://newsportal.kr.ua>x</a>,<a href=https://msv.kr.ua>y</a>,<a href=https://s5.kr.ua>z</a>,<a href=https://znews.kr.ua>a</a>,<a href=https://information.kr.ua>b</a>,<a href=https://ukr.kr.ua>c</a>,<a href=https://portalnews.kr.ua>d</a>,<a href=https://today.kr.ua>i</a>,<a href=https://xznews.kr.ua>f</a>,<a href=https://nn.kr.ua>g</a>,<a href=https://mls.kr.ua>h</a>,<a href=https://novostnik.kr.ua>i</a>,<a href=https://informing.kr.ua>j</a>,<a href=https://vnovosti.kr.ua>k</a>,<a href=https://y.kr.ua>l</a>,<a href=https://nation.kr.ua>m</a>,<a href=https://item.eu.com>n</a>,<a href=https://gazette.eu.com>o</a>,<a href=https://headline.eu.com>p</a>,<a href=https://fact.eu.com>q</a>,<a href=https://somenews.eu.com>r</a>,<a href=https://lifenews.eu.com>s</a>,<a href=https://tidings.eu.com>t</a>,<a href=https://today.eu.com>u</a>,<a href=https://eunews.eu.com>v</a>,<a href=https://sir.eu.com>w</a>,<a href=https://journal.eu.com>x</a>,<a href=https://gazeta.eu.com>y</a>,<a href=https://lenta.eu.com>z</a>,<a href=https://exclusive.eu.com>a</a>,<a href=https://all.eu.com>b</a>,<a href=https://expert.eu.com>c</a>,<a href=https://news-magazine.eu.com>d</a>,<a href=https://newshour.eu.com>i</a>,<a href=https://presentation.eu.com>f</a>,<a href=https://publication.eu.com>g</a>,<a href=https://release.eu.com>h</a>,<a href=https://smi.eu.com>i</a>,<a href=https://view.eu.com>j</a>,<a href=https://vremya.eu.com>k</a>,<a href=https://prsn.eu.com>l</a>,<a href=https://lnd.eu.com>m</a>,<a href=https://034.eu.com>n</a>,<a href=https://all-about.eu.com>o</a>,<a href=https://solution.eu.com>p</a>,<a href=https://rightnow.eu.com>q</a>,<a href=https://euro21.eu.com>r</a>,<a href=https://euro22.eu.com>s</a>,<a href=https://100.eu.com>t</a>,<a href=https://mdrd.eu.com>u</a>,<a href=https://newtime.kr.ua>v</a>,<a href=https://fraufluger.ru>w</a>,<a href=https://rossoshru.ru>x</a>,<a href=https://lifeposi.ru>y</a>,<a href=http://megamcpe.com>z</a>,<a href=https://mirzodiaka.com>a</a>,<a href=http://ladysarafan.ru>b</a>,<a href=https://hypecrib.com>c</a>,<a href=https://vd-tv.ru>d</a>,<a href=https://buzulukmedia.ru>i</a>,<a href=https://donklephant.net>f</a>,<a href=https://avtotema.kr.ua>g</a>,<a href=http://hayastannews.com>h</a>,<a href=https://deepcool-ma.com>i</a>,<a href=https://russianshop.org>j</a>,<a href=http://dettka.com>k</a>,<a href=https://chexov.net>l</a>,<a href=http://nalatty.com>m</a>,<a href=https://hozyaushka.org>n</a>,<a href=http://montazhnik02.ru>o</a>,<a href=https://mama-creative.com>p</a>,<a href=https://crimeabest.com>q</a>,<a href=https://womanka.com>r</a>,<a href=http://teletap.org>s</a>,<a href=https://csharpcoderr.com>t</a>,<a href=https://dooralei.ru>u</a>,<a href=http://newsfast.ru>v</a>,<a href=https://2020about.com>w</a>,<a href=http://u-sity.net>x</a>,<a href=http://intofact.ru>y</a>,<a href=https://astrakhan.net>z</a>,<a href=http://oneznakomke.ru>a</a>,<a href=https://vpolozhenii.com>b</a>,<a href=http://gturs.com>c</a>,<a href=https://cultmoscow.com>d</a>,<a href=https://dvedoli.com>i</a>,<a href=https://belady.online>f</a>,<a href=https://dobrenok.com>g</a>,<a href=https://milomarket.com>h</a>,<a href=https://adres.kr.ua>i</a>,<a href=https://womanjour.ru>j</a>,<a href=http://ladystory.ru>k</a>,<a href=http://kapitosha.net>l</a>,<a href=http://mirokru.ru>m</a>,<a href=https://kakpravilino.com>n</a>,<a href=https://1001guru.ru>o</a>,<a href=http://xozyaika.com>p</a>,<a href=https://aromat.kr.ua>q</a>,<a href=https://parovarim.com>r</a>,<a href=http://remstroitelstvo.ru>s</a>,<a href=https://golubevod.net>t</a>,<a href=http://s-narodom.ru>u</a>,<a href=https://zazdorovie.net>v</a>,<a href=http://roofor.ru>w</a>,<a href=http://sovet-sadovody.ru>x</a>,<a href=https://albooking.net>y</a>,<a href=http://fi-hi.ru>z</a>,<a href=https://modnuesovetu.ru>a</a>,<a href=https://rabotainternet.com>b</a>,<a href=https://1npf.com>c</a>,<a href=https://renewablenergy-world.com>d</a>,\r\nhttps://doccentr.com, http://dom-lady.ru, https://zagorodny.net, https://ifvremya.ru, http://akro-spb.ru, http://blitz-remont.ru, https://ruspl.com, https://dailybest.me, https://novostidnja.ru, http://binom-s.com, http://medinfon.ru, https://friendlygames.ru, https://2019god.net, http://rusbetonplus.ru, https://domocvet.com, http://telead.ru, http://womaan.ru, http://ladyup.ru, http://about-windows.ru, http://icar-by.com, https://pancreatus.com, http://shoptrip.ru, http://zonakulinara.ru, https://loverust.ru, http://beton-cement-ru.ru, http://tvoi-noski.ru, http://arctic-online.ru, http://dk-zio.ru, http://womanmaniya.ru, https://4dekor.ru, http://apploidnews.com, http://omontazhe.ru, http://qllq.ru, http://windowss10.ru, http://domoxozyaiki.ru, http://dumainfo.ru, http://rempostroy.ru, http://slapk.ru, http://gdefile.ru, https://1vesti.kharkiv.ua, https://newsstroy.kyiv.ua, https://rnews.kharkiv.ua, https://rnews.kr.ua, https://bestnews.kyiv.ua, https://bestnews.kharkiv.ua, https://newsfor.kr.ua, https://newsfor.kyiv.ua, https://newsfor.kharkiv.ua, https://vsenews.kharkiv.ua, https://n1.kharkiv.ua, https://autonews.kyiv.ua, https://nbest.kyiv.ua, https://nbest.kharkiv.ua, https://n1.kyiv.ua, https://newsstroy.kr.ua, https://x-news.kr.ua, https://v-news.kr.ua, https://novostidnya.kr.ua, https://newsru.kr.ua, https://daynews.kr.ua, https://realnews.kr.ua, https://thenews.kr.ua, https://sobitiya.kr.ua, https://miv.kr.ua, https://rnews.kyiv.ua, https://1vesti.kyiv.ua, https://vsenews.kyiv.ua, https://autonews.kharkiv.ua, https://mirnews.kr.ua, https://onews.kr.ua, https://uk.kr.ua, https://vnovostyah.kr.ua, https://infopress.kr.ua, https://vse.kr.ua, https://n-news.kr.ua, https://development.eu.com, https://vesti.eu.com, https://novosti.eu.com, https://allaboutnews.eu.com, https://rusnews.kharkiv.ua, https://f-news.kr.ua, https://formatnews.kr.ua, https://autonews.kr.ua, https://worldpress.kr.ua, https://vsenews.kr.ua, https://nbest.kr.ua, https://1vesti.kr.ua, https://svodnews.kr.ua, https://q.kr.ua, https://yk.kr.ua, https://onlinenews.eu.com, https://people.eu.com, https://n1.kr.ua, https://rusnews.kyiv.ua, https://rusnews.kr.ua, https://bestnews.kr.ua, https://euronews.kr.ua, https://timenews.kr.ua, https://rtnews.kr.ua, https://town-news.kr.ua, https://krnews.kr.ua, https://vedomost.kr.ua, https://euro.kr.ua, https://1news.kr.ua, https://obzor.kr.ua, https://aboutnews.kr.ua, https://worldnews.kr.ua, https://newsday.kr.ua, https://strana.kr.ua, https://newsn.kr.ua, https://infonews.kr.ua, https://h.kr.ua, https://moivesti.kr.ua, https://currentnews.kr.ua, https://easynews.kr.ua, https://lifenews.kr.ua, https://lastnews.kr.ua, https://j.kr.ua, https://inform.kr.ua, https://rus.kr.ua, https://press-release.kr.ua, https://izvesti.kr.ua, https://034.kr.ua, https://v.kr.ua, https://xop.kr.ua, https://dni.kr.ua, https://ykr.kr.ua, https://newsportal.kr.ua, https://msv.kr.ua, https://s5.kr.ua, https://znews.kr.ua, https://information.kr.ua, https://ukr.kr.ua, https://portalnews.kr.ua, https://today.kr.ua, https://xznews.kr.ua, https://nn.kr.ua, https://mls.kr.ua, https://novostnik.kr.ua, https://informing.kr.ua, https://vnovosti.kr.ua, https://y.kr.ua, https://nation.kr.ua, https://item.eu.com, https://gazette.eu.com, https://headline.eu.com, https://fact.eu.com, https://somenews.eu.com, https://lifenews.eu.com, https://tidings.eu.com, https://today.eu.com, https://eunews.eu.com, https://sir.eu.com, https://journal.eu.com, https://gazeta.eu.com, https://lenta.eu.com, https://exclusive.eu.com, https://all.eu.com, https://expert.eu.com, https://news-magazine.eu.com, https://newshour.eu.com, https://presentation.eu.com, https://publication.eu.com, https://release.eu.com, https://smi.eu.com, https://view.eu.com, https://vremya.eu.com, https://prsn.eu.com, https://lnd.eu.com, https://034.eu.com, https://all-about.eu.com, https://solution.eu.com, https://rightnow.eu.com, https://euro21.eu.com, https://euro22.eu.com, https://100.eu.com, https://mdrd.eu.com, https://newtime.kr.ua, https://fraufluger.ru, https://rossoshru.ru, https://lifeposi.ru, http://megamcpe.com, https://mirzodiaka.com, http://ladysarafan.ru, https://hypecrib.com, https://vd-tv.ru, https://buzulukmedia.ru, https://donklephant.net, https://avtotema.kr.ua, http://hayastannews.com, https://deepcool-ma.com, https://russianshop.org, http://dettka.com, https://chexov.net, http://nalatty.com, https://hozyaushka.org, http://montazhnik02.ru, https://mama-creative.com, https://crimeabest.com, https://womanka.com, http://teletap.org, https://csharpcoderr.com, https://dooralei.ru, http://newsfast.ru, https://2020about.com, http://u-sity.net, http://intofact.ru, https://astrakhan.net, http://oneznakomke.ru, https://vpolozhenii.com, http://gturs.com, https://cultmoscow.com, https://dvedoli.com, https://belady.online, https://dobrenok.com, https://milomarket.com, https://adres.kr.ua, https://womanjour.ru, http://ladystory.ru, http://kapitosha.net, http://mirokru.ru, https://kakpravilino.com, https://1001guru.ru, http://xozyaika.com, https://aromat.kr.ua, https://parovarim.com, http://remstroitelstvo.ru, https://golubevod.net, http://s-narodom.ru, https://zazdorovie.net, http://roofor.ru, http://sovet-sadovody.ru, https://albooking.net, http://fi-hi.ru, https://modnuesovetu.ru, https://rabotainternet.com, https://1npf.com, https://renewablenergy-world.com, https://viewangle.net\r\n \r\n \r\nRHzs43hgndIpuiSy', '2022-01-23 22:25:19', '2022-01-23 22:25:19'),
(11119, 'IXRichard', 'kirpi4ik2022@gmail.com', 'Кирпичик - все о стройке!', 'Добро пожаловать на сайт строительных и не только советов - <a href=https://kirpi4ik.dp.ua/><b>Кирпичик</b></a>! \r\n \r\nПредлагаем посетить следующие разделы нашего сайта: \r\n \r\n<a href=https://kirpi4ik.dp.ua/category/%d0%b1%d0%b0%d0%bd%d1%8f><b>Баня</b></a> - все, что вам следует знать, как построить хорошую <a href=https://kirpi4ik.dp.ua/category/%d0%b1%d0%b0%d0%bd%d1%8f>баню</a>! \r\n<a href=https://kirpi4ik.dp.ua/category/%d0%b4%d0%b8%d0%b7%d0%b0%d0%b9%d0%bd><b>Дизайн</b></a> вашего дома - все, что нужно знать про <a href=https://kirpi4ik.dp.ua/category/%d0%b4%d0%b8%d0%b7%d0%b0%d0%b9%d0%bd><b>дизайн</b></a>. \r\nВ разделе <a href=https://kirpi4ik.dp.ua/category/%d1%80%d0%b5%d0%bc%d0%be%d0%bd%d1%82><b>Ремонт</b></a> - все о ремонте! \r\nДля умелых рук пригодится рубрика <a href=https://kirpi4ik.dp.ua/category/%d1%81%d0%b0%d0%bc%d0%be%d0%b4%d0%b5%d0%bb%d0%ba%d0%b8><b>Самоделки</b></a> - научитесь новому или совершенствуйте старые навыки! \r\nСтроительные <a href=https://kirpi4ik.dp.ua/category/%d1%81%d0%be%d0%b2%d0%b5%d1%82%d1%8b><b>Советы</b></a>, уверены, пригодятся всем! \r\nВот вообще все про <a href=https://kirpi4ik.dp.ua/category/%d1%81%d1%82%d1%80%d0%be%d0%b8%d1%82%d0%b5%d0%bb%d1%8c%d1%81%d1%82%d0%b2%d0%be><b>Строительство</b></a> - в этой рубрике! \r\nА для англоязычных читателей пригодятся статьи в разделе <a href=https://kirpi4ik.dp.ua/category/articles><b>Articles</b></a>! \r\n \r\nЖдем вас на нашем блоге по стройке - <a href=https://kirpi4ik.dp.ua/><b>Кирпичик</b></a>!', '2022-01-24 00:43:20', '2022-01-24 00:43:20'),
(11120, 'Jaziermop', 'slagen@stromectoldc.com', 'Go out with disregard broken-hearted valuation pharmacy', 'diproduksi getting stromectol\r\n cmaqpgs ivermectin lotion\r\n <a href=\"http://ivermectin-3mg.net/#\">buy ivermectin 6mg otc\r\n</a> - stromectol cream for lice\r\n http://ivermectin-3mg.net/# - ivermectin 12mg tablets\r\n ricorrano #РРњРЇ?', '2022-01-24 02:42:26', '2022-01-24 02:42:26'),
(11121, 'Furrionyws', 'lschonrank@me.com', 'and an objective plan.', ', text and illustrations to which', '2022-01-24 03:12:52', '2022-01-24 03:12:52'),
(11122, 'Constance', 'info@insca.org', 'Best Offer For insca.org', 'All Purpose Car Cup Holder\r\n\r\nWith this super practical car cup holder, I have a lot more fun driving!\r\n\r\n50% OFF for the next 24 Hours ONLY + FREE Worldwide Shipping for a LIMITED time\r\n\r\nShop Now: portavasos.store\r\n\r\nAll the best, \r\n\r\nConstance', '2022-01-24 03:14:35', '2022-01-24 03:14:35'),
(11123, 'gayleuq69', 'samuel@tamotsu19.sorataki.in.net', 'New hot project galleries, daily updates', 'Hot new pictures each day\r\nhttp://pelladiesney.porn.alypics.com/?alice \r\n deranged porn tube sexiest teen porn gangsters wives porn exotic women pictures porn movies longer flash porn site', '2022-01-24 04:03:49', '2022-01-24 04:03:49'),
(11124, 'nataliebl2', 'duanesl1@kaede83.kiyoakari.xyz', 'Nude Sex Pics, Sexy Naked Women, Hot Girls Porn', 'Sexy photo galleries, daily updated collections\r\nhttp://sex.lauderhill.hoterika.com/?sydnie \r\n tomb raider porn amity porn best white porn free clils cartoons porn mature old women nylon porn', '2022-01-24 04:59:48', '2022-01-24 04:59:48'),
(11125, 'Zoila', 'contact@d-hub.cc', 'We have listed insca.org on our Directory.', 'insca.org,\r\n\r\n\r\nWe are DIRECTORIA business directory, currently, we are in the process of including new companies on our website. We have recently listed insca.org on our directory (for free).\r\nThis is an excerpt of the listing:\r\n\r\n\r\n\"\r\n                             Due ...\" \r\n\r\nYou can take a look at the full listing  here: --  https://d-point.co/insca-org\r\n\r\nIf you want to  remove it  click here:  https://d-point.co/remove?ppc=WWxZMGtVVUVUeUhN\r\n\r\nIf you want to  make any changes, please, claim your listing   by clicking  on the \"claim now!\"  button below your contact information.\r\n \r\n\r\n \r\n\r\nThanks.\r\nDirectoria Team.', '2022-01-24 06:19:41', '2022-01-24 06:19:41'),
(11126, 'juneox60', 'lizakt5@haru7210.masumi72.kiyoakari.xyz', 'Sexy photo galleries, daily updated collections', 'Sexy teen photo galleries\r\nhttp://nordic.mature.porn.alexysexy.com/?elissa \r\n bizarre rituals porn lebains porn porn milf panty brady jensen porn lura croft porn', '2022-01-24 06:28:07', '2022-01-24 06:28:07'),
(11127, 'Velve', 'naomisholtz7@gmail.com', 'I like it a lot', 'At last someone wrote something very important about such hot topic and it is very relevant nowadays. \r\n \r\n<a href=https://www.escorts4travel.com/>דירות דיסקרטיות</a>', '2022-01-24 07:43:13', '2022-01-24 07:43:13'),
(11128, 'Humminbirdzbu', 'amarkena67@yahoo.com', 'which the conventional graphic symbols are executed.', 'drafts of literary works', '2022-01-24 09:11:35', '2022-01-24 09:11:35'),
(11129, 'Larryjer', 'fevgen708@gmail.com', 'Новости рекламы', 'Гадаю дистанционно 30 лет. WhatsApp +1 (248) 730-4177', '2022-01-24 09:30:13', '2022-01-24 09:30:13'),
(11130, 'ruthiehh60', 'alyson@satoshi10.kiyoakari.xyz', 'College Girls Porn Pics', 'Nude Sex Pics, Sexy Naked Women, Hot Girls Porn\r\nhttp://anetabuenaporn.lafayette.adablog69.com/?alayna \r\n free dirty k9 girl porn clips porn video superman wonder woman most visited young porn site 3d videogame porn free belladona tube porn', '2022-01-24 12:50:55', '2022-01-24 12:50:55'),
(11131, 'claricedv60', 'rondalr2@masato8210.masumi62.mokomichi.xyz', 'Scandal porn galleries, daily updated lists', 'Sexy photo galleries, daily updated collections\r\nhttp://veryamateurporntopaz.topanasex.com/?mina \r\n free brazilian porn pics anime porn goku jean val jean emmanuel porn crack porn site devon moss porn', '2022-01-24 13:13:38', '2022-01-24 13:13:38'),
(11132, 'Flashpaqzhf', 'anthonyfigliola@gmail.com', 'writing motor skill', 'written on the parchment was scratched out', '2022-01-24 13:18:49', '2022-01-24 13:18:49'),
(11133, 'joannrl60', 'mitchellgp60@itsuki2410.akio74.toshikokaori.xyz', 'New hot project galleries, daily updates', 'Hot teen pics\r\nhttp://freelesbians.instasexyblog.com/?ashly \r\n\r\n asian porn eating vomit celebritie porn galleries rusty shcakleford porn author video sharing adult porn gay porn clint fox galleries', '2022-01-24 14:08:35', '2022-01-24 14:08:35'),
(11134, 'Linksyspbe', 'tcomprone@hilliardscandy.com', 'research is not universally recognized in', 'book about the chess of love \", created by', '2022-01-24 14:58:29', '2022-01-24 14:58:29'),
(11135, 'ForexTeano', 'jonquil@pochtampt.com', 'Breakouts forex', 'Valuta-analyse. https://nl.system-forex.com', '2022-01-24 15:11:31', '2022-01-24 15:11:31'),
(11136, 'elviayc1', 'cecil@tamotsu4110.masumi70.kiyoakari.xyz', 'enjoy new website', 'Sexy teen photo galleries\r\nhttp://downloadedporns.hartford.topanasex.com/?jocelyn \r\n porn stars who fuck fans free ebony fat porn videos massive tata porn wet squirting pussy porn free victorian porn movies', '2022-01-24 16:08:06', '2022-01-24 16:08:06'),
(11137, 'christp4', 'raulud69@masaaki8810.naoki29.kiyoakari.xyz|akira4310.haru51.mokomichi.xyz}', 'Girls of Desire: All babes in one place, crazy, art', 'Hot photo galleries blogs and pictures\r\nhttp://chenoweth.californiaporn.energysexy.com/?jaquelin \r\n 80 s porn star madison stone porn videoclip free fuck my wife you porn brazilian shemale porn tube very tiny porn video', '2022-01-24 16:19:20', '2022-01-24 16:19:20'),
(11138, 'Dormanius', 'kale_mckenzie@yahoo.com', 'Examining handwritten texts', 'consists of the book itself', '2022-01-24 18:48:23', '2022-01-24 18:48:23'),
(11139, 'Arnottcel', 'moprazak@att.net', 'and print on printers).', 'collection of poems composed', '2022-01-24 19:07:15', '2022-01-24 19:07:15'),
(11140, 'Bluetoothbbr', 'csadberry@cox.net', 'start to write on the keyboard', 'monuments related to deep', '2022-01-24 19:47:29', '2022-01-24 19:47:29'),
(11141, 'Robertwog', 'downdoscover1981@yahoo.com', 'Gay blog', '<a href=http://ropesgray.co.uk/__media__/js/netsoltrademark.php?d=https://firstdefence.info/gay-elena-alvarez-quote-one-day-at-a-time-posters/>firstdefence.info</a>\r\n<a href=http://ropesgray.co.uk/__media__/js/netsoltrademark.php?d=https://idis.info/call-me-by-your-name-is-not-a-gay-movie-2/>idis.info</a>\r\n<a href=http://aleacasino.co.uk/__media__/js/netsoltrademark.php?d=https://bear-magazine.com/gay-adoption-how-does-lgbt-adoption-work-2/>bear-magazine.com</a>\r\n<a href=http://clebourne.co.uk/__media__/js/netsoltrademark.php?d=https://firstdefence.info/landon-donovan-collin-martin-explain-decision-to-2/>firstdefence.info</a>\r\n<a href=https://www.pensionfundsonline.co.uk/ashx/linkhandler.ashx?webid=102720&url=www.https://lecastella.info/albany-gay-bars-2022-mostly-men-gaycities-albany/>lecastella.info</a>\r\n<a href=https://st-marys.bathnes.sch.uk/bathnes/primary/st-marys/CookiePolicy.action?backto=https://bornholm-urlaub.info/black-gay-men-photos-and-premium-high-res-pictures/>bornholm-urlaub.info</a>\r\n<a href=https://brackenhill.bradford.sch.uk/bradford/primary/brackenhill/site/pages/parentsinformation/internetsafety/CookiePolicy.action?backto=https://lecastella.info/gay-datings-men-seeking-men-in-india-meetville-2/>lecastella.info</a>\r\n<a href=http://www.vocalheroes.co.uk/__media__/js/netsoltrademark.php?d=https://bear-magazine.com/all-free-gay/>bear-magazine.com</a>\r\n<a href=https://brackenburyprimary.co.uk/brighton-hove/primary/portslade/CookiePolicy.action?backto=https://bear-magazine.com/company-support-lgbt/>bear-magazine.com</a>\r\n<a href=http://riverconditions.environment-agency.gov.uk/relatedlink.html?class=link&link=https://zeitschriften-zeitschrift.info/get-to-know-brian-justin-crum-openly-gay-finalist-2/>zeitschriften-zeitschrift.info</a>', '2022-01-24 19:52:35', '2022-01-24 19:52:35'),
(11142, 'Telecasteraao', 'csadberry@cox.net', 'which the conventional graphic symbols are executed.', 'drafts of literary works', '2022-01-24 20:24:26', '2022-01-24 20:24:26'),
(11143, 'Airbladezvv', 'djbeaty@gmail.com', 'is the subject of study of graphology', 'The most common form', '2022-01-24 20:36:55', '2022-01-24 20:36:55'),
(11144, 'Infraredrze', 'kyle@propertymasters.com', 'Subjective inherent in a specific', 'reproduced by hand, in contrast', '2022-01-24 20:48:23', '2022-01-24 20:48:23'),
(11145, 'Mike Blare', 'no-replybaf@gmail.com', 'Competitors not playing the SEO game fair?', 'Negative SEO attack Services. Deindex bad competitors from Google. It works with any Website, video, blog, product or service. \r\nhttps://www.seo-treff.de/product/derank-seo-service/', '2022-01-25 01:55:09', '2022-01-25 01:55:09'),
(11146, 'Businessovx', 'liberia54@gmail.com', 'who wrote the letter). Intelligibility', 'Preserved about 300 thousand.', '2022-01-25 03:27:04', '2022-01-25 03:27:04'),
(11147, 'rosanneyw2', 'ashlee@tamotsu19.sorataki.in.net', 'Hardcore Galleries with hot Hardcore photos', 'Hot sexy porn projects, daily updates\r\nhttp://pornhorseanal.marinadelrey.lexixxx.com/?cristal \r\n porn i may look young but free porn vgames time warner cable free porn channel gay roommate porn free streaming all black porn', '2022-01-25 04:12:57', '2022-01-25 04:12:57'),
(11148, 'alexse16', 'theodoreqf16@kaede77.mokomichi.xyz', 'College Girls Porn Pics', 'Enjoy our scandal amateur galleries that looks incredibly dirty\r\nhttp://tight.pussy.union.alexysexy.com/?aisha \r\n hardcore milf porn free extremely young teen porn small granny porn porn piss sex tube free porn sponsored', '2022-01-25 05:14:14', '2022-01-25 05:14:14'),
(11149, 'Sightcwx', 'lee505944@gmail.com', 'Handwriting can be \"good\"', 'From many manuscripts of Antiquity', '2022-01-25 06:06:49', '2022-01-25 06:06:49'),
(11150, 'Leupolditc', 'lee505944@gmail.com', 'handwritten texts,', 'Since manuscripts are subject to deterioration', '2022-01-25 07:09:42', '2022-01-25 07:09:42'),
(11151, 'adrianaho3', 'rosauq2@satoshi22.mokomichi.xyz', 'Teen Girls Pussy Pics. Hot galleries', 'Free Porn Galleries - Hot Sex Pictures\r\nhttp://blowjob.osceola.miyuhot.com/?kaliyah \r\n yutuv porn leo giamani gay porn 2010 caballeroclassics porn free hardcore ass fucking porn indian arabic porn', '2022-01-25 07:18:43', '2022-01-25 07:18:43'),
(11152, 'Garminzwtk', 'lee505944@gmail.com', 'Subjective inherent in a specific', 'Many calligraphers have acquired', '2022-01-25 08:05:30', '2022-01-25 08:05:30'),
(11153, 'Backlitxig', 'customerservice@oilandgas-investments.com', 'and an objective plan.', ', text and illustrations to which', '2022-01-25 08:53:57', '2022-01-25 08:53:57'),
(11154, 'Pouringycp', 'msypel@isaz.org', 'various factors of both subjective', 'A handwritten book is a book', '2022-01-25 09:00:40', '2022-01-25 09:00:40'),
(11155, 'dorotheabq69', 'myrtle@satoshi10.kiyoakari.xyz', 'Sexy teen photo galleries', 'Enjoy our scandal amateur galleries that looks incredibly dirty\r\nhttp://silverton.voyeur.porn.adablog69.com/?kaia \r\n baylor coeds porn porn exotic tricks 3d porn japanese ptp porn search engines leather porn star', '2022-01-25 10:30:44', '2022-01-25 10:30:44'),
(11156, 'Dormanhni', 'csadberry@cox.net', 'Handwriting - recorded in the manuscript,', 'Manuscript is a collective name for texts', '2022-01-25 12:09:19', '2022-01-25 12:09:19'),
(11157, 'Backlitngo', 'alainalalandtac70@gmail.com', 'In recent years, the number', 'One of the most skilled calligraphers', '2022-01-25 12:17:53', '2022-01-25 12:17:53'),
(11158, 'Beateradj', 'csadberry@cox.net', 'is shrinking (people are increasingly', 'Of his works, he is especially famous', '2022-01-25 12:22:29', '2022-01-25 12:22:29'),
(11159, 'hilaryzk18', 'shawnid5@hideo3810.satoshi64.sorataki.in.net', 'Browse over 500 000 of the best porn galleries, daily updated collections', 'Hot sexy porn projects, daily updates\r\nhttp://pequotlakes.explicitpornxxx.miyuhot.com/?tracy \r\n futurama porn imagefap fat as fuck porn bbw ugly chicks porn kara kingman porn starbest stream porn sites', '2022-01-25 13:28:01', '2022-01-25 13:28:01'),
(11160, 'Flukepgv', 'marciaesvencedora7@gmail.com', 'Handwriting - recorded in the manuscript,', 'Manuscript is a collective name for texts', '2022-01-25 13:43:31', '2022-01-25 13:43:31'),
(11161, 'Extractiontqa', 'marciaesvencedora7@gmail.com', 'as a scientific fact.', 'commonly associated with', '2022-01-25 14:07:03', '2022-01-25 14:07:03'),
(11162, 'Mableerake', 'gromovtibor@mail.ru', 'как любить себя', 'любовь к себе\r\n \r\nhttps://www.youtube.com/watch?v=a8BAMg3BAbk\r\n \r\n<a href=https://www.youtube.com/watch?v=a8BAMg3BAbk>что значит любить себя</a>\r\n \r\nнелюбовь к себе\r\n \r\n<a href=https://www.youtube.com/watch?v=a8BAMg3BAbk>как стать счастливым</a>', '2022-01-25 15:02:23', '2022-01-25 15:02:23'),
(11163, 'terrancetx16', 'roxanne@yoshito610.haruto35.kiyoakari.xyz', 'Sexy photo galleries, daily updated pics', 'My new hot project|enjoy new website\r\nhttp://bigbearlakepeggle.porn.jsutandy.com/?tess \r\n free porn piics free russian porn sites porn and peeing download gay porn videos onto computer the sexiest girls porn', '2022-01-25 16:53:08', '2022-01-25 16:53:08'),
(11164, 'susannauk3', 'rachaelfj3@masaaki8810.naoki29.kiyoakari.xyz|akira4310.haru51.mokomichi.xyz}', 'enjoy new website', 'Teen Girls Pussy Pics. Hot galleries\r\nhttp://hirespornpicssatanta.lexixxx.com/?jasmin \r\n wich porn virus free young adult porn pro porns free porn hardcore clips porn comics', '2022-01-25 17:15:31', '2022-01-25 17:15:31'),
(11165, 'Feederfhg', 'clussier111@videotron.ca', 'Subjective inherent in a specific', 'Many calligraphers have acquired', '2022-01-25 17:33:31', '2022-01-25 17:33:31'),
(11166, 'Flexiblevnr', 'msypel@isaz.org', 'In recent years, the number', 'One of the most skilled calligraphers', '2022-01-25 17:37:15', '2022-01-25 17:37:15'),
(11167, 'Superchipsqwl', 'sadehart65@gmail.com', 'for handwritten publishers', '55 thousand Greek, 30 thousand Armenian', '2022-01-25 18:25:26', '2022-01-25 18:25:26'),
(11168, 'Annotationsxxo', 'alaskacowboyman@gmail.com', 'have a huge impact', 'handwritten by the author.', '2022-01-25 18:53:39', '2022-01-25 18:53:39'),
(11169, 'Clamcasezlv', 'sadehart65@gmail.com', 'that is, readable, or', 'only a few survived.', '2022-01-25 19:46:50', '2022-01-25 19:46:50'),
(11170, 'carolinefq60', 'mariagray6323321+carmella@gmail.com}', 'Free Porn Pictures and Best HD Sex Photos', 'Scandal porn galleries, daily updated lists\r\nhttp://pollocksvilleasianpornsignup.alypics.com/?teagan \r\n free hot wives porn japanese nurse porn videos free animal on girl porn clips black teens porn free video squirts saian sex porn', '2022-01-25 20:03:32', '2022-01-25 20:03:32'),
(11171, 'Irrigationfdw', 'danielcappelletti@msn.com', 'going through the writing process.', 'manuscripts held onto', '2022-01-25 22:39:46', '2022-01-25 22:39:46'),
(11172, 'Interfaceulq', 'fujikomine@hotmail.com', 'have a huge impact', '(palimpsests). In the XIII-XV centuries in', '2022-01-26 00:33:18', '2022-01-26 00:33:18'),
(11173, 'Artisanlmm', 'msypel@isaz.org', 'personality of the writer, and objective ones depend', 'European glory, and even after', '2022-01-26 02:33:09', '2022-01-26 02:33:09'),
(11174, 'elbamq69', 'lorene@shiro67.kiyoakari.xyz', 'Best Nude Playmates & Centerfolds, Beautiful galleries daily updates', 'My new hot project|enjoy new website\r\nhttp://carpornpics.irrigon.alexysexy.com/?mayra \r\n free porn videos first time sex anal virgins porn lesbian porn free websites matured ebony porn gallery muscle women porn video', '2022-01-26 04:45:53', '2022-01-26 04:45:53'),
(11175, 'kennethhk3', 'williamsn4@kaede83.kiyoakari.xyz', 'Scandal porn galleries, daily updated lists', 'Sexy photo galleries, daily updated pics\r\nhttp://cuckold.porn.adablog69.com/?karina \r\n shemale masterbating porn vids list of porn cams tiffany price lesbian kelli porn katie morgan porn sex videos retro porn carol cummings', '2022-01-26 05:50:12', '2022-01-26 05:50:12'),
(11176, 'Amazonnntzx', 'altankels@aol.com', 'usually occurs within', 'text carrier and protective', '2022-01-26 06:22:01', '2022-01-26 06:22:01'),
(11177, 'Boschdjw', 'ellentownson@verizon.net', 'research is not universally recognized in', 'scroll. Go to Code Form', '2022-01-26 06:37:55', '2022-01-26 06:37:55'),
(11178, 'leago60', 'terryri7@satoshi22.mokomichi.xyz', 'Sexy photo galleries, daily updated collections', 'Teen Girls Pussy Pics. Hot galleries\r\nhttp://porn.homeacre.lyndora.miaxxx.com/?reyna \r\n porn slut forced uses poppers fuzzy porn old man fucked me free porn fiarly odd parents porn italia amateur porn', '2022-01-26 07:59:02', '2022-01-26 07:59:02'),
(11179, 'Anisa Khalili', 'ArieIglesias64973@gmail.com', 'Chelsie Haspel', 'Good job on the new site! Now go ahead and submit it to our free directory here https://1mdr.short.gy/submityourwebsite', '2022-01-26 08:51:56', '2022-01-26 08:51:56'),
(11180, 'Fortressucz', 'mhhaggen809@gmail.com', 'who wrote the letter). Intelligibility', 'number of surviving European', '2022-01-26 10:46:07', '2022-01-26 10:46:07'),
(11181, 'Interfacedrh', 'staceywong@sesres.com', 'characteristic for each', 'manuscripts underwent in the Middle', '2022-01-26 11:35:09', '2022-01-26 11:35:09'),
(11182, 'JesseDoorp', 'dax7d@course-fitness.com', '歐客佬精品咖啡｜農場直營｜產銷合一｜品項最多', '歐客佬精品咖啡｜農場直營｜產銷合一｜品項最多 \r\n \r\nhttps://shopee.tw/ken668999', '2022-01-26 11:50:06', '2022-01-26 11:50:06'),
(11183, 'isabellauz1', 'trudyrq18@masato8210.masumi62.mokomichi.xyz', 'Nude Sex Pics, Sexy Naked Women, Hot Girls Porn', 'Free Porn Galleries - Hot Sex Pictures\r\nhttp://ladyhokagepornbrownlee.park.miaxxx.com/?aniya \r\n porn cd freee easypic porn powered by phpbb mixed asian teen porn dawson bareback gay porn star illegal porn mpegs', '2022-01-26 13:54:53', '2022-01-26 13:54:53'),
(11184, 'Stanmorejhl', 'viv.chen@yahoo.com', 'personality of the writer, and objective ones depend', 'from a printed book, reproduction', '2022-01-26 16:02:06', '2022-01-26 16:02:06'),
(11185, 'Fenderrmq', 'clwilliams777@aol.com', 'that is, readable, or', 'only a few survived.', '2022-01-26 16:45:41', '2022-01-26 16:45:41'),
(11186, 'Irrigationjrt', 'drgoldman@cantonanimalhospital.com', 'is shrinking (people are increasingly', 'Of his works, he is especially famous', '2022-01-26 16:59:32', '2022-01-26 16:59:32'),
(11187, 'Batteriesnhw', 'tjyardy@hotmail.com', 'various factors of both subjective', 'Western Europe also formed', '2022-01-26 17:04:41', '2022-01-26 17:04:41'),
(11188, 'kerricj60', 'gretchen@hideo29.mokomichi.xyz', 'Nude Sex Pics, Sexy Naked Women, Hot Girls Porn', 'Dirty Porn Photos, daily updated galleries\r\nhttp://18pregopornsoldier.energysexy.com/?mikayla \r\n lying bitches porn thirtysomething porn galleries melissa hill porn pictures 100 hottest porn bis porn tubes', '2022-01-26 17:15:31', '2022-01-26 17:15:31'),
(11189, 'mollyaa11', 'paigesh7@masaaki8810.naoki29.kiyoakari.xyz|akira4310.haru51.mokomichi.xyz}', 'New project started to be available today, check it out', 'Hot galleries, daily updated collections\r\nhttp://connerton.tubepornlesbian.energysexy.com/?ayana \r\n free celeb porn movie torrents downloads all top free porn videos sites amature japanese porn redhead porn videos legal free sexy leg porn videos', '2022-01-26 17:37:40', '2022-01-26 17:37:40'),
(11190, 'Superchipsquu', 'd300@drako.net', 'K. D. Balmont and barely', 'handwritten books were made,', '2022-01-26 18:38:45', '2022-01-26 18:38:45'),
(11191, 'Liza Schlunke', 'liza.schlunke@outlook.com', '(1) CO2 meters helps fight corona virus transmission', 'BREAKING! Portable CO2 meters could be used to help fight coronavirus transmission, experts say\r\n\r\nClick here to learn more\r\n\r\nhttps://bit.ly/co2-monitor', '2022-01-26 21:18:40', '2022-01-26 21:18:40'),
(11192, 'Blendergnw', 'proffitt_steven@yahoo.com', 'handwritten texts,', 'XVII century was Nicholas Jarry <fr>.', '2022-01-26 21:41:56', '2022-01-26 21:41:56'),
(11193, 'BitcoinNEOx', 'bitcoinneoemail@gmail.com', 'Bitcoin NEO - BNEO - New era of Crypto!', 'BitcoinNEO the New era of Crypto! \r\nBNEO coin uses peer-to-peer technology to operate with no central authority or banks; managing transactions and the issuing of bitcoins is carried out collectively by the network. \r\nEmission 21 million coins. \r\n \r\nSee more info on official site - https://bitcoin-neo.com/?from=x \r\nYou can buy tokens Now and earn at DODOEX - https://app.dodoex.io/exchange/USDT-BNEO \r\nInstruction how buy coins on DODOEX - https://bitcoin-neo.com/how-buy.html?from=x \r\nAlso you can send USDT or BUSD to wallet project and get BNEO to your wallet. It,s safely. See more info at https://www.bitcoin-neo.com/how-buy.html?from=x \r\nNow BNEO price is low, after will be over 0,2 USDT. \r\n \r\nSubscribe us: \r\nTelegram - channel: https://t.me/bneo_channel \r\nhttps://t.me/bneo_chat \r\nhttps://twitter.com/bneo_crypto \r\nhttps://youtu.be/channel/UCM_yAN5Sprj798gSk5Gvv6w', '2022-01-26 21:49:08', '2022-01-26 21:49:08'),
(11194, 'BooiSmscots', 'maksxarin@outlook.com', 'Booi казино', 'Сайт <a href=https://mobilecasinos.online/ru/booi-kazino/>Booi казино</a>', '2022-01-26 23:00:12', '2022-01-26 23:00:12'),
(11195, 'Mojavekbw', 'ken.tillbrook@tillbrook.nitrex.net', 'Handwriting - recorded in the manuscript,', 'Manuscript is a collective name for texts', '2022-01-26 23:01:24', '2022-01-26 23:01:24'),
(11196, 'Everettvem', 'glukhina.1998@mail.ru', 'Актуальный каталог со свежими ценами!', 'Внимание - внимание. Супер акционное предложение. Таких цен вы ещё не видели! \r\n \r\nhttps://skoda-s-auto.ru\r\nhttps://srubrussia.ru\r\nhttps://www.admdental.ru', '2022-01-26 23:49:27', '2022-01-26 23:49:27'),
(11197, 'Businessecv', 'arbors@sentprop.com', 'that is, readable, or', 'Duke de Montosier', '2022-01-27 02:46:06', '2022-01-27 02:46:06'),
(11198, 'Mike Higgins', 'no-replybaf@gmail.com', 'Increase sales for insca.org', 'Greetings \r\n \r\nIf you\'ll ever need a permanent increase in your website\'s Domain Authority score, We can help. \r\n \r\nMore info: \r\nhttps://www.strictlydigital.net/product/moz-da50-seo-plan/ \r\n \r\nNEW: Ahrefs DR70 plan: \r\nhttps://www.strictlydigital.net/product/ahrefs-seo-plan/ \r\n \r\n \r\nThank you \r\nMike Higgins\r\n \r\nmike@strictlydigital.net', '2022-01-27 03:55:52', '2022-01-27 03:55:52'),
(11199, 'leeqg60', 'jon@yoshito610.haruto35.kiyoakari.xyz', 'Best Nude Playmates & Centerfolds, Beautiful galleries daily updates', 'My new hot project|enjoy new website\r\nhttp://casting.porn.willernie.amandahot.com/?mireya \r\n hdtv free porn piss bianca hill porn star fathers and sons porn free male porn starsvideos amauter porn gallerys', '2022-01-27 05:28:38', '2022-01-27 05:28:38'),
(11200, 'Dani Plante', 'dani.plante@msn.com', 'CBD Gummies 3000mg Jar – Party Pack', 'Have you tried CBD Honey Sticks 100 Pack by JUSTCBD?', '2022-01-27 08:05:20', '2022-01-27 08:05:20'),
(11201, 'jasonsv16', 'sylviasc6@haru7210.masumi72.kiyoakari.xyz', 'Hot teen pics', 'Browse over 500 000 of the best porn galleries, daily updated collections\r\nhttp://gusherspornwhiteface.moesexy.com/?karli \r\n porn spred legs teen pussy sex porn ivy porn game teacher turned porn star vivica fox porn tape', '2022-01-27 08:31:28', '2022-01-27 08:31:28'),
(11202, 'hydraReM', 'vi750520@gmail.com', 'Новая ссылка на гидру v3  2022', '<a href=https://v3.hydraruzxpnew4af.com.co>Ссылка на гидру hydraruzxpnew4af hydraclubbioknikokex7njhwuahc2l67lfiz7z36md2jvopda7nchid onion</a> hydraruzxpnew4af.onion v3 - https://hydraruzxpnew4af.hydraruzpnew4afonion.com - HYDRA сайт зеркало лучше всего открывать через TOR браузер, рулетка гидры взлом. Бывает так ваш заказ оформлен, но некоторые orders зеркала ГИДРЫ могут не работать, какой браузера на нашем сайте вы onion market всегда найдете актуальную рабочую ссылку на ГИДРУ hydraclub в обход блокировок. ГИДРА site официальный имеет множество зеркал, на случай вы забанены, onion, высокой нагрузки или DDoS атак. Пользуйтесь ссылкой выше v3.hydraruzxpnew4af.com.co для создания безопасного conversations соединения с сетью TOR и открытия рабочего зеркала. Также hydraclubbioknikokex7njhwuahc2l67lfiz7z36md2jvopda7nchid thread если вы видите сообщение, что зеркало mirror hydraruzxpnew4af недоступно, просто momental обновите страницу чтобы попробовать использовать другое зеркало hydra4jpwhfx4mst (иногда нужно сделать это hydraruzxpnew4af.com.co чем HYDRA откроется). Дело в том, что HYDRA onion имеет множество зеркал и некоторые сайты hydra из них могут быть недоступны из-за высокой нагрузки.', '2022-01-27 09:10:41', '2022-01-27 09:10:41'),
(11203, 'andrenl4', 'isabel@daisuke6910.michio73.toshikokaori.xyz', 'New super hot photo galleries, daily updated collections', 'Enjoy daily galleries\r\nhttp://justusporncampanilla.moesexy.com/?quinn \r\n free internet porn stream saberna snow porn free fuck my friends mom porn free porn moie sites free homemade porn wife', '2022-01-27 10:05:14', '2022-01-27 10:05:14'),
(11204, 'Larryjer', 'fevgen708@gmail.com', 'Новости рекламы', 'Гадаю дистанционно 30 лет. WhatsApp +1 (248) 730-4177', '2022-01-27 11:29:02', '2022-01-27 11:29:02'),
(11205, 'Feederdru', 'ormesherdylan@yahoo.ca', 'On the formation of handwriting', 'or their samples written', '2022-01-27 11:36:39', '2022-01-27 11:36:39'),
(11206, 'EOTechsyb', 'ormesherdylan@yahoo.ca', 'usually occurs within', 'By the end of the 15th century, 35', '2022-01-27 12:31:46', '2022-01-27 12:31:46'),
(11207, 'paulinesh18', 'patsy@shiro67.kiyoakari.xyz', 'New project started to be available today, check it out', 'Hardcore Galleries with hot Hardcore photos\r\nhttp://vintage.porn.jsutandy.com/?nyasia \r\n big butt porn tube mom and sun porn tube x men revolution porn porn jessica alba doggy style porn in standing position', '2022-01-27 18:16:58', '2022-01-27 18:16:58'),
(11208, 'doreenwp69', 'jenniepy1@masaaki8810.naoki29.kiyoakari.xyz|akira4310.haru51.mokomichi.xyz}', 'Girls of Desire: All babes in one place, crazy, art', 'Nude Sex Pics, Sexy Naked Women, Hot Girlsx Porn\r\nhttp://hdlactaionporn.rand.energysexy.com/?ashlee \r\n syrian girls porn free porn games 3d free mind control porn simpsons porn online amatur porn vids', '2022-01-27 18:38:02', '2022-01-27 18:38:02'),
(11209, 'MRankerapapy', 'mranker-ndb@mksorb.com', 'GET 500 Dofollow Backlinks DA90, DR85, DS80', 'High-quality dofollow niche backlinks for your site, Boost your Google search ranking, and get more real visitors to your site. \r\n \r\n<Limited>time Offer 83% Discount] \r\n \r\nType - \"Hi, I was invited by your email on my website, and I want to buy your backlink service at Discounted Price. Send your discount offer.\" - and send this message, and get your discount. \r\nGET IT NOW: https://itwise.link/fiverr-ndpb \r\n \r\n500 Dofollow Backlinks \r\n500 Unique Referring Domains \r\n485 Unique IPs \r\nDomain Authority (DA - MOZ): 90 \r\nDomain Rating (DR - Ahrefs): 85 \r\nDomain Score (DS - SEMrush): 80 \r\n \r\nOriginal Price $30, Send me the above message and get it only $5 \r\n \r\nOrder now on Fiverr: https://itwise.link/fiverr-ndpb \r\n#1 Freelancing Site in the World, 100% Money Back Guarantee & Secure Payment method.', '2022-01-27 18:48:36', '2022-01-27 18:48:36'),
(11210, 'caseyjn18', 'jeanse7@hotaka98.kiyoakari.xyz', 'Enjoy daily galleries', 'Scandal porn galleries, daily updated lists\r\nhttp://bdsmperthwa.santacruzbdsm.instakink.com/?bella \r\n\r\n plain teen porn pics young xxx porn 24 7 latina porn 3gp porn kim kardashian hire a for porn', '2022-01-27 23:26:12', '2022-01-27 23:26:12'),
(11211, 'Flashpaqtdx', 'jpuf60@comcast.net', 'in letters and manuscripts', 'Europe, and in Ancient Russia', '2022-01-28 01:43:32', '2022-01-28 01:43:32'),
(11212, 'deanku60', 'cheryl@tamotsu4110.masumi70.kiyoakari.xyz', 'Hot galleries, thousands new daily.', 'Free Porn Pictures and Best HD SZex Photos\r\nhttp://sapulpa.teen.porn.amandahot.com/?miriam \r\n ex gay porn star testimonies hannah and luke porn sir rodney review porn spits slaps porn tube hacked porn passwords free', '2022-01-28 06:03:09', '2022-01-28 06:03:09'),
(11213, 'olliemd18', 'dorothy@satoshi10.kiyoakari.xyz', 'Hot sexy porn projects, daily updates', 'Sexy pictures each day\r\nhttp://pilot.rock.sexjanet.com/?jacquelyn \r\n free gorilla graz porn hard core girl porn ethical porn sites old porn stars list picture hunt free porn', '2022-01-28 06:24:56', '2022-01-28 06:24:56');
INSERT INTO `messages` (`id`, `name`, `email`, `subject`, `message`, `created_at`, `updated_at`) VALUES
(11214, 'katelynjj3', 'elinorou5@kaede77.mokomichi.xyz', 'Free Porn Pictures and Best HD Sex Photos', 'Teen Girls Pussy Pics. Hot galleries\r\nhttp://twin.oaks.arab.miaxxx.com/?yuliana \r\n top rated russian teen porn videos ipad mobile porn married straight men go gay porn porn from the united kingdom porn vodios', '2022-01-28 07:24:54', '2022-01-28 07:24:54'),
(11215, 'Keypadakwk', 'azandyg@aol.com', 'for handwritten publishers', 'multiplies (see also article', '2022-01-28 07:27:32', '2022-01-28 07:27:32'),
(11216, 'BlackVuehvl', 'ramichai1@gmail.com', 'various factors of both subjective', 'Western Europe also formed', '2022-01-28 10:33:06', '2022-01-28 10:33:06'),
(11217, 'PornoGov', 'petrischeffden@yandex.ru', 'Бесплатное Секс Видео Съемка в HD', 'Сексуальное порно запись бесплатно просмотр на https://porno-go.website в HD720 \r\nШикарное секс ролики без границ смотреть на https://porno-go.ru в HD1080 \r\nСо всего мира секс съемка без регистрации просмотр на https://porno-go.top в HD1080 \r\nСемейное секс фильмы для всех онлайн на https://porno-go.pro в высоком качестве \r\nСексуальное секс съемка для всех онлайн на https://porno-go.mobi в HD720 \r\n \r\n \r\n \r\n \r\n.', '2022-01-28 11:19:14', '2022-01-28 11:19:14'),
(11218, 'Mojavesdf', 'mjhathco@cox.net', 'is shrinking (people are increasingly', 'Of his works, he is especially famous', '2022-01-28 14:04:15', '2022-01-28 14:04:15'),
(11219, 'rochellerl60', 'kristyfw69@hideo3810.satoshi64.sorataki.in.net', 'New project started to be available today, check it out', 'New project started to be available today, check it out\r\nhttp://pornchimppolo.kanakox.com/?nyasia \r\n porn sense gay henita porn porn star heather lee pics spider porn softcore gay porn free videos', '2022-01-28 15:37:00', '2022-01-28 15:37:00'),
(11220, 'Beaconcum', 'jessie_rivas@ymail.com', 'in letters and manuscripts', 'Europe, and in Ancient Russia', '2022-01-28 16:34:21', '2022-01-28 16:34:21'),
(11221, 'Stanmorezyu', 'amichel@westlakefinancial.com', 'Handwriting - recorded in the manuscript,', 'At the same time, many antique', '2022-01-28 17:09:56', '2022-01-28 17:09:56'),
(11222, 'Kevin Johnson', 'tbformleads@gmail.com', 'Hope your open to this', 'Hello \r\n \r\nMy main objective here, is to help increase revenue for you by producing an animated video that will generate leads and sales for your business 24/7, for just $97. \r\n \r\nBut this offer is only good this week, so get your video before the deadline. \r\n \r\nWatch Our Video Now!   https://bit.ly/Xpress97offer \r\n \r\nFor less than you spend on coffee each month you get an American Owned Video company that can write your script, create your story board, lay-in a good soundtrack and produce an awesome video that brings home the bacon. \r\n \r\nAgain, this $97 promotion is for this week only. Don’t miss out!!! \r\n \r\nI’m in, show me what you got.   https://bit.ly/Xpress97offer \r\n \r\nBest, \r\n \r\nKevin Johnson \r\nBusiness Development Manager', '2022-01-28 17:41:55', '2022-01-28 17:41:55'),
(11223, 'marcyhe1', 'dan@tamotsu4110.masumi70.kiyoakari.xyz', 'New super hot photo galleries, daily updated collections', 'Hot galleries, daily updated collections\r\nhttp://daughtorpornwestfir.hotnatalia.com/?jena \r\n sonic the hegdehog porn nude tv porn kleine madchen porn caviar briana porn tits porn tube', '2022-01-28 18:05:00', '2022-01-28 18:05:00'),
(11224, 'Vortexnjy', 'drjcoolone@address.com', 'which the conventional graphic symbols are executed.', 'so expensive material', '2022-01-28 18:44:50', '2022-01-28 18:44:50'),
(11225, 'Fortressjvz', 'arlano@hotmail.com', 'indistinct (even for a person', 'Since the era of Charlemagne', '2022-01-28 22:44:15', '2022-01-28 22:44:15'),
(11226, 'UxdPjezuVk', 'hayesjohns235761@gmail.com', 'trxvnAePhscgUpq', 'tALcvwRekzZX', '2022-01-29 01:21:10', '2022-01-29 01:21:10'),
(11227, 'FZxTJPuyS', 'hayesjohns235761@gmail.com', 'WdmMEtZvPz', 'aqQxHYyWptzMOs', '2022-01-29 01:21:11', '2022-01-29 01:21:11'),
(11228, 'angelitaga60', 'johnny@akio89.mokomichi.xyz', 'Enjoy daily galleries', 'Daily updated super sexy photo galleries\r\nhttp://cashmereoldwoman.porn.lexixxx.com/?yvonne \r\n webwatchers porn sex porn animals animated porn wallpapers cartoon clip free movie porn tokyo babe porn', '2022-01-29 03:28:01', '2022-01-29 03:28:01'),
(11229, 'beatrizpe69', 'dana@shiro67.kiyoakari.xyz', 'New project started to be available today, check it out', 'Girls of Desire: All babes in one place, crazy, art\r\nhttp://tractorfarmpornsummerdale.energysexy.com/?maeve \r\n myth busters porn summer luv porn star porn women cumming hot sexy porn forums fetish rapidshare porn download', '2022-01-29 06:19:35', '2022-01-29 06:19:35'),
(11230, 'garygj2', 'avaqd20@kaede83.kiyoakari.xyz', 'Hot sexy porn projects, daily updates', 'Hot galleries, daily updated collections\r\nhttp://previewsporncam.narka.sexjanet.com/?emmalee \r\n human and animal fucking porn deanglo porn jonathon morgan porn operation nutcracker porn cfm porn', '2022-01-29 07:38:58', '2022-01-29 07:38:58'),
(11231, 'Ranker SEO', 'sommerlad.jay@gmail.com', 'Rank Your Website with Backlinks from 20 Years Aged Domains', 'Hello, \r\n\r\nGreetings from Ranker SEO.\r\n\r\nAre you looking for a genuine SEO service to rank your website top on Google? Are you cheated by fake SEO companies? \r\n\r\nYou have found an affordable legitimate SEO agency to rank your website.\r\n\r\nBuy backlinks from 20 years aged domains and rank your website top on Google. Exclusive High quality websites to improve your website authority and ranking.\r\n\r\nAI Based Powerful Link Building Technology to improve your website ranking fast. 100% safe and secured methods.\r\n\r\nLimited number of positions available! Hurry Now!\r\n\r\nOur Skype ID: support@ranker.one\r\nOur Website: https://www.ranker.one\r\n\r\nThanks & Regards\r\nRanker SEO', '2022-01-29 09:05:00', '2022-01-29 09:05:00'),
(11232, 'taniaty69', 'chadxh16@akihiro8610.tamotsu99.toshikokaori.xyz', 'Free Porn Galleries - Hot Sex Pictures', 'Sexy photo galleries, daily updated collections\r\nhttp://rising.sunskullfuckporn.hotnatalia.com/?cora \r\n porn online free priya rai acn corn porn free mulan porn nerd porn video gallery 70s porn sister', '2022-01-29 09:58:58', '2022-01-29 09:58:58'),
(11233, 'PornoGoz', 'grosmaseo@yandex.ru', 'Домашнее Адалт Видео Съемка в HD', 'Горячее секс запись бесплатно онлайн на https://porno-go.website в HD720 \r\nНежное секс ролики без регистрации смотреть на https://porno-go.ru в HD720 \r\nЧувственное порно видео без границ онлайн на https://porno-go.top в HD1080 \r\nВозбуждающее порно съемка для взрослых просмотр на https://porno-go.pro в высоком качестве \r\nЖесткое секс ролики бесплатно смотреть на https://porno-go.mobi в HD1080 \r\n \r\n \r\n \r\n \r\n.', '2022-01-29 12:31:16', '2022-01-29 12:31:16'),
(11234, 'Lin Mclain', 'glkim06@yahoo.com', 'Enquiry', 'What\'s the official site for this software. I cannot find it.: \r\n\r\nhttp://googlescraper14680.full-design.com/CBT-Mass-Email-Sender-Desktop-Software-48976522\r\n\r\nMany thanks\r\n\r\nLin Mclain', '2022-01-29 12:48:15', '2022-01-29 12:48:15'),
(11235, 'Serglapit', 'itserglapin@gmail.com', 'Сведения касающиеся вашего сайта', 'Здравствуйте. Помогу вам решить проблемы с вашим сайтом. Сделаю его более посещаемым, приносящим вам значительно больший доход. Я успешно занимаюсь сайтами больше семнадцати лет. Работаю качественно, цены небольшие, гарантии результата. \r\n \r\nОсновные области моей деятельности: \r\n \r\n1. Продвижение сайтов в поисковых системах. Помогу вывести ваш сайт на первые места по представляющим для вас интерес запросам. \r\n \r\n2. Внутренняя оптимизация и решение всех проблем с сайтом. Помогу сделать ваш сайт максимально качественным и соответствующим требованиям поисковых систем. Решу все проблемы (от кода и до дизайна). \r\n \r\n3. Создание сайтов. Занимаюсь созданием сайтов различных типов. \r\n \r\n4. Создание и продвижение групп и каналов в социальных сетях (ютуб, вк, фейсбук и т. д.). \r\n \r\n5. Работа с отзывами. Создание и продвижение хороших отзывов в интернете, удаление и уменьшение видимости плохих. \r\n \r\n6. Существует и многое иное в чем я мог бы вам оказаться полезным. Работаю как с коммерческими, так и с информационными проектами. \r\n \r\nЕсли вас заинтересовало, то пишите на следующий адрес: itserglapin@gmail.com', '2022-01-29 15:05:36', '2022-01-29 15:05:36'),
(11236, 'ursulaal16', 'lolitasm11@eiji40.mokomichi.xyz', 'New hot project galleries, daily updates', 'Daily updated super sexy photo galleries\r\nhttp://sondoobiepornskokie.moesexy.com/?kelly \r\n gay ring porn selling porn on ebay no legs cumming porn video galactik porn free porn stoya', '2022-01-29 16:06:13', '2022-01-29 16:06:13'),
(11237, 'ArthurNag', 'txz@course-fitness.com', 'XYZ軟體補給站光碟破解大補帖資訊合輯中心', 'XYZ軟體補給站光碟破解大補帖資訊合輯中心 \r\n \r\nhttps://soft-ware.xyz/', '2022-01-29 17:53:56', '2022-01-29 17:53:56'),
(11238, 'hum', 'naomisholtz7@gmail.com', 'נערות ליווי', 'Nothing to add, just I love to spend time in this website and read every word here. \r\nI this like as well: \r\n \r\n<a href=https://www.recode.net/users/frank4865>נערות ליווי ברמת גן</a>', '2022-01-29 18:15:50', '2022-01-29 18:15:50'),
(11239, 'Michaelgox', 'ja.y.ta.y.t.ay.t.ay733@gmail.com', 'Hey, this is a cool site.', 'friends at work have been looking for. This kind of details on the webpage is excellent and helpful and will help my friends at work in our studies significantly. It looks like this forum has a large amount of specifics about this and the other hyper links and types of info really show it. I\'m not typically on the internet all day long but when I get an opportunity i\'m always hunting for this kind of factual information and things similarly having to do with it.  When anyone gets a chance, check out at my website: <a href=https://tonopah-homes.com/><span style=color:#000>homes for sale by owner in tonopah, az</span></a>', '2022-01-29 18:43:51', '2022-01-29 18:43:51'),
(11240, 'larrylm4', 'deanneym2@rokuro2910.hotaka22.inwebmail.fun', 'Enjoy daily galleries', 'Nude Sex Pics, Sexy Naked Women, Hot Girls Porn\r\nhttp://latina.porn.enterprise.miaxxx.com/?maci \r\n tromboning porn free porn no memberships pornpimps crixket porn star free big dick gay porn blonde chav porn pictures', '2022-01-29 19:50:24', '2022-01-29 19:50:24'),
(11241, 'H0QVAW48N5HPTE www.telegra.ph/Your-Win-01-14#', 'spotalchunda@mail.ru', 'H0QVAW48N5HPTE www.telegra.ph/Your-Win-01-14#', 'H0QVAW48N5HPTE www.telegra.ph/Your-Win-01-14#', '2022-01-29 20:25:51', '2022-01-29 20:25:51'),
(11242, 'Leupoldcfd', 'jeannie@sentprop.com', 'personality of the writer, and objective ones depend', 'from a printed book, reproduction', '2022-01-29 21:13:50', '2022-01-29 21:13:50'),
(11243, 'Everettvem', 'glukhina.1998@mail.ru', 'Актуальный каталог со свежими ценами!', 'Внимание - внимание. Супер акционное предложение. Таких цен вы ещё не видели! \r\n \r\nhttps://www.admdental.ru\r\nhttps://srubrussia.ru\r\nhttps://skoda-s-auto.ru', '2022-01-29 21:21:44', '2022-01-29 21:21:44'),
(11244, 'umnayash', 'umnayashema@yandex.ru', 'Умный дом система и оборудование', 'Помимо этого при желании можно найти пошаговые руководства, позволяющие спроектировать такую систему самому практически с нуля на базе отдельных элементов . Наш уже знакомый, это <a href=https://умный-дом.site/блог/умный-дом-своими-руками-схема-и-описание.html>умный дом схема и описание</a> . По ссылке  откройте правду <a href=https://умный-дом.site/блог/умный-дом-своими-руками-схема-и-описание.html>умный дом схема и описание</a> публичные данные и скрываемые .', '2022-01-29 21:43:29', '2022-01-29 21:43:29'),
(11245, 'Danielbuism', 'zinaidablinova7920@rambler.ru', 'серия свидетельства о рождении как писать авиабилеты', 'Не знаешь какие достпримечательности еще посмотреть, тогда для начала лучше посетить сайт <a href=https://kruiztransgroup.ru>kruiztransgroup.ru</a>, здесь собраны обзоры всех самых посещаемых мест мира', '2022-01-30 01:10:31', '2022-01-30 01:10:31'),
(11246, 'corinecr11', 'hollie@naoki18.inwebmail.fun', 'Free Porn Galleries - Hot Sex Pictures', 'Young Heaven - Naked Teens & Young Porn Pictures\r\nhttp://campti.freepornrabbit.topanasex.com/?magdalena \r\n hot tv free porn welsh girl porn tube free english amateur porn videos free cartoon comic porn simpsons cartoon porn anime', '2022-01-30 01:26:16', '2022-01-30 01:26:16'),
(11247, 'Edithscomy', 'cdjbfpbsl@gordpizza.ru', 'viagra pill', '<a href=https://viasonar.com/>viagra online</a> \r\n<a href=\"https://viasonar.com/\">cheap viagra</a>', '2022-01-30 02:38:13', '2022-01-30 02:38:13'),
(11248, 'peterph16', 'genevievetm1@haruki3710.takayuki49.inwebmail.fun', 'Hot new pictures each day', 'Enjoy our scandal amateur galleries that looks incredibly dirty\r\nhttp://videovansex.relayblog.com/?martha \r\n\r\n teeenie porn ov porn free man sucking woman porn white on black porn pics nude teen porn pussy pics', '2022-01-30 03:43:02', '2022-01-30 03:43:02'),
(11249, 'hydraReM', 'vi750520@gmail.com', 'Гидра каталог  новый сайт гидры v3', '<a href=https://v3.hydraruzxpnew4afonlon.com>Ссылка на гидру hydraruzxpnew4af hydraclubbioknikokex7njhwuahc2l67lfiz7z36md2jvopda7nchid onion</a> hydraclubbioknikokex7njhwuahc2l67lfiz7z36md2jvopda7nchid.onion - https://hydraclubbio.hydraruzxpnew4af.com.co - ГИДРА site официальный имеет множество зеркал, на случай вы забанены, onion, высокой нагрузки или DDoS атак. Пользуйтесь ссылкой выше v3.hydraruzxpnew4af.com.co для создания безопасного conversations соединения с сетью TOR и открытия рабочего зеркала. Также hydraclubbioknikokex7njhwuahc2l67lfiz7z36md2jvopda7nchid высокой нагрузки или DDoS атак. Пользуйтесь ссылкой выше v3.hydraruzxpnew4af.com.co для создания безопасного conversations соединения с сетью TOR и открытия рабочего зеркала. Также hydraclubbioknikokex7njhwuahc2l67lfiz7z36md2jvopda7nchid thread если вы видите сообщение, что зеркало mirror hydraruzxpnew4af недоступно, просто momental обновите страницу чтобы попробовать использовать другое зеркало hydra4jpwhfx4mst HYDRA onion имеет множество зеркал и некоторые сайты hydra из них могут быть недоступны из-за высокой нагрузки.  Перед покупкой можно ознакомиться с настоящими отзывами покупателей купивших товар. Поэтому hydraruzxpnew4af.com.co заранее оценить качество будущей покупки и решить, нужен ему товар', '2022-01-30 04:39:16', '2022-01-30 04:39:16'),
(11250, 'abask', 'v2nuegx0@hotmail.com', 'I promised.', 'Hi, this is Irina. I am sending you my intimate photos as I promised. https://tinyurl.com/y984p9gv', '2022-01-30 05:02:40', '2022-01-30 05:02:40'),
(11251, 'jennaur69', 'lelia@haruki6510.rokuro85.officemail.fun', 'My new hot project', 'New project started to be available today, check it out\r\nhttp://sweetiepiesporn.pelican.lexixxx.com/?alisha \r\n stream in porn indain bbw picture porn porn videos for mobile free 2009 wall calendars porn for men great porn cites', '2022-01-30 06:33:48', '2022-01-30 06:33:48'),
(11252, 'monicaxd60', 'helenagk4@haruto5110.katsu21.meta1.in.net', 'Nude Sex Pics, Sexy Naked Women, Hot Girls Porn', 'New super hot photo galleries, daily updated collections\r\nhttp://nastynews.pornketchum.jsutandy.com/?angelina \r\n wakeman porn auditions victoria hq xxx porn brandi m charm school porn pics palyboy models in porn porn star daisey chain picture', '2022-01-30 07:53:35', '2022-01-30 07:53:35'),
(11253, 'MarlinEruff', 'h.ane.y.n7.6@gmail.com', 'Why I am telling people about this site', 'my brother and I are totally happy having found the forum, it is really the thing my friends and I have been dreaming for. The detailed information here on the site is truely appreciated and is going to help me significantly. It appears as if everyone has a significant amount of knowledge concerning the things I am interested in and other pages and information definitely show it. I\'m not typically on the internet during the week however when I get a chance I am more often than not scouring for this type of factual information or stuff similarly having to do with it. I have a few of my family members that have developed a liking in this because of what I have assimilated about it and they\'re for sure to visit the website since it is such an excellent treasure. I\'m also interested in politics and coping with the new turns and twists in climate change.  When you get a chance, have a look at my site: <a href=https://www.nickhanyokimaging.com/bluemont-vineyard-wedding/> elope in smith rock</a>', '2022-01-30 09:13:01', '2022-01-30 09:13:01'),
(11254, 'Scannerlbi', 'jeannie@sentprop.com', 'indistinct (even for a person', 'bride, Julie d\'Angenne.', '2022-01-30 09:22:20', '2022-01-30 09:22:20'),
(11255, 'kellibw16', 'chrystalrt5@hiraku4210.takayuki54.meta1.in.net', 'Sexy photo galleries, daily updated collections', 'Browse over 500 000 of the best porn galleries, daily updated collections\r\nhttp://thepornhole.shortsville.gigixo.com/?julianna \r\n free twin online porn young teen porn movies alex621 free watch online porn liv vicious ducky porn porn without latest flazh player', '2022-01-30 10:54:58', '2022-01-30 10:54:58'),
(11256, 'RainMachinejpr', 'azandyg@aol.com', 'personality of the writer, and objective ones depend', 'from a printed book, reproduction', '2022-01-30 12:44:05', '2022-01-30 12:44:05'),
(11257, 'Eric Jones', 'eric.jones.z.mail@gmail.com', 'There they go…', 'Hey, my name’s Eric and for just a second, imagine this…\r\n\r\n- Someone does a search and winds up at insca.org.\r\n\r\n- They hang out for a minute to check it out.  “I’m interested… but… maybe…”\r\n\r\n- And then they hit the back button and check out the other search results instead. \r\n\r\n- Bottom line – you got an eyeball, but nothing else to show for it.\r\n\r\n- There they go.\r\n\r\nThis isn’t really your fault – it happens a LOT – studies show 7 out of 10 visitors to any site disappear without leaving a trace.\r\n\r\nBut you CAN fix that.\r\n\r\nTalk With Web Visitor is a software widget that’s works on your site, ready to capture any visitor’s Name, Email address and Phone Number.  It lets you know right then and there – enabling you to call that lead while they’re literally looking over your site.\r\n\r\nCLICK HERE http://jumboleadmagnet.com to try out a Live Demo with Talk With Web Visitor now to see exactly how it works.\r\n\r\nTime is money when it comes to connecting with leads – the difference between contacting someone within 5 minutes versus 30 minutes later can be huge – like 100 times better!\r\n\r\nPlus, now that you have their phone number, with our new SMS Text With Lead feature you can automatically start a text (SMS) conversation… so even if you don’t close a deal then, you can follow up with text messages for new offers, content links, even just “how you doing?” notes to build a relationship.\r\n\r\nStrong stuff.\r\n\r\nCLICK HERE http://jumboleadmagnet.com to discover what Talk With Web Visitor can do for your business.\r\n\r\nYou could be converting up to 100X more leads today!\r\n\r\nEric\r\nPS: Talk With Web Visitor offers a FREE 14 days trial – and it even includes International Long Distance Calling. \r\nYou have customers waiting to talk with you right now… don’t keep them waiting. \r\nCLICK HERE http://jumboleadmagnet.com to try Talk With Web Visitor now.\r\n\r\nIf you\'d like to unsubscribe click here http://jumboleadmagnet.com/unsubscribe.aspx?d=insca.org', '2022-01-30 13:13:43', '2022-01-30 13:13:43'),
(11258, 'rosalynwz3', 'jan@hiroyuki23.meta1.in.net', 'New hot project galleries, daily updates', 'Browse over 500 000 of the best porn galleries, daily updated collections\r\nhttp://brady.pornmacksville.moesexy.com/?nyah \r\n gemma taylor you porn indean comic porn vintage porn stares ginger porn art porn web ring', '2022-01-30 13:39:09', '2022-01-30 13:39:09'),
(11259, 'clydeql60', 'mark@hikaru1610.kenshin80.officemail.in.net', 'Hot sexy porn projects, daily updates', 'Teen Girls Pussy Pics. Hot galleries\r\nhttp://clumbianpornmichiana.hoterika.com/?tania \r\n fat moms sex porn tubes does yooutube have adult porn granny porn queens lesbians free mens porn filter free punisment porn', '2022-01-30 13:49:44', '2022-01-30 13:49:44'),
(11260, 'genece2', 'lavonne@akira7710.hiroyuki34.officemail.in.net', 'Hot new pictures each day', 'College Girls Porn Pics\r\nhttp://indianauntyporn.brushy.alypics.com/?unique \r\n pic of porn stars in acting truth behind porn granny gangbang porn movies freefat chicks porn ameture youngest thai porn movie', '2022-01-30 14:17:45', '2022-01-30 14:17:45'),
(11261, 'Feedervar', 'azandyg@aol.com', 'Handwriting - recorded in the manuscript,', 'At the same time, many antique', '2022-01-30 14:30:32', '2022-01-30 14:30:32'),
(11262, 'finicktes', '51@altinova.ru', 'Красивые блюда', 'Красивое оформление десертов <a href=https://finick.club>https://finick.club</a>', '2022-01-30 16:00:49', '2022-01-30 16:00:49'),
(11263, 'juliofp60', 'jeffth18@rokuro1810.akihiro33.officemail.fun', 'New hot project galleries, daily updates', 'Hot photo galleries blogs and pictures\r\nhttp://parkerfreehdpornxxx.adablog69.com/?nancy \r\n free tami porn harry potter fakes porn melissa lauren free porn grannies teen girls porn dvds forced orgasms porn', '2022-01-30 18:29:47', '2022-01-30 18:29:47'),
(11264, 'Leupoldvyb', 'jeannie@sentprop.com', 'have a huge impact', 'handwritten by the author.', '2022-01-30 19:22:16', '2022-01-30 19:22:16'),
(11265, 'catalinaug18', 'abigailym5@yuji5910.satoshi85.officemail.in.net', 'Sexy photo galleries, daily updated pics', 'Hot teen pics\r\nhttp://girl.masturbation.blue.springs.hoterika.com/?allyssa \r\n radioactive porn gay porn in austin tx nyc prep girls porn pussy porn massage aggresive girls porn', '2022-01-30 20:09:28', '2022-01-30 20:09:28'),
(11266, 'Interfacevwx', 'jeannie@sentprop.com', 'Examining handwritten texts', 'consists of the book itself', '2022-01-31 00:12:49', '2022-01-31 00:12:49'),
(11267, 'Eric Jones', 'eric.jones.z.mail@gmail.com', 'instead, congrats', 'Good day, \r\n\r\nMy name is Eric and unlike a lot of emails you might get, I wanted to instead provide you with a word of encouragement – Congratulations\r\n\r\nWhat for?  \r\n\r\nPart of my job is to check out websites and the work you’ve done with insca.org definitely stands out. \r\n\r\nIt’s clear you took building a website seriously and made a real investment of time and resources into making it top quality.\r\n\r\nThere is, however, a catch… more accurately, a question…\r\n\r\nSo when someone like me happens to find your site – maybe at the top of the search results (nice job BTW) or just through a random link, how do you know? \r\n\r\nMore importantly, how do you make a connection with that person?\r\n\r\nStudies show that 7 out of 10 visitors don’t stick around – they’re there one second and then gone with the wind.\r\n\r\nHere’s a way to create INSTANT engagement that you may not have known about… \r\n\r\nTalk With Web Visitor is a software widget that’s works on your site, ready to capture any visitor’s Name, Email address and Phone Number.  It lets you know INSTANTLY that they’re interested – so that you can talk to that lead while they’re literally checking out insca.org.\r\n\r\nCLICK HERE http://jumboleadmagnet.com to try out a Live Demo with Talk With Web Visitor now to see exactly how it works.\r\n\r\nIt could be a game-changer for your business – and it gets even better… once you’ve captured their phone number, with our new SMS Text With Lead feature, you can automatically start a text (SMS) conversation – immediately (and there’s literally a 100X difference between contacting someone within 5 minutes versus 30 minutes.)\r\n\r\nPlus then, even if you don’t close a deal right away, you can connect later on with text messages for new offers, content links, even just follow up notes to build a relationship.\r\n\r\nEverything I’ve just described is simple, easy, and effective. \r\n\r\nCLICK HERE http://jumboleadmagnet.com to discover what Talk With Web Visitor can do for your business.\r\n\r\nYou could be converting up to 100X more leads today!\r\n\r\nEric\r\nPS: Talk With Web Visitor offers a FREE 14 days trial – and it even includes International Long Distance Calling. \r\nYou have customers waiting to talk with you right now… don’t keep them waiting. \r\nCLICK HERE http://jumboleadmagnet.com to try Talk With Web Visitor now.\r\n\r\nIf you\'d like to unsubscribe click here http://jumboleadmagnet.com/unsubscribe.aspx?d=insca.org', '2022-01-31 00:31:18', '2022-01-31 00:31:18'),
(11268, 'latonyapl2', 'kathrynch11@naoki94.meta1.in.net', 'Enjoy daily galleries', 'Hot galleries, thousands new daily.\r\nhttp://porn.back.love.xblognetwork.com/?yvette \r\n\r\n free drunk mature porn free ebony threesome porn hooters girl uniform porn simpsons porn adventures free porn fuck milfs', '2022-01-31 00:46:43', '2022-01-31 00:46:43'),
(11269, 'denarn60', 'karl@tadao45.meta1.in.net', 'Big Ass Photos - Free Huge Butt Porn, Big Booty Pics', 'Teen Girls Pussy Pics. Hot galleries\r\nhttp://bigbearlakepeggle.porn.jsutandy.com/?mariah \r\n candice marie porn heather vonn porn video hot cunt in public porn heather hunter porn star female body builder booty porn', '2022-01-31 02:23:29', '2022-01-31 02:23:29'),
(11270, 'CharlesChice', 'hudman.shawanda@yahoo.com', 'vulkan vegas logowanie', 'vulkan vegas legalne w polsce vulkan kasyno vulkan vegas logowanie vulkan vegas 24 vulkan vegas pl vulkanvegas casino vulkan vegas casino vulcan vega vulkan vegas kasyno kasynovulkan vulkan vegas 23 vulkan casino logowanie vulcan kasyno vulkan vegas zaloguj vulkan vegas login  \r\n \r\nvulcan vega  <a href=https://vulkanvegas100.pl>vulkan vegas casino login</a>  vulkan vegas login  <a href=https://vulkanvegas100.pl>vulkan vegas</a>  kasynovulkan  <a href=https://vulkanvegas100.pl>vulkan vegas kasyno</a>  vulkan vegas logowanie  <a href=https://vulkanvegas100.pl>vulkan vegas pl</a>  vulkan vegas logowanie  <a href=https://vulkanvegas100.pl>vulkan vegas 23</a>  \r\n \r\nvulkan kasyno vulcan kasyno vulkan vegas login vulkanvegas casino kasynovulkan vulcan vega vulkan vegas zaloguj vulkan vegas logowanie vulkan vegas casino vulkan vegas 23  \r\n \r\nvulcan kasyno  <a href=https://vulkanvegas100.pl>vulcan casino logowanie</a>  vulkan vegas kasyno  <a href=https://vulkanvegas100.pl>vulkan vegas</a>  vulkan vegas logowanie  <a href=https://vulkanvegas100.pl>vulkan vegas 24</a>  vulcan kasyno  <a href=https://vulkanvegas100.pl>vulcan casino logowanie</a>  kasynovulkan  <a href=https://vulkanvegas100.pl>vulkan vegas login</a>  \r\n \r\nvulkan vegas 24 vulkan vegas 23 kasynovulkan vulkan vegas casino login vulcan kasyno', '2022-01-31 02:37:27', '2022-01-31 02:37:27'),
(11271, 'Lah', 'nfntwrk@gmail.com', 'Offer of cooperation.', 'Good day! \r\nMy name is Kori. My letter is addressed to the owner of this website. I am a partner of SocHelping - The new international network of mutual financial support. \r\nService is designed to ensure that everyone who wants to improve their financial situation, could get support from other people around the world! Working Marketing allows you to develop a business structure with profits up to $500,000. I am building my business and I invite You to become part of this Financial Structure! I think You will be interested in this proposal, which includes help from partners, that is, I will participate in the development of Your business. \r\nAll the information is on the website! In the Promo section You can find promotional materials for advertising! All questions You can ask in the support section. \r\nThis is the best solution at the beginning of 2022! Happy to cooperate! \r\nhttps://sochelping.com/p/Doctor', '2022-01-31 04:00:16', '2022-01-31 04:00:16'),
(11272, 'Broncovmg', 'jeannie@sentprop.com', 'Subjective inherent in a specific', 'reproduced by hand, in contrast', '2022-01-31 05:27:18', '2022-01-31 05:27:18'),
(11273, 'kevinov11', 'angelinaiv2@haruto8210.hikaru52.meta1.in.net', 'Hot galleries, thousands new daily.', 'Young Heaven - Naked Teens & Young Porn Pictures\r\nhttp://busty.babrs.instakink.com/?pamela \r\n\r\n sisters porn kerry brown backseat porn powered by phpbb online mature porn video miley cyruc porn pictures asian porn uh', '2022-01-31 05:36:24', '2022-01-31 05:36:24'),
(11274, 'Benny', 'superior.casings@tpg.com.au', 'Fees', 'hi Noha,   i have been trying to call the office but the number seems not able to connect or a constantly congested line. is there another number.', '2022-01-31 09:44:12', '2022-01-31 09:44:12'),
(11275, 'RandalAdvab', 'nwzn@course-fitness.com', '八千代醫美集團', '八千代醫美集團 \r\n \r\n \r\nhttps://yachiyo.com.tw/', '2022-01-31 11:55:09', '2022-01-31 11:55:09'),
(11276, 'dixiese3', 'paul@naoki18.inwebmail.fun', 'Free Porn Pictures and Best HD Sex Photos', 'New sexy website is available on the web\r\nhttp://latina.sex.gigixo.com/?danielle \r\n clip porn farang porn free porn videos and role play brazzers porn pics vintage british porn dvds', '2022-01-31 14:35:41', '2022-01-31 14:35:41'),
(11277, 'liliauu16', 'joyqv7@hikaru8910.riku20.meta1.in.net', 'New hot project galleries, daily updates', 'Dirty Porn Photos, daily updated galleries\r\nhttp://pornvideotube4.xblognetwork.com/?anjali \r\n\r\n skinny teen pussy porn middle aged cougar porn hardcore groupsex deepthroat porn tube free incredable porn clips pretee porn', '2022-01-31 17:04:12', '2022-01-31 17:04:12'),
(11278, 'CharlesChice', 'hudman.shawanda@yahoo.com', 'vulcan kasyno', 'vulkan vegas vulkan vegas kasyno vulkanvegas casino vulkan vegas logowanie vulkan vegas casino login vulkan vegas pl vulkan vegas casino vulcan kasyno vulkan vegas 23 vulkan kasyno vulkan vegas legalne w polsce vulkan vegas 24 kasynovulkan vulkanvegas23 vulcan vega  \r\n \r\nvulkan vegas 23  <a href=https://vulkanvegas100.pl>vulkanvegas casino</a>  vulkanvegas casino  <a href=https://vulkanvegas100.pl>vulkan vegas</a>  vulkan vegas legalne w polsce  <a href=https://vulkanvegas100.pl>vulkan vegas</a>  vulkanvegas23  <a href=https://vulkanvegas100.pl>vulkan vegas legalne w polsce</a>  vulcan vega  <a href=https://vulkanvegas100.pl>vulkan vegas logowanie</a>  \r\n \r\nvulkan vegas pl vulkan vegas logowanie vulkan vegas casino kasynovulkan vulkanvegas casino vulcan casino logowanie vulkan vegas casino login vulkan vegas 23 vulkan vegas zaloguj vulkan vegas login  \r\n \r\nvulkan vegas login  <a href=https://vulkanvegas100.pl>vulkan vegas casino</a>  vulcan kasyno  <a href=https://vulkanvegas100.pl>vulcan vega</a>  vulkan vegas kasyno  <a href=https://vulkanvegas100.pl>vulkan vegas 24</a>  vulkan vegas 24  <a href=https://vulkanvegas100.pl>vulkan kasyno</a>  vulkan casino logowanie  <a href=https://vulkanvegas100.pl>kasynovulkan</a>  \r\n \r\nvulkan vegas kasyno vulkan vegas casino vulcan vega vulkan vegas zaloguj vulkan vegas 23', '2022-01-31 17:58:12', '2022-01-31 17:58:12'),
(11279, 'Fingerboardifw', 'mam.ms21@gmail.com', 'have a huge impact', 'handwritten by the author.', '2022-01-31 18:42:36', '2022-01-31 18:42:36'),
(11280, 'cherylqk11', 'ralphoi69@fumio99.meta1.in.net', 'Hot sexy porn projects, daily updates', 'Free Porn Pictures and Best HD Sex Photos\r\nhttp://teen.porn.hudsonville.alexysexy.com/?kaila \r\n ez gal porn pinoy porn video porn forum search oldest grannies softcore porn banger boys porn', '2022-01-31 18:46:42', '2022-01-31 18:46:42'),
(11281, 'Milwaukeeqzb', 'mam.ms21@gmail.com', 'On the formation of handwriting', 'or their samples written', '2022-01-31 19:26:00', '2022-01-31 19:26:00'),
(11282, 'SdvillNum', 'revers@o5o5.ru', 'sartorius com', '<a href=https://chimmed.ru/products/laboratory_equipment?sectid=10&manufactor=CoaChrom%20Diagnostica%20GmbH>coachrom diagnostica gmbh </a> \r\nTegs: coachrom.com  https://chimmed.ru/  \r\n \r\n<u>sarstedt com </u> \r\n<i>sarstedt.com </i> \r\n<b>sartorius </b>', '2022-01-31 19:34:49', '2022-01-31 19:34:49'),
(11283, 'corahi18', 'margaritaai3@katsu5310.susumo61.inwebmail.fun', 'Hot galleries, thousands new daily.', 'My new hot project|enjoy new website\r\nhttp://uvachicksporn.dewitt.gigixo.com/?kaitlyn \r\n free girl porn clips can you rent porn on itunes gypsy girl porn 3d porn film open mouth gag porn', '2022-01-31 20:02:40', '2022-01-31 20:02:40'),
(11284, 'sherrigc11', 'stacicl1@akio22.officemail.fun', 'Hot teen pics', 'New super hot photo galleries, daily updated collections\r\nhttp://latina.sex.alexysexy.com/?katy \r\n carol brown porn fat moms sex porn in snow porn sex series porn comixs dr porn movies', '2022-01-31 21:13:58', '2022-01-31 21:13:58'),
(11285, 'PeterNaf', 'marcelenelomely@rambler.ru', 'цветы для выращивания в ленинградской области', 'Все что связано с выращиванием цветов, газон для дачи, деревья и кустарники, все что полезно знать когда собираешься покупать или строить дачу переходите на сайт <a href=https://sharkpool.ru/>sharkpool.ru</a>', '2022-02-01 00:29:23', '2022-02-01 00:29:23'),
(11286, 'Beateryzz', 'gusricansvrs@gmail.com', 'characteristic for each', 'handwritten synonym', '2022-02-01 00:35:15', '2022-02-01 00:35:15'),
(11287, 'SdvillNum', 'revers@o5o5.ru', 'Сафоновский завод Гидрометприбор', '<a href=https://chimmed.ru/>чемицалпоинт </a> \r\nTegs: чемос  https://chimmed.ru/  \r\n \r\n<u>Рустек </u> \r\n<i>СВ Мед </i> \r\n<b>Сапфир </b>', '2022-02-01 00:45:47', '2022-02-01 00:45:47'),
(11288, 'SdvillNum', 'revers@o5o5.ru', 'Ueno', '<a href=https://chimmed.ru/>круесс </a> \r\nTegs: лабор wелт  https://chimmed.ru/  \r\n \r\n<u>TrisKem International </u> \r\n<i>US Biological </i> \r\n<b>USP </b>', '2022-02-01 02:14:35', '2022-02-01 02:14:35'),
(11289, 'chasitybl2', 'janis@hikaru1610.kenshin80.officemail.in.net', 'Free Porn Pictures and Best HD Sex Photos', 'My new hot project|enjoy new website\r\nhttp://french.porn.chelsea.moesexy.com/?crystal \r\n wii compatable porn after class adventures porn foot porn pics married women fucking dogs porn total drama island cartoon sex porn', '2022-02-01 03:13:14', '2022-02-01 03:13:14'),
(11290, 'Muhammad Ahmad', 'binyahyatraders@gmail.com', 'How can I become a member', 'Madam,\r\nIt is stated that I am Trader of different commodities Now want to trade sheep and goat casing. \r\nPlease guied how I register because I am Trader not manufacturer. \r\nRegrds \r\nBin Yahya Traders.', '2022-02-01 03:15:50', '2022-02-01 03:15:50'),
(11291, 'SdvillNum', 'revers@o5o5.ru', 'neb online', '<a href=https://chimmed.ru/>тсошоп </a> \r\nTegs: тхомассци  https://chimmed.ru/  \r\n \r\n<u>mz-analysentechnik gmbh </u> \r\n<i>nacalai tesque,inc </i> \r\n<b>national institute for biological standards and control </b>', '2022-02-01 03:38:28', '2022-02-01 03:38:28'),
(11292, 'RichardWhots', 'fevgen708@gmail.com', 'News 2022', 'Элементы лестниц оптом, кухни на заказ, двери из массива дуба https://www.ekolestnica.ru Большой выбор изделий из дерева (дуб, бук, ясень, береза, сосна) оптом балясины, перила, ступени для лестниц, двери из массива дуба, мебельный щит! На рынке 15 лет, доставка в любые регионы', '2022-02-01 04:20:35', '2022-02-01 04:20:35'),
(11293, 'Batterypcj', 'paulinserra@comcast.net', 'various factors of both subjective', 'Western Europe also formed', '2022-02-01 04:45:59', '2022-02-01 04:45:59'),
(11294, 'Zenmurq', 'myiti939@gmail.com', 'hello', 'Dyrhwtv \r\n \r\ninfo@defendercharities.org\r\n    :', '2022-02-01 06:09:34', '2022-02-01 06:09:34'),
(11295, 'Mike Jenkin', 'no-replybaf@gmail.com', 'Local SEO for more business', 'Good Day \r\n \r\nWe will increase your Local Ranks organically and safely, using only whitehat methods, while providing Google maps and website offsite work at the same time. \r\n \r\nPlease check our plans here, we offer Local SEO at cheap rates. \r\nhttps://speed-seo.net/product/local-seo-package/ \r\n \r\nNEW: \r\nhttps://www.speed-seo.net/product/zip-codes-gmaps-citations/ \r\n \r\nregards \r\nMike Jenkin\r\n \r\nSpeed SEO Digital Agency', '2022-02-01 06:43:23', '2022-02-01 06:43:23'),
(11296, 'Leupoldyys', 'efw000@msn.com', 'indistinct (even for a person', 'bride, Julie d\'Angenne.', '2022-02-01 07:20:07', '2022-02-01 07:20:07'),
(11297, 'madelinehp60', 'inezhh1@kunio8510.eiji40.inwebmail.fun', 'Hot photo galleries blogs and pictures', 'Hot galleries, thousands new daily.\r\nhttp://vesttee.bloglag.com/?tyra \r\n\r\n max hardcore porn star catalina torture porn sex arab auty porn tube free gay porn mobile sites free animal porn on mobile', '2022-02-01 07:22:50', '2022-02-01 07:22:50'),
(11298, 'Incipiojvy', 'faye@sentprop.com', 'indistinct (even for a person', 'Since the era of Charlemagne', '2022-02-01 07:29:32', '2022-02-01 07:29:32'),
(11299, 'lottieeh1', 'alex@takumi79.officemail.fun', 'College Girls Porn Pics', 'Teen Girls Pussy Pics. Hot galleries\r\nhttp://cartoon.porn.kanakox.com/?odalys \r\n bow island porn new queen of black porn naughty america porn source jeff stryker and free porn tv celebrity porn videos', '2022-02-01 10:07:31', '2022-02-01 10:07:31'),
(11300, 'Augustvdb', 'faye@sentprop.com', 'handwritten texts,', 'XVII century was Nicholas Jarry <fr>.', '2022-02-01 10:53:28', '2022-02-01 10:53:28'),
(11301, 'Nancysup', 'gromovtibor@mail.ru', 'детская психология', 'как маме воспитывать сына\r\n \r\nhttps://www.youtube.com/watch?v=bhl0PjkvNJw\r\n \r\n<a href=https://www.youtube.com/watch?v=bhl0PjkvNJw>как воспитать мальчика</a>\r\n \r\nкак воспитывать детей\r\n \r\n<a href=https://www.youtube.com/watch?v=bhl0PjkvNJw>как воспитать мальчика</a>', '2022-02-01 11:18:06', '2022-02-01 11:18:06'),
(11302, 'SdvillNum', 'revers@o5o5.ru', 'peprotech com', '<a href=https://chimmed.ru/>chem-lab n.v. </a> \r\nTegs: chem-lab.be  https://chimmed.ru/  \r\n \r\n<u>paul marienfeld gmbh & co. kg </u> \r\n<i>peak scintific instruments ltd. </i> \r\n<b>peprotech </b>', '2022-02-01 12:16:29', '2022-02-01 12:16:29'),
(11303, 'Rigidfgf', 'faye@sentprop.com', 'usually occurs within', 'text carrier and protective', '2022-02-01 12:44:59', '2022-02-01 12:44:59'),
(11304, 'Ulcoyif', 'jalannursey1@gmail.com', 'hello', 'Fmfzcxp \r\n \r\nevatvan@gmail.com\r\n    :', '2022-02-01 13:09:15', '2022-02-01 13:09:15');

-- --------------------------------------------------------

--
-- Table structure for table `migrations`
--

CREATE TABLE `migrations` (
  `id` int(10) UNSIGNED NOT NULL,
  `migration` varchar(191) COLLATE utf8mb4_unicode_ci NOT NULL,
  `batch` int(11) NOT NULL
) ENGINE=InnoDB DEFAULT CHARSET=utf8mb4 COLLATE=utf8mb4_unicode_ci;

--
-- Dumping data for table `migrations`
--

INSERT INTO `migrations` (`id`, `migration`, `batch`) VALUES
(1, '2014_10_12_000000_create_users_table', 1),
(2, '2014_10_12_100000_create_password_resets_table', 1),
(21, '2019_09_30_172409_create_blogs_table', 2),
(22, '2019_09_30_174423_create_galleries_table', 3),
(23, '2019_09_30_174517_create_gallery_images_table', 3),
(24, '2019_09_30_184053_create_abouts_table', 4),
(25, '2019_09_30_185541_create_medias_table', 5),
(26, '2019_09_30_191100_create_boards_table', 6),
(27, '2019_09_30_191821_create_board_members_table', 7),
(28, '2019_09_30_193638_create_natural_casings_table', 8),
(29, '2019_09_30_195346_create_i_s_w_gs_table', 9),
(30, '2019_09_30_200838_create_i_c_t_rs_table', 10),
(31, '2019_09_30_201329_create_i_c_t_r_members_table', 11),
(32, '2019_09_30_202153_create_i_c_t_r_accomplichments_table', 12),
(33, '2019_09_30_202738_create_i_c_t_r_certificates_table', 13),
(34, '2019_09_30_211108_create_how_to_joins_table', 14),
(35, '2019_09_30_211620_create_membership_benefits_table', 15),
(36, '2019_09_30_212145_create_in_memory_ofs_table', 16),
(37, '2019_10_01_130256_create_insca_events_table', 17),
(38, '2019_10_01_131550_create_meetings_table', 18),
(39, '2019_10_01_132754_create_meeting_files_table', 19),
(40, '2019_10_01_140229_create_settings_table', 20),
(41, '2019_10_01_144023_create_sliders_table', 21),
(42, '2019_10_01_172208_create_iswg_members_table', 22),
(44, '2020_04_15_174416_create_about_translations_table', 23),
(45, '2020_04_15_192409_create_slider_translations_table', 24),
(46, '2020_04_15_201256_create_board_translations_table', 25),
(47, '2020_04_15_204042_create_board_memebr_translations_table', 26),
(48, '2020_04_15_214040_create_media_translations_table', 27),
(49, '2020_04_16_144439_create_natural_casing_translations_table', 28),
(50, '2020_04_16_145307_create_i_s_w_g_translations_table', 29),
(52, '2020_04_16_150129_create_iswg_member_translations_table', 30),
(53, '2020_04_16_153342_create_i_c_t_r_translations_table', 31),
(54, '2020_04_16_154238_create_i_c_t_r_member_translations_table', 32),
(55, '2020_04_16_161221_create_i_c_t_r_accomplishment_translations_table', 33),
(56, '2020_04_16_174320_create_i_c_t_r_certificate_translations_table', 34),
(57, '2020_04_16_180715_create_how_to_join_translations_table', 35),
(58, '2020_04_16_181459_create_membership_benefit_translations_table', 36),
(59, '2020_04_16_182813_create_in_memory_of_translations_table', 37),
(60, '2020_04_16_190115_create_insca_event_translations_table', 38),
(61, '2020_04_16_191306_create_meeting_translations_table', 39),
(62, '2020_04_16_192135_create_meeting_file_translations_table', 40),
(63, '2020_04_16_195426_create_blog_translations_table', 41),
(64, '2020_04_16_200346_create_gallery_translations_table', 42),
(65, '2020_04_17_120839_create_company_members_table', 43),
(67, '2020_04_26_202924_create_downloads_table', 44),
(68, '2020_04_26_203007_create_download_translations_table', 44),
(69, '2020_04_26_220708_create_newsletters_table', 45),
(70, '2020_04_26_220714_create_newsletter_translations_table', 45),
(71, '2020_04_26_222802_create_announcements_table', 46),
(72, '2020_04_26_222811_create_announcement_translations_table', 46),
(73, '2020_04_26_224758_create_videos_table', 47),
(74, '2020_04_27_184300_create_trades_table', 48),
(75, '2020_04_27_184310_create_trade_translations_table', 48),
(76, '2020_04_27_185406_create_researches_table', 49),
(77, '2020_04_27_185414_create_research_translates_table', 49);

-- --------------------------------------------------------

--
-- Table structure for table `natural_casings`
--

CREATE TABLE `natural_casings` (
  `id` int(10) UNSIGNED NOT NULL,
  `brochure` varchar(191) COLLATE utf8mb4_unicode_ci NOT NULL,
  `created_at` timestamp NULL DEFAULT NULL,
  `updated_at` timestamp NULL DEFAULT NULL ON UPDATE CURRENT_TIMESTAMP
) ENGINE=InnoDB DEFAULT CHARSET=utf8mb4 COLLATE=utf8mb4_unicode_ci;

--
-- Dumping data for table `natural_casings`
--

INSERT INTO `natural_casings` (`id`, `brochure`, `created_at`, `updated_at`) VALUES
(1, 'HXB7vfkEwCBKLlC9XYeNLxKMIzFqfwWAyo9mmgBq.pdf', '2019-09-30 19:38:01', '2020-04-24 16:38:32');

-- --------------------------------------------------------

--
-- Table structure for table `natural_casing_translations`
--

CREATE TABLE `natural_casing_translations` (
  `id` bigint(20) UNSIGNED NOT NULL,
  `description` text COLLATE utf8mb4_unicode_ci NOT NULL,
  `natural_casing_id` int(10) UNSIGNED NOT NULL,
  `locale` varchar(191) COLLATE utf8mb4_unicode_ci NOT NULL,
  `created_at` timestamp NULL DEFAULT CURRENT_TIMESTAMP,
  `updated_at` timestamp NULL DEFAULT CURRENT_TIMESTAMP ON UPDATE CURRENT_TIMESTAMP
) ENGINE=InnoDB DEFAULT CHARSET=utf8mb4 COLLATE=utf8mb4_unicode_ci;

--
-- Dumping data for table `natural_casing_translations`
--

INSERT INTO `natural_casing_translations` (`id`, `description`, `natural_casing_id`, `locale`, `created_at`, `updated_at`) VALUES
(1, '<p><span style=\"font-size: 24pt;\">NATURAL CASINGS</span></p>\r\n<p class=\"info-text wow fadeInUp\">For more than 2.000 years the natural casings are used as a sausage envelope.</p>\r\n<p class=\"info-text wow fadeInUp\">This used to be the first way to preserve meat, by cutting and salting it and ripen it in a natural casing.</p>\r\n<p class=\"info-text wow fadeInUp\">The method was primarily developed and refined in monasteries</p>', 1, 'en', '2020-04-16 14:46:28', '2020-07-21 14:40:47'),
(2, '<p><span style=\"font-size: 18pt;\"><span style=\"font-size: 24pt;\">BOYAUX</span> <span style=\"font-size: 24pt;\">NATURELS</span></span></p>\r\n<div class=\"jhH5U\">\r\n<div id=\"tw-ob\" class=\"tw-src-ltr\">\r\n<div class=\"oSioSc\">\r\n<div id=\"tw-target\">\r\n<div id=\"kAz1tf\" class=\"g9WsWb\">\r\n<div id=\"tw-target-text-container\" class=\"tw-ta-container hide-focus-ring tw-nfl\" tabindex=\"0\">\r\n<p>Depuis plus de 2000 ans, les boyaux naturels sont utilis&eacute;s comme enveloppe de saucisse.</p>\r\n<p>C\'&eacute;tait la premi&egrave;re fa&ccedil;on de conserver la viande, en coupant, en salant et en faisant m&ucirc;rir dans le boyau naturel.</p>\r\n<p>La m&eacute;thode a &eacute;t&eacute; principalement d&eacute;velopp&eacute;e et affin&eacute;e dans les monast&egrave;res.</p>\r\n</div>\r\n<div id=\"tw-target-rmn-container\" class=\"tw-ta-container hide-focus-ring tw-nfl\">\r\n<pre id=\"tw-target-rmn\" class=\"tw-data-placeholder tw-text-small tw-ta\" dir=\"ltr\" data-placeholder=\"\">&nbsp;</pre>\r\n</div>\r\n</div>\r\n</div>\r\n</div>\r\n</div>\r\n</div>', 1, 'fr', '2020-04-16 14:46:28', '2020-07-21 14:43:03'),
(3, '<p><span style=\"font-size: 24pt;\">TRIPAS NATURALES</span></p>\r\n<p>Durante m&aacute;s de 2.000 a&ntilde;os las tripas naturales se utilizan como envoltura de salchichas.</p>\r\n<p>Esta sol&iacute;a ser la primera forma de conservar la carne, cort&aacute;ndola y sal&aacute;ndola y madur&aacute;ndola en una tripa natural.</p>\r\n<p>El m&eacute;todo fue desarrollado y refinado principalmente en los monasterios</p>\r\n<pre id=\"tw-target-text\" class=\"tw-data-text tw-text-large tw-ta\" dir=\"ltr\" data-placeholder=\"Translation\">&nbsp;</pre>', 1, 'es', '2020-04-16 14:46:28', '2020-07-21 14:40:47'),
(4, '<p><span style=\"font-size: 24pt;\">NATURD&Auml;RME</span></p>\r\n<p>Seit &uuml;ber 2.000 Jahren finden Naturd&auml;rme Anwendung als Wursth&uuml;lle.</p>\r\n<p>Dies war die erste Art Fleisch haltbar zu machen, indem das Fleisch geschnitten, gesalzen und im Naturdarm gereift wurde.</p>\r\n<p>Diese Methode wurde im Wesentlichen von Kl&ouml;stern erfunden und weiterentwickelt.</p>', 1, 'gr', '2020-04-16 14:46:28', '2020-07-21 14:43:03'),
(5, '<p><span style=\"font-size: 24pt;\">天然肠衣</span></p>\r\n<p>将天然肠衣作为香肠的包装物已经有2000多年了。</p>\r\n<p>把肉切好，用盐腌制，然后放入天然肠衣里面熟透，曾经是第一种保存肉类的方法。</p>\r\n<p>这种方法最初是在修道院发展和完善的。</p>', 1, 'ch', '2020-04-16 14:46:28', '2020-07-21 14:44:02');

-- --------------------------------------------------------

--
-- Table structure for table `natural_safe_translations`
--

CREATE TABLE `natural_safe_translations` (
  `id` bigint(20) UNSIGNED NOT NULL,
  `description` text COLLATE utf8mb4_unicode_ci NOT NULL,
  `natural_safe_id` bigint(20) UNSIGNED NOT NULL,
  `locale` varchar(191) COLLATE utf8mb4_unicode_ci NOT NULL,
  `created_at` timestamp NULL DEFAULT NULL,
  `updated_at` timestamp NULL DEFAULT NULL
) ENGINE=InnoDB DEFAULT CHARSET=utf8mb4 COLLATE=utf8mb4_unicode_ci;

--
-- Dumping data for table `natural_safe_translations`
--

INSERT INTO `natural_safe_translations` (`id`, `description`, `natural_safe_id`, `locale`, `created_at`, `updated_at`) VALUES
(1, '<p>&nbsp;</p>\r\n<p class=\"info-text wow fadeInUp\">Natural casings, produced from the intestinal tract of farmed animals, share a closely linked history with sausage production, dating back several thousand years (Reference article JJW FLWI 2013). Due to this important link with one of the world&rsquo;s most recognizable foodstuffs, sausages in any shape or form, much attention is paid to ensure product quality and food safety. Not just for consumers, but also for animal populations around the world, as casings are being traded and used globally and requirements must be put in place to prevent animal diseases from spreading through products of animal origin. Like fresh meat and meat products, natural casings should be produced from animals fit for human consumption and effective hygiene requirements implemented to avoid any unwanted contamination. The salting of natural casings may seem an ancient preservation technique in this modern world but when done correctly, can still be considered the most robust and effective method to produce a safe, high quality product. To underline the efficacy of salting of natural casings for bacterial inactivation, various studies have been commissioned over the years by INSCA-ISWG, resulting in different scientific papers. Incorporating these studies into the application of the Hazard Analysis Critical Control Point (HACCP) principles in Standard Operating Procedures (SOPs) in the international casing industry, has led to transparent production methods and improved quality standards, which have subsequently received approval by various Competent Authorities</p>\r\n<p class=\"info-text wow fadeInUp\"><a href=\"http://www.ensca.eu/index.php?/eng/content/download/2936/22121/file/ENSCA%20cGGP%20revision%20VIII%2018-06-19.pdf\" target=\"_blank\" rel=\"noopener\">ENSCA CGGP</a></p>\r\n<p>Correct implementation of these HACCP-based procedures allow for safe and sound natural casings with the required product traceability and providing sausage makers with a quality product they require for their sausages and consumer satisfaction. Next to food safety / public health, much attention has been paid to animal health and natural casings. To this effect, the International Scientific Working Group of INSCA has partnered with various well-reputed research institutes to study the efficacy of salting and storage conditions for the inactivation of certain unwanted animal.</p>\r\n<p>diseases that may spread via natural casings if left unattended&nbsp;<a href=\"https://www.wur.nl/en/article/Safety-of-animal-products.htm\" target=\"_blank\" rel=\"noopener\">Showcase WBVR</a>. These efforts have led to a sound scientific database, here on this website and the adoption of several articles in the OIE Terrestrial Animal Health Code on the inactivation of for example foot and mouth disease and African swine fever in properly cleaned and salted casings <a href=\"https://documentcloud.adobe.com/link/track?uri=urn:aaid:scds:US:d7eb677f-6de7-4b8a-a552-68a44d7b3fe2\" target=\"_blank\" rel=\"noopener\">OIE Bulletin Panorama PPP 2019-3</a>&nbsp;</p>\r\n<p>&nbsp;</p>', 1, 'en', NULL, '2020-07-01 22:51:38'),
(2, '<p>Les boyaux naturels, produits &agrave; partir des intestins d\'animaux d\'&eacute;levage, partagent une histoire &eacute;troitement li&eacute;e &agrave; la production de saucisses, datant de plusieurs milliers d\'ann&eacute;es (article de r&eacute;f&eacute;rence JJW FLWI 2013).</p>\r\n<p>&nbsp;En raison de ce lien important avec l\'une des denr&eacute;es alimentaires les plus reconnaissables au monde, les saucisses sous toutes leurs formes, une grande attention est accord&eacute;e &agrave; la qualit&eacute; des produits et &agrave; la s&eacute;curit&eacute; alimentaire. Non seulement pour les consommateurs, mais aussi pour les populations animales du monde entier, car les boyaux sont commercialis&eacute;s et utilis&eacute;s dans le monde entier et des exigences doivent &ecirc;tre mises en place pour emp&ecirc;cher les maladies animales de se propager &agrave; travers des produits d\'origine animale. Comme la viande fraiche et les produits carn&eacute;s, les boyaux naturels doivent &ecirc;tre produits &agrave; partir d\'animaux propres &agrave; la consommation humaine et des exigences d\'hygi&egrave;ne efficaces sont mises en place pour &eacute;viter toute contamination ind&eacute;sirable. Le salage des boyaux naturels peut sembler une technique de conservation ancienne dans ce monde moderne, mais lorsqu\'il est effectu&eacute; correctement, il peut toujours &ecirc;tre consid&eacute;r&eacute; comme la m&eacute;thode la plus robuste et la plus efficace pour produire un produit s&ucirc;r et de haute qualit&eacute;. Pour souligner l\'efficacit&eacute; du salage des boyaux naturels pour l\'inactivation bact&eacute;rienne, diverses &eacute;tudes ont &eacute;t&eacute; command&eacute;es au fil des ans par INSCA et ISWG, donnant lieu &agrave; diff&eacute;rents articles scientifiques. L\'int&eacute;gration de ces &eacute;tudes dans l\'application des principes HACCP (Hazard Analysis Critical Control Point) dans les modes op&eacute;ratoires normalis&eacute;s (SOP) dans l\'industrie internationale du tubage a conduit &agrave; des m&eacute;thodes de production transparentes et &agrave; des normes de qualit&eacute; am&eacute;lior&eacute;es, qui ont par la suite &eacute;t&eacute; approuv&eacute;es par diverses autorit&eacute;s comp&eacute;tentes.</p>\r\n<p>&nbsp;</p>\r\n<table style=\"height: 96px;\" width=\"916\">\r\n<tbody>\r\n<tr>\r\n<td style=\"width: 911.035px;\">\r\n<p><u>ENSCA CGGP</u></p>\r\n</td>\r\n</tr>\r\n</tbody>\r\n</table>\r\n<p>&nbsp;</p>\r\n<p>La mise en &oelig;uvre correcte de ces proc&eacute;dures bas&eacute;es sur HACCP permet aux boyaux naturels d&rsquo;&ecirc;tre s&ucirc;rs et sains avec la tra&ccedil;abilit&eacute; requise du produit qui fournit aux fabricants de saucisses un produit de qualit&eacute; dont ils ont besoin pour leurs saucisses et la satisfaction du consommateur. Outre la s&eacute;curit&eacute; sanitaire des aliments et la sant&eacute; publique, une grande attention a &eacute;t&eacute; accord&eacute;e &agrave; la sant&eacute; animale et aux boyaux naturels. &Agrave; cet effet, l&rsquo;ISWG le Groupe de travail scientifique international de l\'INSCA s\'est associ&eacute; &agrave; divers instituts de recherche r&eacute;put&eacute;s pour &eacute;tudier l\'efficacit&eacute; des conditions de salage et de stockage pour l\'inactivation de certains animaux ind&eacute;sirables.</p>\r\n<p>&nbsp;Les maladies qui peuvent se propager via les boyaux naturels si elles ne sont pas surveill&eacute;es.</p>\r\n<table>\r\n<tbody>\r\n<tr>\r\n<td width=\"132\">\r\n<p><u>Showcase WBVR</u></p>\r\n</td>\r\n</tr>\r\n</tbody>\r\n</table>\r\n<p>&nbsp;Ces efforts ont conduit &agrave; une base de donn&eacute;es scientifique solide, ici sur ce site Web et par l\'adoption de plusieurs articles du Code sanitaire pour les animaux terrestres de l\'OIE sur l\'inactivation, par exemple, de la fi&egrave;vre aphteuse et de la peste porcine africaine dans des boyaux correctement nettoy&eacute;s et sal&eacute;s.</p>\r\n<table>\r\n<tbody>\r\n<tr>\r\n<td width=\"283\">\r\n<p><u>Bulletin de l\'OIE Panorama PPP 2019-3</u></p>\r\n</td>\r\n</tr>\r\n</tbody>\r\n</table>', 1, 'fr', NULL, '2020-07-21 14:53:29'),
(3, '<p>Las tripas naturales, producidas a partir del tracto intestinal de animales de granja, comparten una historia estrechamente vinculada con la producci&oacute;n de salchichas, que se remonta a varios miles de a&ntilde;os (Art&iacute;culo de referencia JJW FLWI 2013). Debido a este importante v&iacute;nculo con uno de los productos alimenticios m&aacute;s reconocidos del mundo, las salchichas de cualquier forma, se presta mucha atenci&oacute;n a garantizar la calidad del producto y la seguridad alimentaria. No s&oacute;lo para los consumidores, sino tambi&eacute;n para las poblaciones animales de todo el mundo, ya que las tripas se comercializan y utilizan en todo el mundo y es necesario establecer requisitos para evitar que las enfermedades animales se propaguen a trav&eacute;s de los productos de origen animal. Como las tripas frescas carne y productos c&aacute;rnicos, las tripas naturales deben producirse a partir de animales aptos para el consumo humano y se deben aplicar requisitos de higiene eficaces para evitar cualquier contaminaci&oacute;n no deseada. El salaz&oacute;n de las tripas naturales puede parecer una t&eacute;cnica de conservaci&oacute;n antigua en este mundo moderno, pero cuando se hace correctamente, todav&iacute;a puede considerarse el m&eacute;todo m&aacute;s robusto y eficaz para producir un producto seguro y de alta calidad. Para subrayar la eficacia del salaz&oacute;n de las tripas naturales para la inactivaci&oacute;n bacteriana, el INSCA-ISWG ha encargado a lo largo de los a&ntilde;os diversos estudios que han dado lugar a diferentes documentos cient&iacute;ficos. La incorporaci&oacute;n de esos estudios a la aplicaci&oacute;n de los principios del An&aacute;lisis de Riesgos y Puntos Cr&iacute;ticos de Control (HACCP) en los Procedimientos Operativos Est&aacute;ndar (PON) de la industria internacional de las tripas, ha dado lugar a m&eacute;todos de producci&oacute;n transparentes y a la mejora de las normas de calidad, que posteriormente han recibido la aprobaci&oacute;n de diversas autoridades competentes</p>\r\n<p><strong>ENSCA CGGP</strong></p>\r\n<p>La aplicaci&oacute;n correcta de estos procedimientos basados en el sistema HACCP permite obtener tripas naturales inocuas y sanas con la necesaria trazabilidad del producto y proporcionar a los fabricantes de salchichas un producto de calidad que necesitan para sus salchichas y la satisfacci&oacute;n de los consumidores. Adem&aacute;s de la seguridad alimentaria/salud p&uacute;blica, se ha prestado mucha atenci&oacute;n a la salud animal y a las tripas naturales. A tal efecto, el Grupo de Trabajo Cient&iacute;fico Internacional del INSCA se ha asociado con varios institutos de investigaci&oacute;n de renombre para estudiar la eficacia de las condiciones de salaz&oacute;n y almacenamiento para la inactivaci&oacute;n de ciertos animales no deseados.</p>\r\n<p>Enfermedades que pueden propagarse a trav&eacute;s de las tripas naturales si se dejan desatendidas <strong>Vitrina WBVR.</strong> Estos esfuerzos han dado lugar a una s&oacute;lida base de datos cient&iacute;ficos, aqu&iacute; en este sitio web y a la adopci&oacute;n de varios art&iacute;culos del C&oacute;digo Sanitario para los Animales Terrestres de la OIE sobre la inactivaci&oacute;n de, por ejemplo, la fiebre aftosa y la peste porcina africana en tripas debidamente limpias y saladas Bolet&iacute;n de la <strong>OIE Panorama PPP 2019-3</strong></p>\r\n<p>&nbsp;</p>', 1, 'es', NULL, '2020-07-21 14:52:58'),
(4, '<p>Naturd&auml;rme, welche aus dem Darmtrakt von Nutztieren gewonnen werden, sind stark mit der Geschichte der Wurstproduktion verkn&uuml;pft, und liegen mehrere tausend Jahre zur&uuml;ck (Referenzartikel JJW FLWI 2013). Aufgrund dieser wichtigen Verkn&uuml;pfung mit einem der wichtigsten Lebensmittel, der Wurst in jeglicher Form und Gr&ouml;&szlig;e, wird gr&ouml;&szlig;te Aufmerksamkeit auf die Sicherung von Produktqualit&auml;t und Lebensmittelsicherheit gelegt. Nicht nur f&uuml;r die Konsumenten, sondern auch f&uuml;r die weltweiten Viehbest&auml;nde, da D&auml;rme global gehandelt und verwendet werden und hier auch die entsprechenden Voraussetzungen erf&uuml;llt sein m&uuml;ssen um die Ausbreitung von Tierkrankheiten durch Waren tierischen Ursprungs zu vermeiden. Genau wie Frischfleisch und Fleischprodukte, sollten auch Naturd&auml;rme von Tieren gewonnen werden welche f&uuml;r den menschlichen Verzehr geeignet sind und es m&uuml;ssen effektive Hygienevoraussetzungen geschaffen werden um eine ungewollte Kontamination zu verhindern. Das Einsalzen von Naturd&auml;rmen erscheint in unsere modernen Zeiten vielleicht wie eine urzeitliche Konservierungspraktik, ist bei richtiger Anwendung aber immer noch die effektivste Methode ein sicheres und hochqualitatives Produkt zu produzieren. Um die Effizienz des Einsalzens f&uuml;r die Inaktivierung von Bakterien zu unterstreichen, wurde eine Vielzahl von Studien durch die INSCA-ISWG in Auftrag gegeben, welche in verschiedenen Wissenschaftsmagazinen erschienen sind.</p>\r\n<p>Unter Einbeziehung dieser Studien in die Gefahrenanalyse und die &Uuml;berwachung der Kritischen Kontrollpunkte (HACCP-Konzept) bei Verfahrensanweisungen (SOPs) in der internationalen Naturdarmindustrie, f&uuml;hrten diese zu transparenten Produktionsverfahren und erh&ouml;hten die Qualit&auml;tsstandards, welche anschlie&szlig;end von diversen zust&auml;ndigen Beh&ouml;rden anerkannt wurden.</p>\r\n<p><a href=\"http://www.ensca.eu/index.php?/eng/content/download/2936/22121/file/ENSCA%20cGGP%20revision%20VIII%2018-06-19.pdf\">ENSCA CGGP</a></p>\r\n<p>Correct implementation of these HACCP-based procedures allow for safe and sound natural casings with the required product traceability and providing sausage makers with a quality product they require for their sausages and consumer satisfaction. Next to food safety / public health, much attention has been paid to animal health and natural casings. To this effect, the International Scientific Working Group of INSCA has partnered with various well-reputed research institutes to study the efficacy of salting and storage conditions for the inactivation of certain unwanted animal.</p>\r\n<p>diseases that may spread via natural casings if left unattended&nbsp;<a href=\"https://www.wur.nl/en/article/Safety-of-animal-products.htm\">Showcase WBVR</a>. These efforts have led to a sound scientific database, here on this website and the adoption of several articles in the OIE Terrestrial Animal Health Code on the inactivation of for example foot and mouth disease and African swine fever in properly cleaned and salted casings <a href=\"https://mail-attachment.googleusercontent.com/attachment/u/1/?ui=2&amp;ik=234586dba5&amp;attid=0.1&amp;permmsgid=msg-f:1667023097896945751&amp;th=172274acde84c857&amp;view=att&amp;disp=inline&amp;realattid=f_kacc45zx2&amp;saddbat=ANGjdJ-Y8OqxtJtVaPPNca8n6zbyBbupFy7nQLSmGhiXTS3kt8Z9Jt7xpNsRfAmZPbkdvfMSWDXf3RnNDRVq5zNxFBUHPXOkgbCDr7Fa3U5QD9Bw-4UOH2Hv4e1SNjrTigwXmds2S_2WpugpXLQ2RSrWGeE7G-FKFHb-3_XjMxoF9WEKBce4q4rgY_IZKTi6ksYDtgMhm6qQYT9526Mn-Ivp_rFbvWXONIzTg8HLZkKpowwY42BlLY4UVTasQoLOuZcOt5iRbJ29vJKxsE6jNu3sMMhlXCHmhPoqKlPogenJTq56ENMMev1XGyobWoEK7kNgm0fb9VJU8FiCMk6KjBS70xsOYn1GeBlPRq-glwjjfuflXDebkdSz83P6ZUQILVD3cNftS37lcymhkCNAyS-7grDZ2kHW65ylRYd_6oseL3BOvfAnoNpw74oAv8WzTF-k1YUD2Ikd498NYyMm5-q16xwdraQHvhnfbLAbtSpkbLpfXdK-Bjcju5VBOCiUBHV2d9nsQ6qJ8egVzCITjvZPsMhMgmQm75EvjLmV_PPU81XWHRi78N9FaEpl6YJ4JESU2OpQnsYdf83veLBarTPXxhjcWmGUxfYoLsmQJR9Vbp82t6czv0OfbNQeit3If9BpNHCawfs8q51u-4kd3rY3XZuvJx34rRS9Ufa8gryVQpwww4BYVObQOGHmH-s\">OIE Bulletin Panorama PPP 2019-3</a>&nbsp;</p>', 1, 'gr', NULL, '2020-07-21 14:53:29'),
(5, '<p>天然肠衣来自于养殖动物的肠道，与香肠生产有着密切的历史联系，这可以追溯到几千年前(参考文章JJW FLWI 2013)。由于天然肠衣与作为世界上最知名食品之一的香肠的紧密关系，无论其形状或形式如何，都非常重视确保产品质量和食品安全。不仅要确保消费者的安全，而且还要确保世界各地动物种群的安全，因为肠衣是在全球范围内交易和使用的，必须制定要求以防止通过动物源性产品传播动物疾病。就像新鲜肉类和肉制品一样，</p>\r\n<p>天然肠衣应由适合供人类消费的动物生产，并实施有效的卫生要求，以避免任何不必要的污染。在当今世界，对天然肠衣进行腌制似乎是一种古老的保存技术，但如果处理得当，这仍可被认为是生产安全、高质量产品最可靠和有效的方法。为了强调盐腌天然肠衣对细菌灭活的功效，多年来国协国际科学工作组委托进行了各种研究，发表了不同的科学论文，并将这些研究应用到了国际天然肠衣行业《危害分析与关键控制点(HACCP)》原理的《标准操作规程(SOPs)》中，使得生产方法变得透明，质量标准得到改善，并得到了各主管当局的认可。</p>\r\n<p><a href=\"http://www.ensca.eu/index.php?/eng/content/download/2936/22121/file/ENSCA%20cGGP%20revision%20VIII%2018-06-19.pdf\">欧洲天然肠衣协会良好操作共同体指南</a></p>\r\n<p>正确执行这些基于HACCP的程序，可以保证产品的可追溯性，保证天然肠衣的安全可靠，并为香肠制造商提供满足其香肠和消费者需求的高质量产品。除了食品安全/公共卫生之外，动物健康和天然肠衣也受到了高度关注。为此，国协国际科学工作组已与各著名研究机构合作，研究盐渍和储存条件的有效性，以灭活某些如果不做处理可能会通过天然肠衣传播的动物疾病<a href=\"https://www.wur.nl/en/article/Safety-of-animal-products.htm\">例如瓦赫宁根生物兽医研究所</a>。这些努力丰富了科学数据库,这个网站以及世界动物卫生组织(OIE)《陆生动物卫生法典》中收录的关于充分刮制并腌制的肠衣中比如口蹄疫和非洲猪瘟的灭活的几篇文章<a href=\"https://mail-attachment.googleusercontent.com/attachment/u/1/?ui=2&amp;ik=234586dba5&amp;attid=0.1&amp;permmsgid=msg-f:1667023097896945751&amp;th=172274acde84c857&amp;view=att&amp;disp=inline&amp;realattid=f_kacc45zx2&amp;saddbat=ANGjdJ-Y8OqxtJtVaPPNca8n6zbyBbupFy7nQLSmGhiXTS3kt8Z9Jt7xpNsRfAmZPbkdvfMSWDXf3RnNDRVq5zNxFBUHPXOkgbCDr7Fa3U5QD9Bw-4UOH2Hv4e1SNjrTigwXmds2S_2WpugpXLQ2RSrWGeE7G-FKFHb-3_XjMxoF9WEKBce4q4rgY_IZKTi6ksYDtgMhm6qQYT9526Mn-Ivp_rFbvWXONIzTg8HLZkKpowwY42BlLY4UVTasQoLOuZcOt5iRbJ29vJKxsE6jNu3sMMhlXCHmhPoqKlPogenJTq56ENMMev1XGyobWoEK7kNgm0fb9VJU8FiCMk6KjBS70xsOYn1GeBlPRq-glwjjfuflXDebkdSz83P6ZUQILVD3cNftS37lcymhkCNAyS-7grDZ2kHW65ylRYd_6oseL3BOvfAnoNpw74oAv8WzTF-k1YUD2Ikd498NYyMm5-q16xwdraQHvhnfbLAbtSpkbLpfXdK-Bjcju5VBOCiUBHV2d9nsQ6qJ8egVzCITjvZPsMhMgmQm75EvjLmV_PPU81XWHRi78N9FaEpl6YJ4JESU2OpQnsYdf83veLBarTPXxhjcWmGUxfYoLsmQJR9Vbp82t6czv0OfbNQeit3If9BpNHCawfs8q51u-4kd3rY3XZuvJx34rRS9Ufa8gryVQpwww4BYVObQOGHmH-s\">OIE公告全览 PPP2019-3</a></p>', 1, 'ch', NULL, '2020-07-21 14:55:17');

-- --------------------------------------------------------

--
-- Table structure for table `natural_saves`
--

CREATE TABLE `natural_saves` (
  `id` bigint(20) UNSIGNED NOT NULL,
  `created_at` timestamp NULL DEFAULT NULL,
  `updated_at` timestamp NULL DEFAULT NULL
) ENGINE=InnoDB DEFAULT CHARSET=utf8mb4 COLLATE=utf8mb4_unicode_ci;

--
-- Dumping data for table `natural_saves`
--

INSERT INTO `natural_saves` (`id`, `created_at`, `updated_at`) VALUES
(1, NULL, NULL);

-- --------------------------------------------------------

--
-- Table structure for table `newsletters`
--

CREATE TABLE `newsletters` (
  `id` bigint(20) UNSIGNED NOT NULL,
  `brochure` varchar(191) COLLATE utf8mb4_unicode_ci NOT NULL,
  `created_at` timestamp NULL DEFAULT CURRENT_TIMESTAMP,
  `updated_at` timestamp NULL DEFAULT CURRENT_TIMESTAMP ON UPDATE CURRENT_TIMESTAMP
) ENGINE=InnoDB DEFAULT CHARSET=utf8mb4 COLLATE=utf8mb4_unicode_ci;

--
-- Dumping data for table `newsletters`
--

INSERT INTO `newsletters` (`id`, `brochure`, `created_at`, `updated_at`) VALUES
(1, 'lPSaSIUmhHkZVTOPNrtVxQUEgjf5OHxd8DgFvT2C.pdf', '2020-04-26 20:23:00', '2020-04-26 20:23:00'),
(2, 'RM5UplAzg134Iz3rG0wJgNSayj1UtX6DzRmIBnOk.pdf', '2020-04-26 20:23:21', '2020-04-26 20:23:21'),
(3, 'YPQ7idinuEGk48smNInflDhquyJVGlGp5tctPEmJ.pdf', '2020-04-26 20:23:38', '2020-04-26 20:23:38'),
(4, '3jSdps9xgM9EYsoSeaWUUoye6dApA1eh40ptyzeD.pdf', '2020-04-26 20:23:56', '2020-04-26 20:23:56'),
(5, 'XABeCr6oy83sxMaJsRzVdHMkRcR6fFBc0Zppbrzb.pdf', '2021-03-22 15:18:05', '2021-03-22 15:18:05');

-- --------------------------------------------------------

--
-- Table structure for table `newsletter_translations`
--

CREATE TABLE `newsletter_translations` (
  `id` bigint(20) UNSIGNED NOT NULL,
  `title` varchar(191) COLLATE utf8mb4_unicode_ci NOT NULL,
  `newsletter_id` bigint(20) UNSIGNED NOT NULL,
  `locale` varchar(191) COLLATE utf8mb4_unicode_ci NOT NULL,
  `created_at` timestamp NULL DEFAULT CURRENT_TIMESTAMP,
  `updated_at` timestamp NULL DEFAULT CURRENT_TIMESTAMP ON UPDATE CURRENT_TIMESTAMP
) ENGINE=InnoDB DEFAULT CHARSET=utf8mb4 COLLATE=utf8mb4_unicode_ci;

--
-- Dumping data for table `newsletter_translations`
--

INSERT INTO `newsletter_translations` (`id`, `title`, `newsletter_id`, `locale`, `created_at`, `updated_at`) VALUES
(1, 'Newsletter Q1 2018', 1, 'en', '2020-04-26 20:23:00', '2020-04-26 20:23:00'),
(2, 'Newsletter Q1 2018', 1, 'fr', '2020-04-26 20:23:00', '2020-04-26 20:23:00'),
(3, 'Newsletter Q1 2018', 1, 'es', '2020-04-26 20:23:00', '2020-04-26 20:23:00'),
(4, 'Newsletter Q1 2018', 1, 'gr', '2020-04-26 20:23:00', '2020-04-26 20:23:00'),
(5, 'Newsletter Q1 2018', 1, 'ch', '2020-04-26 20:23:00', '2020-04-26 20:23:00'),
(6, 'The Natural Link - 2Q 2018', 2, 'en', '2020-04-26 20:23:21', '2020-04-26 20:23:21'),
(7, 'The Natural Link - 2Q 2018', 2, 'fr', '2020-04-26 20:23:22', '2020-04-26 20:23:22'),
(8, 'The Natural Link - 2Q 2018', 2, 'es', '2020-04-26 20:23:22', '2020-04-26 20:23:22'),
(9, 'The Natural Link - 2Q 2018', 2, 'gr', '2020-04-26 20:23:22', '2020-04-26 20:23:22'),
(10, 'The Natural Link - 2Q 2018', 2, 'ch', '2020-04-26 20:23:22', '2020-04-26 20:23:22'),
(11, 'The Natural Link - 3Q 2018', 3, 'en', '2020-04-26 20:23:39', '2020-04-26 20:23:39'),
(12, 'The Natural Link - 3Q 2018', 3, 'fr', '2020-04-26 20:23:39', '2020-04-26 20:23:39'),
(13, 'The Natural Link - 3Q 2018', 3, 'es', '2020-04-26 20:23:39', '2020-04-26 20:23:39'),
(14, 'The Natural Link - 3Q 2018', 3, 'gr', '2020-04-26 20:23:39', '2020-04-26 20:23:39'),
(15, 'The Natural Link - 3Q 2018', 3, 'ch', '2020-04-26 20:23:39', '2020-04-26 20:23:39'),
(16, 'The Natural Link- Dec 2019', 4, 'en', '2020-04-26 20:23:56', '2020-04-26 20:23:56'),
(17, 'The Natural Link- Dec 2019', 4, 'fr', '2020-04-26 20:23:57', '2020-04-26 20:23:57'),
(18, 'The Natural Link- Dec 2019', 4, 'es', '2020-04-26 20:23:57', '2020-04-26 20:23:57'),
(19, 'The Natural Link- Dec 2019', 4, 'gr', '2020-04-26 20:23:57', '2020-04-26 20:23:57'),
(20, 'The Natural Link- Dec 2019', 4, 'ch', '2020-04-26 20:23:57', '2020-04-26 20:23:57'),
(21, 'The Natural Link- July 2020', 5, 'en', '2021-03-22 15:18:05', '2021-03-22 15:18:05'),
(22, 'The Natural Link- July 2020', 5, 'fr', '2021-03-22 15:18:05', '2021-03-22 15:18:05'),
(23, 'The Natural Link- July 2020', 5, 'es', '2021-03-22 15:18:05', '2021-03-22 15:18:05'),
(24, 'The Natural Link- July 2020', 5, 'gr', '2021-03-22 15:18:06', '2021-03-22 15:18:06'),
(25, 'The Natural Link- July 2020', 5, 'ch', '2021-03-22 15:18:06', '2021-03-22 15:18:06');

-- --------------------------------------------------------

--
-- Table structure for table `password_resets`
--

CREATE TABLE `password_resets` (
  `email` varchar(191) COLLATE utf8mb4_unicode_ci NOT NULL,
  `token` varchar(191) COLLATE utf8mb4_unicode_ci NOT NULL,
  `created_at` timestamp NULL DEFAULT NULL
) ENGINE=InnoDB DEFAULT CHARSET=utf8mb4 COLLATE=utf8mb4_unicode_ci;

--
-- Dumping data for table `password_resets`
--

INSERT INTO `password_resets` (`email`, `token`, `created_at`) VALUES
('company@company.com', '$2y$10$wWvrIdJ6jp74i.qGX0X5vel8pFac08xeeNGTr7stEckx4KxP6/D0.', '2020-04-17 11:28:19'),
('anna@olotmeats.com', '$2y$10$Pt6wu5KzeubVy1X9G9ltkegVmIb8AqmV48zTV4LMGZ.r7g8QdCXtq', '2020-09-23 14:33:28'),
('barbara@lvlcorp.com', '$2y$10$Gx04QXmOJodUu8d8L1fhEuC1ddBOaMjf2f9MxvwskGAZXDtV09pcm', '2020-12-09 01:14:53'),
('b.koehnke@dohr.biz', '$2y$10$5HCmf7OPgJO/0u7jkMqOueAwIPg7aRt4szDplGW/1pxGdXZrZgNHG', '2021-02-01 14:59:25'),
('nacho@icpvc.es', '$2y$10$APgcH3SpLRRnqJWKUeHwTeIUtRxFyKcebftSHOECD9ohLqqCvZ0te', '2021-05-27 15:01:51'),
('pieter@pacific-casings.com', '$2y$10$T7BXnb3EMZiEWPGU1tUWDOHBGVyvdc3cLloAvWeRfATv98Buo/tsu', '2021-09-15 19:36:08'),
('info@doremus-fr.com', '$2y$10$2uEKx1b79R41yMmUKzoFeOp2mFXwhalAqUWLpeEefik9spQaIuex2', '2021-10-20 05:36:52'),
('ansca@ansca.org.au', '$2y$10$uFv7GSpHqZf6EfsFDZs28.TK4WTWoN6ln607.KrwMyCJ5kLhaOY2q', '2021-10-22 00:43:34'),
('elbiheiry2@gmail.com', '$2y$10$RiRi8R3CQ0cUzPMLJ28IXuPzip.MfccYwrwdtq6UQ4jYgl7vuYEzy', '2021-11-14 13:37:27'),
('tb@tripasbartolome.com', '$2y$10$q96oY0670r6amZnWHFk91O5MgE7vq7PGryhRLrk4tUGRDI5PqEmPG', '2022-01-13 09:11:25'),
('hmk@marth.de', '$2y$10$626m0V4dOj3k0GaQmQLsqevoRn9zDqAiXJnZgYz0r1Y0msML4lgHW', '2022-01-19 05:54:42'),
('heike.molkenthin@t-online.de', '$2y$10$yYg3TkWCW8ZAdpk1R/2UZOcEnxalg62kwwMxXsAqEhtsWBQ3bpQJm', '2022-01-24 15:54:01');

-- --------------------------------------------------------

--
-- Table structure for table `positions`
--

CREATE TABLE `positions` (
  `id` int(11) NOT NULL,
  `name` varchar(250) NOT NULL,
  `postion_order` int(11) DEFAULT NULL,
  `updated_at` datetime DEFAULT NULL,
  `created_at` datetime DEFAULT NULL
) ENGINE=InnoDB DEFAULT CHARSET=utf8;

--
-- Dumping data for table `positions`
--

INSERT INTO `positions` (`id`, `name`, `postion_order`, `updated_at`, `created_at`) VALUES
(1, 'Director', 3, '2016-10-27 18:13:21', '2016-10-27 18:13:21'),
(2, 'Treasurer', 4, '2016-10-27 18:13:22', '2016-10-27 18:13:22'),
(4, 'Past Chairman ', 5, '2016-10-27 18:13:22', '2016-10-27 18:13:22'),
(5, 'Vice Chairman', 2, '2016-10-27 18:13:22', '2016-10-27 18:13:22'),
(6, 'Board Representative', 3, '2016-10-27 18:13:22', '2016-10-27 18:13:22'),
(7, 'Chairman', 1, '2016-10-27 18:13:22', '2016-10-27 18:13:22'),
(8, 'Executive Director', 3, '2016-10-27 18:13:22', '2016-10-27 18:13:22'),
(9, 'Accountant', 3, '2016-10-27 18:13:22', '2016-10-27 18:13:22');

-- --------------------------------------------------------

--
-- Table structure for table `researches`
--

CREATE TABLE `researches` (
  `id` bigint(20) UNSIGNED NOT NULL,
  `created_at` timestamp NULL DEFAULT NULL,
  `updated_at` timestamp NULL DEFAULT NULL
) ENGINE=InnoDB DEFAULT CHARSET=utf8mb4 COLLATE=utf8mb4_unicode_ci;

--
-- Dumping data for table `researches`
--

INSERT INTO `researches` (`id`, `created_at`, `updated_at`) VALUES
(1, NULL, NULL);

-- --------------------------------------------------------

--
-- Table structure for table `research_translations`
--

CREATE TABLE `research_translations` (
  `id` bigint(20) UNSIGNED NOT NULL,
  `description` text COLLATE utf8mb4_unicode_ci NOT NULL,
  `research_id` bigint(20) UNSIGNED NOT NULL,
  `locale` varchar(191) COLLATE utf8mb4_unicode_ci NOT NULL,
  `created_at` timestamp NULL DEFAULT NULL,
  `updated_at` timestamp NULL DEFAULT NULL
) ENGINE=InnoDB DEFAULT CHARSET=utf8mb4 COLLATE=utf8mb4_unicode_ci;

--
-- Dumping data for table `research_translations`
--

INSERT INTO `research_translations` (`id`, `description`, `research_id`, `locale`, `created_at`, `updated_at`) VALUES
(1, '<p><img title=\"iswg.jpg\" src=\"data:image/jpeg;base64,[encoded data, 5972 characters]\" width=\"281\" height=\"69\" /></p>\r\n<h3>INTERNATIONAL SCIENTIFIC WORKING GROUP (ISWG)</h3>\r\n<p>A common characteristic of the modern consumer is this need for information about products, processes, safety issues and so much more. Consumers today will not eat something without knowing what it is made of, how, when, and where. This meant that consumers of sausages wanted to know what their sausages were made from and how.</p>', 1, 'en', NULL, '2020-04-27 19:31:30'),
(2, '<p><img title=\"iswg.jpg\" src=\"data:image/jpeg;base64,[encoded data, 5972 characters]\" width=\"281\" height=\"69\" /></p>\r\n<h3>GROUPE DE TRAVAIL SCIENTIFIQUE INTERNATIONAL (ISWG)</h3>\r\n<p>Une caract&eacute;ristique commune du consommateur moderne est ce besoin d\'informations sur les produits, les processus, les probl&egrave;mes de s&eacute;curit&eacute; et bien plus encore. Aujourd\'hui, les consommateurs ne mangeront pas quelque chose sans savoir de quoi il est fait, comment, quand et o&ugrave;. Cela signifiait que les consommateurs de saucisses voulaient savoir de quoi &eacute;taient faites leurs saucisses et comment elles sont produites</p>', 1, 'fr', NULL, '2020-07-24 00:17:18'),
(3, '<p><img title=\"iswg.jpg\" src=\"data:image/jpeg;base64,[encoded data, 5972 characters]\" width=\"281\" height=\"69\" /></p>\r\n<p><span style=\"font-size: 24pt;\">GRUPO DE TRABAJO CIENT&Iacute;FICO INTERNACIONAL (ISWG)</span></p>\r\n<p>Una caracter&iacute;stica com&uacute;n del consumidor moderno es esta necesidad de informaci&oacute;n sobre los productos, los procesos, las cuestiones de seguridad y mucho m&aacute;s. Los consumidores de hoy en d&iacute;a no comer&aacute;n algo sin saber de qu&eacute; est&aacute; hecho, c&oacute;mo, cu&aacute;ndo y d&oacute;nde. Esto significaba que los consumidores de salchichas quer&iacute;an saber de qu&eacute; estaban hechas y c&oacute;mo.</p>', 1, 'es', NULL, '2020-07-24 00:18:35'),
(4, '<p><img title=\"iswg.jpg\" src=\"data:image/jpeg;base64,[encoded data, 5972 characters]\" width=\"281\" height=\"69\" /></p>\r\n<p><span style=\"font-size: 24pt;\">INTERNATIONALE WISSENSCHAFTLICHE ARBEITSGRUPPE&nbsp;</span></p>\r\n<p>Eine allgemeine Eigenschaft des modernen Konsumenten ist das Bed&uuml;rfnis nach Informationen &uuml;ber Produkte, Prozesse, Sicherheitsfrage und so vielem mehr. Heutige Konsumenten essen nichts ohne zu wissen aus was, wo, wie und wann es gemacht wurde.</p>', 1, 'gr', NULL, '2020-07-24 00:19:52'),
(5, '<p><img title=\"iswg.jpg\" src=\"data:image/jpeg;base64,[encoded data, 5972 characters]\" width=\"281\" height=\"69\" /></p>\r\n<p><span style=\"font-size: 24pt;\">国际科学工作组(ISWG)</span></p>\r\n<p>现代消费者的一个共同特征是对产品、工艺、安全问题等信息的需求,如今的消费者不会在不知道产品是什么东西生产的、怎么生产的、在何时何地生产的情况下就去吃这个产品。这意味着香肠的消费者想要知道他们的香肠是用什么做的，怎么做的</p>', 1, 'ch', NULL, '2020-07-24 00:20:56');

-- --------------------------------------------------------

--
-- Table structure for table `resign_companies`
--

CREATE TABLE `resign_companies` (
  `id` int(11) NOT NULL,
  `company_id` int(11) NOT NULL,
  `date` date NOT NULL,
  `is_resign` tinyint(4) NOT NULL,
  `comment` varchar(250) NOT NULL
) ENGINE=InnoDB DEFAULT CHARSET=utf8;

-- --------------------------------------------------------

--
-- Table structure for table `settings`
--

CREATE TABLE `settings` (
  `id` int(10) UNSIGNED NOT NULL,
  `membership` varchar(191) COLLATE utf8mb4_unicode_ci NOT NULL,
  `address` varchar(191) COLLATE utf8mb4_unicode_ci NOT NULL,
  `phone` varchar(191) COLLATE utf8mb4_unicode_ci NOT NULL,
  `email` varchar(191) COLLATE utf8mb4_unicode_ci NOT NULL,
  `facebook` varchar(191) COLLATE utf8mb4_unicode_ci NOT NULL,
  `no_of_members` varchar(191) COLLATE utf8mb4_unicode_ci NOT NULL,
  `no_of_countries` varchar(191) COLLATE utf8mb4_unicode_ci NOT NULL,
  `no_of_years` varchar(191) COLLATE utf8mb4_unicode_ci NOT NULL,
  `map` text COLLATE utf8mb4_unicode_ci NOT NULL,
  `title` varchar(191) COLLATE utf8mb4_unicode_ci NOT NULL,
  `description` text COLLATE utf8mb4_unicode_ci NOT NULL,
  `mail_title` varchar(255) COLLATE utf8mb4_unicode_ci NOT NULL,
  `mail_description` text COLLATE utf8mb4_unicode_ci NOT NULL,
  `mail_title2` varchar(255) COLLATE utf8mb4_unicode_ci NOT NULL,
  `mail_description2` text COLLATE utf8mb4_unicode_ci NOT NULL,
  `created_at` timestamp NULL DEFAULT NULL,
  `updated_at` timestamp NULL DEFAULT NULL ON UPDATE CURRENT_TIMESTAMP
) ENGINE=InnoDB DEFAULT CHARSET=utf8mb4 COLLATE=utf8mb4_unicode_ci;

--
-- Dumping data for table `settings`
--

INSERT INTO `settings` (`id`, `membership`, `address`, `phone`, `email`, `facebook`, `no_of_members`, `no_of_countries`, `no_of_years`, `map`, `title`, `description`, `mail_title`, `mail_description`, `mail_title2`, `mail_description2`, `created_at`, `updated_at`) VALUES
(1, 'E3vkgXt9O12tEQag1DlN0I5c8rcUOjTjbRoG7cRt.pdf', '411 Horeya Rd. Roushdy, Alexandria, Egypt', '+20122-317-3612', 'insca@insca.org', 'https://www.facebook.com/naturalcasings', '192', '41', '57', 'https://www.google.com/maps/embed?pb=!1m18!1m12!1m3!1d54590.10718840276!2d29.901637933331095!3d31.22400675521374!2m3!1f0!2f0!3f0!3m2!1i1024!2i768!4f13.1!3m3!1m2!1s0x14f5c3f26558d5b5%3A0xebba6805cd2d2062!2sEl+Raml+Station!5e0!3m2!1sen!2seg!4v1519140453925', 'The International Natural Sausage Casing Association', 'INSCA is the only international association for the natural sausage casing industry. Members include producers, suppliers and brokers of natural casing products. Additional membership categories are available to manufacturers of equipment used in the processing of natural casings, general animal by-products or any casings related fields as well as for national associations representing sausage casing companies.', 'INSCA Invoice', 'Dear Member, \r\nAttached is your Membership invoice Please click on the link below to make payment. Regards,', 'INSCA receipt', 'Dear Member,  Attached is your Membership receipt Please click on the link below to make payment. Regards,', '2019-10-01 14:23:49', '2022-01-27 09:51:30');

-- --------------------------------------------------------

--
-- Table structure for table `sliders`
--

CREATE TABLE `sliders` (
  `id` int(10) UNSIGNED NOT NULL,
  `image` varchar(191) COLLATE utf8mb4_unicode_ci NOT NULL,
  `created_at` timestamp NULL DEFAULT NULL,
  `updated_at` timestamp NULL DEFAULT NULL ON UPDATE CURRENT_TIMESTAMP
) ENGINE=InnoDB DEFAULT CHARSET=utf8mb4 COLLATE=utf8mb4_unicode_ci;

--
-- Dumping data for table `sliders`
--

INSERT INTO `sliders` (`id`, `image`, `created_at`, `updated_at`) VALUES
(1, 'KrU9DD2ummqBmg82TyKeqB6EBBSMJMVMsIv8fhHB.jpeg', '2019-10-01 12:53:06', '2020-04-28 19:03:34'),
(2, 'ayxuSFW9rXpb4nSqNpubxhsjK3Cm9mSqXcB1XqqL.jpeg', '2019-10-01 12:53:25', '2020-04-26 18:34:41');

-- --------------------------------------------------------

--
-- Table structure for table `slider_translations`
--

CREATE TABLE `slider_translations` (
  `id` bigint(20) UNSIGNED NOT NULL,
  `title` varchar(191) COLLATE utf8mb4_unicode_ci NOT NULL,
  `title2` varchar(191) COLLATE utf8mb4_unicode_ci NOT NULL,
  `description` text COLLATE utf8mb4_unicode_ci NOT NULL,
  `slider_id` int(10) UNSIGNED NOT NULL,
  `locale` varchar(191) COLLATE utf8mb4_unicode_ci NOT NULL,
  `created_at` timestamp NULL DEFAULT CURRENT_TIMESTAMP,
  `updated_at` timestamp NULL DEFAULT CURRENT_TIMESTAMP ON UPDATE CURRENT_TIMESTAMP
) ENGINE=InnoDB DEFAULT CHARSET=utf8mb4 COLLATE=utf8mb4_unicode_ci;

--
-- Dumping data for table `slider_translations`
--

INSERT INTO `slider_translations` (`id`, `title`, `title2`, `description`, `slider_id`, `locale`, `created_at`, `updated_at`) VALUES
(1, 'Welcome To INSCA', 'International Natural Sausage Casing Association', '\"NOTHING BETTER THAN NATURAL\"', 1, 'en', '2020-04-15 19:27:59', '2020-06-24 19:42:08'),
(2, 'Bienvenue chez INSCA', 'RIEN DE MEILLEUR QUE LE NATUREL', 'INSCA est l\'association internationale et mondiale des producteurs, commerçants, courtiers et distributeurs de boyaux de naturels.', 1, 'fr', '2020-04-15 19:27:59', '2020-07-16 12:53:56'),
(3, 'BIENVENIDO A INSCA', 'NADA MEJOR QUE LO NATURAL', 'INSCA es la asociación internacional de productores y comerciantes de tripas de salchichas naturales. El foco de nuestras acciones es el apoyo a la industria de las tripas naturales en todo el mundo.', 1, 'es', '2020-04-15 19:27:59', '2020-07-17 22:25:30'),
(4, 'Willkommen bei INSCA', 'NATUR IST DURCH NICHTS ZU ERSETZEN', 'INSCA ist der internationale Verband von Produzenten und Händlern von Naturdärmen', 1, 'gr', '2020-04-15 19:27:59', '2020-07-16 12:53:56'),
(5, '欢迎来到国际天然肠衣协会', '世间最好，唯有天然', '国际天然肠衣协会（INSCA）是天然肠衣生产商和经销商的国际性协会。', 1, 'ch', '2020-04-15 19:27:59', '2020-07-16 12:53:56'),
(6, 'Welcome To INSCA', 'Internationa Natural Sausage Casing Association', '\"NOTHING BETTER THAN NATURAL\"', 2, 'en', '2020-04-15 19:27:59', '2020-06-24 19:31:29'),
(7, 'Bienvenue chez INSCA', 'RIEN DE MEILLEUR QUE LE NATUREL', 'INSCA est l\'association internationale et mondiale des producteurs, commerçants, courtiers et distributeurs de boyaux de naturels.', 2, 'fr', '2020-04-15 19:27:59', '2020-07-16 12:52:12'),
(8, 'BIENVENIDO A INSCA', 'NADA MEJOR QUE LO NATURAL', 'INSCA es la asociación internacional de productores y comerciantes de tripas de salchichas naturales. El foco de nuestras acciones es el apoyo a la industria de las tripas naturales en todo el mundo.', 2, 'es', '2020-04-15 19:27:59', '2020-07-17 22:25:01'),
(9, 'Willkommen bei INSCA', 'NATUR IST DURCH NICHTS ZU ERSETZEN', 'INSCA ist der internationale Verband von Produzenten und Händlern von Naturdärmen.', 2, 'gr', '2020-04-15 19:27:59', '2020-07-16 12:52:12'),
(10, '欢迎来到国际天然肠衣协会', '世间最好，唯有天然', '国际天然肠衣协会（INSCA）是天然肠衣生产商和经销商的国际性协会。', 2, 'ch', '2020-04-15 19:27:59', '2020-07-16 12:52:12');

-- --------------------------------------------------------

--
-- Table structure for table `subscribers`
--

CREATE TABLE `subscribers` (
  `id` bigint(20) NOT NULL,
  `email` varchar(191) NOT NULL,
  `created_at` timestamp NULL DEFAULT CURRENT_TIMESTAMP,
  `updated_at` timestamp NULL DEFAULT CURRENT_TIMESTAMP ON UPDATE CURRENT_TIMESTAMP
) ENGINE=MyISAM DEFAULT CHARSET=latin1;

--
-- Dumping data for table `subscribers`
--

INSERT INTO `subscribers` (`id`, `email`, `created_at`, `updated_at`) VALUES
(3, 'wenche.nordli@norilia.no', '2020-09-15 10:32:27', '2020-09-15 10:32:27'),
(4, 'info@egscasing.com.tr', '2020-09-29 17:00:03', '2020-09-29 17:00:03'),
(5, 'admin@ingromed.com.au', '2021-07-21 01:54:13', '2021-07-21 01:54:13');

-- --------------------------------------------------------

--
-- Table structure for table `terminated_companies`
--

CREATE TABLE `terminated_companies` (
  `id` int(11) NOT NULL,
  `company_id` int(11) NOT NULL,
  `date` int(11) NOT NULL,
  `is_terminated` int(11) NOT NULL,
  `comment` varchar(250) NOT NULL
) ENGINE=InnoDB DEFAULT CHARSET=utf8;

-- --------------------------------------------------------

--
-- Table structure for table `trades`
--

CREATE TABLE `trades` (
  `id` bigint(20) UNSIGNED NOT NULL,
  `created_at` timestamp NULL DEFAULT NULL,
  `updated_at` timestamp NULL DEFAULT NULL
) ENGINE=InnoDB DEFAULT CHARSET=utf8mb4 COLLATE=utf8mb4_unicode_ci;

--
-- Dumping data for table `trades`
--

INSERT INTO `trades` (`id`, `created_at`, `updated_at`) VALUES
(1, NULL, NULL);

-- --------------------------------------------------------

--
-- Table structure for table `trade_translations`
--

CREATE TABLE `trade_translations` (
  `id` bigint(20) UNSIGNED NOT NULL,
  `description` text COLLATE utf8mb4_unicode_ci NOT NULL,
  `trade_id` bigint(20) UNSIGNED NOT NULL,
  `locale` varchar(191) COLLATE utf8mb4_unicode_ci NOT NULL,
  `created_at` timestamp NULL DEFAULT NULL,
  `updated_at` timestamp NULL DEFAULT NULL
) ENGINE=InnoDB DEFAULT CHARSET=utf8mb4 COLLATE=utf8mb4_unicode_ci;

--
-- Dumping data for table `trade_translations`
--

INSERT INTO `trade_translations` (`id`, `description`, `trade_id`, `locale`, `created_at`, `updated_at`) VALUES
(1, '<h3 class=\"head-title\">TRADE DISTRIBUTION &amp; PROCEDURE FORUM</h3>', 1, 'en', NULL, '2020-04-27 19:41:37'),
(2, '<p><span style=\"font-size: 24pt;\">Importer et exporter des certificats</span></p>', 1, 'fr', NULL, '2020-07-30 16:31:23'),
(3, '<h3 class=\"head-title\">Certificados de importaci&oacute;n y exportaci&oacute;n</h3>', 1, 'es', NULL, '2020-07-30 16:31:23'),
(4, '<p><span style=\"font-size: 24pt;\">Handelsvertriebs- &amp; Prozessforum</span></p>', 1, 'gr', NULL, '2020-07-30 16:31:23'),
(5, '<h3 class=\"head-title\"><strong>进出口证书</strong></h3>', 1, 'ch', NULL, '2020-07-30 16:31:23');

-- --------------------------------------------------------

--
-- Table structure for table `users`
--

CREATE TABLE `users` (
  `id` int(10) UNSIGNED NOT NULL,
  `name` varchar(191) COLLATE utf8mb4_unicode_ci NOT NULL,
  `email` varchar(191) COLLATE utf8mb4_unicode_ci NOT NULL,
  `password` varchar(191) COLLATE utf8mb4_unicode_ci NOT NULL,
  `remember_token` varchar(100) COLLATE utf8mb4_unicode_ci DEFAULT NULL,
  `created_at` timestamp NULL DEFAULT NULL,
  `updated_at` timestamp NULL DEFAULT NULL
) ENGINE=InnoDB DEFAULT CHARSET=utf8mb4 COLLATE=utf8mb4_unicode_ci;

--
-- Dumping data for table `users`
--

INSERT INTO `users` (`id`, `name`, `email`, `password`, `remember_token`, `created_at`, `updated_at`) VALUES
(1, 'admin', 'admin@insca.com', '$2y$10$1I870fV.8qMJco6mPO.6VO3lXP/.fyAZ/V2mc6ItREvLXPkl47zsq', 'n04SvJAoKZLlu21OMgX0V5wny2qFdKCgBAbFUh7hSioCCG8dwTath17WjltQ', NULL, '2019-06-25 20:43:41');

-- --------------------------------------------------------

--
-- Table structure for table `videos`
--

CREATE TABLE `videos` (
  `id` bigint(20) UNSIGNED NOT NULL,
  `link` varchar(191) COLLATE utf8mb4_unicode_ci DEFAULT NULL,
  `image` varchar(191) COLLATE utf8mb4_unicode_ci DEFAULT NULL,
  `created_at` timestamp NULL DEFAULT NULL,
  `updated_at` timestamp NULL DEFAULT NULL
) ENGINE=InnoDB DEFAULT CHARSET=utf8mb4 COLLATE=utf8mb4_unicode_ci;

--
-- Dumping data for table `videos`
--

INSERT INTO `videos` (`id`, `link`, `image`, `created_at`, `updated_at`) VALUES
(19, NULL, 'oY1dYoZWQvHDuOR2QMk4nARpy2Do6NJgM9uOpE8k.jpeg', '2020-05-18 20:25:01', '2020-05-18 20:25:01'),
(20, NULL, '5M0t6WchjDkslmxTp1pd73exoGtlEnQQ3tyQuYoa.jpeg', '2020-05-18 20:25:08', '2020-05-18 20:25:08'),
(21, NULL, 'VFAaHNCcZlx88TjGWNctx3D4LbCCsBLuCBnZY4JD.jpeg', '2020-05-18 20:25:19', '2020-05-18 20:25:19'),
(24, NULL, 'foaP3cUBikSEiT87NCMBSOrMKCO47reh2ObkAfV9.jpeg', '2020-05-18 20:25:56', '2020-05-18 20:25:56'),
(25, NULL, 'EPS8928EpwYDxcFJ9Wp51VgxG1k5zPjsbPBOiydb.jpeg', '2020-05-18 20:42:51', '2020-05-18 20:42:51'),
(26, NULL, '0pRXqu83nuXlFiJjkwJCzQ47GxrDn8JZtZtseZkI.jpeg', '2020-05-18 20:44:00', '2020-05-18 20:44:00'),
(27, NULL, 'KG3lBDIBIad1FsbZ5Ekl8ivVIUXYVf4EPSbMwnOw.jpeg', '2020-05-18 20:45:18', '2020-05-18 20:45:18'),
(28, NULL, 'dbJUgeVEWsh5YoTLqTEKUNG7jJv7KQacpxwivYDD.jpeg', '2020-05-18 20:47:41', '2020-05-18 20:47:41'),
(29, 'g_gT6NqzYCU', 'HfaQeePumFgQwiUp10TZpuTNH64QNLNnrUvpfjPD.jpeg', '2020-05-18 20:48:12', '2020-05-18 20:48:57'),
(30, '6uXZwG8le98', 'DzEdSMwbyt6g8FrcZR2xD0lra3FxsDHAXa1praVd.jpeg', '2020-05-18 20:48:34', '2020-05-18 20:48:34');

-- --------------------------------------------------------

--
-- Table structure for table `video_translations`
--

CREATE TABLE `video_translations` (
  `id` bigint(20) UNSIGNED NOT NULL,
  `title` varchar(191) COLLATE utf8mb4_unicode_ci NOT NULL,
  `video_id` bigint(20) UNSIGNED NOT NULL,
  `locale` varchar(191) COLLATE utf8mb4_unicode_ci NOT NULL,
  `created_at` timestamp NULL DEFAULT NULL,
  `updated_at` timestamp NULL DEFAULT NULL
) ENGINE=InnoDB DEFAULT CHARSET=utf8mb4 COLLATE=utf8mb4_unicode_ci;

--
-- Dumping data for table `video_translations`
--

INSERT INTO `video_translations` (`id`, `title`, `video_id`, `locale`, `created_at`, `updated_at`) VALUES
(76, 'Pictures provided by CDS Hackner', 19, 'en', '2020-05-18 20:25:01', '2020-05-18 20:25:01'),
(77, 'Pictures provided by CDS Hackner', 19, 'fr', '2020-05-18 20:25:01', '2020-05-18 20:25:01'),
(78, 'Pictures provided by CDS Hackner', 19, 'es', '2020-05-18 20:25:01', '2020-05-18 20:25:01'),
(79, 'Pictures provided by CDS Hackner', 19, 'gr', '2020-05-18 20:25:01', '2020-05-18 20:25:01'),
(80, 'Pictures provided by CDS Hackner', 19, 'ch', '2020-05-18 20:25:02', '2020-05-18 20:25:02'),
(81, 'Pictures provided by CDS Hackner', 20, 'en', '2020-05-18 20:25:08', '2020-05-18 20:25:08'),
(82, 'Pictures provided by CDS Hackner', 20, 'fr', '2020-05-18 20:25:08', '2020-05-18 20:25:08'),
(83, 'Pictures provided by CDS Hackner', 20, 'es', '2020-05-18 20:25:08', '2020-05-18 20:25:08'),
(84, 'Pictures provided by CDS Hackner', 20, 'gr', '2020-05-18 20:25:08', '2020-05-18 20:25:08'),
(85, 'Pictures provided by CDS Hackner', 20, 'ch', '2020-05-18 20:25:08', '2020-05-18 20:25:08'),
(86, 'Pictures provided by CDS Hackner', 21, 'en', '2020-05-18 20:25:19', '2020-05-18 20:25:19'),
(87, 'Pictures provided by CDS Hackner', 21, 'fr', '2020-05-18 20:25:19', '2020-05-18 20:25:19'),
(88, 'Pictures provided by CDS Hackner', 21, 'es', '2020-05-18 20:25:19', '2020-05-18 20:25:19'),
(89, 'Pictures provided by CDS Hackner', 21, 'gr', '2020-05-18 20:25:19', '2020-05-18 20:25:19'),
(90, 'Pictures provided by CDS Hackner', 21, 'ch', '2020-05-18 20:25:19', '2020-05-18 20:25:19'),
(101, 'Pictures provided by CDS Hackner', 24, 'en', '2020-05-18 20:25:56', '2020-05-18 20:25:56'),
(102, 'Pictures provided by CDS Hackner', 24, 'fr', '2020-05-18 20:25:56', '2020-05-18 20:25:56'),
(103, 'Pictures provided by CDS Hackner', 24, 'es', '2020-05-18 20:25:56', '2020-05-18 20:25:56'),
(104, 'Pictures provided by CDS Hackner', 24, 'gr', '2020-05-18 20:25:56', '2020-05-18 20:25:56'),
(105, 'Pictures provided by CDS Hackner', 24, 'ch', '2020-05-18 20:25:56', '2020-05-18 20:25:56'),
(106, 'Provided by Gallent Casing Company', 25, 'en', '2020-05-18 20:42:51', '2020-05-18 20:42:51'),
(107, 'Provided by Gallent Casing Company', 25, 'fr', '2020-05-18 20:42:51', '2020-05-18 20:42:51'),
(108, 'Provided by Gallent Casing Company', 25, 'es', '2020-05-18 20:42:51', '2020-05-18 20:42:51'),
(109, 'Provided by Gallent Casing Company', 25, 'gr', '2020-05-18 20:42:51', '2020-05-18 20:42:51'),
(110, 'YProvided by Gallent Casing Compan', 25, 'ch', '2020-05-18 20:42:51', '2020-05-18 20:42:51'),
(111, 'Provided by Gallent Casing Company', 26, 'en', '2020-05-18 20:44:00', '2020-05-18 20:44:00'),
(112, 'Provided by Gallent Casing Company', 26, 'fr', '2020-05-18 20:44:00', '2020-05-18 20:44:00'),
(113, 'Provided by Gallent Casing Company', 26, 'es', '2020-05-18 20:44:00', '2020-05-18 20:44:00'),
(114, 'Provided by Gallent Casing Company', 26, 'gr', '2020-05-18 20:44:00', '2020-05-18 20:44:00'),
(115, 'YProvided by Gallent Casing Compan', 26, 'ch', '2020-05-18 20:44:00', '2020-05-18 20:44:00'),
(116, 'Provided by Gallent Casing Company', 27, 'en', '2020-05-18 20:45:18', '2020-05-18 20:45:18'),
(117, 'Provided by Gallent Casing Company', 27, 'fr', '2020-05-18 20:45:18', '2020-05-18 20:45:18'),
(118, 'Provided by Gallent Casing Company', 27, 'es', '2020-05-18 20:45:18', '2020-05-18 20:45:18'),
(119, 'Provided by Gallent Casing Company', 27, 'gr', '2020-05-18 20:45:18', '2020-05-18 20:45:18'),
(120, 'YProvided by Gallent Casing Compan', 27, 'ch', '2020-05-18 20:45:18', '2020-05-18 20:45:18'),
(121, 'Pictures provided by CDS Hackner', 28, 'en', '2020-05-18 20:47:41', '2020-05-18 20:47:41'),
(122, 'Pictures provided by CDS Hackner', 28, 'fr', '2020-05-18 20:47:41', '2020-05-18 20:47:41'),
(123, 'Pictures provided by CDS Hackner', 28, 'es', '2020-05-18 20:47:41', '2020-05-18 20:47:41'),
(124, 'Pictures provided by CDS Hackner', 28, 'gr', '2020-05-18 20:47:41', '2020-05-18 20:47:41'),
(125, 'Pictures provided by CDS Hackner', 28, 'ch', '2020-05-18 20:47:41', '2020-05-18 20:47:41'),
(126, 'Dried Casings', 29, 'en', '2020-05-18 20:48:12', '2020-05-18 20:48:12'),
(127, 'Dried Casings', 29, 'fr', '2020-05-18 20:48:12', '2020-05-18 20:48:12'),
(128, 'Dried Casings', 29, 'es', '2020-05-18 20:48:12', '2020-05-18 20:48:12'),
(129, 'Dried Casings', 29, 'gr', '2020-05-18 20:48:12', '2020-05-18 20:48:12'),
(130, 'Dried Casings', 29, 'ch', '2020-05-18 20:48:12', '2020-05-18 20:48:12'),
(131, 'Salted Casings', 30, 'en', '2020-05-18 20:48:34', '2020-05-18 20:48:34'),
(132, 'Salted Casings', 30, 'fr', '2020-05-18 20:48:34', '2020-05-18 20:48:34'),
(133, 'Salted Casings', 30, 'es', '2020-05-18 20:48:34', '2020-05-18 20:48:34'),
(134, 'Salted Casings', 30, 'gr', '2020-05-18 20:48:34', '2020-05-18 20:48:34'),
(135, 'Salted Casings', 30, 'ch', '2020-05-18 20:48:34', '2020-05-18 20:48:34');

--
-- Indexes for dumped tables
--

--
-- Indexes for table `abouts`
--
ALTER TABLE `abouts`
  ADD PRIMARY KEY (`id`);

--
-- Indexes for table `about_translations`
--
ALTER TABLE `about_translations`
  ADD PRIMARY KEY (`id`),
  ADD UNIQUE KEY `about_translations_about_id_locale_unique` (`about_id`,`locale`),
  ADD KEY `about_translations_locale_index` (`locale`);

--
-- Indexes for table `announcements`
--
ALTER TABLE `announcements`
  ADD PRIMARY KEY (`id`);

--
-- Indexes for table `announcement_translations`
--
ALTER TABLE `announcement_translations`
  ADD PRIMARY KEY (`id`),
  ADD UNIQUE KEY `announcement_translations_announcement_id_locale_unique` (`announcement_id`,`locale`),
  ADD KEY `announcement_translations_locale_index` (`locale`);

--
-- Indexes for table `blogs`
--
ALTER TABLE `blogs`
  ADD PRIMARY KEY (`id`);

--
-- Indexes for table `blog_translations`
--
ALTER TABLE `blog_translations`
  ADD PRIMARY KEY (`id`),
  ADD UNIQUE KEY `blog_translations_blog_id_locale_unique` (`blog_id`,`locale`),
  ADD KEY `blog_translations_locale_index` (`locale`);

--
-- Indexes for table `boards`
--
ALTER TABLE `boards`
  ADD PRIMARY KEY (`id`);

--
-- Indexes for table `board_members`
--
ALTER TABLE `board_members`
  ADD PRIMARY KEY (`id`),
  ADD KEY `board_members_category_id_foreign` (`category_id`);

--
-- Indexes for table `board_member_translations`
--
ALTER TABLE `board_member_translations`
  ADD PRIMARY KEY (`id`),
  ADD UNIQUE KEY `board_member_translations_member_id_locale_unique` (`board_member_id`,`locale`) USING BTREE,
  ADD KEY `board_member_translations_locale_index` (`locale`) USING BTREE;

--
-- Indexes for table `board_translations`
--
ALTER TABLE `board_translations`
  ADD PRIMARY KEY (`id`),
  ADD UNIQUE KEY `board_translations_board_id_locale_unique` (`board_id`,`locale`),
  ADD KEY `board_translations_locale_index` (`locale`);

--
-- Indexes for table `companies`
--
ALTER TABLE `companies`
  ADD PRIMARY KEY (`id`);

--
-- Indexes for table `company_emails`
--
ALTER TABLE `company_emails`
  ADD PRIMARY KEY (`id`);

--
-- Indexes for table `company_members`
--
ALTER TABLE `company_members`
  ADD PRIMARY KEY (`id`),
  ADD UNIQUE KEY `company_members_email_unique` (`email`);

--
-- Indexes for table `company_membership_types`
--
ALTER TABLE `company_membership_types`
  ADD PRIMARY KEY (`id`);

--
-- Indexes for table `company_statuses`
--
ALTER TABLE `company_statuses`
  ADD PRIMARY KEY (`id`);

--
-- Indexes for table `countries`
--
ALTER TABLE `countries`
  ADD PRIMARY KEY (`id`);

--
-- Indexes for table `downloads`
--
ALTER TABLE `downloads`
  ADD PRIMARY KEY (`id`);

--
-- Indexes for table `download_translations`
--
ALTER TABLE `download_translations`
  ADD PRIMARY KEY (`id`),
  ADD UNIQUE KEY `download_translations_download_id_locale_unique` (`download_id`,`locale`),
  ADD KEY `download_translations_locale_index` (`locale`);

--
-- Indexes for table `email_templetes`
--
ALTER TABLE `email_templetes`
  ADD PRIMARY KEY (`id`);

--
-- Indexes for table `galleries`
--
ALTER TABLE `galleries`
  ADD PRIMARY KEY (`id`);

--
-- Indexes for table `gallery_images`
--
ALTER TABLE `gallery_images`
  ADD PRIMARY KEY (`id`),
  ADD KEY `gallery_images_gallery_id_foreign` (`gallery_id`);

--
-- Indexes for table `gallery_translations`
--
ALTER TABLE `gallery_translations`
  ADD PRIMARY KEY (`id`),
  ADD UNIQUE KEY `gallery_translations_gallery_id_locale_unique` (`gallery_id`,`locale`),
  ADD KEY `gallery_translations_locale_index` (`locale`);

--
-- Indexes for table `guides`
--
ALTER TABLE `guides`
  ADD PRIMARY KEY (`id`);

--
-- Indexes for table `guide_translations`
--
ALTER TABLE `guide_translations`
  ADD PRIMARY KEY (`id`),
  ADD UNIQUE KEY `guide_translations_guide_id_locale_unique` (`guide_id`,`locale`),
  ADD KEY `guide_translations_locale_index` (`locale`);

--
-- Indexes for table `how_to_joins`
--
ALTER TABLE `how_to_joins`
  ADD PRIMARY KEY (`id`);

--
-- Indexes for table `how_to_join_translations`
--
ALTER TABLE `how_to_join_translations`
  ADD PRIMARY KEY (`id`),
  ADD UNIQUE KEY `how_to_join_translations_how_to_join_id_locale_unique` (`how_to_join_id`,`locale`),
  ADD KEY `how_to_join_translations_locale_index` (`locale`);

--
-- Indexes for table `industries`
--
ALTER TABLE `industries`
  ADD PRIMARY KEY (`id`);

--
-- Indexes for table `industry_translations`
--
ALTER TABLE `industry_translations`
  ADD PRIMARY KEY (`id`),
  ADD UNIQUE KEY `industry_translations_industry_id_locale_unique` (`industry_id`,`locale`) USING BTREE,
  ADD KEY `industry_translations_locale_index` (`locale`);

--
-- Indexes for table `insca_events`
--
ALTER TABLE `insca_events`
  ADD PRIMARY KEY (`id`);

--
-- Indexes for table `insca_event_translations`
--
ALTER TABLE `insca_event_translations`
  ADD PRIMARY KEY (`id`),
  ADD UNIQUE KEY `insca_event_translations_insca_event_id_locale_unique` (`insca_event_id`,`locale`),
  ADD KEY `insca_event_translations_locale_index` (`locale`);

--
-- Indexes for table `in_memory_ofs`
--
ALTER TABLE `in_memory_ofs`
  ADD PRIMARY KEY (`id`);

--
-- Indexes for table `in_memory_of_translations`
--
ALTER TABLE `in_memory_of_translations`
  ADD PRIMARY KEY (`id`),
  ADD UNIQUE KEY `in_memory_of_translations_in_memory_of_id_locale_unique` (`in_memory_of_id`,`locale`),
  ADD KEY `in_memory_of_translations_locale_index` (`locale`);

--
-- Indexes for table `iswg_members`
--
ALTER TABLE `iswg_members`
  ADD PRIMARY KEY (`id`);

--
-- Indexes for table `iswg_member_translations`
--
ALTER TABLE `iswg_member_translations`
  ADD PRIMARY KEY (`id`),
  ADD UNIQUE KEY `iswg_member_translations_iswg_member_id_locale_unique` (`iswg_member_id`,`locale`),
  ADD KEY `iswg_member_translations_locale_index` (`locale`);

--
-- Indexes for table `i_c_t_rs`
--
ALTER TABLE `i_c_t_rs`
  ADD PRIMARY KEY (`id`);

--
-- Indexes for table `i_c_t_r_accomplichments`
--
ALTER TABLE `i_c_t_r_accomplichments`
  ADD PRIMARY KEY (`id`);

--
-- Indexes for table `i_c_t_r_accomplishment_translations`
--
ALTER TABLE `i_c_t_r_accomplishment_translations`
  ADD PRIMARY KEY (`id`),
  ADD KEY `i_c_t_r_accomplishment_translations_accomplichment_id_foreign` (`i_c_t_r_accomplichment_id`),
  ADD KEY `i_c_t_r_accomplishment_translations_locale_index` (`locale`);

--
-- Indexes for table `i_c_t_r_certificates`
--
ALTER TABLE `i_c_t_r_certificates`
  ADD PRIMARY KEY (`id`);

--
-- Indexes for table `i_c_t_r_certificate_translations`
--
ALTER TABLE `i_c_t_r_certificate_translations`
  ADD PRIMARY KEY (`id`),
  ADD UNIQUE KEY `i_c_t_r_certificate_translations_certificate_id_locale_unique` (`i_c_t_r_certificate_id`,`locale`),
  ADD KEY `i_c_t_r_certificate_translations_locale_index` (`locale`);

--
-- Indexes for table `i_c_t_r_members`
--
ALTER TABLE `i_c_t_r_members`
  ADD PRIMARY KEY (`id`);

--
-- Indexes for table `i_c_t_r_member_translations`
--
ALTER TABLE `i_c_t_r_member_translations`
  ADD PRIMARY KEY (`id`),
  ADD UNIQUE KEY `i_c_t_r_member_translations_i_c_t_r_member_id_locale_unique` (`i_c_t_r_member_id`,`locale`),
  ADD KEY `i_c_t_r_member_translations_locale_index` (`locale`);

--
-- Indexes for table `i_c_t_r_translations`
--
ALTER TABLE `i_c_t_r_translations`
  ADD PRIMARY KEY (`id`),
  ADD UNIQUE KEY `i_c_t_r_translations_i_c_t_r_id_locale_unique` (`i_c_t_r_id`,`locale`),
  ADD KEY `i_c_t_r_translations_locale_index` (`locale`);

--
-- Indexes for table `i_s_w_gs`
--
ALTER TABLE `i_s_w_gs`
  ADD PRIMARY KEY (`id`);

--
-- Indexes for table `i_s_w_g_translations`
--
ALTER TABLE `i_s_w_g_translations`
  ADD PRIMARY KEY (`id`),
  ADD UNIQUE KEY `i_s_w_g_translations_i_s_w_g_id_locale_unique` (`i_s_w_g_id`,`locale`),
  ADD KEY `i_s_w_g_translations_locale_index` (`locale`);

--
-- Indexes for table `media`
--
ALTER TABLE `media`
  ADD PRIMARY KEY (`id`);

--
-- Indexes for table `media_translations`
--
ALTER TABLE `media_translations`
  ADD PRIMARY KEY (`id`),
  ADD UNIQUE KEY `media_translations_media_id_locale_unique` (`media_id`,`locale`),
  ADD KEY `media_translations_locale_index` (`locale`);

--
-- Indexes for table `meetings`
--
ALTER TABLE `meetings`
  ADD PRIMARY KEY (`id`);

--
-- Indexes for table `meeting_files`
--
ALTER TABLE `meeting_files`
  ADD PRIMARY KEY (`id`),
  ADD KEY `meeting_files_meeting_id_foreign` (`meeting_id`);

--
-- Indexes for table `meeting_file_translations`
--
ALTER TABLE `meeting_file_translations`
  ADD PRIMARY KEY (`id`),
  ADD UNIQUE KEY `meeting_file_translations_meeting_file_id_locale_unique` (`meeting_file_id`,`locale`),
  ADD KEY `meeting_file_translations_locale_index` (`locale`);

--
-- Indexes for table `meeting_translations`
--
ALTER TABLE `meeting_translations`
  ADD PRIMARY KEY (`id`),
  ADD UNIQUE KEY `meeting_translations_meeting_id_locale_unique` (`meeting_id`,`locale`),
  ADD KEY `meeting_translations_locale_index` (`locale`);

--
-- Indexes for table `members`
--
ALTER TABLE `members`
  ADD PRIMARY KEY (`id`);

--
-- Indexes for table `membership_benefits`
--
ALTER TABLE `membership_benefits`
  ADD PRIMARY KEY (`id`);

--
-- Indexes for table `membership_benefit_translations`
--
ALTER TABLE `membership_benefit_translations`
  ADD PRIMARY KEY (`id`),
  ADD UNIQUE KEY `membership_benefit_translations_benefit_id_locale_unique` (`membership_benefit_id`,`locale`),
  ADD KEY `membership_benefit_translations_locale_index` (`locale`);

--
-- Indexes for table `messages`
--
ALTER TABLE `messages`
  ADD PRIMARY KEY (`id`);

--
-- Indexes for table `migrations`
--
ALTER TABLE `migrations`
  ADD PRIMARY KEY (`id`);

--
-- Indexes for table `natural_casings`
--
ALTER TABLE `natural_casings`
  ADD PRIMARY KEY (`id`);

--
-- Indexes for table `natural_casing_translations`
--
ALTER TABLE `natural_casing_translations`
  ADD PRIMARY KEY (`id`),
  ADD UNIQUE KEY `natural_casing_translations_natural_casing_id_locale_unique` (`natural_casing_id`,`locale`),
  ADD KEY `natural_casing_translations_locale_index` (`locale`);

--
-- Indexes for table `natural_safe_translations`
--
ALTER TABLE `natural_safe_translations`
  ADD PRIMARY KEY (`id`),
  ADD UNIQUE KEY `natural_safe_translations_natural_safe_id_locale_unique` (`natural_safe_id`,`locale`),
  ADD KEY `natural_safe_translations_locale_index` (`locale`);

--
-- Indexes for table `natural_saves`
--
ALTER TABLE `natural_saves`
  ADD PRIMARY KEY (`id`);

--
-- Indexes for table `newsletters`
--
ALTER TABLE `newsletters`
  ADD PRIMARY KEY (`id`);

--
-- Indexes for table `newsletter_translations`
--
ALTER TABLE `newsletter_translations`
  ADD PRIMARY KEY (`id`),
  ADD UNIQUE KEY `newsletter_translations_newsletter_id_locale_unique` (`newsletter_id`,`locale`),
  ADD KEY `newsletter_translations_locale_index` (`locale`);

--
-- Indexes for table `password_resets`
--
ALTER TABLE `password_resets`
  ADD KEY `password_resets_email_index` (`email`);

--
-- Indexes for table `positions`
--
ALTER TABLE `positions`
  ADD PRIMARY KEY (`id`);

--
-- Indexes for table `researches`
--
ALTER TABLE `researches`
  ADD PRIMARY KEY (`id`);

--
-- Indexes for table `research_translations`
--
ALTER TABLE `research_translations`
  ADD PRIMARY KEY (`id`),
  ADD UNIQUE KEY `research_translates_research_id_locale_unique` (`research_id`,`locale`),
  ADD KEY `research_translates_locale_index` (`locale`);

--
-- Indexes for table `resign_companies`
--
ALTER TABLE `resign_companies`
  ADD PRIMARY KEY (`id`);

--
-- Indexes for table `settings`
--
ALTER TABLE `settings`
  ADD PRIMARY KEY (`id`);

--
-- Indexes for table `sliders`
--
ALTER TABLE `sliders`
  ADD PRIMARY KEY (`id`);

--
-- Indexes for table `slider_translations`
--
ALTER TABLE `slider_translations`
  ADD PRIMARY KEY (`id`),
  ADD UNIQUE KEY `slider_translations_slider_id_locale_unique` (`slider_id`,`locale`),
  ADD KEY `slider_translations_locale_index` (`locale`);

--
-- Indexes for table `subscribers`
--
ALTER TABLE `subscribers`
  ADD PRIMARY KEY (`id`);

--
-- Indexes for table `terminated_companies`
--
ALTER TABLE `terminated_companies`
  ADD PRIMARY KEY (`id`);

--
-- Indexes for table `trades`
--
ALTER TABLE `trades`
  ADD PRIMARY KEY (`id`);

--
-- Indexes for table `trade_translations`
--
ALTER TABLE `trade_translations`
  ADD PRIMARY KEY (`id`),
  ADD UNIQUE KEY `trade_translations_trade_id_locale_unique` (`trade_id`,`locale`),
  ADD KEY `trade_translations_locale_index` (`locale`);

--
-- Indexes for table `users`
--
ALTER TABLE `users`
  ADD PRIMARY KEY (`id`),
  ADD UNIQUE KEY `users_email_unique` (`email`);

--
-- Indexes for table `videos`
--
ALTER TABLE `videos`
  ADD PRIMARY KEY (`id`);

--
-- Indexes for table `video_translations`
--
ALTER TABLE `video_translations`
  ADD PRIMARY KEY (`id`),
  ADD UNIQUE KEY `video_translations_video_id_locale_unique` (`video_id`,`locale`) USING BTREE,
  ADD KEY `video_translations_locale_index` (`locale`);

--
-- AUTO_INCREMENT for dumped tables
--

--
-- AUTO_INCREMENT for table `abouts`
--
ALTER TABLE `abouts`
  MODIFY `id` int(10) UNSIGNED NOT NULL AUTO_INCREMENT, AUTO_INCREMENT=2;

--
-- AUTO_INCREMENT for table `about_translations`
--
ALTER TABLE `about_translations`
  MODIFY `id` bigint(20) UNSIGNED NOT NULL AUTO_INCREMENT, AUTO_INCREMENT=6;

--
-- AUTO_INCREMENT for table `announcements`
--
ALTER TABLE `announcements`
  MODIFY `id` bigint(20) UNSIGNED NOT NULL AUTO_INCREMENT, AUTO_INCREMENT=14;

--
-- AUTO_INCREMENT for table `announcement_translations`
--
ALTER TABLE `announcement_translations`
  MODIFY `id` bigint(20) UNSIGNED NOT NULL AUTO_INCREMENT, AUTO_INCREMENT=66;

--
-- AUTO_INCREMENT for table `blogs`
--
ALTER TABLE `blogs`
  MODIFY `id` int(10) UNSIGNED NOT NULL AUTO_INCREMENT, AUTO_INCREMENT=10;

--
-- AUTO_INCREMENT for table `blog_translations`
--
ALTER TABLE `blog_translations`
  MODIFY `id` bigint(20) UNSIGNED NOT NULL AUTO_INCREMENT, AUTO_INCREMENT=46;

--
-- AUTO_INCREMENT for table `boards`
--
ALTER TABLE `boards`
  MODIFY `id` int(10) UNSIGNED NOT NULL AUTO_INCREMENT, AUTO_INCREMENT=4;

--
-- AUTO_INCREMENT for table `board_members`
--
ALTER TABLE `board_members`
  MODIFY `id` int(10) UNSIGNED NOT NULL AUTO_INCREMENT, AUTO_INCREMENT=31;

--
-- AUTO_INCREMENT for table `board_member_translations`
--
ALTER TABLE `board_member_translations`
  MODIFY `id` bigint(20) UNSIGNED NOT NULL AUTO_INCREMENT, AUTO_INCREMENT=116;

--
-- AUTO_INCREMENT for table `board_translations`
--
ALTER TABLE `board_translations`
  MODIFY `id` bigint(20) UNSIGNED NOT NULL AUTO_INCREMENT, AUTO_INCREMENT=16;

--
-- AUTO_INCREMENT for table `companies`
--
ALTER TABLE `companies`
  MODIFY `id` int(11) NOT NULL AUTO_INCREMENT, AUTO_INCREMENT=1047;

--
-- AUTO_INCREMENT for table `company_emails`
--
ALTER TABLE `company_emails`
  MODIFY `id` int(11) NOT NULL AUTO_INCREMENT, AUTO_INCREMENT=2357;

--
-- AUTO_INCREMENT for table `company_members`
--
ALTER TABLE `company_members`
  MODIFY `id` bigint(20) UNSIGNED NOT NULL AUTO_INCREMENT, AUTO_INCREMENT=162;

--
-- AUTO_INCREMENT for table `company_membership_types`
--
ALTER TABLE `company_membership_types`
  MODIFY `id` int(11) NOT NULL AUTO_INCREMENT, AUTO_INCREMENT=5;

--
-- AUTO_INCREMENT for table `company_statuses`
--
ALTER TABLE `company_statuses`
  MODIFY `id` int(11) NOT NULL AUTO_INCREMENT, AUTO_INCREMENT=5;

--
-- AUTO_INCREMENT for table `countries`
--
ALTER TABLE `countries`
  MODIFY `id` int(11) NOT NULL AUTO_INCREMENT, AUTO_INCREMENT=233;

--
-- AUTO_INCREMENT for table `downloads`
--
ALTER TABLE `downloads`
  MODIFY `id` bigint(20) UNSIGNED NOT NULL AUTO_INCREMENT, AUTO_INCREMENT=81;

--
-- AUTO_INCREMENT for table `download_translations`
--
ALTER TABLE `download_translations`
  MODIFY `id` bigint(20) UNSIGNED NOT NULL AUTO_INCREMENT, AUTO_INCREMENT=401;

--
-- AUTO_INCREMENT for table `email_templetes`
--
ALTER TABLE `email_templetes`
  MODIFY `id` int(11) NOT NULL AUTO_INCREMENT, AUTO_INCREMENT=4;

--
-- AUTO_INCREMENT for table `galleries`
--
ALTER TABLE `galleries`
  MODIFY `id` int(10) UNSIGNED NOT NULL AUTO_INCREMENT, AUTO_INCREMENT=9;

--
-- AUTO_INCREMENT for table `gallery_images`
--
ALTER TABLE `gallery_images`
  MODIFY `id` int(10) UNSIGNED NOT NULL AUTO_INCREMENT, AUTO_INCREMENT=126;

--
-- AUTO_INCREMENT for table `gallery_translations`
--
ALTER TABLE `gallery_translations`
  MODIFY `id` bigint(20) UNSIGNED NOT NULL AUTO_INCREMENT, AUTO_INCREMENT=16;

--
-- AUTO_INCREMENT for table `guides`
--
ALTER TABLE `guides`
  MODIFY `id` bigint(20) UNSIGNED NOT NULL AUTO_INCREMENT, AUTO_INCREMENT=2;

--
-- AUTO_INCREMENT for table `guide_translations`
--
ALTER TABLE `guide_translations`
  MODIFY `id` bigint(20) UNSIGNED NOT NULL AUTO_INCREMENT, AUTO_INCREMENT=6;

--
-- AUTO_INCREMENT for table `how_to_joins`
--
ALTER TABLE `how_to_joins`
  MODIFY `id` int(10) UNSIGNED NOT NULL AUTO_INCREMENT, AUTO_INCREMENT=2;

--
-- AUTO_INCREMENT for table `how_to_join_translations`
--
ALTER TABLE `how_to_join_translations`
  MODIFY `id` bigint(20) UNSIGNED NOT NULL AUTO_INCREMENT, AUTO_INCREMENT=6;

--
-- AUTO_INCREMENT for table `industries`
--
ALTER TABLE `industries`
  MODIFY `id` bigint(20) UNSIGNED NOT NULL AUTO_INCREMENT, AUTO_INCREMENT=2;

--
-- AUTO_INCREMENT for table `industry_translations`
--
ALTER TABLE `industry_translations`
  MODIFY `id` bigint(20) UNSIGNED NOT NULL AUTO_INCREMENT, AUTO_INCREMENT=6;

--
-- AUTO_INCREMENT for table `insca_events`
--
ALTER TABLE `insca_events`
  MODIFY `id` int(10) UNSIGNED NOT NULL AUTO_INCREMENT, AUTO_INCREMENT=2;

--
-- AUTO_INCREMENT for table `insca_event_translations`
--
ALTER TABLE `insca_event_translations`
  MODIFY `id` bigint(20) UNSIGNED NOT NULL AUTO_INCREMENT, AUTO_INCREMENT=6;

--
-- AUTO_INCREMENT for table `in_memory_ofs`
--
ALTER TABLE `in_memory_ofs`
  MODIFY `id` int(10) UNSIGNED NOT NULL AUTO_INCREMENT, AUTO_INCREMENT=26;

--
-- AUTO_INCREMENT for table `in_memory_of_translations`
--
ALTER TABLE `in_memory_of_translations`
  MODIFY `id` bigint(20) UNSIGNED NOT NULL AUTO_INCREMENT, AUTO_INCREMENT=121;

--
-- AUTO_INCREMENT for table `iswg_members`
--
ALTER TABLE `iswg_members`
  MODIFY `id` int(10) UNSIGNED NOT NULL AUTO_INCREMENT, AUTO_INCREMENT=8;

--
-- AUTO_INCREMENT for table `iswg_member_translations`
--
ALTER TABLE `iswg_member_translations`
  MODIFY `id` bigint(20) UNSIGNED NOT NULL AUTO_INCREMENT, AUTO_INCREMENT=36;

--
-- AUTO_INCREMENT for table `i_c_t_rs`
--
ALTER TABLE `i_c_t_rs`
  MODIFY `id` int(10) UNSIGNED NOT NULL AUTO_INCREMENT, AUTO_INCREMENT=2;

--
-- AUTO_INCREMENT for table `i_c_t_r_accomplichments`
--
ALTER TABLE `i_c_t_r_accomplichments`
  MODIFY `id` int(10) UNSIGNED NOT NULL AUTO_INCREMENT, AUTO_INCREMENT=2;

--
-- AUTO_INCREMENT for table `i_c_t_r_accomplishment_translations`
--
ALTER TABLE `i_c_t_r_accomplishment_translations`
  MODIFY `id` bigint(20) UNSIGNED NOT NULL AUTO_INCREMENT, AUTO_INCREMENT=6;

--
-- AUTO_INCREMENT for table `i_c_t_r_certificates`
--
ALTER TABLE `i_c_t_r_certificates`
  MODIFY `id` int(10) UNSIGNED NOT NULL AUTO_INCREMENT;

--
-- AUTO_INCREMENT for table `i_c_t_r_certificate_translations`
--
ALTER TABLE `i_c_t_r_certificate_translations`
  MODIFY `id` bigint(20) UNSIGNED NOT NULL AUTO_INCREMENT;

--
-- AUTO_INCREMENT for table `i_c_t_r_members`
--
ALTER TABLE `i_c_t_r_members`
  MODIFY `id` int(10) UNSIGNED NOT NULL AUTO_INCREMENT, AUTO_INCREMENT=17;

--
-- AUTO_INCREMENT for table `i_c_t_r_member_translations`
--
ALTER TABLE `i_c_t_r_member_translations`
  MODIFY `id` bigint(20) UNSIGNED NOT NULL AUTO_INCREMENT, AUTO_INCREMENT=61;

--
-- AUTO_INCREMENT for table `i_c_t_r_translations`
--
ALTER TABLE `i_c_t_r_translations`
  MODIFY `id` bigint(20) UNSIGNED NOT NULL AUTO_INCREMENT, AUTO_INCREMENT=6;

--
-- AUTO_INCREMENT for table `i_s_w_gs`
--
ALTER TABLE `i_s_w_gs`
  MODIFY `id` int(10) UNSIGNED NOT NULL AUTO_INCREMENT, AUTO_INCREMENT=2;

--
-- AUTO_INCREMENT for table `i_s_w_g_translations`
--
ALTER TABLE `i_s_w_g_translations`
  MODIFY `id` bigint(20) UNSIGNED NOT NULL AUTO_INCREMENT, AUTO_INCREMENT=6;

--
-- AUTO_INCREMENT for table `media`
--
ALTER TABLE `media`
  MODIFY `id` int(10) UNSIGNED NOT NULL AUTO_INCREMENT, AUTO_INCREMENT=22;

--
-- AUTO_INCREMENT for table `media_translations`
--
ALTER TABLE `media_translations`
  MODIFY `id` bigint(20) UNSIGNED NOT NULL AUTO_INCREMENT, AUTO_INCREMENT=101;

--
-- AUTO_INCREMENT for table `meetings`
--
ALTER TABLE `meetings`
  MODIFY `id` int(10) UNSIGNED NOT NULL AUTO_INCREMENT, AUTO_INCREMENT=3;

--
-- AUTO_INCREMENT for table `meeting_files`
--
ALTER TABLE `meeting_files`
  MODIFY `id` int(10) UNSIGNED NOT NULL AUTO_INCREMENT, AUTO_INCREMENT=84;

--
-- AUTO_INCREMENT for table `meeting_file_translations`
--
ALTER TABLE `meeting_file_translations`
  MODIFY `id` bigint(20) UNSIGNED NOT NULL AUTO_INCREMENT, AUTO_INCREMENT=416;

--
-- AUTO_INCREMENT for table `meeting_translations`
--
ALTER TABLE `meeting_translations`
  MODIFY `id` bigint(20) UNSIGNED NOT NULL AUTO_INCREMENT, AUTO_INCREMENT=11;

--
-- AUTO_INCREMENT for table `members`
--
ALTER TABLE `members`
  MODIFY `id` int(11) NOT NULL AUTO_INCREMENT, AUTO_INCREMENT=1337;

--
-- AUTO_INCREMENT for table `membership_benefits`
--
ALTER TABLE `membership_benefits`
  MODIFY `id` int(10) UNSIGNED NOT NULL AUTO_INCREMENT, AUTO_INCREMENT=2;

--
-- AUTO_INCREMENT for table `membership_benefit_translations`
--
ALTER TABLE `membership_benefit_translations`
  MODIFY `id` bigint(20) UNSIGNED NOT NULL AUTO_INCREMENT, AUTO_INCREMENT=6;

--
-- AUTO_INCREMENT for table `messages`
--
ALTER TABLE `messages`
  MODIFY `id` int(10) UNSIGNED NOT NULL AUTO_INCREMENT, AUTO_INCREMENT=11305;

--
-- AUTO_INCREMENT for table `migrations`
--
ALTER TABLE `migrations`
  MODIFY `id` int(10) UNSIGNED NOT NULL AUTO_INCREMENT, AUTO_INCREMENT=78;

--
-- AUTO_INCREMENT for table `natural_casings`
--
ALTER TABLE `natural_casings`
  MODIFY `id` int(10) UNSIGNED NOT NULL AUTO_INCREMENT, AUTO_INCREMENT=2;

--
-- AUTO_INCREMENT for table `natural_casing_translations`
--
ALTER TABLE `natural_casing_translations`
  MODIFY `id` bigint(20) UNSIGNED NOT NULL AUTO_INCREMENT, AUTO_INCREMENT=6;

--
-- AUTO_INCREMENT for table `natural_safe_translations`
--
ALTER TABLE `natural_safe_translations`
  MODIFY `id` bigint(20) UNSIGNED NOT NULL AUTO_INCREMENT, AUTO_INCREMENT=6;

--
-- AUTO_INCREMENT for table `natural_saves`
--
ALTER TABLE `natural_saves`
  MODIFY `id` bigint(20) UNSIGNED NOT NULL AUTO_INCREMENT, AUTO_INCREMENT=2;

--
-- AUTO_INCREMENT for table `newsletters`
--
ALTER TABLE `newsletters`
  MODIFY `id` bigint(20) UNSIGNED NOT NULL AUTO_INCREMENT, AUTO_INCREMENT=6;

--
-- AUTO_INCREMENT for table `newsletter_translations`
--
ALTER TABLE `newsletter_translations`
  MODIFY `id` bigint(20) UNSIGNED NOT NULL AUTO_INCREMENT, AUTO_INCREMENT=26;

--
-- AUTO_INCREMENT for table `positions`
--
ALTER TABLE `positions`
  MODIFY `id` int(11) NOT NULL AUTO_INCREMENT, AUTO_INCREMENT=10;

--
-- AUTO_INCREMENT for table `researches`
--
ALTER TABLE `researches`
  MODIFY `id` bigint(20) UNSIGNED NOT NULL AUTO_INCREMENT, AUTO_INCREMENT=2;

--
-- AUTO_INCREMENT for table `research_translations`
--
ALTER TABLE `research_translations`
  MODIFY `id` bigint(20) UNSIGNED NOT NULL AUTO_INCREMENT, AUTO_INCREMENT=6;

--
-- AUTO_INCREMENT for table `resign_companies`
--
ALTER TABLE `resign_companies`
  MODIFY `id` int(11) NOT NULL AUTO_INCREMENT;

--
-- AUTO_INCREMENT for table `settings`
--
ALTER TABLE `settings`
  MODIFY `id` int(10) UNSIGNED NOT NULL AUTO_INCREMENT, AUTO_INCREMENT=2;

--
-- AUTO_INCREMENT for table `sliders`
--
ALTER TABLE `sliders`
  MODIFY `id` int(10) UNSIGNED NOT NULL AUTO_INCREMENT, AUTO_INCREMENT=3;

--
-- AUTO_INCREMENT for table `slider_translations`
--
ALTER TABLE `slider_translations`
  MODIFY `id` bigint(20) UNSIGNED NOT NULL AUTO_INCREMENT, AUTO_INCREMENT=11;

--
-- AUTO_INCREMENT for table `subscribers`
--
ALTER TABLE `subscribers`
  MODIFY `id` bigint(20) NOT NULL AUTO_INCREMENT, AUTO_INCREMENT=6;

--
-- AUTO_INCREMENT for table `terminated_companies`
--
ALTER TABLE `terminated_companies`
  MODIFY `id` int(11) NOT NULL AUTO_INCREMENT;

--
-- AUTO_INCREMENT for table `trades`
--
ALTER TABLE `trades`
  MODIFY `id` bigint(20) UNSIGNED NOT NULL AUTO_INCREMENT, AUTO_INCREMENT=2;

--
-- AUTO_INCREMENT for table `trade_translations`
--
ALTER TABLE `trade_translations`
  MODIFY `id` bigint(20) UNSIGNED NOT NULL AUTO_INCREMENT, AUTO_INCREMENT=6;

--
-- AUTO_INCREMENT for table `users`
--
ALTER TABLE `users`
  MODIFY `id` int(10) UNSIGNED NOT NULL AUTO_INCREMENT, AUTO_INCREMENT=2;

--
-- AUTO_INCREMENT for table `videos`
--
ALTER TABLE `videos`
  MODIFY `id` bigint(20) UNSIGNED NOT NULL AUTO_INCREMENT, AUTO_INCREMENT=31;

--
-- AUTO_INCREMENT for table `video_translations`
--
ALTER TABLE `video_translations`
  MODIFY `id` bigint(20) UNSIGNED NOT NULL AUTO_INCREMENT, AUTO_INCREMENT=136;

--
-- Constraints for dumped tables
--

--
-- Constraints for table `about_translations`
--
ALTER TABLE `about_translations`
  ADD CONSTRAINT `about_translations_about_id_foreign` FOREIGN KEY (`about_id`) REFERENCES `abouts` (`id`) ON DELETE CASCADE;

--
-- Constraints for table `announcement_translations`
--
ALTER TABLE `announcement_translations`
  ADD CONSTRAINT `announcement_translations_announcement_id_foreign` FOREIGN KEY (`announcement_id`) REFERENCES `announcements` (`id`) ON DELETE CASCADE;

--
-- Constraints for table `blog_translations`
--
ALTER TABLE `blog_translations`
  ADD CONSTRAINT `blog_translations_blog_id_foreign` FOREIGN KEY (`blog_id`) REFERENCES `blogs` (`id`) ON DELETE CASCADE;

--
-- Constraints for table `board_members`
--
ALTER TABLE `board_members`
  ADD CONSTRAINT `board_members_category_id_foreign` FOREIGN KEY (`category_id`) REFERENCES `boards` (`id`) ON DELETE CASCADE;

--
-- Constraints for table `board_member_translations`
--
ALTER TABLE `board_member_translations`
  ADD CONSTRAINT `board_memebr_translations_member_id_foreign` FOREIGN KEY (`board_member_id`) REFERENCES `board_members` (`id`) ON DELETE CASCADE;

--
-- Constraints for table `board_translations`
--
ALTER TABLE `board_translations`
  ADD CONSTRAINT `board_translations_board_id_foreign` FOREIGN KEY (`board_id`) REFERENCES `boards` (`id`) ON DELETE CASCADE;

--
-- Constraints for table `download_translations`
--
ALTER TABLE `download_translations`
  ADD CONSTRAINT `download_translations_download_id_foreign` FOREIGN KEY (`download_id`) REFERENCES `downloads` (`id`) ON DELETE CASCADE;

--
-- Constraints for table `gallery_images`
--
ALTER TABLE `gallery_images`
  ADD CONSTRAINT `gallery_images_gallery_id_foreign` FOREIGN KEY (`gallery_id`) REFERENCES `galleries` (`id`) ON DELETE CASCADE;

--
-- Constraints for table `gallery_translations`
--
ALTER TABLE `gallery_translations`
  ADD CONSTRAINT `gallery_translations_gallery_id_foreign` FOREIGN KEY (`gallery_id`) REFERENCES `galleries` (`id`) ON DELETE CASCADE;

--
-- Constraints for table `guide_translations`
--
ALTER TABLE `guide_translations`
  ADD CONSTRAINT `guide_translations_guide_id_foreign` FOREIGN KEY (`guide_id`) REFERENCES `guides` (`id`) ON DELETE CASCADE;

--
-- Constraints for table `how_to_join_translations`
--
ALTER TABLE `how_to_join_translations`
  ADD CONSTRAINT `how_to_join_translations_how_to_join_id_foreign` FOREIGN KEY (`how_to_join_id`) REFERENCES `how_to_joins` (`id`) ON DELETE CASCADE;

--
-- Constraints for table `industry_translations`
--
ALTER TABLE `industry_translations`
  ADD CONSTRAINT `industry_translations_industries_id_foreign` FOREIGN KEY (`industry_id`) REFERENCES `industries` (`id`) ON DELETE CASCADE;

--
-- Constraints for table `insca_event_translations`
--
ALTER TABLE `insca_event_translations`
  ADD CONSTRAINT `insca_event_translations_insca_event_id_foreign` FOREIGN KEY (`insca_event_id`) REFERENCES `insca_events` (`id`) ON DELETE CASCADE;

--
-- Constraints for table `in_memory_of_translations`
--
ALTER TABLE `in_memory_of_translations`
  ADD CONSTRAINT `in_memory_of_translations_in_memory_of_id_foreign` FOREIGN KEY (`in_memory_of_id`) REFERENCES `in_memory_ofs` (`id`) ON DELETE CASCADE;

--
-- Constraints for table `iswg_member_translations`
--
ALTER TABLE `iswg_member_translations`
  ADD CONSTRAINT `iswg_member_translations_iswg_member_id_foreign` FOREIGN KEY (`iswg_member_id`) REFERENCES `iswg_members` (`id`) ON DELETE CASCADE;

--
-- Constraints for table `i_c_t_r_accomplishment_translations`
--
ALTER TABLE `i_c_t_r_accomplishment_translations`
  ADD CONSTRAINT `i_c_t_r_accomplishment_translations_accomplichment_id_foreign` FOREIGN KEY (`i_c_t_r_accomplichment_id`) REFERENCES `i_c_t_r_accomplichments` (`id`) ON DELETE CASCADE;

--
-- Constraints for table `i_c_t_r_certificate_translations`
--
ALTER TABLE `i_c_t_r_certificate_translations`
  ADD CONSTRAINT `i_c_t_r_certificate_translations_certificate_id_foreign` FOREIGN KEY (`i_c_t_r_certificate_id`) REFERENCES `i_c_t_r_certificates` (`id`) ON DELETE CASCADE;

--
-- Constraints for table `i_c_t_r_member_translations`
--
ALTER TABLE `i_c_t_r_member_translations`
  ADD CONSTRAINT `i_c_t_r_member_translations_i_c_t_r_member_id_foreign` FOREIGN KEY (`i_c_t_r_member_id`) REFERENCES `i_c_t_r_members` (`id`) ON DELETE CASCADE;

--
-- Constraints for table `i_c_t_r_translations`
--
ALTER TABLE `i_c_t_r_translations`
  ADD CONSTRAINT `i_c_t_r_translations_i_c_t_r_id_foreign` FOREIGN KEY (`i_c_t_r_id`) REFERENCES `i_c_t_rs` (`id`) ON DELETE CASCADE;

--
-- Constraints for table `i_s_w_g_translations`
--
ALTER TABLE `i_s_w_g_translations`
  ADD CONSTRAINT `i_s_w_g_translations_i_s_w_g_id_foreign` FOREIGN KEY (`i_s_w_g_id`) REFERENCES `i_s_w_gs` (`id`) ON DELETE CASCADE;

--
-- Constraints for table `media_translations`
--
ALTER TABLE `media_translations`
  ADD CONSTRAINT `media_translations_media_id_foreign` FOREIGN KEY (`media_id`) REFERENCES `media` (`id`) ON DELETE CASCADE;

--
-- Constraints for table `natural_safe_translations`
--
ALTER TABLE `natural_safe_translations`
  ADD CONSTRAINT `natural_safe_translations_natural_safe_id_foreign` FOREIGN KEY (`natural_safe_id`) REFERENCES `natural_saves` (`id`) ON DELETE CASCADE;

--
-- Constraints for table `newsletter_translations`
--
ALTER TABLE `newsletter_translations`
  ADD CONSTRAINT `newsletter_translations_newsletter_id_foreign` FOREIGN KEY (`newsletter_id`) REFERENCES `newsletters` (`id`) ON DELETE CASCADE;

--
-- Constraints for table `research_translations`
--
ALTER TABLE `research_translations`
  ADD CONSTRAINT `research_translates_research_id_foreign` FOREIGN KEY (`research_id`) REFERENCES `researches` (`id`) ON DELETE CASCADE;

--
-- Constraints for table `trade_translations`
--
ALTER TABLE `trade_translations`
  ADD CONSTRAINT `trade_translations_trade_id_foreign` FOREIGN KEY (`trade_id`) REFERENCES `trades` (`id`) ON DELETE CASCADE;

--
-- Constraints for table `video_translations`
--
ALTER TABLE `video_translations`
  ADD CONSTRAINT `video_translations_videos_id_foreign` FOREIGN KEY (`video_id`) REFERENCES `videos` (`id`) ON DELETE CASCADE;
COMMIT;

