-- Table structure for table `i_c_t_rs`
--

CREATE TABLE `i_c_t_rs` (
  `id` int(10) UNSIGNED NOT NULL,
  `created_at` timestamp NULL DEFAULT NULL,
  `updated_at` timestamp NULL DEFAULT NULL ON UPDATE CURRENT_TIMESTAMP
) ENGINE=InnoDB DEFAULT CHARSET=utf8mb4 COLLATE=utf8mb4_unicode_ci;

--
-- Dumping data for table `i_c_t_rs`
--

INSERT INTO `i_c_t_rs` (`id`, `created_at`, `updated_at`) VALUES
(1, '2019-09-30 20:09:52', '2020-03-03 19:05:35');

-- --------------------------------------------------------

--
-- Table structure for table `i_c_t_r_accomplichments`
--

CREATE TABLE `i_c_t_r_accomplichments` (
  `id` int(10) UNSIGNED NOT NULL,
  `created_at` timestamp NULL DEFAULT NULL,
  `updated_at` timestamp NULL DEFAULT NULL ON UPDATE CURRENT_TIMESTAMP
) ENGINE=InnoDB DEFAULT CHARSET=utf8mb4 COLLATE=utf8mb4_unicode_ci;

--
-- Dumping data for table `i_c_t_r_accomplichments`
--

INSERT INTO `i_c_t_r_accomplichments` (`id`, `created_at`, `updated_at`) VALUES
(1, NULL, '2020-03-03 19:05:55');

-- --------------------------------------------------------

--
-- Table structure for table `i_c_t_r_accomplishment_translations`
--

CREATE TABLE `i_c_t_r_accomplishment_translations` (
  `id` bigint(20) UNSIGNED NOT NULL,
  `description` text COLLATE utf8mb4_unicode_ci NOT NULL,
  `i_c_t_r_accomplichment_id` int(10) UNSIGNED NOT NULL,
  `locale` varchar(191) COLLATE utf8mb4_unicode_ci NOT NULL,
  `created_at` timestamp NULL DEFAULT CURRENT_TIMESTAMP,
  `updated_at` timestamp NULL DEFAULT CURRENT_TIMESTAMP ON UPDATE CURRENT_TIMESTAMP
) ENGINE=InnoDB DEFAULT CHARSET=utf8mb4 COLLATE=utf8mb4_unicode_ci;

--
-- Dumping data for table `i_c_t_r_accomplishment_translations`
--

INSERT INTO `i_c_t_r_accomplishment_translations` (`id`, `description`, `i_c_t_r_accomplichment_id`, `locale`, `created_at`, `updated_at`) VALUES
(1, '<div class=\"row\">\r\n<div class=\"col\">\r\n<div class=\"inner\">\r\n<h3 class=\"head-title\">Canada</h3>\r\n<p>has agreed to allow beef casing from South America from countries that have Reciprocal Agreements with; Brazil, Chile and Uruguay. Even though Argentina, Brazil and Uruguay have FMD, the product will be allowed to be exported to Canada if exporters follow the salting process which is recommended by the FMD study which has demonstrated that there is no chance of spreading the virus. Note: The slaughterhouses from which they receive the product must be approved by CFIA</p>\r\n<h3 class=\"head-title\">Netherlands</h3>\r\n<p>ICTR assisted in getting an updated certificate for hog casing from Holland to Australia</p>\r\n<h3 class=\"head-title\">South Africa</h3>\r\n<p>ICTR worked with the South African government authorities on acceptable certification for the importation of casings from Brazil. ICTR continues to clarify which countries have been accepted by South Africa to utilize natural salt rather than the P salt, while still retaining South African access.</p>\r\n<h3 class=\"head-title\">Ireland</h3>\r\n<p>Russia has imposed widespread trade restrictions, on a lot of food items including casings. ICTR has directly communicated with the Irish government on this issue and confirmed that it has completed a review of the Russian Federation communications on prohibition of trade. The outcome of the review concluded that additional information in the Presidential Decree removed the prohibition on treated casings into the Russian Federation and Customs Union. An Irish Trader Notice (Regulatory Advice) was issued to all Irish meat plants and to all veterinary staff on the issue.</p>\r\n<h3 class=\"head-title\">New Zealand</h3>\r\n<p>The New Zealand government asked INSCA to provide comment and input into its revised Import Standards for casings.</p>\r\n<h3 class=\"head-title\">GENERAL</h3>\r\n<p>The IMS has officially recognized INSCA as an important meat industry representative body by formally requesting its position and input on the Climate Change issue.</p>\r\n<p>The ICTR represents INSCA at the General Assembly meeting of the OIE every May by invitation from the IMS, highlighting INSCA prominence to global Competent Authority representatives and conducting constructive bi-lateral discussions.</p>\r\n<ul class=\"dot-lists\">\r\n<li>ICTR has published a two page article on Natural Casings, in the October 2015 edition of Fleischwirtschaft International.</li>\r\n<li>ICTR accepted an IMS invitation to attend a meeting on Meat Sustainability, in Paris in May 2016</li>\r\n<li>ICTR has attended the IMS World meat Congress in Uruguay in November, 2016.</li>\r\n<li>ICTR has worked with a number of individual natural casings associations, eg, Australia, UK, Brazil, Romania, to assist their communication on relevant issues with key government agencies and officials.</li>\r\n<li>INSCA has been invited to make a presentation to the 2018 World Meat Congress.</li>\r\n</ul>\r\n<p>INSCA (Chairman and Scientific Advisor) as well as representatives of the South African casings industry met with South African government regulatory officials to discuss and promote the acceptance by South Africa of natural salt as an effective treatment for casings from China, instead of the present requirement for use of P treated salt. Meeting was productive, but further outcome will depend on completion of pending scientific research.</p>\r\n</div>\r\n</div>\r\n</div>', 1, 'en', '2020-04-16 17:20:49', '2020-04-16 17:20:49'),
(2, '<div class=\"row\">\r\n<div class=\"col\">\r\n<div class=\"inner\">\r\n<p><span style=\"font-size: 18pt;\">CANADA</span></p>\r\n<p>&nbsp;A accept&eacute; d\'autoriser les boyaux de b&oelig;uf d\'Am&eacute;rique du Sud en provenance de pays ayant conclu des accords de r&eacute;ciprocit&eacute; ; Br&eacute;sil, Chili et Uruguay. M&ecirc;me si l\'Argentine, le Br&eacute;sil et l\'Uruguay sont atteints de fi&egrave;vre aphteuse, le produit pourra &ecirc;tre export&eacute; au Canada si les exportateurs suivent le processus de salage recommand&eacute; par l\'&eacute;tude sur la fi&egrave;vre aphteuse qui a d&eacute;montr&eacute; qu\'il n\'y a aucune chance de propager le virus. Remarque : Les abattoirs d\'o&ugrave; ils re&ccedil;oivent le produit doivent &ecirc;tre approuv&eacute;s par l\'CFIA.</p>\r\n<p>&nbsp;</p>\r\n<p><span style=\"font-size: 18pt;\">PAYS-BAS</span></p>\r\n<p><strong>&nbsp;</strong>ICTR a aid&eacute; &agrave; obtenir une mise &agrave; jour d&rsquo;un certificat pour l&rsquo;exportation de boyaux de porc des Pays-Bas en Australie.</p>\r\n<p>&nbsp;</p>\r\n<p><span style=\"font-size: 18pt;\">AFRIQUE DU SUD</span></p>\r\n<p><strong>&nbsp;</strong>ICTR a travaill&eacute; avec les autorit&eacute;s gouvernementales sud-africaines sur une certification acceptable pour l\'importation de boyaux naturels en provenance du Br&eacute;sil. ICTR continue de pr&eacute;ciser quels pays ont &eacute;t&eacute; accept&eacute;s par l\'Afrique du Sud pour utiliser le sel naturel plut&ocirc;t que le sel P, tout en conservant l\'acc&egrave;s sud-africain.</p>\r\n<p>&nbsp;</p>\r\n<p><span style=\"font-size: 18pt;\">IRLANDE</span></p>\r\n<p><strong>&nbsp;</strong>La Russie a impos&eacute; des restrictions commerciales g&eacute;n&eacute;ralis&eacute;es sur de nombreux produits alimentaires, y compris les boyaux. ICTR a directement communiqu&eacute; avec le gouvernement irlandais sur cette question et a confirm&eacute; qu\'il avait achev&eacute; un examen des communications de la F&eacute;d&eacute;ration de Russie sur l\'interdiction du commerce. Le r&eacute;sultat de l\'examen a conclu que des informations suppl&eacute;mentaires contenues dans le d&eacute;cret pr&eacute;sidentiel supprimaient l\'interdiction des boyaux trait&eacute;s dans la F&eacute;d&eacute;ration de Russie et l\'Union douani&egrave;re. Un avis de commer&ccedil;ant irlandais (avis r&eacute;glementaire) a &eacute;t&eacute; &eacute;mis &agrave; toutes les usines de viande irlandaises et &agrave; tout le personnel v&eacute;t&eacute;rinaire sur la question.</p>\r\n<p>&nbsp;</p>\r\n<p><span style=\"font-size: 18pt;\">NOUVELLE-Z&Eacute;LANDE</span></p>\r\n<p><strong>&nbsp;</strong>Le gouvernement n&eacute;o-z&eacute;landais a demand&eacute; &agrave; INSCA de fournir des commentaires et des conseils sur ses normes d\'importation r&eacute;vis&eacute;es pour les boyaux.</p>\r\n<p>&nbsp;</p>\r\n<p><span style=\"font-size: 18pt;\">G&Eacute;N&Eacute;RAL</span></p>\r\n<p>&nbsp;L\'IMS a officiellement reconnu INSCA en tant qu\'organe repr&eacute;sentatif important de l\'industrie de la viande en demandant officiellement sa position et sa contribution sur la question du changement climatique. ICTR repr&eacute;sente INSCA &agrave; la r&eacute;union de l\'Assembl&eacute;e g&eacute;n&eacute;rale de l\'OIE en mai de chaque ann&eacute;e sur invitation de l\'IMS, soulignant l\'importance de INSCA aupr&egrave;s des repr&eacute;sentants mondiaux des autorit&eacute;s comp&eacute;tentes et menant des discussions bilat&eacute;rales constructives.</p>\r\n<ul>\r\n<li>ICTR a publi&eacute; un article de deux pages sur les boyaux naturels dans l\'&eacute;dition d\'octobre 2015 dans le magazine Allemand &laquo;&nbsp;Fleischwirtschaft&nbsp;&raquo; &eacute;dition Internationale.</li>\r\n<li>ICTR a accept&eacute; une invitation de IMS pour assister &agrave; une r&eacute;union sur la durabilit&eacute; de la viande, &agrave; Paris en mai 2016</li>\r\n<li>ICTR a particip&eacute; au Congr&egrave;s mondial de la viande IMS en Uruguay en novembre 2016.</li>\r\n<li>ICTR a travaill&eacute; avec un certain nombre d\'associations individuelles de boyaux naturels, par exemple l\'Australie, le Royaume-Uni, le Br&eacute;sil et la Roumanie, pour aider leur communication sur les questions pertinentes avec les principaux organismes publics et fonctionnaires.</li>\r\n<li>INSCA a &eacute;t&eacute; invit&eacute;e &agrave; faire une pr&eacute;sentation au Congr&egrave;s mondial de la viande 2018.</li>\r\n</ul>\r\n<p>L\'INSCA (pr&eacute;sident et conseiller scientifique) ainsi que des repr&eacute;sentants de l\'industrie sud-africaine des boyaux ont rencontr&eacute; des responsables de la r&eacute;glementation du gouvernement sud-africain pour discuter et promouvoir l\'acceptation par l\'Afrique du Sud du sel naturel comme traitement efficace pour les boyaux en provenance de Chine, au lieu de l\'exigence actuelle pour l\'utilisation de sel trait&eacute; P. La r&eacute;union a &eacute;t&eacute; productive, mais d\'autres r&eacute;sultats d&eacute;pendront de l\'ach&egrave;vement des recherches scientifiques en cours.</p>\r\n<p>&nbsp;</p>\r\n</div>\r\n</div>\r\n</div>', 1, 'fr', '2020-04-16 17:20:49', '2020-07-24 01:05:18'),
(3, '<div class=\"row\">\r\n<div class=\"col\">\r\n<div class=\"inner\">\r\n<p><span style=\"font-size: 18pt;\">CANAD&Aacute;</span></p>\r\n<p>ha acordado permitir el uso de tripas de vacuno de Am&eacute;rica del Sur procedentes de pa&iacute;ses que tienen acuerdos rec&iacute;procos con el Brasil, Chile y el Uruguay. Aunque Argentina, Brasil y Uruguay tienen la fiebre aftosa, se permitir&aacute; la exportaci&oacute;n del producto al Canad&aacute; si los exportadores siguen el proceso de salaz&oacute;n recomendado por el estudio de la fiebre aftosa, que ha demostrado que no hay posibilidades de propagaci&oacute;n del virus. Nota: Los mataderos de los que reciben el producto deben ser aprobados por la CFIA</p>\r\n<p><span style=\"font-size: 18pt;\">PA&Iacute;SES BAJOS</span></p>\r\n<p>El Tribunal ayud&oacute; a obtener un certificado actualizado para la tripulaci&oacute;n del cerdo de Holanda a Australia</p>\r\n<p><span style=\"font-size: 18pt;\">SUD&Aacute;FRICA</span></p>\r\n<p>El ICTR trabaj&oacute; con las autoridades gubernamentales sudafricanas en la certificaci&oacute;n aceptable para la importaci&oacute;n de tripas de Brasil. El ICTR sigue aclarando qu&eacute; pa&iacute;ses han sido aceptados por Sud&aacute;frica para utilizar sal natural en lugar de la sal P, conservando al mismo tiempo el acceso sudafricano.</p>\r\n<p><span style=\"font-size: 18pt;\">IRLANDA</span></p>\r\n<p>Rusia ha impuesto amplias restricciones al comercio, en muchos art&iacute;culos alimenticios, incluyendo las tripas. El ICTR se ha comunicado directamente con el Gobierno irland&eacute;s sobre esta cuesti&oacute;n y ha confirmado que ha completado un examen de las comunicaciones de la Federaci&oacute;n de Rusia sobre la prohibici&oacute;n del comercio. En el resultado del examen se lleg&oacute; a la conclusi&oacute;n de que la informaci&oacute;n adicional contenida en el decreto presidencial eliminaba la prohibici&oacute;n de introducir tripas tratadas en la Federaci&oacute;n de Rusia y la Uni&oacute;n Aduanera. Se emiti&oacute; un Aviso para el comerciante irland&eacute;s (asesoramiento normativo) a todas las plantas c&aacute;rnicas irlandesas y a todo el personal veterinario sobre la cuesti&oacute;n.</p>\r\n<p><span style=\"font-size: 18pt;\">NUEVA ZELANDA</span></p>\r\n<p>&nbsp;El gobierno de Nueva Zelanda pidi&oacute; al INSCA que hiciera comentarios y aportaciones a sus normas de importaci&oacute;n revisadas para las carcasas.</p>\r\n<p><span style=\"font-size: 18pt;\">GENERAL</span></p>\r\n<p>El IMS ha reconocido oficialmente al INSCA como un importante &oacute;rgano representativo de la industria c&aacute;rnica al solicitarle oficialmente su posici&oacute;n y su aportaci&oacute;n sobre la cuesti&oacute;n del cambio clim&aacute;tico.</p>\r\n<p>El ICTR representa al INSCA en la reuni&oacute;n de la Asamblea General de la OIE que se celebra cada mes de mayo por invitaci&oacute;n del IMS, destacando la prominencia del INSCA ante los representantes de las autoridades competentes mundiales y llevando a cabo debates bilaterales constructivos.</p>\r\n<p>- El ICTR ha publicado un art&iacute;culo de dos p&aacute;ginas sobre las Tripas Naturales, en la edici&oacute;n de octubre de 2015 de Fleischwirtschaft International.</p>\r\n<p>- El ICTR acept&oacute; una invitaci&oacute;n del IMS para asistir a una reuni&oacute;n sobre Sostenibilidad de la Carne, en Par&iacute;s en mayo de 2016</p>\r\n<p>- El ICTR ha asistido al Congreso Mundial de la Carne de la IMS en Uruguay en noviembre de 2016.</p>\r\n<p>- El ICTR ha trabajado con varias asociaciones de tripas naturales individuales, por ejemplo, Australia, Reino Unido, Brasil, Rumania, para ayudarles a comunicarse sobre cuestiones pertinentes con organismos y funcionarios gubernamentales clave.</p>\r\n<p>- El ICTR ha sido invitado a hacer una presentaci&oacute;n en el Congreso Mundial de la Carne de 2018.</p>\r\n<p>El INSCA (Presidente y Asesor Cient&iacute;fico), as&iacute; como representantes de la industria sudafricana de las tripas se reunieron con funcionarios reguladores del gobierno sudafricano para debatir y promover la aceptaci&oacute;n por parte de Sud&aacute;frica de la sal natural como un tratamiento eficaz para las tripas procedentes de China, en lugar del requisito actual de utilizar sal tratada con P. La reuni&oacute;n fue productiva, pero los resultados depender&aacute;n de la finalizaci&oacute;n de las investigaciones cient&iacute;ficas pendientes.</p>\r\n</div>\r\n</div>\r\n</div>', 1, 'es', '2020-04-16 17:20:49', '2020-07-24 01:08:07'),
(4, '<div class=\"row\">\r\n<div class=\"col\">\r\n<div class=\"inner\">\r\n<p><span style=\"font-size: 18pt;\">Kanada</span></p>\r\n<p>hat zugestimmt Rinderd&auml;rme aus S&uuml;damerika von L&auml;ndern zu erlauben welche gegenseitige Vereinbarungen haben; Brasilien, Chile und Uruguay. Obwohl Argentinien, Brasilien und Uruguay die Maul- und Klauenseuche haben ist ein Export nach Kanada dennoch erlaubt, wenn der Exporteur dem Verfahren des Salzens laut FMD-Studie, welche demonstriert, dass es eine Ausbreitung des Virus unm&ouml;glich macht, Folge leistet. Anmerkung: Die Schlachtbetriebe aus welchem die Produkte stammen m&uuml;ssen von CFIA zugelassen sein.</p>\r\n<p><span style=\"font-size: 18pt;\">NIEDERLANDE</span></p>\r\n<p>Mithilfe des ICTR wurde ein aktualisiertes Zertifikat f&uuml;r Schweined&auml;rme aus Holland nach Australien erhalten.</p>\r\n<p><span style=\"font-size: 18pt;\">S&Uuml;DAFRIKA</span><strong><br /></strong></p>\r\n<p>Der ICTR arbeitete mit den s&uuml;dafrikanischen Regierungsbeh&ouml;rden an einer akzeptablen Zertifizierung f&uuml;r den Import von D&auml;rmen aus Brasilien. Der ICTR kl&auml;rt weiterhin welche L&auml;nder von S&uuml;dafrika akzeptiert wurden in denen Natursalz anstatt P-Salz verwendet wird, w&auml;hrend der Zugang zu S&uuml;dafrika aufrechterhalten wird.</p>\r\n<p><span style=\"font-size: 18pt;\">IrLand</span></p>\r\n<p>Russland hat weitreichende Handelsbeschr&auml;nkungen f&uuml;r Lebensmittel, inklusive D&auml;rme, verh&auml;ngt.</p>\r\n<p>Der ICTR hatte diesbez&uuml;glich direkten Kontakt mit der irischen Regierung und hat einen Bericht &uuml;ber Nachrichten von der Russischen F&ouml;deration hinsichtlich dieser Handelsverbote erstellt. Aus Ergebnissen dieses Berichts wurde geschlussfolgert, dass anhand zus&auml;tzlicher Informationen im Pr&auml;sidialdekret die Verbote f&uuml;r behandelte Naturd&auml;rme in die Russische F&ouml;deration und Zollunion entfernt wurden. Diesbez&uuml;glich wurde ein Irisches Handelsmerkblatt (regulatorischer Rat) an die irischen Fleischbetriebe und Veterin&auml;rmitarbeiter ausgeh&auml;ndigt.</p>\r\n<p><span style=\"font-size: 18pt;\">NEUSEELAND</span></p>\r\n<p>Die neuseel&auml;ndische Regierung hat beim INSCA um</p>\r\n<p>Anmerkungen und Informationen zu ihren &uuml;berarbeiteten Importstandards f&uuml;r Naturd&auml;rme gebeten<br /> </p>\r\n<p><span style=\"font-size: 18pt;\">GENERELLES</span></p>\r\n<p>Das IMS hat INSCA offiziell als wichtigen Vertreter der Fleischindustrie anerkannt und hat formell um seine Position und Input bez&uuml;glich der Klimawandeldebatte gebeten.</p>\r\n<p>Der ICTR repr&auml;sentiert den INSCA bei der Hauptversammlung des OIE jeden Mai, unter Einladung des IMS, hebt die bedeutende Rolle der INSCA bei zust&auml;ndigen Beh&ouml;rdenvertretern hervor und f&uuml;hrt konstruktive Diskussionen in bilateralen Diskussionen.</p>\r\n<ul>\r\n<li>Der ICTR hat einen zweiseitigen Artikel &uuml;ber Naturd&auml;rme in der Oktoberausgabe 2015 der Fleischwirtschaft International ver&ouml;ffentlicht wurde.</li>\r\n<li>Der ICTR wurde vom IMS f&uuml;r die Teilnahme an einem Treffen &uuml;ber Fleischnachhaltigkeit in Paris Mai 2016 eingeladen.</li>\r\n<li>Der ICTR nahm am IMS World Meat Congress in Uruguay im November 2016 teil</li>\r\n<li>Der ICTR hat mit einer Vielzahl von einzelnen Naturdarmverb&auml;nden z.B. in Australien, England, Brasilien und Rum&auml;nien zusammengearbeitet, um sie bei der Kommunikation &uuml;ber relevante Themen bei Schl&uuml;sselregierungsbeh&ouml;rden und -vertretern zu unterst&uuml;tzen.</li>\r\n<li>Die INSCA wurde zum International Fleischkongress 2018 eingeladen um eine Pr&auml;sentation zu halten.</li>\r\n</ul>\r\n<p>Die INSCA (Vorsitzender und wissenschaftlicher Berater) und Vertreter der s&uuml;dafrikanischen Naturdarmindustrie trafen sich mit s&uuml;dafrikanischen Regulierungsbeamten der Regierung, um &uuml;ber die Anerkennung S&uuml;dafrikas hinsichtlich Natursalz als effektive Methode f&uuml;r die Behandlung von D&auml;rmen aus China, anstatt der bestehenden Anforderung der Behandlung mit P-Salz, zu diskutieren. Das Treffen war produktiv, aber weitere Ergebnisse h&auml;ngen von der Fertigstellung aktueller wissenschaftlicher Studien ab.</p>\r\n<p>&nbsp;</p>\r\n<p>&nbsp;</p>\r\n</div>\r\n</div>\r\n</div>', 1, 'gr', '2020-04-16 17:20:49', '2020-07-24 01:10:31'),
(5, '<div class=\"row\">\r\n<div class=\"col\">\r\n<div class=\"inner\">\r\n<p>加拿大<br />已同意允許與之有互惠協議的國家從南美進口牛肉腸衣；巴西，智利和烏拉圭。即使阿根廷，巴西和烏拉圭擁有口蹄疫，但如果出口商遵循口蹄疫研究建議的鹽化工藝，則該產品也將被允許出口到加拿大，該研究表明，沒有傳播病毒的機會。注意：接收產品的屠宰場必須經過CFIA的批准</p>\r\n<p>荷蘭<br />盧旺達問題國際法庭協助從荷蘭到澳大利亞獲取更新的豬腸衣證書</p>\r\n<p>南非<br />盧旺達問題國際法庭與南非政府當局合作，獲得了從巴西進口腸衣的可接受證書。盧旺達問題國際法庭繼續澄清南非已經接受了哪些國家利用天然鹽而不是磷鹽，同時仍保留了南非的使用權。</p>\r\n<p>愛爾蘭<br />俄羅斯對包括腸衣在內的許多食品實施了廣泛的貿易限制。盧旺達問題國際法庭已就此問題直接與愛爾蘭政府聯繫，並確認已完成對俄羅斯聯邦關於禁止貿易的來文的審查。審查結果得出結論，總統令中的其他信息取消了禁止將處理過的機殼帶入俄羅斯聯邦和海關聯盟的規定。已向所有愛爾蘭肉類工廠和所有獸醫人員發出了愛爾蘭商人公告（監管建議）。</p>\r\n<p>新西蘭<br />新西蘭政府要求INSCA為修訂後的腸衣進口標準提供評論和意見。</p>\r\n<p>一般<br />IMS通過正式要求其在氣候變化問題上的立場和意見，正式認可了INSCA作為重要的肉類行業代表機構。</p>\r\n<p>盧旺達問題國際法庭應國際監測系統的邀請，每年5月在國際動物衛生組織的大會上代表INSCA，突出INSCA在全球主管當局代表中的地位，並進行建設性的雙邊討論。</p>\r\n<p>盧旺達問題國際法庭已在2015年10月出版的國際Fleischwirtschaft國際期刊上發表了兩頁的有關天然套管的文章。<br />盧旺達問題國際法庭接受IMS邀請參加2016年5月在巴黎舉行的關於肉類可持續性的會議<br />盧旺達問題國際法庭參加了2016年11月在烏拉圭舉行的IMS世界肉類大會。<br />盧旺達問題國際法庭已與澳大利亞，英國，巴西，羅馬尼亞等多個自然套管協會合作，以協助它們與重要的政府機構和官員就有關問題進行溝通。<br />INSCA已受邀在2018年世界肉類大會上作演講。<br />INSCA（主席和科學顧問）以及南非腸衣行業的代表會見了南非政府監管官員，討論並促進了南非對天然鹽作為中國腸衣的有效治療方法的接受，而不是目前的要求用於P處理鹽。會議富有成果，但進一步的成果取決於即將完成的科學研究。</p>\r\n</div>\r\n</div>\r\n</div>', 1, 'ch', '2020-04-16 17:20:49', '2020-04-20 00:35:42');

-- --------------------------------------------------------

--
-- Table structure for table `i_c_t_r_certificates`
--

CREATE TABLE `i_c_t_r_certificates` (
  `id` int(10) UNSIGNED NOT NULL,
  `certificate` varchar(191) COLLATE utf8mb4_unicode_ci NOT NULL,
  `created_at` timestamp NULL DEFAULT NULL,
  `updated_at` timestamp NULL DEFAULT NULL
) ENGINE=InnoDB DEFAULT CHARSET=utf8mb4 COLLATE=utf8mb4_unicode_ci;

-- --------------------------------------------------------

--
-- Table structure for table `i_c_t_r_certificate_translations`
--

CREATE TABLE `i_c_t_r_certificate_translations` (
  `id` bigint(20) UNSIGNED NOT NULL,
  `name` varchar(191) COLLATE utf8mb4_unicode_ci NOT NULL,
  `i_c_t_r_certificate_id` int(10) UNSIGNED NOT NULL,
  `locale` varchar(191) COLLATE utf8mb4_unicode_ci NOT NULL,
  `created_at` timestamp NULL DEFAULT CURRENT_TIMESTAMP,
  `updated_at` timestamp NULL DEFAULT CURRENT_TIMESTAMP ON UPDATE CURRENT_TIMESTAMP
) ENGINE=InnoDB DEFAULT CHARSET=utf8mb4 COLLATE=utf8mb4_unicode_ci;

-- --------------------------------------------------------

--
-- Table structure for table `i_c_t_r_members`
--

CREATE TABLE `i_c_t_r_members` (
  `id` int(10) UNSIGNED NOT NULL,
  `image` varchar(191) COLLATE utf8mb4_unicode_ci NOT NULL,
  `created_at` timestamp NULL DEFAULT NULL,
  `updated_at` timestamp NULL DEFAULT NULL
) ENGINE=InnoDB DEFAULT CHARSET=utf8mb4 COLLATE=utf8mb4_unicode_ci;

--
-- Dumping data for table `i_c_t_r_members`
--

INSERT INTO `i_c_t_r_members` (`id`, `image`, `created_at`, `updated_at`) VALUES
(3, 'jCdvkfTt6XEzpsQN985sY6pyv8qc38BematV0h18.jpeg', '2019-10-15 22:57:12', '2020-04-12 17:10:08'),
(4, '8OiEygnZ6SCfoqARW2LpmyhhRJWg1pke8kvG98B9.jpeg', '2019-10-15 22:57:40', '2020-03-12 21:25:21'),
(5, '74odm7qYmGcFyQ3mD5Le3t8DKFLgxR9GgbgfBBZc.jpeg', '2019-10-15 22:58:10', '2020-03-12 21:24:55'),
(6, 'lK6ECWOCPu55fXZM31D8a37PRhoumyOpv1oJUuAi.jpeg', '2019-10-15 22:58:31', '2020-03-12 21:24:40'),
(7, 'fY2zmnWVYnzn6wRMiZKRMCO9RgN3gtPNjgr5SNQi.jpeg', '2019-10-15 22:58:55', '2020-04-12 17:07:00'),
(9, 'ACZnMgOqYo5JC9i73P8CoQJjjzTmmbJ3DgZUa9eo.jpeg', '2019-10-15 22:59:48', '2020-04-12 17:09:08'),
(10, 'tSjs2ut7WUa362lnvTIjqoLWj9gPQtpsuUp2dclx.jpeg', '2019-10-15 23:00:20', '2020-03-12 21:24:09'),
(11, 'IfD5CpgiNsu2q7vZ5anqD6dLbG8jsvWKq8qgevJF.jpeg', '2019-10-15 23:00:48', '2020-04-12 17:04:15'),
(13, 'jEO3eZ9aIKfiKQy7HvnZaKJVmBGYmbMdhjw8lRyq.jpeg', '2019-10-15 23:01:30', '2020-03-12 21:23:51'),
(14, '6LjzYiFJ2IKNQtfcJ08Ip0lXlXtZmHurlsLiRqRc.jpeg', '2019-10-15 23:02:04', '2020-04-12 17:03:04'),
(15, 'b9eyz0mFWgL5DHdazXMH5t0vuB2IzdFDmaJu3vqj.jpeg', NULL, '2020-04-12 17:02:49'),
(16, 'y8hMqTnLOVeLWC055KMPyuW5EbOGn3dJb4DjRwkc.jpeg', '2020-10-29 02:48:26', '2020-10-29 02:48:26');

-- --------------------------------------------------------

--
-- Table structure for table `i_c_t_r_member_translations`
--

CREATE TABLE `i_c_t_r_member_translations` (
  `id` bigint(20) UNSIGNED NOT NULL,
  `name` varchar(191) COLLATE utf8mb4_unicode_ci NOT NULL,
  `position` varchar(191) COLLATE utf8mb4_unicode_ci NOT NULL,
  `i_c_t_r_member_id` int(10) UNSIGNED NOT NULL,
  `locale` varchar(191) COLLATE utf8mb4_unicode_ci NOT NULL,
  `created_at` timestamp NULL DEFAULT CURRENT_TIMESTAMP,
  `updated_at` timestamp NULL DEFAULT CURRENT_TIMESTAMP ON UPDATE CURRENT_TIMESTAMP
) ENGINE=InnoDB DEFAULT CHARSET=utf8mb4 COLLATE=utf8mb4_unicode_ci;

--
-- Dumping data for table `i_c_t_r_member_translations`
--

INSERT INTO `i_c_t_r_member_translations` (`id`, `name`, `position`, `i_c_t_r_member_id`, `locale`, `created_at`, `updated_at`) VALUES
(1, 'Barbara Negron', 'North America/ Chairwoman', 3, 'en', '2020-04-16 15:47:49', '2020-04-16 15:47:49'),
(2, 'Barbara Negron', 'Amérique du Nord / Présidente', 3, 'fr', '2020-04-16 15:47:49', '2020-07-24 01:03:14'),
(3, 'Barbara Negron', 'América del Norte/ Presidenta', 3, 'es', '2020-04-16 15:47:49', '2020-07-24 01:03:14'),
(4, 'Barbara Negron', 'North America/ Chairwoman', 3, 'gr', '2020-04-16 15:47:49', '2020-04-16 15:47:49'),
(5, 'Barbara Negron', '北美洲/ 主席', 3, 'ch', '2020-04-16 15:47:49', '2020-07-24 01:03:14'),
(6, 'Marcio Matta', 'South America', 4, 'en', '2020-04-16 15:47:49', '2020-04-16 15:47:49'),
(7, 'Marcio Matta', 'Amérique du Sud', 4, 'fr', '2020-04-16 15:47:49', '2020-07-24 01:02:04'),
(8, 'Marcio Matta', 'América del Sur', 4, 'es', '2020-04-16 15:47:49', '2020-07-24 01:02:04'),
(9, 'Marcio Matta', 'South America', 4, 'gr', '2020-04-16 15:47:49', '2020-04-16 15:47:49'),
(10, 'Marcio Matta', '南美洲', 4, 'ch', '2020-04-16 15:47:49', '2020-07-24 01:02:04'),
(11, 'Marcus Kienast', 'Brazil', 5, 'en', '2020-04-16 15:47:49', '2020-04-16 15:47:49'),
(12, 'Marcus Kienast', 'Brésil', 5, 'fr', '2020-04-16 15:47:49', '2020-07-24 01:00:24'),
(13, 'Marcus Kienast', 'Brasil', 5, 'es', '2020-04-16 15:47:49', '2020-07-24 01:00:24'),
(14, 'Marcus Kienast', 'Brasilien', 5, 'gr', '2020-04-16 15:47:49', '2020-07-24 01:00:24'),
(15, 'Marcus Kienast', '巴西', 5, 'ch', '2020-04-16 15:47:49', '2020-07-24 01:00:24'),
(16, 'Heike Milkenthin', 'Europe Member States', 6, 'en', '2020-04-16 15:47:49', '2020-04-16 15:47:49'),
(17, 'Heike Milkenthin', 'États membres d\'Europe', 6, 'fr', '2020-04-16 15:47:49', '2020-07-24 00:59:17'),
(18, 'Heike Milkenthin', 'Europa Estados Miembros', 6, 'es', '2020-04-16 15:47:49', '2020-07-24 00:59:17'),
(19, 'Heike Milkenthin', 'Europäische Mitgliedstaaten', 6, 'gr', '2020-04-16 15:47:49', '2020-07-24 00:59:17'),
(20, 'Heike Milkenthin', '欧盟', 6, 'ch', '2020-04-16 15:47:49', '2020-07-24 00:59:17'),
(21, 'Youssef ElShatby', 'North Africa', 7, 'en', '2020-04-16 15:47:49', '2020-04-16 15:47:49'),
(22, 'Youssef ElShatby', 'Afrique du Nord', 7, 'fr', '2020-04-16 15:47:49', '2020-07-24 00:57:54'),
(23, 'Youssef ElShatby', 'África del Norte', 7, 'es', '2020-04-16 15:47:49', '2020-07-24 00:57:54'),
(24, 'Youssef ElShatby', 'Nordafrika', 7, 'gr', '2020-04-16 15:47:49', '2020-07-24 00:57:54'),
(25, 'Youssef ElShatby', '南非', 7, 'ch', '2020-04-16 15:47:49', '2020-07-24 00:57:54'),
(26, 'David Moses', 'Australia', 9, 'en', '2020-04-16 15:47:49', '2020-04-16 15:47:49'),
(27, 'David Moses', 'Australie', 9, 'fr', '2020-04-16 15:47:49', '2020-07-24 00:56:47'),
(28, 'David Moses', 'Australia', 9, 'es', '2020-04-16 15:47:49', '2020-04-16 15:47:49'),
(29, 'David Moses', 'Australia', 9, 'gr', '2020-04-16 15:47:49', '2020-04-16 15:47:49'),
(30, 'David Moses', '澳大利亚', 9, 'ch', '2020-04-16 15:47:49', '2020-07-24 00:56:47'),
(31, 'Li Xizhong', 'China', 10, 'en', '2020-04-16 15:47:49', '2020-04-16 15:47:49'),
(32, 'Li Xizhong', 'Chine', 10, 'fr', '2020-04-16 15:47:49', '2020-07-24 00:55:20'),
(33, 'Li Xizhong', 'China', 10, 'es', '2020-04-16 15:47:49', '2020-04-16 15:47:49'),
(34, 'Li Xizhong', 'China', 10, 'gr', '2020-04-16 15:47:49', '2020-04-16 15:47:49'),
(35, 'Li Xizhong', '中国', 10, 'ch', '2020-04-16 15:47:49', '2020-07-24 00:55:20'),
(36, 'Yozo Kawamura', 'Japan', 11, 'en', '2020-04-16 15:47:49', '2020-04-16 15:47:49'),
(37, 'Yozo Kawamura', 'Japon', 11, 'fr', '2020-04-16 15:47:49', '2020-07-24 00:54:38'),
(38, 'Yozo Kawamura', 'Japón', 11, 'es', '2020-04-16 15:47:49', '2020-07-24 00:54:38'),
(39, 'Yozo Kawamura', 'Japan', 11, 'gr', '2020-04-16 15:47:49', '2020-04-16 15:47:49'),
(40, 'Yozo Kawamura', '日本', 11, 'ch', '2020-04-16 15:47:49', '2020-07-24 00:54:38'),
(41, 'Jonathan Hirst', 'UK', 13, 'en', '2020-04-16 15:47:49', '2020-04-16 15:47:49'),
(42, 'Jonathan Hirst', 'Royaume-Uni', 13, 'fr', '2020-04-16 15:47:49', '2020-07-24 00:53:37'),
(43, 'Jonathan Hirst', 'REINO UNIDO', 13, 'es', '2020-04-16 15:47:49', '2020-07-24 00:53:37'),
(44, 'Jonathan Hirst', 'England', 13, 'gr', '2020-04-16 15:47:49', '2020-07-24 00:53:37'),
(45, 'Jonathan Hirst', '英国', 13, 'ch', '2020-04-16 15:47:49', '2020-07-24 00:53:37'),
(46, 'Yuri Kozin', 'Russia', 14, 'en', '2020-04-16 15:47:49', '2020-04-16 15:47:49'),
(47, 'Yuri Kozin', 'Russie', 14, 'fr', '2020-04-16 15:47:49', '2020-07-24 00:52:24'),
(48, 'Yuri Kozin', 'Rusia', 14, 'es', '2020-04-16 15:47:49', '2020-07-24 00:52:24'),
(49, 'Yuri Kozin', 'Russland', 14, 'gr', '2020-04-16 15:47:49', '2020-07-24 00:52:24'),
(50, 'Yuri Kozin', '俄罗斯', 14, 'ch', '2020-04-16 15:47:49', '2020-07-24 00:52:24'),
(51, 'Phil Corrigan', 'Regulatory Advisor- ICTR', 15, 'en', '2020-04-16 15:47:49', '2020-04-16 15:47:49'),
(52, 'Phil Corrigan', 'Conseiller en réglementation - ICTR', 15, 'fr', '2020-04-16 15:47:49', '2020-07-24 00:49:28'),
(53, 'Phil Corrigan', 'Asesor en materia de reglamentación - ICTR', 15, 'es', '2020-04-16 15:47:49', '2020-07-24 00:50:30'),
(54, 'Phil Corrigan', 'Regulatorischer Berater - ICTR', 15, 'gr', '2020-04-16 15:47:49', '2020-07-24 00:50:31'),
(55, 'Phil Corrigan', '法规顾问- ICTR', 15, 'ch', '2020-04-16 15:47:49', '2020-07-24 00:50:30'),
(56, 'K.H Khalid', 'Asia', 16, 'en', '2020-10-29 02:48:26', '2020-10-29 02:48:26'),
(57, 'K.H Khalid', 'Asia', 16, 'fr', '2020-10-29 02:48:26', '2020-10-29 02:48:26'),
(58, 'K.H Khalid', 'Asia', 16, 'es', '2020-10-29 02:48:26', '2020-10-29 02:48:26'),
(59, 'K.H Khalid', 'Asia', 16, 'gr', '2020-10-29 02:48:26', '2020-10-29 02:48:26'),
(60, 'K.H Khalid', 'Asia', 16, 'ch', '2020-10-29 02:48:26', '2020-10-29 02:48:26');

-- --------------------------------------------------------

--
-- Table structure for table `i_c_t_r_translations`
--

CREATE TABLE `i_c_t_r_translations` (
  `id` bigint(20) UNSIGNED NOT NULL,
  `description` text COLLATE utf8mb4_unicode_ci NOT NULL,
  `i_c_t_r_id` int(10) UNSIGNED NOT NULL,
  `locale` varchar(191) COLLATE utf8mb4_unicode_ci NOT NULL,
  `created_at` timestamp NULL DEFAULT CURRENT_TIMESTAMP,
  `updated_at` timestamp NULL DEFAULT CURRENT_TIMESTAMP ON UPDATE CURRENT_TIMESTAMP
) ENGINE=InnoDB DEFAULT CHARSET=utf8mb4 COLLATE=utf8mb4_unicode_ci;

--
-- Dumping data for table `i_c_t_r_translations`
--

INSERT INTO `i_c_t_r_translations` (`id`, `description`, `i_c_t_r_id`, `locale`, `created_at`, `updated_at`) VALUES
(1, '<div class=\"row\">\r\n<div class=\"col\">\r\n<div class=\"inner\"><img title=\"ictr.jpg\" src=\"data:image/jpeg;base64,[encoded data, 7980 characters]\" width=\"400\" height=\"79\" />\r\n<h3 class=\"head-title\">Introduction</h3>\r\n<p>The International Committee on Trade Regulations (ICTR) founded in October 2008, is an official committee of INSCA, the International Natural Sausage Casing Association. The ICTR is one of the many benefits of being a member company of INSCA. The mission of the ICTR is to deal with existing or emerging trade barriers around the world and find ways to resolve these barriers in order to achieve global free-trade in natural casings, as stated in the INSCA bylaws, concentrating mainly on two general categories of trade barriers; Veterinary / public health related issues.</p>\r\n<p>The ICTR so far has been made aware of many trade issues around the world; some of which involve issues dealing with animal diseases, chemical and microorganism contaminants, and others which are strictly political.</p>\r\n<p>The following regions are represented by the appointed ICTR delegates: North America, South America, Europe, Africa, Middle East, Australia &amp; New Zealand, and Asia. The committee meets four times a year, twice in person (annual convention in May and semi-annual meeting of the board in October) and twice through Skype. The ICTR works closely with INSCA&rsquo;s International Scientific Working Group (ISWG) in order to parlay the scientific research results into legislature that opens free trade and removes economic barriers throughout the regions.</p>\r\n<h3 class=\"head-title\">ICTR Activities</h3>\r\n<ul class=\"dot-lists\">\r\n<li>Hold awareness Seminars to show the scientific research results that INSCA has done and how they should affect import / export regulations.</li>\r\n<li>Promotion and lobbying efforts at international industry meetings (see report links on INSCA website)</li>\r\n<li>Elevate the visibility and status of INSCA, and all it represents, with international meat and animal health organizations e.g. IMS, OIE.</li>\r\n<li>Continue to make important professional contacts with key personnel responsible for international import / export health certification and regulations.</li>\r\n<li>Encourage and promote member attendance at ICTR meetings to bring forth trade issues in respective trade areas.</li>\r\n<li>Participate in various international meetings, such as the IMS Animal Care Meeting and the Sustainable Meat Committee.</li>\r\n<li>Develop and maintain continuous professional contact with relevant individual government trade regulation officials and with officials of bodies, such as the World Animal Health Organization (OIE) and International Meat Secretariat (IMS).</li>\r\n</ul>\r\n<div class=\"head-title\">ICTR Accomplishments</div>\r\n<ul class=\"dot-lists\">\r\n<li>The ICTR has used the available science to facilitate reciprocal agreements for products to be exported and imported in and out of countries.</li>\r\n<li>The ICTR has met with government officials and has created awareness for pending trade issues in various countries.</li>\r\n<li>In addition to aiding national and regional associates at their request,the ICTR has aided companies in countries that do not have national casing associations in contacting their governments in lobbying various trade barrier issues.</li>\r\n<li>The ICTR has expedited export certificates and updates of certificates.</li>\r\n</ul>\r\n<h3 class=\"head-title\">Structure</h3>\r\n<p>The ICTR consists of: Chairman (appointed by INSCA Chairman with a right to vote), Legal Counsel (De facto), Executive Director (De facto), and appointed regional delegates. Delegates represent a fair balance of regions and need not be specifically linked to any associations although regional association participation is encouraged. Delegates to the ICTR are appointed to the committee on a volunteer basis to serve without restrictions, for a period of one year to be extended by mutual consent and must be members of INSCA as representatives of their respective regions. INSCA members are welcomed and encouraged to attend all ICTR meetings be it bringing forth a trade issue in their country or region or simply for ideas or input.</p>\r\n<p>The ICTR also has an in-house Regulatory Advisor, with an extensive background in international trade regulations and contacts in various governmental trade authorities throughout regions. The Regulatory advisor not only serves the ICTR committee but is available to provide any needed information to member and most non-members inquiries that INSCA receives.</p>\r\n<h3 class=\"head-title\">Operating Procedures</h3>\r\n<p>In the event of a trade disruption, Depending on the particular issue, please follow these recommended procedures, not totally and necessarily in this order:</p>\r\n<ul class=\"dot-lists\">\r\n<li>Notify export country&rsquo;s Meat or Natural Casings Association of the issue.</li>\r\n<li>Notify export country&rsquo;s Competent Authority agency responsible for issuing an export Health Certificate of the issue (It is preferable for the Competent Authority responsible for issuing health certificates to contact their counterpart in the import country&rsquo;s Competent Authority. INSCA/ ICTR may be able to assist in contacting the relevant Competent Authority)</li>\r\n<li>Identify import country&rsquo;s Competent Authority agency responsible for import conditions. Contact or arrange meeting with import country&rsquo;s agency/representative responsible for import requirements and discuss issue.</li>\r\n<li>Notify import country&rsquo;s importer, Casings Association, and meat association. (They may be able to assist by lobbying the import country&rsquo;s Competent Authority. In any approach to the import country&rsquo;s Competent Authority, the issue should be clearly and objectively described. Resolution of the particular issue should be explored, and advice for longer term minimization of any future disruptions sought)</li>\r\n<li>Notify INSCA/ICTR of issue (Fill in form and send to ictr@insca.org ). Clearly identify the reason for the disruption (e.g. stated disease concern, missing Health certificate endorsement, non- acceptance of OIE categorization of a disease, others etc.)</li>\r\n</ul>\r\n<p>In the event of non- resolution, the Casings associations and INSCA/ICTR should be advised, and a longer term strategy to address the trade disruption considered (e.g. political lobbying in import and/or export countries, refer to OIE Trade Department, consideration of WTO appeal by aggrieved country.)</p>\r\n<h3 class=\"head-title\">Limitations</h3>\r\n<p>The ICTR is an entity within INSCA and has no independent authority to take any legal actions in any matter. Its mandate is to strive to promote cohesiveness and facilitation in trade regulations of casings. These efforts will be accomplished by lobbying, communications, and the presentation of science to relevant government authorities and non government entities. In addition, the ICTR will aid regional and/or country associations as requested in their strategic planning, and preparation and presentation to their government authorities of information on practices and/or policies affecting trade in natural casings specific to their country or region.</p>\r\n</div>\r\n</div>\r\n</div>', 1, 'en', '2020-04-16 15:37:04', '2020-04-16 15:37:04'),
(2, '<div class=\"row\">\r\n<div class=\"col\">\r\n<div class=\"inner\"><img title=\"ictr.jpg\" src=\"data:image/jpeg;base64,[encoded data, 7980 characters]\" width=\"400\" height=\"79\" />\r\n<p><span style=\"font-size: 18pt;\">INTRODUCTION</span></p>\r\n<p>&nbsp;Le Comit&eacute; International des R&egrave;glements Commerciaux (ICTR), fond&eacute; en octobre 2008, est un comit&eacute; officiel de l\'INSCA, l\'International Natural Sausage Casing Association. Le ICTR est l\'un des nombreux avantages d\'&ecirc;tre membre de l\'INSCA.La mission du ICTR est de traiter les barri&egrave;res commerciales existantes ou &eacute;mergentes dans le monde et de trouver les moyens de les surmonter afin de r&eacute;aliser le libre-&eacute;change mondial des boyaux naturels, comme indiqu&eacute; dans les statuts de l\'INSCA, en se concentrant principalement sur deux cat&eacute;gories g&eacute;n&eacute;rales des barri&egrave;res douani&egrave;res ; probl&egrave;mes li&eacute;s &agrave; la sant&eacute; publique / v&eacute;t&eacute;rinaire.Jusqu\'&agrave; pr&eacute;sent, le ICTR a &eacute;t&eacute; inform&eacute; de nombreux probl&egrave;mes commerciaux dans le monde, certains concernent des probl&egrave;mes li&eacute;s aux maladies animales, aux contaminations chimiques et aux micro-organismes, et d\'autres strictement politiques.</p>\r\n<p>&nbsp;Les r&eacute;gions suivantes sont repr&eacute;sent&eacute;es par les d&eacute;l&eacute;gu&eacute;s d&eacute;sign&eacute;s du ICTR : Am&eacute;rique du Nord, Am&eacute;rique du Sud, Europe, Afrique, Moyen-Orient, Australie et Nouvelle-Z&eacute;lande et Asie. Le comit&eacute; se r&eacute;unit quatre fois par an, deux fois en personne (congr&egrave;s annuel en mai et r&eacute;union semestrielle du conseil d\'administration en octobre) et deux fois par Skype. Le ICTR travaille en &eacute;troite collaboration avec INSCA et le groupe de travail scientifique international (ISWG) afin de transformer les r&eacute;sultats de la recherche scientifique en l&eacute;gislature qui ouvre le libre-&eacute;change et supprime les barri&egrave;res &eacute;conomiques dans toutes les r&eacute;gions.</p>\r\n<p><span style=\"font-size: 24pt;\">&nbsp;<span style=\"font-size: 18pt;\">ACTIVIT&Eacute;S DE ICTR</span></span></p>\r\n<ul>\r\n<li>Organiser des s&eacute;minaires de sensibilisation pour montrer les r&eacute;sultats de la recherche scientifique que INSCA a r&eacute;alis&eacute; et comment ils devraient affecter les r&eacute;glementations d\'importation / exportation.</li>\r\n<li>Efforts de promotion et de lobbying lors des r&eacute;unions internationales de l\'industrie (voir les liens des rapports sur le site Web de l\'INSCA)</li>\r\n<li>Am&eacute;liorer la visibilit&eacute; et le statut d\'INSCA, et de tout ce qu\'il repr&eacute;sente, aupr&egrave;s des organisations internationales de la viande et de la sant&eacute; animale, par ex. IMS, OIE.</li>\r\n<li>Continuer &agrave; &eacute;tablir des contacts professionnels importants avec le personnel cl&eacute; responsable de la certification et des r&eacute;glementations sanitaires internationales en mati&egrave;re d\'import / export.</li>\r\n<li>Encourager et promouvoir la participation des membres aux r&eacute;unions du ICTR pour faire ressortir les probl&egrave;mes commerciaux dans les domaines commerciaux respectifs.</li>\r\n<li>Participer &agrave; diverses r&eacute;unions internationales, telles que la r&eacute;union IMS Animal Care et le &laquo;&nbsp;Sustainable Meat Committee&nbsp;&raquo; (Comit&eacute; de la Viande durable)</li>\r\n<li>D&eacute;velopper et entretenir des contacts professionnels continus avec les autorit&eacute;s gouvernementales comp&eacute;tentes en mati&egrave;re de r&eacute;glementation commerciale et avec les repr&eacute;sentants d\'organismes tels que l\'Organisation mondiale de la sant&eacute; animale (OIE) et le Secr&eacute;tariat international de la viande (IMS).</li>\r\n</ul>\r\n<p><span style=\"font-size: 18pt;\">&nbsp;ACTIVIT&Eacute;S DU ICTR</span></p>\r\n<ul>\r\n<li>ICTR a utilis&eacute; la science disponible pour faciliter les accords r&eacute;ciproques pour les produits &agrave; exporter et &agrave; importer dans et hors des pays.</li>\r\n<li>ICTR a rencontr&eacute; des repr&eacute;sentants du gouvernement et a sensibilis&eacute; aux probl&egrave;mes commerciaux en suspens dans divers pays.</li>\r\n<li>En plus d\'aider les associ&eacute;s nationaux et r&eacute;gionaux &agrave; leur demande, ICTR a aid&eacute; les entreprises des pays qui n\'ont pas d\'associations nationales de casiers &agrave; contacter leurs gouvernements pour faire pression sur diverses questions d\'obstacles au commerce.</li>\r\n<li>TPIR a acc&eacute;l&eacute;r&eacute; les certificats d\'exportation et les mises &agrave; jour des certificats.</li>\r\n</ul>\r\n<p><span style=\"font-size: 18pt;\">&nbsp;STRUCTURE</span></p>\r\n<p>&nbsp;ICTR comprend : un pr&eacute;sident (nomm&eacute; par le pr&eacute;sident de l\'INSCA avec un droit de vote), un conseiller juridique (de facto), un directeur ex&eacute;cutif (de facto) et des d&eacute;l&eacute;gu&eacute;s r&eacute;gionaux nomm&eacute;s. Les d&eacute;l&eacute;gu&eacute;s repr&eacute;sentent un juste &eacute;quilibre des r&eacute;gions et n\'ont pas besoin d\'&ecirc;tre sp&eacute;cifiquement li&eacute;s &agrave; des associations, bien que la participation des associations r&eacute;gionales soit encourag&eacute;e. Les d&eacute;l&eacute;gu&eacute;s de ICTR sont nomm&eacute;s au comit&eacute; sur une base volontaire pour servir sans restriction, pour une p&eacute;riode d\'un an &agrave; prolonger par consentement mutuel et doivent &ecirc;tre membres de l\'INSCA en tant que repr&eacute;sentants de leurs r&eacute;gions respectives. Les membres de l\'INSCA sont les bienvenus et encourag&eacute;s &agrave; assister &agrave; toutes les r&eacute;unions du ICTR, que ce soit pour &eacute;voquer un probl&egrave;me commercial dans leur pays ou r&eacute;gion ou simplement pour des id&eacute;es ou des contributions.</p>\r\n<p>&nbsp;ICTR dispose &eacute;galement d\'un conseiller en r&eacute;glementation interne, poss&eacute;dant une vaste exp&eacute;rience des r&eacute;glementations commerciales internationales et des contacts avec diverses autorit&eacute;s commerciales gouvernementales et r&eacute;gionales. Le conseiller en r&eacute;glementation sert non seulement le comit&eacute; du ICTR, mais il est disponible pour fournir toute information n&eacute;cessaire aux demandes des membres et de la plupart des non-membres que l\'INSCA re&ccedil;oit.</p>\r\n<p><span style=\"font-size: 18pt;\">&nbsp;PROC&Eacute;DURES DE FONCTIONNEMENT</span></p>\r\n<p>&nbsp;En cas de perturbation des &eacute;changes, selon le probl&egrave;me particulier, veuillez suivre ces proc&eacute;dures recommand&eacute;es, pas totalement et n&eacute;cessairement dans cet ordre :</p>\r\n<ul>\r\n<li>Avertissez l&rsquo;association de la viande ou des boyaux naturels du pays d&rsquo;exportation d&rsquo;un probl&egrave;me.</li>\r\n<li>Avertissez l\'autorit&eacute; comp&eacute;tente du pays d\'exportation responsable de la d&eacute;livrance d\'un certificat sanitaire d\'exportation du probl&egrave;me (il est pr&eacute;f&eacute;rable que l\'autorit&eacute; comp&eacute;tente responsable de la d&eacute;livrance des certificats sanitaires contacte son homologue de l\'autorit&eacute; comp&eacute;tente du pays importateur. L\'INSCA / ICTR peut &ecirc;tre en mesure d\'aider &agrave; contact avec l\'autorit&eacute; comp&eacute;tente concern&eacute;e)</li>\r\n<li>Identifier l&rsquo;autorit&eacute; comp&eacute;tente du pays importateur responsable des conditions d&rsquo;importation. Contactez ou organisez une r&eacute;union avec l\'agence / le repr&eacute;sentant du pays importateur responsable des exigences d\'importation et discutez du probl&egrave;me.</li>\r\n<li>Avertissez l&rsquo;importateur du pays importateur, l&rsquo;Association des boyaux et l&rsquo;association de viande. (Ils peuvent &ecirc;tre en mesure d\'aider en faisant pression sur l\'autorit&eacute; comp&eacute;tente du pays importateur. Dans toute approche de l\'autorit&eacute; comp&eacute;tente du pays importateur, le probl&egrave;me doit &ecirc;tre d&eacute;crit clairement et objectivement. La r&eacute;solution du probl&egrave;me particulier doit &ecirc;tre explor&eacute;e et des conseils pour une minimisation &agrave; plus long terme de toute perturbation future recherch&eacute;e)</li>\r\n<li>Informer INSCA et plus particuli&egrave;rement ICTR du probl&egrave;me (remplir le formulaire et l\'envoyer &agrave; ictr@insca.org). Identifiez clairement la raison de la perturbation (par exemple, probl&egrave;me de maladie d&eacute;clar&eacute;, approbation du certificat de sant&eacute; manquant, non-acceptation de la cat&eacute;gorisation OIE d\'une maladie, autres, etc.)</li>\r\n<li>En cas de non-r&eacute;solution, les associations de boyaux naturel et l\'INSCA / ICTR doivent &ecirc;tre inform&eacute;es et une strat&eacute;gie &agrave; plus long terme pour faire face &agrave; la perturbation des &eacute;changes doit &ecirc;tre envisag&eacute;e (par exemple, lobbying politique dans les pays d\'importation et / ou d\'exportation, voir le D&eacute;partement du commerce de l\'OIE, examen des Appel de l\'OMC par le pays l&eacute;s&eacute;.)</li>\r\n</ul>\r\n<p>&nbsp;</p>\r\n<p><span style=\"font-size: 18pt;\">LIMITES</span></p>\r\n<p>ICTR est une entit&eacute; au sein de l\'INSCA et n\'a aucune autorit&eacute; ind&eacute;pendante pour engager des poursuites judiciaires dans quelque affaire que ce soit. Son mandat est de s\'efforcer de promouvoir la coh&eacute;sion et la facilitation des r&eacute;glementations commerciales des boyaux. Ces efforts seront accomplis par le lobbying, les communications et la pr&eacute;sentation de la science aux autorit&eacute;s gouvernementales comp&eacute;tentes et aux entit&eacute;s non gouvernementales. En outre, ICTR aidera les associations r&eacute;gionales et / ou nationales comme demand&eacute; dans leur planification strat&eacute;gique, et la pr&eacute;paration et la pr&eacute;sentation aux autorit&eacute;s gouvernementales d\'informations sur les pratiques et / ou politiques affectant le commerce des boyaux naturels sp&eacute;cifiques &agrave; leur pays ou r&eacute;gion</p>\r\n</div>\r\n</div>\r\n</div>', 1, 'fr', '2020-04-16 15:37:04', '2020-07-24 00:25:24');
INSERT INTO `i_c_t_r_translations` (`id`, `description`, `i_c_t_r_id`, `locale`, `created_at`, `updated_at`) VALUES
(3, '<div class=\"row\">\r\n<div class=\"col\">\r\n<div class=\"inner\"><img title=\"ictr.jpg\" src=\"data:image/jpeg;base64,[encoded data, 7980 characters]\" width=\"400\" height=\"79\" />\r\n<p><span style=\"font-size: 18pt;\">&nbsp;INTRODUCCI&Oacute;N</span></p>\r\n<p>El Comit&eacute; Internacional de Reglamentaci&oacute;n Comercial (ICTR), fundado en octubre de 2008, es un comit&eacute; oficial del INSCA, la Asociaci&oacute;n Internacional de Tripas de Salchichas Naturales. El ICTR es uno de los muchos beneficios de ser una empresa miembro de INSCA. La misi&oacute;n del ICTR es ocuparse de las barreras comerciales existentes o emergentes en todo el mundo y encontrar formas de resolver esas barreras a fin de lograr el libre comercio mundial de tripas naturales, como se establece en los estatutos de la INSCA, concentr&aacute;ndose principalmente en dos categor&iacute;as generales de barreras comerciales: las cuestiones relacionadas con la salud p&uacute;blica y veterinaria.</p>\r\n<p>Hasta ahora, el ICTR ha tomado conciencia de muchas cuestiones comerciales en todo el mundo; algunas de ellas se refieren a cuestiones relacionadas con enfermedades animales, contaminantes qu&iacute;micos y de microorganismos, y otras son estrictamente pol&iacute;ticas. Las siguientes regiones est&aacute;n representadas por los delegados designados del ICTR: Am&eacute;rica del Norte, Am&eacute;rica del Sur, Europa, &Aacute;frica, Oriente Medio, Australia y Nueva Zelanda, y Asia. El comit&eacute; se re&uacute;ne cuatro veces al a&ntilde;o, dos veces en persona (convenci&oacute;n anual en mayo y reuni&oacute;n semestral de la junta en octubre) y dos veces a trav&eacute;s de Skype. El ICTR trabaja estrechamente con el INSCA</p>\r\n<p>&nbsp;Grupo de Trabajo Cient&iacute;fico Internacional (ISWG) con el fin de trasladar los resultados de la investigaci&oacute;n cient&iacute;fica a una legislatura que abra el libre comercio y elimine las barreras econ&oacute;micas en todas las regiones.</p>\r\n<p>&nbsp;</p>\r\n<p><span style=\"font-size: 18pt;\">ACTIVIDADES DEL ICTR</span></p>\r\n<ul>\r\n<li>Celebrar seminarios de concienciaci&oacute;n para mostrar los resultados de la investigaci&oacute;n cient&iacute;fica que ha realizado el INSCA y c&oacute;mo deber&iacute;an afectar a los reglamentos de importaci&oacute;n y exportaci&oacute;n.</li>\r\n<li>Esfuerzos de promoci&oacute;n y presi&oacute;n en las reuniones internacionales de la industria (v&eacute;anse los enlaces del informe en el sitio web del INSCA)</li>\r\n<li>Elevar la visibilidad y el estatus del INSCA, y todo lo que representa, con las organizaciones internacionales de carne y sanidad animal, por ejemplo, IMS, OIE.</li>\r\n<li>Seguir estableciendo importantes contactos profesionales con el personal clave responsable de la certificaci&oacute;n y los reglamentos sanitarios internacionales de importaci&oacute;n y exportaci&oacute;n.</li>\r\n<li>Alentar y promover la asistencia de los miembros a las reuniones del ICTR para plantear cuestiones comerciales en las respectivas esferas comerciales.</li>\r\n<li>Participar en diversas reuniones internacionales, como la Reuni&oacute;n sobre el cuidado de los animales del IMS y el Comit&eacute; de la carne sostenible.</li>\r\n<li>Desarrollar y mantener un contacto profesional continuo con los funcionarios gubernamentales de reglamentaci&oacute;n comercial pertinentes y con los funcionarios de organismos como la Organizaci&oacute;n Mundial de Sanidad Animal (OIE) y la Secretar&iacute;a Internacional de la Carne (IMS).</li>\r\n</ul>\r\n<p>&nbsp;</p>\r\n<p><span style=\"font-size: 18pt;\">LOGROS DEL ICTR</span></p>\r\n<p>- El ICTR ha utilizado la ciencia disponible para facilitar acuerdos rec&iacute;procos para los productos que se exportan e importan dentro y fuera de los pa&iacute;ses.</p>\r\n<p>- El ICTR se ha reunido con funcionarios gubernamentales y ha creado conciencia de las cuestiones comerciales pendientes en diversos pa&iacute;ses.</p>\r\n<p>- Adem&aacute;s de ayudar a los asociados nacionales y regionales a petici&oacute;n de &eacute;stos, el ICTR ha ayudado a las empresas de los pa&iacute;ses que no tienen asociaciones nacionales de cajas a ponerse en contacto con sus gobiernos para ejercer presi&oacute;n sobre diversas cuestiones relacionadas con los obst&aacute;culos al comercio.</p>\r\n<p>- El Tribunal ha agilizado la expedici&oacute;n de certificados de exportaci&oacute;n y la actualizaci&oacute;n de los mismos.</p>\r\n<p>&nbsp;</p>\r\n<p><span style=\"font-size: 18pt;\">ESTRUCTURA</span></p>\r\n<p>El ICTR consiste en: Presidente (nombrado por el Presidente de la INSCA con derecho a voto), Consejero Jur&iacute;dico (de facto), Director Ejecutivo (de facto), y delegados regionales nombrados. Los delegados representan un equilibrio justo de las regiones y no es necesario que est&eacute;n vinculados espec&iacute;ficamente a ninguna asociaci&oacute;n, aunque se alienta la participaci&oacute;n de las asociaciones regionales. Los delegados del ICTR son nombrados para formar parte del comit&eacute; de manera voluntaria para que presten servicios sin restricciones, por un per&iacute;odo de un a&ntilde;o que se prorrogar&aacute; por consentimiento mutuo y deben ser miembros del INSCA como representantes de sus respectivas regiones. Se da la bienvenida a los miembros de la INSCA y se les alienta a asistir a todas las reuniones del ICTR, ya sea para plantear una cuesti&oacute;n comercial en su pa&iacute;s o regi&oacute;n o simplemente para obtener ideas o aportaciones.</p>\r\n<p>El TPIR tambi&eacute;n cuenta con un asesor de reglamentaci&oacute;n interno, con amplios antecedentes en materia de reglamentaci&oacute;n del comercio internacional y contactos en diversas autoridades comerciales gubernamentales en todo el mundo.regiones. El asesor en materia de reglamentaci&oacute;n no s&oacute;lo presta servicios al comit&eacute; del ICTR, sino que est&aacute; disponible para proporcionar toda la informaci&oacute;n necesaria a las consultas de los miembros y la mayor&iacute;a de los no miembros que recibe el INSCA.</p>\r\n<p>&nbsp;</p>\r\n<p><span style=\"font-size: 18pt;\">PROCEDIMIENTOS OPERATIVOS</span></p>\r\n<p>En el caso de una interrupci&oacute;n del comercio, dependiendo del tema en particular, por favor siga estos procedimientos recomendados, no total y necesariamente en este orden:</p>\r\n<ul>\r\n<li>Notifique el problema a la Asociaci&oacute;n de Carne o Tripas Naturales del pa&iacute;s exportador.</li>\r\n<li>Notificar la emisi&oacute;n al organismo de la Autoridad Competente del pa&iacute;s exportador responsable de la emisi&oacute;n de un Certificado Sanitario de exportaci&oacute;n (Es preferible que la Autoridad Competente responsable de la emisi&oacute;n de certificados sanitarios se ponga en contacto con su hom&oacute;loga de la Autoridad Competente del pa&iacute;s importador. El INSCA/ ICTR puede ayudar a ponerse en contacto con la Autoridad Competente pertinente)</li>\r\n<li>Identificar el organismo de la Autoridad Competente del pa&iacute;s importador responsable de las condiciones de importaci&oacute;n. Contactar o concertar una reuni&oacute;n con el organismo/representante del pa&iacute;s importador responsable de las condiciones de importaci&oacute;n y discutir el asunto.</li>\r\n<li>Notificar al importador del pa&iacute;s importador, a la Asociaci&oacute;n de Tripas y a la Asociaci&oacute;n de Carnes. (Es posible que puedan ayudar presionando a la Autoridad Competente del pa&iacute;s importador. En cualquier acercamiento a la Autoridad Competente del pa&iacute;s importador, el asunto debe ser descrito clara y objetivamente. Se deber&aacute; explorar la resoluci&oacute;n del problema en particular y se deber&aacute; buscar asesoramiento para reducir al m&iacute;nimo a largo plazo cualquier perturbaci&oacute;n futura)</li>\r\n<li>Notificar al INSCA/ICTR de la emisi&oacute;n (Rellenar el formulario y enviarlo a ictr@insca.org ). Identificar claramente la raz&oacute;n de la</li>\r\n</ul>\r\n<ul>\r\n<li>perturbaci&oacute;n (por ejemplo, preocupaci&oacute;n por una enfermedad declarada, falta de aprobaci&oacute;n del certificado de salud, no aceptaci&oacute;n de la categorizaci&oacute;n de una enfermedad por la OIE, otros, etc.)</li>\r\n</ul>\r\n<p>En caso de no resoluci&oacute;n, se debe avisar a las asociaciones de tripas y al INSCA/ICTR, y se debe considerar una estrategia a largo plazo para abordar la perturbaci&oacute;n del comercio (por ejemplo, presi&oacute;n pol&iacute;tica en los pa&iacute;ses importadores y/o exportadores, remitirse al Departamento de Comercio de la OIE, consideraci&oacute;n de la apelaci&oacute;n ante la OMC por parte del pa&iacute;s agraviado).</p>\r\n<p>&nbsp;</p>\r\n<p><span style=\"font-size: 18pt;\">LIMITACIONES</span></p>\r\n<p>El ICTR es una entidad dentro de la INSCA y no tiene autoridad independiente para tomar ninguna acci&oacute;n legal en ning&uacute;n asunto. Su mandato es esforzarse por promover la cohesi&oacute;n y la facilitaci&oacute;n en la reglamentaci&oacute;n comercial de las tripas. Estos esfuerzos se lograr&aacute;n mediante las comunicaciones y la presentaci&oacute;n de la ciencia a las autoridades gubernamentales pertinentes y a las entidades no gubernamentales. Adem&aacute;s, el ICTR ayudar&aacute; a las asociaciones regionales y/o nacionales, seg&uacute;n se le solicite, en su planificaci&oacute;n estrat&eacute;gica y en la preparaci&oacute;n y presentaci&oacute;n a sus autoridades gubernamentales de informaci&oacute;n sobre pr&aacute;cticas y/o pol&iacute;ticas que afecten al comercio de tripas naturales espec&iacute;ficas de su pa&iacute;s o regi&oacute;n.</p>\r\n<p>&nbsp;</p>\r\n</div>\r\n</div>\r\n</div>', 1, 'es', '2020-04-16 15:37:04', '2020-07-24 00:32:26'),
(4, '<div class=\"row\">\r\n<div class=\"col\">\r\n<div class=\"inner\"><img title=\"ictr.jpg\" src=\"data:image/jpeg;base64,[encoded data, 7980 characters]\" width=\"400\" height=\"79\" />\r\n<p>&nbsp;</p>\r\n<p><span style=\"font-size: 18pt;\">EINF&Uuml;HRUNG</span></p>\r\n<p>Der Internationale Ausschuss f&uuml;r Handelsbestimmungen (ICTR) wurde im Oktober 2008 gegr&uuml;ndet und ist ein offizielles Mitglied des INSCA, dem International Naturdarmverband. Der ICTR ist einer der vielen Vorteile, welche man als Mitglied des INSCA genie&szlig;t. Die Aufgabe des ICTR ist es sich um bestehende oder auftretende Handelsbeschr&auml;nkungen zu k&uuml;mmern und L&ouml;sungen zu finden diese Beschr&auml;nkungen zu beseitigen, um einen globalen Freihandel f&uuml;r Naturd&auml;rme zu erm&ouml;glichen wie es in den INSCA-Statuten festgeschrieben ist. Es wird sich auf mehrheitlich zwei generelle Kategorien von Handelsbeschr&auml;nkungen konzentriert; die Veterin&auml;rgesundheit und die &ouml;ffentliche Gesundheit betreffend. Der ICTR wurde bisher auf einige Handelsfragen aufmerksam gemacht, unter anderem bezogen auf Tierkrankheiten, chemische und mikrobiologische Schadstoffe und andere, welche rein politischen Naturen sind. Die folgenden Regionen werden von den bestellten ICTR-Beauftragten vertreten: Nordamerika, S&uuml;damerika, Europa, Afrika, Mittlerer Osten, Australien &amp; Neuseeland und Asien. Der Ausschuss trifft sich vier Mal pro Jahr, davon zwei Mal pers&ouml;nlich (bei der j&auml;hrlichen Tagung im Mai und beim halbj&auml;hrlichen Treffen des Vorstandes im Oktober) und zwei Mal &uuml;ber Skype. Der ICTR arbeitet eng mit der Internationalen Wissenschaftlichen Arbeitsgruppe (ISWG) der INSCA zusammen, um aus den wissenschaftlichen&nbsp;</p>\r\n<p>Untersuchungsergebnissen Kapital zu schlagen und damit f&uuml;r einen freien Handel zu sorgen und Handelsbeschr&auml;nkungen innerhalb der Regionen abzubauen.</p>\r\n<p>&nbsp;</p>\r\n<p><span style=\"font-size: 18pt;\">T&Auml;TIGKEITEN DES ISWG</span></p>\r\n<ul>\r\n<li>Das Abhalten von Wahrnehmungsseminaren, um die Forschungsergebnisse des INSCA zu vorzustellen<br /> und wie diese Ergebnisse Import/Export-Handelsbestimmungen beeinflussen sollten</li>\r\n<li>F&ouml;rderung und Lobbyarbeit bei internationalen Industrietreffen (siehe Berichte auf der INSCA-Webseite)</li>\r\n<li>Die Sichtbarkeit und den Status der INSCA, und alles was er repr&auml;sentiert, bei internationalen Fleisch- und Tiergesundheitsorganisation wie z.B. IMS, OIE, etc. zu verbessern</li>\r\n<li>Fortw&auml;hrendes Kn&uuml;pfen von wichtigen Gesch&auml;ftskontakten mit zust&auml;ndigen Schl&uuml;sselfiguren im internationalen Bereich von Import / Export beim Veterin&auml;rrecht und Regulationen.</li>\r\n<li>Ermutigung und F&ouml;rderung der Anwesenheit von Mitgliedern bei Treffen des ICTR um Handelsfragen in bestimmten Regionen vorzubringen.Teilnahme an diversen internationalen Treffen, wie dem IMS Tierschutz und dem Ausschuss der Nachhaltigen Fleischwirtschaft</li>\r\n<li>\r\n<p>- Entwicklung und Aufrechterhaltung der Beziehungen mit relevanten Regierungsvertretern im Bereich Handelsbestimmungen, sowie mit Organisationsvertretern wie der Weltorganisation f&uuml;r Tiergesundheit (OIE) und dem Internationalen Fleischsekretariat (IMS).</p>\r\n</li>\r\n</ul>\r\n<p>&nbsp;</p>\r\n<p><span style=\"font-size: 18pt;\">ICTR ERRUNGENSCHAFTEN</span></p>\r\n<ul>\r\n<li>Der ICTR verwendete die verf&uuml;gbare Wissenschaft zur F&ouml;rderung von gegenseitigen Vereinbarungen f&uuml;r Produkte, sodass diese aus den L&auml;ndern importiert und exportiert werden k&ouml;nnen.</li>\r\n<li>Der ICTR traf sich mit Regierungsvertretern und schuf eine Wahrnehmung f&uuml;r ausstehende Handelsfragen in diversen L&auml;ndern.</li>\r\n<li>Zus&auml;tzlich zu Unterst&uuml;tzung nationaler und internationaler Verb&auml;nde bei Anfragen, hilft der ICTR Firmen in L&auml;ndern, welche &uuml;ber keine nationalen Naturdarmverb&auml;nde verf&uuml;gen indem sie die zust&auml;ndigen Regierungen kontaktiert und Lobbyarbeit bei diversen Handelsbeschr&auml;nkungen betreibt.</li>\r\n<li>Der ICTR beschleunigte Exportzertifikate und deren Aktualisierungen.</li>\r\n<li>\r\n<p>einzubringen. Der ICTR hat au&szlig;erdem einen hausinternen Berater f&uuml;r Regulierungsfragen mit umfangreichem Hintergrundwissen zu internationalen Handelsfragen und Kontakten zu diversen Regierungsvertretern des Handels in allen Regionen.<br /> Dieser Berater dient nicht nur dem ICTR-Ausschuss, sondern steht auch f&uuml;r alle Anfragen von Mitgliedern und den meisten nicht-Mitgliedern vom INSCA zur Verf&uuml;gung.</p>\r\n<p>&nbsp;</p>\r\n<p><span style=\"font-size: 18pt;\">AUFBAU</span></p>\r\n<p>Der ICTR besteht aus: Vorsitzender (wird vom INSCA-Vorsitzenden bestellt, mit Stimmrecht), Rechtsberater (De facto), Gesch&auml;ftsf&uuml;hrer (De facto) und regional bestellter Vertreter. Die Vertreter repr&auml;sentieren sich in einer fairen Verteilung auf alle Regionen, m&uuml;ssen aber keine konkrete Verbindung zu einem Verband haben, wobei zur Teilnahme an regionalen Verb&auml;nden geraten wird. Vertreter des ICTR werden auf freiwilliger Basis in den Ausschuss bestellt, um Ihre Arbeit uneingeschr&auml;nkt ausf&uuml;hren zu k&ouml;nnen. Die Periode betr&auml;gt 1 Jahr, kann aber unter gegenseitigem Einvernehmen verl&auml;ngert werden, sollte der Vertreter ein Mitgliedsvertreter vom INSCA in deren Region sein. INSCA-Mitglieder sind ermutigt allen Treffen des ICTR beizuwohnen, entweder um Handelsfragen in ihren L&auml;ndern oder Regionen vorzubringen oder einfach um Ideen oder Beitr&auml;ge&nbsp;</p>\r\n<p>&nbsp;</p>\r\n<p><span style=\"font-size: 18pt;\">BETRIEBSABL&Auml;UFE</span></p>\r\n<p>Im Falle einer Handelsbeeintr&auml;chtigung, abh&auml;ngend vom Fall,</p>\r\n<p>folgen Sie bitte diesen empfohlenen Abl&auml;ufen, nicht vollumf&auml;nglich und nicht notwendigerweise in dieser Reihenfolge:</p>\r\n<ul>\r\n<li>Benachrichtigen Sie den nationalen Fleischverband oder Naturdarmverband &uuml;ber das Problem</li>\r\n<li>Benachrichtigen Sie die zust&auml;ndige Exportbeh&ouml;rde, welche in diesem Fall f&uuml;r die Ausstellung des Gesundheitszeugnisses zust&auml;ndig ist (es ist f&uuml;r diese Exportbeh&ouml;rde von Vorteil die entsprechenden Amtskollegen des Empf&auml;ngerlandes zu kontaktieren. INSCA/ICTR sind hier gerne behilflich die entsprechenden Beh&ouml;rden zu kontaktieren).</li>\r\n<li>Ermitteln Sie die zust&auml;ndige Beh&ouml;rde welche f&uuml;r den Import zust&auml;ndig ist und die entsprechend notwendigen Voraussetzungen f&uuml;r den Import. <br /> Stellen Sie Kontakt zu den f&uuml;r den Import zust&auml;ndigen Beh&ouml;rden/einem entsprechenden Vertreter her oder arrangieren Sie ein Treffen um &uuml;ber das Problem zu sprechen.</li>\r\n<li>Benachrichtigen Sie den Importeur des Empf&auml;ngerlandes, den dortigen Naturdarmverband und den Fleischverband (diese k&ouml;nnen Sie eventuell durch Lobbyarbeiten bei den Beh&ouml;rden unterst&uuml;tzen. Bei jeder Ann&auml;herung an die Beh&ouml;rden des Empf&auml;ngerlandes sollte das Problem klar und sachlich beschrieben werden. L&ouml;sungen des bestimmten Falls sollten untersucht und Empfehlungen welche die Probleme auf lange Sicht minimieren k&ouml;nnen angestrebt werden)</li>\r\n<li>Benachrichtigen Sie INSCA/ICTR &uuml;ber das Problem (f&uuml;llen Sie das Formular aus und senden Sie dies an ictr@insca.org). Beschreiben Sie den Grund der Beeintr&auml;chtigung in aller Form (z.B. Bedenken aufgrund Tierkrankheiten, fehlendes abgestimmtes Gesundheitszeugnis, Nicht-Anerkennung einer OIE-Zuordnung von eine Krankheit, u</li>\r\n</ul>\r\n</li>\r\n</ul>\r\n<p>&nbsp;</p>\r\n<pre id=\"tw-target-text\" class=\"tw-data-text tw-text-large XcVN5d tw-ta\" dir=\"ltr\" data-placeholder=\"Translation\"><span lang=\"de\" style=\"font-family: helvetica, arial, sans-serif; font-size: 18pt;\"><br />EINSCHR&Auml;NKUNGEN</span></pre>\r\n<p>Der ICTR ist eine Instanz innerhalb des INSCA und kann keine unabh&auml;ngigen rechtlichen Schritte in jedweder Sache einleiten. Sein Auftrag ist nach F&ouml;rderung von Zusammenhalt und Vereinfachung bei den Handelsbestimmungen von Naturd&auml;rmen zu streben. Diese Leistungen werden durch Lobbyarbeit, Kommunikation und die an relevante Regierungs- und nicht-Regierungsbeh&ouml;rden gerichteten Pr&auml;sentation von Forschungen erreicht. Zus&auml;tzlich unterst&uuml;tzt der ICTR Regional- und/oder Landesverb&auml;nde je nach Bedarf bei deren strategischen Pl&auml;nen, Vorbereitungen und Pr&auml;sentationen f&uuml;r Regierungsbeh&ouml;rden mithilfe von Informationen zu Praktiken und/oder Richtlinien hinsichtlich Handelsbestimmung von Naturd&auml;rmen in deren L&auml;ndern oder Regionen.</p>\r\n</div>\r\n</div>\r\n</div>', 1, 'gr', '2020-04-16 15:37:04', '2020-07-24 00:44:14'),
(5, '<div class=\"row\">\r\n<div class=\"col\">\r\n<div class=\"inner\"><img title=\"ictr.jpg\" src=\"data:image/jpeg;base64,[encoded data, 7980 characters]\" width=\"400\" height=\"79\" />\r\n<p><span style=\"font-size: 18pt;\">介绍</span></p>\r\n<p>国际贸易规章委员会(ICTR)成立于2008年10月，是国际天然肠衣协会(INSCA)的一个官方委员会。ICTR是成为INSCA会员公司的许多好处之一。ICTR的任务是处理世界各地现有的或新出现的贸易壁垒，并寻找解决这些壁垒的方法，以实现国协章程中所述的天然肠衣全球自由贸易，主要致力于两类贸易壁垒：兽医/公共卫生相关事宜。</p>\r\n<p>ICTR迄今已了解到了世界各地的许多贸易问题，其中一些涉及到动物疾病、化学和微生物污染事宜，另一些则是完全的政治事宜。</p>\r\n<p>以下地区由所任命的ICTR代表所代表：北美、南美、欧洲、非洲、中东、澳大利亚和新西兰，以及亚洲。该委员会每年召开四次会议，其中有两次是到场会议(5月份的年会和10月份的理事会半年会)，另外两次是Skype网络会议</p>\r\n<p>&nbsp;</p>\r\n<p><span style=\"font-size: 18pt;\">ICTR的活动</span></p>\r\n<ul>\r\n<li>举办宣传研讨会，展示INSCA所做出的科学研究成果，以及它们将如何影响进出口法规。</li>\r\n<li>在国际行业会议上的推广和游说(参见INSCA网站上的报告链接)</li>\r\n<li>通过国际肉类和动物卫生组织(如世界肉类组织IMS、OIE)，提高INSCA及其代表事宜的知名度和地位。</li>\r\n<li>与负责国际进出口卫生认证和法规的关键人员保持重要的专业联系。</li>\r\n<li>鼓励和促进会员出席ICTR会议，以提出各自贸易领域的贸易问题。</li>\r\n<li>参加各种国际会议，如IMS的 动物健康会议和可持续肉类委员会会议。</li>\r\n<li>与相关的政府贸易法规官员以及机构官员建立并保持持续的专业联系，比如世界动物卫生组织(OIE)和世界肉类组织(IMS)等。</li>\r\n</ul>\r\n<p>&nbsp;</p>\r\n<p><span style=\"font-size: 18pt;\">ICTR的成就</span></p>\r\n<ul>\r\n<li>ICTR利用现有的科学知识促进各国进出口产品的互惠协定。</li>\r\n<li>ICTR与政府官员举行会议，提高了各国对待解决的贸易问题的认知。</li>\r\n<li>除了应国家和区域协会的请求援助它们之外，ICTR还帮助那些没有国家肠衣协会的公司联系其政府，游说各种贸易壁垒问题。</li>\r\n<li>ICTR加快了出口证书和证书更新。</li>\r\n</ul>\r\n<p>&nbsp;</p>\r\n<p><span style=\"font-size: 18pt;\">结构</span></p>\r\n<p>ICTR由以下人员组成：主席(由INSCA主席任命的有投票权的人)、法律顾问(事实上的)、执行理事(事实上的)和任命的区域代表。虽然鼓励各区域协会的参与，但委员会代表要保持区域平衡，但不需要特别与任何协会有关系。ICTR代表在自愿的基础上被任命为委员会成员，任职不受限制，任期为一年，经双方同意后可延长，而且作为该区域的代表他必须是INSCA会员。欢迎和鼓励INSCA会员参加ICTR的所有会议，以提出其国家或区域的贸易问题，或者只是提出观点或意见。</p>\r\n<p>ICTR还设有一名内部法规顾问，他在国际贸易法规方面具有广泛的背景，并与各区域的政府贸易当局有联系。</p>\r\n<p>&nbsp;该法规顾问不仅为ICTR委员会服务，而且可以向会员们和INSCA收到的很多非会员的咨询提供所需信息。</p>\r\n<p>&nbsp;</p>\r\n<p><span style=\"font-size: 18pt;\">工作程序</span></p>\r\n<p>在出现贸易问题的情况下，请根据具体情况遵循以下所建议的程序，但不一定完全按照以下顺序进行：</p>\r\n<ul>\r\n<li>将此事通知出口国的肉类或天然肠衣协会。</li>\r\n<li>通知出口国负责签发出口卫生证书的主管当局机构(负责签发卫生证书的主管当局最好与进口国主管当局的对应机构联系。INSCA/ICTR可协助联系有关主管当局)</li>\r\n<li>确定进口国负责进口条款的主管当局机构。与进口国负责进口要求的机构/代表联系或安排会议，讨论相关问题。</li>\r\n<li>通知进口国的进口商、肠衣协会和肉类协会。(他们协助游说进口国的主管当局。通过任何方式接触进口国主管当局时，都应清楚和客观地说明这个问题。应探讨具体问题的解决办法，并建议尽量长期最小化任何将来的贸易问题)</li>\r\n<li>通知INSCA/ICTR该问题(填写表格并发送至ictr@insca.org)。明确贸易问题的原因(例如，说明是疾病问题、卫生证书缺少签注、世界动物卫生组织不能接受的某一疾病等)。</li>\r\n<li>\r\n<p>如果没有解决，应告知肠衣协会和INSCA/ICTR，并考虑解决该贸易问题的长期策略(例如，在进口和/或出口国进行政治游说、向世界动物卫生组织贸易部门求助、受害国考虑向WTO申诉)。</p>\r\n<p>&nbsp;</p>\r\n<p><span style=\"font-size: 18pt;\">限制</span></p>\r\n<p>ICTR是INSCA内的一个实体，没有在任何问题上采取任何法律行动的独立权力。其任务是致力于促进肠衣贸易法规的亲和力和简易化。这些努力将通过游说、沟通以及向相关政府部门和非政府组织介绍科学来完成。此外，ICTR将根据地区和/或国家协会的要求进行策略规划，并向其政府当局准备和提供关于其国家或地区的影响天然肠衣贸易的做法和/或政策的资料。</p>\r\n</li>\r\n</ul>\r\n</div>\r\n</div>\r\n</div>', 1, 'ch', '2020-04-16 15:37:04', '2020-07-24 00:48:19');

-- --------------------------------------------------------

--
-- Table structure for table `i_s_w_gs`
--

CREATE TABLE `i_s_w_gs` (
  `id` int(10) UNSIGNED NOT NULL,
  `projects` varchar(191) COLLATE utf8mb4_unicode_ci NOT NULL,
  `structure` varchar(191) COLLATE utf8mb4_unicode_ci NOT NULL,
  `created_at` timestamp NULL DEFAULT NULL,
  `updated_at` timestamp NULL DEFAULT NULL ON UPDATE CURRENT_TIMESTAMP
) ENGINE=InnoDB DEFAULT CHARSET=utf8mb4 COLLATE=utf8mb4_unicode_ci;

--
-- Dumping data for table `i_s_w_gs`
--

INSERT INTO `i_s_w_gs` (`id`, `projects`, `structure`, `created_at`, `updated_at`) VALUES
(1, 'WxMJWoxetzmsXj2C3N4qKztn9Xg7l3FuXvLt363O.jpeg', 'RrfItVWUbSYcINElGROjky8f84WWmhbJOpUpJAxx.jpeg', '2019-09-30 19:59:58', '2020-03-03 19:06:15');

-- --------------------------------------------------------

--
-- Table structure for table `i_s_w_g_translations`
--

CREATE TABLE `i_s_w_g_translations` (
  `id` bigint(20) UNSIGNED NOT NULL,
  `description` text COLLATE utf8mb4_unicode_ci NOT NULL,
  `i_s_w_g_id` int(10) UNSIGNED NOT NULL,
  `locale` varchar(191) COLLATE utf8mb4_unicode_ci NOT NULL,
  `created_at` timestamp NULL DEFAULT CURRENT_TIMESTAMP,
  `updated_at` timestamp NULL DEFAULT CURRENT_TIMESTAMP ON UPDATE CURRENT_TIMESTAMP
) ENGINE=InnoDB DEFAULT CHARSET=utf8mb4 COLLATE=utf8mb4_unicode_ci;

--
-- Dumping data for table `i_s_w_g_translations`
--

INSERT INTO `i_s_w_g_translations` (`id`, `description`, `i_s_w_g_id`, `locale`, `created_at`, `updated_at`) VALUES
(1, '<div class=\"row\">\r\n<div class=\"col\">\r\n<div class=\"inner\"><img title=\"iswg-logo---JPG.JPG\" src=\"data:image/jpeg;base64,[encoded data, 39792 characters]\" width=\"324\" height=\"108\" />\r\n<h3>INTERNATIONAL SCIENTIFIC WORKING GROUP (ISWG)</h3>\r\n<p>A common characteristic of the modern consumer is this need for information about products, processes, safety issues and so much more. Consumers today will not eat something without knowing what it is made of, how, when, and where. This meant that consumers of sausages wanted to know what their sausages were made from and how.</p>\r\n<p>Obviously, casings producers and other participants in the industry were ready to answer these queries, but partially. The industry did not have enough scientific data and information.</p>\r\n<p>At the same time, governments were moving along the same line imposing new health and safety regulations that needed understanding before implementation. This has led INSCA to invest time, money and efforts into science and scientific research. The idea was that the industry as a whole needed to enhance the public and government awareness of our products and emphasize that these casings are safe and healthy ingredients of the sausage. At the same time the industry needed to come up with arguments based on sound scientific research to cope with the increasing public awareness and government interventions.</p>\r\n<p>The idea was that the industry as a whole needed to enhance the public and government awareness of our products and emphasize that these casings are safe and healthy ingredients of the sausage. At the same time the industry needed to come up with arguments based on sound scientific research to cope with the increasing public awareness and government interventions.</p>\r\n<p>Today, INSCA still realizes the importance of this scientific research and studies and has committed to continue this mission of enhancing its scientific involvement and has therefore formed the ISWG, made up of leaders in the casings industry from all over the world to study, propose and implement scientific study and research on natural casings, with the aim of enhancing public, scientific, and governmental awareness of our product and its properties. It is believed that this scientific work is the property of all participants in the field and is aimed to be used for the overall good and wellbeing of the industry.</p>\r\n<p>&nbsp;</p>\r\n<p>Click here to access&nbsp;<a href=\"http://insca.org/downloads/Contribution_ISWGtoINSCAnewsletter31-10-18.pdf\" target=\"_blank\" rel=\"noopener\">CURRENT ISWG PROJECTS</a><br />Click here for&nbsp;<a href=\"http://insca.org/downloads/ISWG_Structure_(May%202017).pdf\" target=\"_blank\" rel=\"noopener\">ISWG Structure</a></p>\r\n</div>\r\n</div>\r\n</div>', 1, 'en', '2020-04-16 14:55:01', '2020-05-04 18:25:03');
INSERT INTO `i_s_w_g_translations` (`id`, `description`, `i_s_w_g_id`, `locale`, `created_at`, `updated_at`) VALUES
(2, '<div class=\"row\">\r\n<div class=\"col\">\r\n<div class=\"inner\"><img title=\"iswg.jpg\" src=\"data:image/jpeg;base64,[encoded data, 5972 characters]\" width=\"281\" height=\"69\" /></div>\r\n<div class=\"inner\">&nbsp;</div>\r\n<div class=\"inner\"><span style=\"font-size: 18pt;\">GROUPE DE TRAVAIL SCIENTIFIQUE INTERNATIONAL (ISWG)</span></div>\r\n<div class=\"inner\">&nbsp;</div>\r\n<div class=\"inner\"><br />\r\n<p>&nbsp;Une caract&eacute;ristique commune du consommateur moderne est ce besoin d\'informations sur les produits, les processus, les probl&egrave;mes de s&eacute;curit&eacute; et bien plus encore. Aujourd\'hui, les consommateurs ne mangeront pas quelque chose sans savoir de quoi il est fait, comment, quand et o&ugrave;. Cela signifie que les consommateurs de saucisses veulent savoir de quoi sont faits les saucisses et comment elles sont produites. De toute &eacute;vidence, les producteurs de boyaux naturels et les autres participants de l\'industrie &eacute;taient pr&ecirc;ts &agrave; r&eacute;pondre &agrave; ces questions, mais en partie. L\'industrie ne&nbsp; disposait pas de suffisamment de donn&eacute;es et d\'informations scientifiques. Dans le m&ecirc;me temps, les gouvernements allaient dans le m&ecirc;me sens en imposant de nouvelles r&eacute;glementations en mati&egrave;re de sant&eacute; et de s&eacute;curit&eacute; qui devaient &ecirc;tre comprises avant leur mise en &oelig;uvre. Cela a conduit&nbsp; INSCA &agrave; investir du temps, de l\'argent et des efforts dans la science et la recherche scientifique. L\'id&eacute;e &eacute;tait que l\'industrie dans son ensemble devait accro&icirc;tre la sensibilisation du public et du gouvernement &agrave; nos produits et souligner que ces boyaux sont des ingr&eacute;dients s&ucirc;rs et sains de la saucisse. En m&ecirc;me temps, l\'industrie devait trouver des arguments fond&eacute;s sur des recherches scientifiques solides pour faire face &agrave; la sensibilisation croissante du public et aux interventions gouvernementales.</p>\r\n<p>&nbsp;</p>\r\n<p>L\'id&eacute;e &eacute;tait que l\'industrie dans son ensemble devait accro&icirc;tre la sensibilisation du public et du gouvernement &agrave; nos produits et souligner que les boyaux naturels sont des ingr&eacute;dients s&ucirc;rs et sains des saucisses et saucissons. En m&ecirc;me temps, l\'industrie devait trouver des arguments fond&eacute;s sur des recherches scientifiques solides pour faire face &agrave; la sensibilisation croissante du public et aux interventions gouvernementales.</p>\r\n<p>&nbsp;</p>\r\n<p>Aujourd\'hui, INSCA se rend toujours compte de l\'importance de ces recherches et &eacute;tudes scientifiques et s\'est engag&eacute;e &agrave; poursuivre cette mission de renforcer son implication scientifique et a donc form&eacute; l\'ISWG, compos&eacute; de leaders de l\'industrie des boyaux du monde entier pour &eacute;tudier, proposer et mettre en &oelig;uvre des &eacute;tudes et des recherches scientifiques sur les boyaux naturels, dans le but de sensibiliser le public, les scientifiques et les gouvernements &agrave; notre produit et &agrave; ses propri&eacute;t&eacute;s. On pense que ce travail scientifique est la propri&eacute;t&eacute; de tous les participants dans le domaine et vise &agrave; &ecirc;tre utilis&eacute; pour le bien-&ecirc;tre g&eacute;n&eacute;ral de l\'industrie.</p>\r\n<p>&nbsp;</p>\r\n<p>Cliquez ici pour acc&eacute;der aux <strong>PROJETS ACTUELS de l\'ISWG</strong></p>\r\n<p>Cliquez ici pour <strong>la structure de l\'ISWG</strong></p>\r\n<p>&nbsp;</p>\r\n</div>\r\n</div>\r\n</div>', 1, 'fr', '2020-04-16 14:55:01', '2020-07-21 15:04:08'),
(3, '<div class=\"row\">\r\n<div class=\"col\">\r\n<div class=\"inner\"><img title=\"iswg.jpg\" src=\"data:image/jpeg;base64,[encoded data, 5972 characters]\" width=\"281\" height=\"69\" />\r\n<h3>GRUPO DE TRABAJO CIENT&Iacute;FICO&nbsp;INTERNACIONAL (ISWG)</h3>\r\n<p>Una caracter&iacute;stica com&uacute;n del consumidor moderno es esta necesidad de informaci&oacute;n sobre los productos, los procesos, las cuestiones de seguridad y mucho m&aacute;s. Los consumidores de hoy en d&iacute;a no comer&aacute;n algo sin saber de qu&eacute; est&aacute; hecho, c&oacute;mo, cu&aacute;ndo y d&oacute;nde. Esto significaba que los consumidores de salchichas quer&iacute;an saber de qu&eacute; estaban hechas y c&oacute;mo.</p>\r\n<p>Obviamente, los productores de tripas y otros participantes de la industria estaban listos para responder a estas preguntas, pero parcialmente. La industria no ten&iacute;a suficientes datos e informaci&oacute;n cient&iacute;fica.</p>\r\n<p>Al mismo tiempo, los gobiernos se mov&iacute;an en la misma l&iacute;nea imponiendo nuevas regulaciones de salud y seguridad que necesitaban ser comprendidas antes de su implementaci&oacute;n. Esto ha llevado al INSCA a invertir tiempo, dinero y esfuerzos en la ciencia y la investigaci&oacute;n cient&iacute;fica. La idea era que la industria en su conjunto necesitaba mejorar la conciencia p&uacute;blica y gubernamental de nuestros productos y enfatizar que estas tripas son ingredientes seguros y saludables de la salchicha. Al mismo tiempo, la industria necesitaba presentar argumentos basados en una investigaci&oacute;n cient&iacute;fica s&oacute;lida para hacer frente a la creciente conciencia p&uacute;blica y las intervenciones del gobierno.</p>\r\n<p>&nbsp;</p>\r\n<p>La idea era que la industria en su conjunto necesitaba mejorar el conocimiento del p&uacute;blico y el gobierno sobre nuestros productos y enfatizar que estas tripas son ingredientes seguros y saludables de la salchicha. Al mismo tiempo, la industria necesitaba presentar argumentos basados en investigaciones cient&iacute;ficas s&oacute;lidas para hacer frente a la creciente conciencia p&uacute;blica y a las intervenciones del gobierno.</p>\r\n<p>Hoy en d&iacute;a, el INSCA sigue siendo consciente de la importancia de esta investigaci&oacute;n y estudios cient&iacute;ficos y se ha comprometido a continuar con esta misi&oacute;n de mejorar su participaci&oacute;n cient&iacute;fica y, por lo tanto, ha formado el ISWG, compuesto por l&iacute;deres de la industria de las tripas de todo el mundo para estudiar, proponer y aplicar el estudio y la investigaci&oacute;n cient&iacute;fica sobre las tripas naturales, con el objetivo de aumentar la conciencia p&uacute;blica, cient&iacute;fica y gubernamental sobre nuestro producto y sus propiedades. Se cree que este trabajo cient&iacute;fico es propiedad de todos los participantes en el campo y est&aacute; destinado a ser utilizado para el bien y el bienestar general de la industria.</p>\r\n<p>&nbsp;</p>\r\n<p>Haga clic aqu&iacute; para acceder a los <strong>proyectos actuales del ISWG</strong></p>\r\n<p>Haga clic aqu&iacute; para ver<strong> la estructura del ISWG</strong></p>\r\n<p>&nbsp;</p>\r\n</div>\r\n</div>\r\n</div>', 1, 'es', '2020-04-16 14:55:01', '2020-07-21 15:04:08'),
(4, '<div class=\"row\">\r\n<div class=\"col\">\r\n<div class=\"inner\"><img title=\"iswg.jpg\" src=\"data:image/jpeg;base64,[encoded data, 5972 characters]\" width=\"281\" height=\"69\" />\r\n<h3>INTERNATIONALE WISSENSCHAFTLICHE ARBEITSGRUPPE (ISWG)</h3>\r\n<p>Eine allgemeine Eigenschaft des modernen Konsumenten ist das Bed&uuml;rfnis nach Informationen &uuml;ber Produkte, Prozesse, Sicherheitsfrage und so vielem mehr. Heutige Konsumenten essen nichts ohne zu wissen aus was, wo, wie und wann es gemacht wurde. Das bedeutet, dass Konsumenten von Wurstwaren wissen wollen aus was deren W&uuml;rste gemacht werden und wie. Selbstverst&auml;ndlich waren Wurstproduzenten und andere Branchenteilnehmer bereit diesen Fragen Rede und Antwort zu stehen, aber nur teilweise. Die Industrie hatte nicht genug wissenschaftliche Daten und Informationen. Gleichzeitig verfolgten auch die Regierungen das Ziel neue Gesundheits- und Sicherheitsrichtlinien zu verh&auml;ngen, welche vor der Einf&uuml;hrung aber erst verstanden werden mussten. Dies veranlasste INSCA Zeit, Geld und Anstrengung in Wissenschaft und wissenschaftliche Forschung zu investieren. Die Idee dahinter war, dass die Industrie als Ganzes, das Ansehen der Produkte auf &ouml;ffentlicher und regierungspolitischer Ebene verbessern musste und hervorhebt, dass D&auml;rme ein sichere und gesunde Zutat bei Wurstwaren sind.</p>\r\n<p>&nbsp;Gleichzeitig musste die Industrie Argumente aufweisen, welche auf stichhaltigen wissenschaftlichen Forschungen basieren, um mit der gestiegene &ouml;ffentlicher Wahrnehmung und regierungspolitischen Eingriffen fertig zu werden. Heutzutage hat der INSCA die Wichtigkeit der wissenschaftlichen Forschung und der Studien weiterhin erkannt und sich dazu verpflichtet die Mission der fortw&auml;hrenden Verbesserung ihrer wissenschaftlichen Entwicklung weiterzuf&uuml;hren. Daher wurde der ISWG gegr&uuml;ndet, welcher aus Spitzenreitern der Naturdarmindustrie aus aller Welt besteht, und es werden weiterhin wissenschaftliche Studien und Forschungen empfohlen und einbezogen mit dem Ziel die Wahrnehmung der Produkte und deren Eigenschaften um auf regierungspolitischer, wissenschaftlicher und &ouml;ffentlicher Ebene weiter zu verbessern. Es wird davon ausgegangen, dass diese wissenschaftliche Arbeit Eigentum aller Teilnehmer in diesem Gebiet ist und dass diese f&uuml;r das Gesamtwohl der Industrie eingesetzt wird.</p>\r\n<p>&nbsp;</p>\r\n<p>Hier klicken f&uuml;r Zugang zu <a href=\"http://insca.org/downloads/Contribution_ISWGtoINSCAnewsletter31-10-18.pdf\">AKTUELLEN ISWG PROJEKTEN</a></p>\r\n<p>Hier klicken f&uuml;r &nbsp;<a href=\"http://insca.org/downloads/ISWG_Structure_(May%202017).pdf\">ISWG </a>STRUKTUR</p>\r\n<p><strong>&nbsp;</strong></p>\r\n</div>\r\n</div>\r\n</div>', 1, 'gr', '2020-04-16 14:55:01', '2020-07-21 15:05:07'),
(5, '<div class=\"row\">\r\n<div class=\"col\">\r\n<div class=\"inner\"><img title=\"iswg.jpg\" src=\"data:image/jpeg;base64,[encoded data, 5972 characters]\" width=\"281\" height=\"69\" />\r\n<h3>國際科學工作組（ISWG）</h3>\r\n<p>现代消费者的一个共同特征是对产品、工艺、安全问题等信息的需求,如今的消费者不会在不知道产品是什么东西生产的、怎么生产的、在何时何地生产的情况下就去吃这个产品。这意味着香肠的消费者想要知道他们的香肠是用什么做的，怎么做的。</p>\r\n<p>显然，肠衣生产商和其他业内人士已经准备好回答这些问题，但只是部分回答。行业内没有足够的科学数据和信息。</p>\r\n<p>与此同时，各国政府也在采取同样的行动，实施新的卫生和安全条例，这些条例在实施之前是需要被了解的。这促使INSCA将时间、金钱和努力投入到科学和科学研究中。我们的想法是，整个行业都需要提高公众和政府对我们产品的认知，并强调这些肠衣是安全和健康的香肠成分。与此同时，我们行业需要基于可靠的科学研究提出论据，以应对公众意识的提高和政府的干预。</p>\r\n<p>&nbsp;</p>\r\n<p>今天,INSCA仍然意识到科学调查和研究的重要性,并决心继续提高其科学投入的使命,因此组建了由全世界肠衣行业领导者组成的ISWG，以研究、提出和实施关于天然肠衣的科学研究和调查，其目的是提高公众、科学和政府对我们产品及其特性的认知。相信这项科学工作是该领域所有参与者的共同财产，并会被用于行业整体的良好和健康目的。</p>\r\n<p>&nbsp;</p>\r\n<p>点击此处进入&nbsp;<a href=\"http://insca.org/downloads/Contribution_ISWGtoINSCAnewsletter31-10-18.pdf\">当前的 ISWG 项目</a><br /> 点击此处参阅&nbsp;<a href=\"http://insca.org/downloads/ISWG_Structure_(May%202017).pdf\">ISWG结构</a></p>\r\n<pre id=\"tw-target-text\" class=\"tw-data-text tw-text-large tw-ta\" dir=\"ltr\" data-placeholder=\"Translation\"><span lang=\"zh-TW\">&nbsp;</span></pre>\r\n</div>\r\n</div>\r\n</div>', 1, 'ch', '2020-04-16 14:55:01', '2020-07-21 15:06:25');

-- --------------------------------------------------------

--
-- Table structure for table `media`
--

CREATE TABLE `media` (
  `id` int(10) UNSIGNED NOT NULL,
  `image` varchar(225) COLLATE utf8mb4_unicode_ci NOT NULL,
  `brochure` varchar(191) COLLATE utf8mb4_unicode_ci NOT NULL,
  `created_at` timestamp NULL DEFAULT NULL,
  `updated_at` timestamp NULL DEFAULT NULL ON UPDATE CURRENT_TIMESTAMP
) ENGINE=InnoDB DEFAULT CHARSET=utf8mb4 COLLATE=utf8mb4_unicode_ci;

--
-- Dumping data for table `media`
--

INSERT INTO `media` (`id`, `image`, `brochure`, `created_at`, `updated_at`) VALUES
(2, 'M0145IJYhxwtkcb47LKmXI0PkbMdTX27zPsCGUHz.jpeg', '7o03FAvkMMRPKw0BO6quvhLTE2HU2b6IlkKYprmE.jpeg', '2019-10-12 18:46:41', '2020-06-24 20:17:09'),
(3, 'OAhDgp13lYZOEYWFzX6wOEar48F3OpRizFGQF0OD.jpeg', '25KIIhWDshIcAmDhbZYIV1zQ2gqElvWbJdwVAx3B.jpeg', '2019-10-12 18:47:08', '2020-06-24 20:16:44'),
(4, 'aiEYfYyARU1SVlAdWxy63sDvtLSRkfBpr30Ld259.jpeg', 'PvTljTKNZXnWUu6hn3mhTRKj0PkEI85JunXweG6V.jpeg', '2019-10-12 18:47:33', '2020-06-24 20:15:34'),
(5, 'bKHgNMMSKEJri6Giy0eReMTep4vhe1OxFIrF0rAG.jpeg', 'uctEuLVhz2SMESsnghmbGaKF7K9bQdaVCv6uII3V.jpeg', '2019-10-12 18:48:03', '2020-06-24 20:14:47'),
(6, '4V8NuQOkQeSXkONGlmy3tibyPPZ117cCkctJhpXy.jpeg', 'CdHzCfhciwiC4hq4JckimbAAOnSPr9a5Plqqma3q.jpeg', '2019-10-12 18:48:32', '2020-06-24 20:13:51'),
(7, 'nE5pCqmELAFdRHWxBaNvG7ZJfIwUz7FxFHKBrhnL.jpeg', 'o96e4WC5NT2CnFFgcn5YTSEiPbPqSQG6OjQgVAqF.jpeg', '2019-10-12 18:48:54', '2020-06-24 20:12:55'),
(8, 'v7nEgvMw22qGe8c23qZu5cGUMCydOeZxviZF4RQt.jpeg', 'Dt5t1sWcMpbwZeT3fegnDp6yf9TBJi1Ou5Q1lpfs.pdf', '2019-10-12 18:50:11', '2020-06-24 20:10:23'),
(9, 'd86jhJinCBE9zHGD8p3Z94PeJrJEmmUvKFSML379.jpeg', 'ADsCzUaS8xiJVT6NBqR4dmqVrJn3J9Npn2afEbzb.pdf', '2019-10-12 18:50:40', '2020-06-24 20:09:32'),
(10, 'DZnXbopsWHHPCLoc64HHYrQXMBuEhSTgBFBkarDi.jpeg', 'eLnAFRu7vY8e5sIS9PBALtRJ7Gg7utCIcZZKmaRn.pdf', '2019-10-12 18:51:05', '2020-06-24 20:08:34'),
(11, 'TBGdplcXkLh2p4RfQatT3rmxcAgobh6hNHMT2YWr.jpeg', 'uMnaBtx4xJMhKCnZ2OteXtrHi0FUTANebYyQfogF.pdf', '2019-10-12 18:51:43', '2020-06-24 20:07:15'),
(12, '98c54K2edLtf7NfGZBYJnHBRCwk6swEGvWHS8fW6.jpeg', 'vLA8NCWN1Y3bhv0Aer6keyEW515sSmGcu9KJWL1R.pdf', '2019-10-12 18:52:14', '2020-06-24 20:06:12'),
(13, 'w01zyiJET0D9zYtSKEuqDOBHgk8Dakb84ZhAGTij.jpeg', 'SHbAATpCDztCdPnZ3JFbTs48RR6LX1WbkVb0shYr.pdf', '2019-10-12 18:53:03', '2020-06-24 20:04:49'),
(14, 'eadlTKszElB7RMEKrxiiyagc6ZStYZ11Wh71KG7K.jpeg', 'vHwGLCz0U6rgWJiau3QtFzB8C9L5rN7jfMMNnCkc.zip', '2019-10-12 18:54:17', '2020-06-24 20:03:46'),
(15, 'QmeHtr98o71nHIQ5OPSc7pfu0XxxLCkYETMp3tnx.jpeg', 'WFcmggElDRKMsDiLD387Ry9z9AWuL86wj6OgdGYL.pdf', '2019-10-12 18:54:59', '2020-06-24 20:02:12'),
(16, 'EJnKBFlXjxPzif6IwHoF4LJVIYCMEyoeksJj5OqH.jpeg', 'TPPxWA8JuzgXLGLfZxZUUMwQoPxCHRREk4DAGQst.pdf', '2019-10-12 18:55:26', '2020-06-24 20:00:55'),
(17, 'WtWVPBAeNx6kFkb7oWA4Aquzg0EBXtVeHDexrFIk.jpeg', 'TigwYsXnCPl9EHIYb4BTfugryVXBURmYNcavM0tb.pdf', '2019-10-12 18:56:07', '2020-06-24 19:59:27'),
(18, 'BoG4AxVP7jCud51bFOrYRap3JMTnxAO4qiZOGCLT.jpeg', 'EtIDSfSSde6o14yRsiJzBKlNRXnjfRZHJtIxUKmx.pdf', '2019-10-12 18:56:29', '2020-06-24 19:58:22'),
(19, 'QbiFeX2GCxxhqKk5FgbNX9C7IVUZvHz1zcNwMZj7.jpeg', 'k0IAD6JnTiKeqGoSq7n5teN5IRliWdqWkIFByUYs.jpeg', '2019-10-12 18:57:07', '2020-06-24 19:57:19'),
(20, 'uvKzjMxZHA68KcqKYBkY7Cu61jlnqUw8cwgpmnBE.jpeg', 'c5BKi4Osh8hVRVI35jI4D8kf6MH7xZNWPAqCi8UI.pdf', '2019-10-12 18:57:40', '2020-06-24 19:56:05'),
(21, 'tMrQqn7doWKnVB5JbGh5miKet460uojiJRtF0cM8.jpeg', '86xwQe3IWE1os4ptQJxvO7mhU2qe3gETJnmAvY10.pdf', '2019-10-12 18:58:37', '2020-06-24 19:54:13');

-- --------------------------------------------------------

--
-- Table structure for table `media_translations`
--

CREATE TABLE `media_translations` (
  `id` bigint(20) UNSIGNED NOT NULL,
  `title` varchar(191) COLLATE utf8mb4_unicode_ci NOT NULL,
  `media_id` int(10) UNSIGNED NOT NULL,
  `locale` varchar(191) COLLATE utf8mb4_unicode_ci NOT NULL,
  `created_at` timestamp NULL DEFAULT CURRENT_TIMESTAMP,
  `updated_at` timestamp NULL DEFAULT CURRENT_TIMESTAMP ON UPDATE CURRENT_TIMESTAMP
) ENGINE=InnoDB DEFAULT CHARSET=utf8mb4 COLLATE=utf8mb4_unicode_ci;

--
-- Dumping data for table `media_translations`
--

INSERT INTO `media_translations` (`id`, `title`, `media_id`, `locale`, `created_at`, `updated_at`) VALUES
(1, 'FLEISCHWIRTSCHAFT INTERNATIONAL, January 2005', 2, 'en', '2020-04-16 14:27:00', '2020-04-16 14:27:00'),
(2, 'FLEISCHWIRTSCHAFT INTERNATIONAL, January 2005', 2, 'fr', '2020-04-16 14:27:00', '2020-04-16 14:27:00'),
(3, 'FLEISCHWIRTSCHAFT INTERNATIONAL, January 2005', 2, 'es', '2020-04-16 14:27:00', '2020-04-16 14:27:00'),
(4, 'FLEISCHWIRTSCHAFT INTERNATIONAL, January 2005', 2, 'gr', '2020-04-16 14:27:00', '2020-04-16 14:27:00'),
(5, 'FLEISCHWIRTSCHAFT INTERNATIONAL, January 2005', 2, 'ch', '2020-04-16 14:27:00', '2020-04-16 14:27:00'),
(6, 'FLEISCHWIRTSCHAFT INTERNATIONAL, January 2006', 3, 'en', '2020-04-16 14:27:00', '2020-04-16 14:27:00'),
(7, 'FLEISCHWIRTSCHAFT INTERNATIONAL, January 2006', 3, 'fr', '2020-04-16 14:27:00', '2020-04-16 14:27:00'),
(8, 'FLEISCHWIRTSCHAFT INTERNATIONAL, January 2006', 3, 'es', '2020-04-16 14:27:00', '2020-04-16 14:27:00'),
(9, 'FLEISCHWIRTSCHAFT INTERNATIONAL, January 2006', 3, 'gr', '2020-04-16 14:27:00', '2020-04-16 14:27:00'),
(10, 'FLEISCHWIRTSCHAFT INTERNATIONAL, January 2006', 3, 'ch', '2020-04-16 14:27:00', '2020-04-16 14:27:00'),
(11, 'Chinese Paper #2 2006', 4, 'en', '2020-04-16 14:27:00', '2020-04-16 14:27:00'),
(12, 'Chinese Paper #2 2006', 4, 'fr', '2020-04-16 14:27:00', '2020-04-16 14:27:00'),
(13, 'Chinese Paper #2 2006', 4, 'es', '2020-04-16 14:27:00', '2020-04-16 14:27:00'),
(14, 'Chinese Paper #2 2006', 4, 'gr', '2020-04-16 14:27:00', '2020-04-16 14:27:00'),
(15, 'Chinese Paper #2 2006', 4, 'ch', '2020-04-16 14:27:00', '2020-04-16 14:27:00'),
(16, 'Chinese Paper #1 2006', 5, 'en', '2020-04-16 14:27:00', '2020-04-16 14:27:00'),
(17, 'Chinese Paper #1 2006', 5, 'fr', '2020-04-16 14:27:00', '2020-04-16 14:27:00'),
(18, 'Chinese Paper #1 2006', 5, 'es', '2020-04-16 14:27:00', '2020-04-16 14:27:00'),
(19, 'Chinese Paper #1 2006', 5, 'gr', '2020-04-16 14:27:00', '2020-04-16 14:27:00'),
(20, 'Chinese Paper #1 2006', 5, 'ch', '2020-04-16 14:27:00', '2020-04-16 14:27:00'),
(21, 'The Sao Paolo Meat Magazin \"CARNE\", October 2006', 6, 'en', '2020-04-16 14:27:00', '2020-04-16 14:27:00'),
(22, 'The Sao Paolo Meat Magazin \"CARNE\", October 2006', 6, 'fr', '2020-04-16 14:27:00', '2020-04-16 14:27:00'),
(23, 'The Sao Paolo Meat Magazin \"CARNE\", October 2006', 6, 'es', '2020-04-16 14:27:00', '2020-04-16 14:27:00'),
(24, 'The Sao Paolo Meat Magazin \"CARNE\", October 2006', 6, 'gr', '2020-04-16 14:27:00', '2020-04-16 14:27:00'),
(25, 'The Sao Paolo Meat Magazin \"CARNE\", October 2006', 6, 'ch', '2020-04-16 14:27:00', '2020-04-16 14:27:00'),
(26, 'FLEISCHWIRTSCHAFT INTERNATIONAL, January 2007', 7, 'en', '2020-04-16 14:27:00', '2020-04-16 14:27:00'),
(27, 'FLEISCHWIRTSCHAFT INTERNATIONAL, January 2007', 7, 'fr', '2020-04-16 14:27:00', '2020-04-16 14:27:00'),
(28, 'FLEISCHWIRTSCHAFT INTERNATIONAL, January 2007', 7, 'es', '2020-04-16 14:27:00', '2020-04-16 14:27:00'),
(29, 'FLEISCHWIRTSCHAFT INTERNATIONAL, January 2007', 7, 'gr', '2020-04-16 14:27:00', '2020-04-16 14:27:00'),
(30, 'FLEISCHWIRTSCHAFT INTERNATIONAL, January 2007', 7, 'ch', '2020-04-16 14:27:00', '2020-04-16 14:27:00'),
(31, 'MERCA LEVANT, June 17 2007', 8, 'en', '2020-04-16 14:27:00', '2020-04-16 14:27:00'),
(32, 'MERCA LEVANT, June 17 2007', 8, 'fr', '2020-04-16 14:27:00', '2020-04-16 14:27:00'),
(33, 'MERCA LEVANT, June 17 2007', 8, 'es', '2020-04-16 14:27:00', '2020-04-16 14:27:00'),
(34, 'MERCA LEVANT, June 17 2007', 8, 'gr', '2020-04-16 14:27:00', '2020-04-16 14:27:00'),
(35, 'MERCA LEVANT, June 17 2007', 8, 'ch', '2020-04-16 14:27:00', '2020-04-16 14:27:00'),
(36, 'MERCA LEVANT, June 16 2007', 9, 'en', '2020-04-16 14:27:00', '2020-04-16 14:27:00'),
(37, 'MERCA LEVANT, June 16 2007', 9, 'fr', '2020-04-16 14:27:00', '2020-04-16 14:27:00'),
(38, 'MERCA LEVANT, June 16 2007', 9, 'es', '2020-04-16 14:27:00', '2020-04-16 14:27:00'),
(39, 'MERCA LEVANT, June 16 2007', 9, 'gr', '2020-04-16 14:27:00', '2020-04-16 14:27:00'),
(40, 'MERCA LEVANT, June 16 2007', 9, 'ch', '2020-04-16 14:27:00', '2020-04-16 14:27:00'),
(41, 'MERCA LEVANT, June 15 2007', 10, 'en', '2020-04-16 14:27:00', '2020-04-16 14:27:00'),
(42, 'MERCA LEVANT, June 15 2007', 10, 'fr', '2020-04-16 14:27:00', '2020-04-16 14:27:00'),
(43, 'MERCA LEVANT, June 15 2007', 10, 'es', '2020-04-16 14:27:00', '2020-04-16 14:27:00'),
(44, 'MERCA LEVANT, June 15 2007', 10, 'gr', '2020-04-16 14:27:00', '2020-04-16 14:27:00'),
(45, 'MERCA LEVANT, June 15 2007', 10, 'ch', '2020-04-16 14:27:00', '2020-04-16 14:27:00'),
(46, 'AICE, June 2007', 11, 'en', '2020-04-16 14:27:00', '2020-04-16 14:27:00'),
(47, 'AICE, June 2007', 11, 'fr', '2020-04-16 14:27:00', '2020-04-16 14:27:00'),
(48, 'AICE, June 2007', 11, 'es', '2020-04-16 14:27:00', '2020-04-16 14:27:00'),
(49, 'AICE, June 2007', 11, 'gr', '2020-04-16 14:27:00', '2020-04-16 14:27:00'),
(50, 'AICE, June 2007', 11, 'ch', '2020-04-16 14:27:00', '2020-04-16 14:27:00'),
(51, 'FLEISCHWIRTSCHAFT INTERNATIONAL, January 2008', 12, 'en', '2020-04-16 14:27:00', '2020-04-16 14:27:00'),
(52, 'FLEISCHWIRTSCHAFT INTERNATIONAL, January 2008', 12, 'fr', '2020-04-16 14:27:00', '2020-04-16 14:27:00'),
(53, 'FLEISCHWIRTSCHAFT INTERNATIONAL, January 2008', 12, 'es', '2020-04-16 14:27:00', '2020-04-16 14:27:00'),
(54, 'FLEISCHWIRTSCHAFT INTERNATIONAL, January 2008', 12, 'gr', '2020-04-16 14:27:00', '2020-04-16 14:27:00'),
(55, 'FLEISCHWIRTSCHAFT INTERNATIONAL, January 2008', 12, 'ch', '2020-04-16 14:27:00', '2020-04-16 14:27:00'),
(56, 'FLEISCHWIRTSCHAFT INTERNATIONAL, January 2010', 13, 'en', '2020-04-16 14:27:00', '2020-04-16 14:27:00'),
(57, 'FLEISCHWIRTSCHAFT INTERNATIONAL, January 2010', 13, 'fr', '2020-04-16 14:27:00', '2020-04-16 14:27:00'),
(58, 'FLEISCHWIRTSCHAFT INTERNATIONAL, January 2010', 13, 'es', '2020-04-16 14:27:00', '2020-04-16 14:27:00'),
(59, 'FLEISCHWIRTSCHAFT INTERNATIONAL, January 2010', 13, 'gr', '2020-04-16 14:27:00', '2020-04-16 14:27:00'),
(60, 'FLEISCHWIRTSCHAFT INTERNATIONAL, January 2010', 13, 'ch', '2020-04-16 14:27:00', '2020-04-16 14:27:00'),
(61, 'EUROCARNI, April 2011', 14, 'en', '2020-04-16 14:27:00', '2020-04-16 14:27:00'),
(62, 'EUROCARNI, April 2011', 14, 'fr', '2020-04-16 14:27:00', '2020-04-16 14:27:00'),
(63, 'EUROCARNI, April 2011', 14, 'es', '2020-04-16 14:27:00', '2020-04-16 14:27:00'),
(64, 'EUROCARNI, April 2011', 14, 'gr', '2020-04-16 14:27:00', '2020-04-16 14:27:00'),
(65, 'EUROCARNI, April 2011', 14, 'ch', '2020-04-16 14:27:00', '2020-04-16 14:27:00'),
(66, 'ASSEMBLEA ANNUALE INSCA, May 2011', 15, 'en', '2020-04-16 14:27:00', '2020-04-16 14:27:00'),
(67, 'ASSEMBLEA ANNUALE INSCA, May 2011', 15, 'fr', '2020-04-16 14:27:00', '2020-04-16 14:27:00'),
(68, 'ASSEMBLEA ANNUALE INSCA, May 2011', 15, 'es', '2020-04-16 14:27:00', '2020-04-16 14:27:00'),
(69, 'ASSEMBLEA ANNUALE INSCA, May 2011', 15, 'gr', '2020-04-16 14:27:00', '2020-04-16 14:27:00'),
(70, 'ASSEMBLEA ANNUALE INSCA, May 2011', 15, 'ch', '2020-04-16 14:27:00', '2020-04-16 14:27:00'),
(71, 'L\'INDUSTRIA DELLE CARNI, May 2011', 16, 'en', '2020-04-16 14:27:00', '2020-04-16 14:27:00'),
(72, 'L\'INDUSTRIA DELLE CARNI, May 2011', 16, 'fr', '2020-04-16 14:27:00', '2020-04-16 14:27:00'),
(73, 'L\'INDUSTRIA DELLE CARNI, May 2011', 16, 'es', '2020-04-16 14:27:00', '2020-04-16 14:27:00'),
(74, 'L\'INDUSTRIA DELLE CARNI, May 2011', 16, 'gr', '2020-04-16 14:27:00', '2020-04-16 14:27:00'),
(75, 'L\'INDUSTRIA DELLE CARNI, May 2011', 16, 'ch', '2020-04-16 14:27:00', '2020-04-16 14:27:00'),
(76, 'EUROCARNI, August 2011', 17, 'en', '2020-04-16 14:27:00', '2020-04-16 14:27:00'),
(77, 'EUROCARNI, August 2011', 17, 'fr', '2020-04-16 14:27:00', '2020-04-16 14:27:00'),
(78, 'EUROCARNI, August 2011', 17, 'es', '2020-04-16 14:27:00', '2020-04-16 14:27:00'),
(79, 'EUROCARNI, August 2011', 17, 'gr', '2020-04-16 14:27:00', '2020-04-16 14:27:00'),
(80, 'EUROCARNI, August 2011', 17, 'ch', '2020-04-16 14:27:00', '2020-04-16 14:27:00'),
(81, 'MEAT BUSINESS, December 2012', 18, 'en', '2020-04-16 14:27:00', '2020-04-16 14:27:00'),
(82, 'MEAT BUSINESS, December 2012', 18, 'fr', '2020-04-16 14:27:00', '2020-04-16 14:27:00'),
(83, 'MEAT BUSINESS, December 2012', 18, 'es', '2020-04-16 14:27:00', '2020-04-16 14:27:00'),
(84, 'MEAT BUSINESS, December 2012', 18, 'gr', '2020-04-16 14:27:00', '2020-04-16 14:27:00'),
(85, 'MEAT BUSINESS, December 2012', 18, 'ch', '2020-04-16 14:27:00', '2020-04-16 14:27:00'),
(86, 'FLEISCHWIRTSCHAFT INTERNATIONAL, May 2015', 19, 'en', '2020-04-16 14:27:00', '2020-04-16 14:27:00'),
(87, 'FLEISCHWIRTSCHAFT INTERNATIONAL, May 2015', 19, 'fr', '2020-04-16 14:27:00', '2020-04-16 14:27:00'),
(88, 'FLEISCHWIRTSCHAFT INTERNATIONAL, May 2015', 19, 'es', '2020-04-16 14:27:00', '2020-04-16 14:27:00'),
(89, 'FLEISCHWIRTSCHAFT INTERNATIONAL, May 2015', 19, 'gr', '2020-04-16 14:27:00', '2020-04-16 14:27:00'),
(90, 'FLEISCHWIRTSCHAFT INTERNATIONAL, May 2015', 19, 'ch', '2020-04-16 14:27:00', '2020-04-16 14:27:00'),
(91, 'FLEISCHWIRTSCHAFT INTERNATIONAL, January 2016', 20, 'en', '2020-04-16 14:27:00', '2020-04-16 14:27:00'),
(92, 'FLEISCHWIRTSCHAFT INTERNATIONAL, January 2016', 20, 'fr', '2020-04-16 14:27:00', '2020-04-16 14:27:00'),
(93, 'FLEISCHWIRTSCHAFT INTERNATIONAL, January 2016', 20, 'es', '2020-04-16 14:27:00', '2020-04-16 14:27:00'),
(94, 'FLEISCHWIRTSCHAFT INTERNATIONAL, January 2016', 20, 'gr', '2020-04-16 14:27:00', '2020-04-16 14:27:00'),
(95, 'FLEISCHWIRTSCHAFT INTERNATIONAL, January 2016', 20, 'ch', '2020-04-16 14:27:00', '2020-04-16 14:27:00'),
(96, 'FOOD PROCESSING MAGAZINE, February 2016', 21, 'en', '2020-04-16 14:27:00', '2020-04-16 14:27:00'),
(97, 'FOOD PROCESSING MAGAZINE, February 2016', 21, 'fr', '2020-04-16 14:27:00', '2020-04-16 14:27:00'),
(98, 'FOOD PROCESSING MAGAZINE, February 2016', 21, 'es', '2020-04-16 14:27:00', '2020-04-16 14:27:00'),
(99, 'FOOD PROCESSING MAGAZINE, February 2016', 21, 'gr', '2020-04-16 14:27:00', '2020-04-16 14:27:00'),
(100, 'FOOD PROCESSING MAGAZINE, February 2016', 21, 'ch', '2020-04-16 14:27:00', '2020-04-16 14:27:00');

-- --------------------------------------------------------

--
-- Table structure for table `meetings`
--

CREATE TABLE `meetings` (
  `id` int(10) UNSIGNED NOT NULL,
  `name` varchar(191) COLLATE utf8mb4_unicode_ci NOT NULL,
  `created_at` timestamp NULL DEFAULT NULL,
  `updated_at` timestamp NULL DEFAULT NULL ON UPDATE CURRENT_TIMESTAMP
) ENGINE=InnoDB DEFAULT CHARSET=utf8mb4 COLLATE=utf8mb4_unicode_ci;

--
-- Dumping data for table `meetings`
--

INSERT INTO `meetings` (`id`, `name`, `created_at`, `updated_at`) VALUES
(1, 'FALL BOARD MEETINGS', '2019-10-01 11:25:28', '2019-10-01 11:25:28'),
(2, 'ANNUAL MEETINGS', '2019-10-01 11:25:35', '2019-10-01 11:25:35');

-- --------------------------------------------------------

--
-- Table structure for table `meeting_files`
--

CREATE TABLE `meeting_files` (
  `id` int(10) UNSIGNED NOT NULL,
  `meeting_id` int(10) UNSIGNED NOT NULL,
  `brochure` varchar(191) COLLATE utf8mb4_unicode_ci DEFAULT NULL,
  `created_at` timestamp NULL DEFAULT NULL,
  `updated_at` timestamp NULL DEFAULT NULL ON UPDATE CURRENT_TIMESTAMP
) ENGINE=InnoDB DEFAULT CHARSET=utf8mb4 COLLATE=utf8mb4_unicode_ci;

--
-- Dumping data for table `meeting_files`
--

INSERT INTO `meeting_files` (`id`, `meeting_id`, `brochure`, `created_at`, `updated_at`) VALUES
(46, 1, NULL, '2020-05-02 19:38:17', '2020-05-02 19:38:17'),
(47, 1, NULL, '2020-05-02 19:38:37', '2020-05-02 19:38:37'),
(48, 1, NULL, '2020-05-02 19:38:56', '2020-05-02 19:38:56'),
(49, 1, NULL, '2020-05-02 19:39:10', '2020-05-02 19:39:10'),
(50, 1, NULL, '2020-05-02 19:39:45', '2020-05-02 19:39:45'),
(51, 1, NULL, '2020-05-02 19:39:59', '2020-05-02 19:39:59'),
(52, 1, NULL, '2020-05-02 19:40:16', '2020-05-02 19:40:16'),
(53, 1, NULL, '2020-05-02 19:40:33', '2020-05-02 19:40:33'),
(54, 1, NULL, '2020-05-02 19:40:48', '2020-05-02 19:40:48'),
(55, 1, NULL, '2020-05-02 19:41:07', '2020-05-02 19:41:07'),
(56, 1, NULL, '2020-05-02 19:41:22', '2020-05-02 19:41:22'),
(57, 1, NULL, '2020-05-02 19:41:38', '2020-05-02 19:41:38'),
(58, 1, NULL, '2020-05-02 19:42:00', '2020-05-02 19:42:00'),
(59, 1, NULL, '2020-05-02 19:42:29', '2020-05-02 19:42:29'),
(60, 1, NULL, '2020-05-02 19:42:39', '2020-05-02 19:42:39'),
(61, 1, NULL, '2020-05-02 19:42:52', '2020-05-02 19:42:52'),
(62, 1, NULL, '2020-05-02 19:43:03', '2020-05-02 19:43:03'),
(63, 1, NULL, '2020-05-02 19:43:51', '2020-05-02 19:43:51'),
(67, 2, NULL, '2020-06-15 19:40:43', '2020-06-15 19:40:43'),
(68, 2, NULL, '2020-06-15 19:46:11', '2020-06-15 19:46:11'),
(69, 2, NULL, '2020-06-15 19:46:31', '2020-06-15 19:46:31'),
(70, 2, NULL, '2020-06-15 19:46:50', '2020-06-15 19:46:50'),
(71, 2, NULL, '2020-06-15 19:47:11', '2020-06-15 19:47:11'),
(72, 2, NULL, '2020-06-15 19:48:04', '2020-06-15 19:48:04'),
(73, 2, NULL, '2020-06-15 19:48:45', '2020-06-15 19:48:45'),
(74, 2, NULL, '2020-06-15 19:49:34', '2020-06-15 19:49:34'),
(75, 2, NULL, '2020-06-15 19:50:00', '2020-06-15 19:50:00'),
(76, 2, NULL, '2020-06-15 19:50:26', '2020-06-15 19:50:26'),
(77, 2, NULL, '2020-06-15 19:51:18', '2020-06-15 19:51:18'),
(78, 2, NULL, '2020-06-15 19:51:52', '2020-07-02 16:20:41'),
(79, 2, NULL, '2020-06-15 19:52:10', '2020-06-15 19:52:10'),
(80, 2, NULL, '2020-06-15 19:52:33', '2020-06-15 19:52:33'),
(81, 2, NULL, '2020-06-15 19:53:10', '2020-06-15 19:53:10'),
(82, 2, NULL, '2020-06-15 19:53:34', '2020-06-15 19:53:34'),
(83, 2, NULL, '2020-06-15 19:53:49', '2020-06-15 19:53:49');

-- --------------------------------------------------------

--
-- Table structure for table `meeting_file_translations`
--

CREATE TABLE `meeting_file_translations` (
  `id` bigint(20) UNSIGNED NOT NULL,
  `name` varchar(191) COLLATE utf8mb4_unicode_ci NOT NULL,
  `meeting_file_id` int(10) UNSIGNED NOT NULL,
  `locale` varchar(191) COLLATE utf8mb4_unicode_ci NOT NULL,
  `created_at` timestamp NULL DEFAULT CURRENT_TIMESTAMP,
  `updated_at` timestamp NULL DEFAULT CURRENT_TIMESTAMP ON UPDATE CURRENT_TIMESTAMP
) ENGINE=InnoDB DEFAULT CHARSET=utf8mb4 COLLATE=utf8mb4_unicode_ci;

--
-- Dumping data for table `meeting_file_translations`
--

INSERT INTO `meeting_file_translations` (`id`, `name`, `meeting_file_id`, `locale`, `created_at`, `updated_at`) VALUES
(226, '2005 Annual Meeting- Cairo, Egypt, May 24-29', 46, 'en', '2020-05-02 19:38:17', '2020-05-02 19:38:17'),
(227, '2005 Annual Meeting- Cairo, Egypt, May 24-29', 46, 'fr', '2020-05-02 19:38:17', '2020-05-02 19:38:17'),
(228, '2005 Annual Meeting- Cairo, Egypt, May 24-29', 46, 'es', '2020-05-02 19:38:17', '2020-05-02 19:38:17'),
(229, '2005 Annual Meeting- Cairo, Egypt, May 24-29', 46, 'gr', '2020-05-02 19:38:17', '2020-05-02 19:38:17'),
(230, '2005 Annual Meeting- Cairo, Egypt, May 24-29', 46, 'ch', '2020-05-02 19:38:17', '2020-05-02 19:38:17'),
(231, '2006 Annual Meeting- Beijing, China, May 22-27', 47, 'en', '2020-05-02 19:38:37', '2020-05-02 19:38:37'),
(232, '2006 Annual Meeting- Beijing, China, May 22-27', 47, 'fr', '2020-05-02 19:38:37', '2020-05-02 19:38:37'),
(233, '2006 Annual Meeting- Beijing, China, May 22-27', 47, 'es', '2020-05-02 19:38:37', '2020-05-02 19:38:37'),
(234, '2006 Annual Meeting- Beijing, China, May 22-27', 47, 'gr', '2020-05-02 19:38:37', '2020-05-02 19:38:37'),
(235, '2006 Annual Meeting- Beijing, China, May 22-27', 47, 'ch', '2020-05-02 19:38:37', '2020-05-02 19:38:37'),
(236, '2007 Annual Meeting- Valencia, Spain, May 13-17', 48, 'en', '2020-05-02 19:38:56', '2020-05-02 19:38:56'),
(237, '2007 Annual Meeting- Valencia, Spain, May 13-17', 48, 'fr', '2020-05-02 19:38:56', '2020-05-02 19:38:56'),
(238, '2007 Annual Meeting- Valencia, Spain, May 13-17', 48, 'es', '2020-05-02 19:38:56', '2020-05-02 19:38:56'),
(239, '2007 Annual Meeting- Valencia, Spain, May 13-17', 48, 'gr', '2020-05-02 19:38:56', '2020-05-02 19:38:56'),
(240, '2007 Annual Meeting- Valencia, Spain, May 13-17', 48, 'ch', '2020-05-02 19:38:56', '2020-05-02 19:38:56'),
(241, '2008 Annual Meeting- Athens, Greece, May 20-25', 49, 'en', '2020-05-02 19:39:10', '2020-05-02 19:39:10'),
(242, '2008 Annual Meeting- Athens, Greece, May 20-25', 49, 'fr', '2020-05-02 19:39:10', '2020-05-02 19:39:10'),
(243, '2008 Annual Meeting- Athens, Greece, May 20-25', 49, 'es', '2020-05-02 19:39:10', '2020-05-02 19:39:10'),
(244, '2008 Annual Meeting- Athens, Greece, May 20-25', 49, 'gr', '2020-05-02 19:39:10', '2020-05-02 19:39:10'),
(245, '2008 Annual Meeting- Athens, Greece, May 20-25', 49, 'ch', '2020-05-02 19:39:10', '2020-05-02 19:39:10'),
(246, '2009 Annual Meeting- New York City(New York), USA, May 19-24', 50, 'en', '2020-05-02 19:39:45', '2020-05-02 19:39:45'),
(247, '2009 Annual Meeting- New York City(New York), USA, May 19-24', 50, 'fr', '2020-05-02 19:39:45', '2020-05-02 19:39:45'),
(248, '2009 Annual Meeting- New York City(New York), USA, May 19-24', 50, 'es', '2020-05-02 19:39:45', '2020-05-02 19:39:45'),
(249, '2009 Annual Meeting- New York City(New York), USA, May 19-24', 50, 'gr', '2020-05-02 19:39:45', '2020-05-02 19:39:45'),
(250, '2009 Annual Meeting- New York City(New York), USA, May 19-24', 50, 'ch', '2020-05-02 19:39:45', '2020-05-02 19:39:45'),
(251, '2010 Annual Meeting- Bucharest, Romania, May 12-17', 51, 'en', '2020-05-02 19:39:59', '2020-05-02 19:39:59'),
(252, '2010 Annual Meeting- Bucharest, Romania, May 12-17', 51, 'fr', '2020-05-02 19:39:59', '2020-05-02 19:39:59'),
(253, '2010 Annual Meeting- Bucharest, Romania, May 12-17', 51, 'es', '2020-05-02 19:39:59', '2020-05-02 19:39:59'),
(254, '2010 Annual Meeting- Bucharest, Romania, May 12-17', 51, 'gr', '2020-05-02 19:39:59', '2020-05-02 19:39:59'),
(255, '2010 Annual Meeting- Bucharest, Romania, May 12-17', 51, 'ch', '2020-05-02 19:39:59', '2020-05-02 19:39:59'),
(256, '2011 Annual Meeting- Venice, Italy, May 14-20', 52, 'en', '2020-05-02 19:40:16', '2020-05-02 19:40:16'),
(257, '2011 Annual Meeting- Venice, Italy, May 14-20', 52, 'fr', '2020-05-02 19:40:16', '2020-05-02 19:40:16'),
(258, '2011 Annual Meeting- Venice, Italy, May 14-20', 52, 'es', '2020-05-02 19:40:16', '2020-05-02 19:40:16'),
(259, '2011 Annual Meeting- Venice, Italy, May 14-20', 52, 'gr', '2020-05-02 19:40:16', '2020-05-02 19:40:16'),
(260, '2011 Annual Meeting- Venice, Italy, May 14-20', 52, 'ch', '2020-05-02 19:40:16', '2020-05-02 19:40:16'),
(261, '2012 Annual Meeting- Porto, Portugal, May 26-June 2', 53, 'en', '2020-05-02 19:40:33', '2020-05-02 19:40:33'),
(262, '2012 Annual Meeting- Porto, Portugal, May 26-June 2', 53, 'fr', '2020-05-02 19:40:33', '2020-05-02 19:40:33'),
(263, '2012 Annual Meeting- Porto, Portugal, May 26-June 2', 53, 'es', '2020-05-02 19:40:33', '2020-05-02 19:40:33'),
(264, '2012 Annual Meeting- Porto, Portugal, May 26-June 2', 53, 'gr', '2020-05-02 19:40:33', '2020-05-02 19:40:33'),
(265, '2012 Annual Meeting- Porto, Portugal, May 26-June 2', 53, 'ch', '2020-05-02 19:40:33', '2020-05-02 19:40:33'),
(266, '2013 Annual Meeting- Frankfurt, Germany, May 10-16', 54, 'en', '2020-05-02 19:40:48', '2020-05-02 19:40:48'),
(267, '2013 Annual Meeting- Frankfurt, Germany, May 10-16', 54, 'fr', '2020-05-02 19:40:48', '2020-05-02 19:40:48'),
(268, '2013 Annual Meeting- Frankfurt, Germany, May 10-16', 54, 'es', '2020-05-02 19:40:48', '2020-05-02 19:40:48'),
(269, '2013 Annual Meeting- Frankfurt, Germany, May 10-16', 54, 'gr', '2020-05-02 19:40:48', '2020-05-02 19:40:48'),
(270, '2013 Annual Meeting- Frankfurt, Germany, May 10-16', 54, 'ch', '2020-05-02 19:40:48', '2020-05-02 19:40:48'),
(271, '2014 Annual Meeting- Hong Kong, May 19-25', 55, 'en', '2020-05-02 19:41:07', '2020-05-02 19:41:07'),
(272, '2014 Annual Meeting- Hong Kong, May 19-25', 55, 'fr', '2020-05-02 19:41:07', '2020-05-02 19:41:07'),
(273, '2014 Annual Meeting- Hong Kong, May 19-25', 55, 'es', '2020-05-02 19:41:07', '2020-05-02 19:41:07'),
(274, '2014 Annual Meeting- Hong Kong, May 19-25', 55, 'gr', '2020-05-02 19:41:07', '2020-05-02 19:41:07'),
(275, '2014 Annual Meeting- Hong Kong, May 19-25', 55, 'ch', '2020-05-02 19:41:07', '2020-05-02 19:41:07'),
(276, '2015 Annual Meeting- Dubrovnik, Croatia, May 27-30', 56, 'en', '2020-05-02 19:41:22', '2020-05-02 19:41:22'),
(277, '2015 Annual Meeting- Dubrovnik, Croatia, May 27-30', 56, 'fr', '2020-05-02 19:41:22', '2020-05-02 19:41:22'),
(278, '2015 Annual Meeting- Dubrovnik, Croatia, May 27-30', 56, 'es', '2020-05-02 19:41:22', '2020-05-02 19:41:22'),
(279, '2015 Annual Meeting- Dubrovnik, Croatia, May 27-30', 56, 'gr', '2020-05-02 19:41:22', '2020-05-02 19:41:22'),
(280, '2015 Annual Meeting- Dubrovnik, Croatia, May 27-30', 56, 'ch', '2020-05-02 19:41:22', '2020-05-02 19:41:22'),
(281, '2016 Annual Meeting- Madrid, Spain, May 11-14', 57, 'en', '2020-05-02 19:41:38', '2020-05-02 19:41:38'),
(282, '2016 Annual Meeting- Madrid, Spain, May 11-14', 57, 'fr', '2020-05-02 19:41:38', '2020-05-02 19:41:38'),
(283, '2016 Annual Meeting- Madrid, Spain, May 11-14', 57, 'es', '2020-05-02 19:41:38', '2020-05-02 19:41:38'),
(284, '2016 Annual Meeting- Madrid, Spain, May 11-14', 57, 'gr', '2020-05-02 19:41:38', '2020-05-02 19:41:38'),
(285, '2016 Annual Meeting- Madrid, Spain, May 11-14', 57, 'ch', '2020-05-02 19:41:38', '2020-05-02 19:41:38'),
(286, '2017 Annual Meeting- Saint Julian, Malta, May 18-21', 58, 'en', '2020-05-02 19:42:00', '2020-05-02 19:42:00'),
(287, '2017 Annual Meeting- Saint Julian, Malta, May 18-21', 58, 'fr', '2020-05-02 19:42:00', '2020-05-02 19:42:00'),
(288, '2017 Annual Meeting- Saint Julian, Malta, May 18-21', 58, 'es', '2020-05-02 19:42:00', '2020-05-02 19:42:00'),
(289, '2017 Annual Meeting- Saint Julian, Malta, May 18-21', 58, 'gr', '2020-05-02 19:42:00', '2020-05-02 19:42:00'),
(290, '2017 Annual Meeting- Saint Julian, Malta, May 18-21', 58, 'ch', '2020-05-02 19:42:00', '2020-05-02 19:42:00'),
(291, '2018 Annual Meeting- Boca Raton, May 21-26', 59, 'en', '2020-05-02 19:42:29', '2020-05-02 19:42:29'),
(292, '2018 Annual Meeting- Boca Raton, May 21-26', 59, 'fr', '2020-05-02 19:42:29', '2020-05-02 19:42:29'),
(293, '2018 Annual Meeting- Boca Raton, May 21-26', 59, 'es', '2020-05-02 19:42:29', '2020-05-02 19:42:29'),
(294, '2018 Annual Meeting- Boca Raton, May 21-26', 59, 'gr', '2020-05-02 19:42:29', '2020-05-02 19:42:29'),
(295, '2018 Annual Meeting- Boca Raton, May 21-26', 59, 'ch', '2020-05-02 19:42:29', '2020-05-02 19:42:29'),
(296, '2019 Annual Meeting- Berlin, Germany, May 9-12', 60, 'en', '2020-05-02 19:42:39', '2020-05-02 19:42:39'),
(297, '2019 Annual Meeting- Berlin, Germany, May 9-12', 60, 'fr', '2020-05-02 19:42:39', '2020-05-02 19:42:39'),
(298, '2019 Annual Meeting- Berlin, Germany, May 9-12', 60, 'es', '2020-05-02 19:42:39', '2020-05-02 19:42:39'),
(299, '2019 Annual Meeting- Berlin, Germany, May 9-12', 60, 'gr', '2020-05-02 19:42:39', '2020-05-02 19:42:39'),
(300, '2019 Annual Meeting- Berlin, Germany, May 9-12', 60, 'ch', '2020-05-02 19:42:39', '2020-05-02 19:42:39'),
(301, '2020 Annual Meeting- Virtual, May 6', 61, 'en', '2020-05-02 19:42:52', '2021-06-30 16:59:01'),
(302, '2020 Annual Meeting- Virtual, May 6', 61, 'fr', '2020-05-02 19:42:52', '2021-06-30 16:57:43'),
(303, '2020 Annual Meeting- Virtual, May 6', 61, 'es', '2020-05-02 19:42:52', '2021-06-30 16:57:43'),
(304, '2020 Annual Meeting- Virtual, May 6', 61, 'gr', '2020-05-02 19:42:52', '2021-06-30 16:57:43'),
(305, '2020 Annual Meeting- Virtual, May 6', 61, 'ch', '2020-05-02 19:42:52', '2021-06-30 16:57:42'),
(306, '2021 Annual Meeting- Virtual, May 27', 62, 'en', '2020-05-02 19:43:03', '2021-05-11 17:32:13'),
(307, '2021 Annual Meeting- Virtual, May 27', 62, 'fr', '2020-05-02 19:43:03', '2021-05-11 17:32:13'),
(308, '2021 Annual Meeting- Virtual, May 27', 62, 'es', '2020-05-02 19:43:03', '2021-05-11 17:32:13'),
(309, '2021 Annual Meeting- Virtual, May 27', 62, 'gr', '2020-05-02 19:43:03', '2021-05-11 17:32:13'),
(310, '2021 Annual Meeting- Virtual, May 27', 62, 'ch', '2020-05-02 19:43:03', '2021-05-11 17:32:13'),
(311, '2022 Annual Meeting- Marbella, Spain, May 9-13', 63, 'en', '2020-05-02 19:43:51', '2021-05-11 17:33:17'),
(312, '2022 Annual Meeting- Marbella, Spain, May 9-13', 63, 'fr', '2020-05-02 19:43:51', '2021-05-11 17:33:18'),
(313, '2022 Annual Meeting- Marbella, Spain, May 9-13', 63, 'es', '2020-05-02 19:43:51', '2021-05-11 17:33:17'),
(314, '2022 Annual Meeting- Marbella, Spain, May 9-13', 63, 'gr', '2020-05-02 19:43:51', '2021-05-11 17:33:18'),
(315, '2022 Annual Meeting- Marbella, Spain, May 9-13', 63, 'ch', '2020-05-02 19:43:51', '2021-05-11 17:33:17'),
(331, '2005 Semi Annual Meeting- Frankfurt, Germany, November 1-4', 67, 'en', '2020-06-15 19:40:43', '2020-06-15 19:40:43'),
(332, '2005 Semi Annual Meeting- Frankfurt, Germany, November 1-4', 67, 'fr', '2020-06-15 19:40:43', '2020-06-15 19:40:43'),
(333, '2005 Semi Annual Meeting- Frankfurt, Germany, November 1-4', 67, 'es', '2020-06-15 19:40:43', '2020-06-15 19:40:43'),
(334, '2005 Semi Annual Meeting- Frankfurt, Germany, November 1-4', 67, 'gr', '2020-06-15 19:40:43', '2020-06-15 19:40:43'),
(335, '2005 Semi Annual Meeting- Frankfurt, Germany, November 1-4', 67, 'ch', '2020-06-15 19:40:43', '2020-06-15 19:40:43'),
(336, '2006 Semi Annual Meeting- Sao Paulo, Brazil, October 25-28', 68, 'en', '2020-06-15 19:46:11', '2020-06-15 19:46:11'),
(337, '2006 Semi Annual Meeting- Sao Paulo, Brazil, October 25-28', 68, 'fr', '2020-06-15 19:46:11', '2020-06-15 19:46:11'),
(338, '2006 Semi Annual Meeting- Sao Paulo, Brazil, October 25-28', 68, 'es', '2020-06-15 19:46:11', '2020-06-15 19:46:11'),
(339, '2006 Semi Annual Meeting- Sao Paulo, Brazil, October 25-28', 68, 'gr', '2020-06-15 19:46:11', '2020-06-15 19:46:11'),
(340, '2006 Semi Annual Meeting- Sao Paulo, Brazil, October 25-28', 68, 'ch', '2020-06-15 19:46:11', '2020-06-15 19:46:11'),
(341, '2007 Semi Annual Meeting- Seattle(Washington), USA, October 21-24', 69, 'en', '2020-06-15 19:46:31', '2020-06-15 19:46:31'),
(342, '2007 Semi Annual Meeting- Seattle(Washington), USA, October 21-24', 69, 'fr', '2020-06-15 19:46:31', '2020-06-15 19:46:31'),
(343, '2007 Semi Annual Meeting- Seattle(Washington), USA, October 21-24', 69, 'es', '2020-06-15 19:46:31', '2020-06-15 19:46:31'),
(344, '2007 Semi Annual Meeting- Seattle(Washington), USA, October 21-24', 69, 'gr', '2020-06-15 19:46:31', '2020-06-15 19:46:31'),
(345, '2007 Semi Annual Meeting- Seattle(Washington), USA, October 21-24', 69, 'ch', '2020-06-15 19:46:31', '2020-06-15 19:46:31'),
(346, '2008 Semi Annual Meeting- Milan, Italy, October 30- November 2', 70, 'en', '2020-06-15 19:46:50', '2020-06-15 19:46:50'),
(347, '2008 Semi Annual Meeting- Milan, Italy, October 30- November 2', 70, 'fr', '2020-06-15 19:46:50', '2020-06-15 19:46:50'),
(348, '2008 Semi Annual Meeting- Milan, Italy, October 30- November 2', 70, 'es', '2020-06-15 19:46:50', '2020-06-15 19:46:50'),
(349, '2008 Semi Annual Meeting- Milan, Italy, October 30- November 2', 70, 'gr', '2020-06-15 19:46:50', '2020-06-15 19:46:50'),
(350, '2008 Semi Annual Meeting- Milan, Italy, October 30- November 2', 70, 'ch', '2020-06-15 19:46:50', '2020-06-15 19:46:50'),
(351, '2009 Semi Annual Meeting- St. Petersburg, Russia, October 15-18', 71, 'en', '2020-06-15 19:47:11', '2020-06-15 19:47:11'),
(352, '2009 Semi Annual Meeting- St. Petersburg, Russia, October 15-18', 71, 'fr', '2020-06-15 19:47:11', '2020-06-15 19:47:11'),
(353, '2009 Semi Annual Meeting- St. Petersburg, Russia, October 15-18', 71, 'es', '2020-06-15 19:47:11', '2020-06-15 19:47:11'),
(354, '2009 Semi Annual Meeting- St. Petersburg, Russia, October 15-18', 71, 'gr', '2020-06-15 19:47:11', '2020-06-15 19:47:11'),
(355, '2009 Semi Annual Meeting- St. Petersburg, Russia, October 15-18', 71, 'ch', '2020-06-15 19:47:11', '2020-06-15 19:47:11'),
(356, '2010 Semi Annual Meeting- Capetown, South Africa, October 12-16', 72, 'en', '2020-06-15 19:48:04', '2020-06-15 19:48:04'),
(357, '2010 Semi Annual Meeting- Capetown, South Africa, October 12-16', 72, 'fr', '2020-06-15 19:48:04', '2020-06-15 19:48:04'),
(358, '2010 Semi Annual Meeting- Capetown, South Africa, October 12-16', 72, 'es', '2020-06-15 19:48:04', '2020-06-15 19:48:04'),
(359, '2010 Semi Annual Meeting- Capetown, South Africa, October 12-16', 72, 'gr', '2020-06-15 19:48:04', '2020-06-15 19:48:04'),
(360, '2010 Semi Annual Meeting- Capetown, South Africa, October 12-16', 72, 'ch', '2020-06-15 19:48:04', '2020-06-15 19:48:04'),
(361, '2011 Semi Annual Meeting- Shanghai, China, October 11-15', 73, 'en', '2020-06-15 19:48:45', '2020-06-15 19:48:45'),
(362, '2011 Semi Annual Meeting- Shanghai, China, October 11-15', 73, 'fr', '2020-06-15 19:48:45', '2020-06-15 19:48:45'),
(363, '2011 Semi Annual Meeting- Shanghai, China, October 11-15', 73, 'es', '2020-06-15 19:48:45', '2020-06-15 19:48:45'),
(364, '2011 Semi Annual Meeting- Shanghai, China, October 11-15', 73, 'gr', '2020-06-15 19:48:45', '2020-06-15 19:48:45'),
(365, '2011 Semi Annual Meeting- Shanghai, China, October 11-15', 73, 'ch', '2020-06-15 19:48:45', '2020-06-15 19:48:45'),
(366, '2012 Semi Annual Meeting- San Francisco(California), USA, October 9-13', 74, 'en', '2020-06-15 19:49:34', '2020-06-15 19:49:34'),
(367, '2012 Semi Annual Meeting- San Francisco(California), USA, October 9-13', 74, 'fr', '2020-06-15 19:49:34', '2020-06-15 19:49:34'),
(368, '2012 Semi Annual Meeting- San Francisco(California), USA, October 9-13', 74, 'es', '2020-06-15 19:49:34', '2020-06-15 19:49:34'),
(369, '2012 Semi Annual Meeting- San Francisco(California), USA, October 9-13', 74, 'gr', '2020-06-15 19:49:34', '2020-06-15 19:49:34'),
(370, '2012 Semi Annual Meeting- San Francisco(California), USA, October 9-13', 74, 'ch', '2020-06-15 19:49:34', '2020-06-15 19:49:34'),
(371, '2013 Semi Annual Meeting- Dublin, Ireland, October 10-14', 75, 'en', '2020-06-15 19:50:00', '2020-06-15 19:50:00'),
(372, '2013 Semi Annual Meeting- Dublin, Ireland, October 10-14', 75, 'fr', '2020-06-15 19:50:00', '2020-06-15 19:50:00'),
(373, '2013 Semi Annual Meeting- Dublin, Ireland, October 10-14', 75, 'es', '2020-06-15 19:50:00', '2020-06-15 19:50:00'),
(374, '2013 Semi Annual Meeting- Dublin, Ireland, October 10-14', 75, 'gr', '2020-06-15 19:50:00', '2020-06-15 19:50:00'),
(375, '2013 Semi Annual Meeting- Dublin, Ireland, October 10-14', 75, 'ch', '2020-06-15 19:50:00', '2020-06-15 19:50:00'),
(376, '2014 Semi Annual Meeting- Dubai, UAE, October 20-24', 76, 'en', '2020-06-15 19:50:26', '2020-06-15 19:50:26'),
(377, '2014 Semi Annual Meeting- Dubai, UAE, October 20-24', 76, 'fr', '2020-06-15 19:50:26', '2020-06-15 19:50:26'),
(378, '2014 Semi Annual Meeting- Dubai, UAE, October 20-24', 76, 'es', '2020-06-15 19:50:26', '2020-06-15 19:50:26'),
(379, '2014 Semi Annual Meeting- Dubai, UAE, October 20-24', 76, 'gr', '2020-06-15 19:50:26', '2020-06-15 19:50:26'),
(380, '2014 Semi Annual Meeting- Dubai, UAE, October 20-24', 76, 'ch', '2020-06-15 19:50:26', '2020-06-15 19:50:26'),
(381, '2015 Semi Annual Meeting- Buenos Aires, Argentina, October 15-19', 77, 'en', '2020-06-15 19:51:18', '2020-06-15 19:51:18'),
(382, '2015 Semi Annual Meeting- Buenos Aires, Argentina, October 15-19', 77, 'fr', '2020-06-15 19:51:18', '2020-06-15 19:51:18'),
(383, '2015 Semi Annual Meeting- Buenos Aires, Argentina, October 15-19', 77, 'es', '2020-06-15 19:51:18', '2020-06-15 19:51:18'),
(384, '2015 Semi Annual Meeting- Buenos Aires, Argentina, October 15-19', 77, 'gr', '2020-06-15 19:51:18', '2020-06-15 19:51:18'),
(385, '2015 Semi Annual Meeting- Buenos Aires, Argentina, October 15-19', 77, 'ch', '2020-06-15 19:51:18', '2020-06-15 19:51:18'),
(386, '2016 Semi Annual Meeting- New York City(New York), USA, October 5-9', 78, 'en', '2020-06-15 19:51:52', '2020-06-15 19:51:52'),
(387, '2016 Semi Annual Meeting- New York City(New York), USA, October 5-9', 78, 'fr', '2020-06-15 19:51:53', '2020-06-15 19:51:53'),
(388, '2016 Semi Annual Meeting- New York City(New York), USA, October 5-9', 78, 'es', '2020-06-15 19:51:53', '2020-06-15 19:51:53'),
(389, '2016 Semi Annual Meeting- New York City(New York), USA, October 5-9', 78, 'gr', '2020-06-15 19:51:53', '2020-06-15 19:51:53'),
(390, '2016 Semi Annual Meeting- New York City(New York), USA, October 5-9', 78, 'ch', '2020-06-15 19:51:53', '2020-06-15 19:51:53'),
(391, '2017 Semi Annual Meeting- Paris, France, October', 79, 'en', '2020-06-15 19:52:10', '2020-06-15 19:52:10'),
(392, '2017 Semi Annual Meeting- Paris, France, October', 79, 'fr', '2020-06-15 19:52:10', '2020-06-15 19:52:10'),
(393, '2017 Semi Annual Meeting- Paris, France, October', 79, 'es', '2020-06-15 19:52:10', '2020-06-15 19:52:10'),
(394, '2017 Semi Annual Meeting- Paris, France, October', 79, 'gr', '2020-06-15 19:52:10', '2020-06-15 19:52:10'),
(395, '2017 Semi Annual Meeting- Paris, France, October', 79, 'ch', '2020-06-15 19:52:10', '2020-06-15 19:52:10'),
(396, '2018 Semi Annual Meeting- Las Vegas(Nevada), USA, October', 80, 'en', '2020-06-15 19:52:33', '2020-06-15 19:52:33'),
(397, '2018 Semi Annual Meeting- Las Vegas(Nevada), USA, October', 80, 'fr', '2020-06-15 19:52:33', '2020-06-15 19:52:33'),
(398, '2018 Semi Annual Meeting- Las Vegas(Nevada), USA, October', 80, 'es', '2020-06-15 19:52:33', '2020-06-15 19:52:33'),
(399, '2018 Semi Annual Meeting- Las Vegas(Nevada), USA, October', 80, 'gr', '2020-06-15 19:52:33', '2020-06-15 19:52:33'),
(400, '2018 Semi Annual Meeting- Las Vegas(Nevada), USA, October', 80, 'ch', '2020-06-15 19:52:33', '2020-06-15 19:52:33'),
(401, '2019 Semi Annual Meeting- Dubrovnik, October 19-22', 81, 'en', '2020-06-15 19:53:10', '2021-06-30 16:54:06'),
(402, '2019 Semi Annual Meeting- Dubrovnik, October 19-22', 81, 'fr', '2020-06-15 19:53:10', '2021-06-30 16:54:06'),
(403, '2019 Semi Annual Meeting- Dubrovnik, October 19-22', 81, 'es', '2020-06-15 19:53:10', '2021-06-30 16:54:06'),
(404, '2019 Semi Annual Meeting-  Dubrovnik, October 19-22', 81, 'gr', '2020-06-15 19:53:10', '2021-06-30 16:54:06'),
(405, '2019 Semi Annual Meeting-  Dubrovnik, October 19-22', 81, 'ch', '2020-06-15 19:53:10', '2021-06-30 16:54:06'),
(406, '2020 Semi Annual Meeting- Virtual, May 26', 82, 'en', '2020-06-15 19:53:34', '2021-06-30 16:58:33'),
(407, '2020 Semi Annual Meeting- Virtual, May 26', 82, 'fr', '2020-06-15 19:53:34', '2021-06-30 16:58:33'),
(408, '2020 Semi Annual Meeting- Virtual, May 26', 82, 'es', '2020-06-15 19:53:34', '2021-06-30 16:58:33'),
(409, '2020 Semi Annual Meeting- Virtual, May 26', 82, 'gr', '2020-06-15 19:53:34', '2021-06-30 16:58:33'),
(410, '2020 Semi Annual Meeting- Virtual, May 26', 82, 'ch', '2020-06-15 19:53:34', '2021-06-30 16:58:33'),
(411, '2021 Semi Annual Meeting- TBD', 83, 'en', '2020-06-15 19:53:49', '2021-06-30 16:55:10'),
(412, '2021 Semi Annual Meeting- TBD', 83, 'fr', '2020-06-15 19:53:49', '2021-06-30 16:55:10'),
(413, '2021 Semi Annual Meeting- TBD', 83, 'es', '2020-06-15 19:53:49', '2021-06-30 16:55:10'),
(414, '2021 Semi Annual Meeting- TBD', 83, 'gr', '2020-06-15 19:53:49', '2021-06-30 16:55:10'),
(415, '2021 Semi Annual Meeting- TBD', 83, 'ch', '2020-06-15 19:53:49', '2021-06-30 16:55:10');

-- --------------------------------------------------------

--
-- Table structure for table `meeting_translations`
--

CREATE TABLE `meeting_translations` (
  `id` bigint(20) UNSIGNED NOT NULL,
  `name` varchar(191) COLLATE utf8mb4_unicode_ci NOT NULL,
  `meeting_id` int(10) UNSIGNED NOT NULL,
  `locale` varchar(191) COLLATE utf8mb4_unicode_ci NOT NULL,
  `created_at` timestamp NULL DEFAULT CURRENT_TIMESTAMP,
  `updated_at` timestamp NULL DEFAULT CURRENT_TIMESTAMP ON UPDATE CURRENT_TIMESTAMP
) ENGINE=InnoDB DEFAULT CHARSET=utf8mb4 COLLATE=utf8mb4_unicode_ci;

--
-- Dumping data for table `meeting_translations`
--

INSERT INTO `meeting_translations` (`id`, `name`, `meeting_id`, `locale`, `created_at`, `updated_at`) VALUES
(1, 'ANNUAL MEETINGS', 1, 'en', '2020-04-16 19:16:07', '2020-04-26 07:12:06'),
(2, 'ANNUAL MEETINGS', 1, 'fr', '2020-04-16 19:16:07', '2020-04-26 07:12:06'),
(3, 'ANNUAL MEETINGS', 1, 'es', '2020-04-16 19:16:07', '2020-04-26 07:12:06'),
(4, 'ANNUAL MEETINGS', 1, 'gr', '2020-04-16 19:16:07', '2020-04-26 07:12:06'),
(5, 'ANNUAL MEETINGS', 1, 'ch', '2020-04-16 19:16:07', '2020-04-26 07:12:06'),
(6, 'FALL BOARD MEETINGS', 2, 'en', '2020-04-16 19:16:07', '2020-04-26 07:11:34'),
(7, 'FALL BOARD MEETINGS', 2, 'fr', '2020-04-16 19:16:07', '2020-04-26 07:11:34'),
(8, 'FALL BOARD MEETINGS', 2, 'es', '2020-04-16 19:16:07', '2020-04-26 07:11:34'),
(9, 'FALL BOARD MEETINGS', 2, 'gr', '2020-04-16 19:16:07', '2020-04-26 07:11:34'),
(10, 'FALL BOARD MEETINGS', 2, 'ch', '2020-04-16 19:16:07', '2020-04-26 07:11:34');

-- --------------------------------------------------------

--
-- Table structure for table `members`
--

CREATE TABLE `members` (
  `id` int(11) NOT NULL,
  `name` varchar(250) DEFAULT NULL,
  `phone` varchar(250) DEFAULT NULL,
  `email` varchar(250) DEFAULT NULL,
  `image` varchar(250) DEFAULT NULL,
  `company_id` int(11) DEFAULT NULL,
  `is_board_member` int(11) DEFAULT NULL,
  `home` varchar(250) DEFAULT NULL,
  `fax` varchar(250) DEFAULT NULL,
  `skype` varchar(250) DEFAULT NULL,
  `mobile` varchar(250) DEFAULT NULL,
  `updated_at` datetime DEFAULT NULL,
  `created_at` datetime DEFAULT NULL
) ENGINE=InnoDB DEFAULT CHARSET=utf8;

--
-- Dumping data for table `members`
--

INSERT INTO `members` (`id`, `name`, `phone`, `email`, `image`, `company_id`, `is_board_member`, `home`, `fax`, `skype`, `mobile`, `updated_at`, `created_at`) VALUES
(3, 'Mr. Alexander Astakhov', NULL, NULL, 'uploads/Empty.jpg', 8, NULL, NULL, NULL, NULL, NULL, '2016-11-20 15:41:27', NULL),
(4, 'Mr. Leonid Efimov', NULL, NULL, 'uploads/Empty.jpg', 9, NULL, NULL, NULL, NULL, NULL, '2016-11-20 15:41:27', NULL),
(5, 'Mr. Pier Paolo Abati', NULL, NULL, 'uploads/Empty.jpg', 10, NULL, NULL, NULL, NULL, NULL, '2016-11-20 15:41:27', NULL),
(6, 'Ms. Cristina Santunione', NULL, NULL, 'uploads/Empty.jpg', 10, NULL, NULL, NULL, NULL, NULL, '2016-11-20 15:41:27', NULL),
(7, 'Mr. David Marastoni', NULL, NULL, 'uploads/Empty.jpg', 2, NULL, NULL, NULL, NULL, NULL, '2016-11-20 15:41:27', NULL),
(8, 'Mr. Alfons Bongartz', NULL, NULL, 'uploads/Empty.jpg', 11, NULL, NULL, NULL, NULL, NULL, '2016-11-20 15:41:27', NULL),
(9, 'Mr. Michael Bongartz', NULL, NULL, 'uploads/Empty.jpg', 11, NULL, NULL, NULL, NULL, NULL, '2016-11-20 15:41:27', NULL),
(11, 'Mr. Said Malak', NULL, NULL, 'uploads/Empty.jpg', 12, NULL, NULL, NULL, NULL, NULL, '2016-11-20 15:41:27', NULL),
(12, 'Mr. Michael Schinder', NULL, NULL, 'uploads/Empty.jpg', 13, NULL, NULL, NULL, NULL, NULL, '2016-11-20 15:41:27', NULL),
(14, 'Mr.  Hafiz Sharifzadah', NULL, NULL, 'uploads/Empty.jpg', 16, NULL, NULL, NULL, NULL, NULL, '2016-11-20 15:41:28', NULL),
(15, 'Mr. Maycon Biazzini Artacho', NULL, NULL, 'uploads/Mr._Maycon_Biazzini_Artacho_2011-10-9_07.21.15.jpg', 18, NULL, NULL, NULL, NULL, NULL, '2016-11-20 15:14:12', NULL),
(16, 'Mr. Terry Rudgley', NULL, NULL, 'uploads/Empty.jpg', 19, NULL, NULL, NULL, NULL, NULL, '2016-11-20 15:41:28', NULL),
(17, 'Mr. Ibrahim Atia', NULL, NULL, 'uploads/Mr._Ibrahim_Atteya_2011-10-9_07.52.20.jpg', 20, NULL, NULL, NULL, NULL, NULL, '2016-11-20 15:14:12', NULL),
(18, 'Mr. Peter Bade', NULL, NULL, 'uploads/Empty.jpg', 22, NULL, NULL, NULL, NULL, NULL, '2016-11-20 15:41:28', NULL),
(19, 'Mr. Jose Oriol Comas', '34-607-215233', 'comas.oriol@yahoo.com', 'uploads/Empty.jpg', 24, NULL, NULL, '+34-93-252-0361', NULL, '+34-607-215233', '2016-11-20 15:41:28', NULL),
(20, 'Mr. Wang Yuzhong', '86-312-323-9818', 'wyzhong123@yahoo.com.cn', 'uploads/Mr._Wang_Yuzhong_2011-10-9_08.35.11.jpg', 26, NULL, '+86-312-318-5393', '+86-312-323-9288', NULL, '+86 159 0312 9000', '2016-11-20 15:14:12', NULL),
(21, 'Mr. Li Xizhong', '86-312-7661189', 'bdthcy@188.com', 'uploads/Empty.jpg', 27, -1, NULL, '+86-312-7661187', NULL, '+86-13903122287', '2016-11-20 15:41:28', NULL),
(22, 'Mr. Ma Qiutian', NULL, NULL, 'uploads/Empty.jpg', 28, NULL, NULL, NULL, NULL, NULL, '2016-11-20 15:41:28', NULL),
(23, 'Mr. Walter Wang', NULL, NULL, 'uploads/Mr._Walter_Wang_2011-10-9_08.48.21.jpg', 29, NULL, NULL, NULL, NULL, NULL, '2016-11-20 15:14:12', NULL),
(24, 'Mr. Dominic Macdermot', NULL, NULL, 'uploads/Empty.jpg', 31, NULL, NULL, NULL, NULL, NULL, '2016-11-20 15:41:28', NULL),
(25, 'Mr. Christian Bierhalter', NULL, NULL, 'uploads/Empty.jpg', 32, NULL, NULL, NULL, NULL, NULL, '2016-11-20 15:41:28', NULL),
(27, 'Mr. Alexander Zagorodnii', NULL, NULL, 'uploads/Empty.jpg', 33, NULL, NULL, NULL, NULL, NULL, '2016-11-20 15:41:28', NULL),
(28, 'Mr. David F. Blanga', '+39,02,9062911', 'david.f@blancasings.com', 'uploads/Empty.jpg', 35, NULL, '+39,02,48012401', '+39,02,90631044', NULL, '+39,335,6029236', '2016-11-20 15:41:28', NULL),
(29, 'Ms. Aniko Lang', NULL, NULL, 'uploads/Ms._Aniko_Lang_2011-10-9_09.13.24.jpg', 36, NULL, NULL, NULL, NULL, NULL, '2016-11-20 15:14:12', NULL),
(30, 'Mr. Philippe Follet', NULL, NULL, 'uploads/Empty.jpg', 37, NULL, NULL, NULL, NULL, NULL, '2016-11-20 15:41:28', NULL),
(31, 'Mr. Christian Billon Lanfrey', NULL, 'cb@boa.eu', 'uploads/Empty.jpg', 38, NULL, NULL, NULL, NULL, NULL, '2016-11-20 15:41:28', NULL),
(32, 'Mr. Yan Jicun', NULL, NULL, 'uploads/Mr._Yan_Jicun_2011-10-17_07.07.24.jpg', 40, NULL, NULL, NULL, NULL, NULL, '2016-11-20 15:14:12', NULL),
(33, 'Mr. Francis Semille', NULL, NULL, 'uploads/Mr._Francis_Semille_2011-10-9_09.32.51.jpg', 41, NULL, NULL, NULL, NULL, NULL, '2016-11-20 15:14:12', NULL),
(34, 'Mr. Vitor Pimenta', NULL, 'vitor@brascase.com.br', 'uploads/Empty.jpg', 42, NULL, NULL, NULL, NULL, NULL, '2018-07-16 13:28:20', NULL),
(35, 'Mr. Hanspeter Hackner', NULL, NULL, 'uploads/Empty.jpg', 44, NULL, NULL, NULL, NULL, NULL, '2016-11-20 15:41:28', NULL),
(36, 'Mr. Philippe Schwartz', NULL, NULL, 'uploads/Empty.jpg', 49, NULL, NULL, NULL, NULL, NULL, '2016-11-20 15:41:28', NULL),
(38, 'Mr. Steven Feinstein', NULL, NULL, 'uploads/Empty.jpg', 53, NULL, NULL, NULL, NULL, NULL, '2016-11-20 15:41:28', NULL),
(39, 'Mr. Qiao Guangrong', NULL, NULL, 'uploads/Mr._Qiao_Guangrong_2011-10-17_06.55.45.jpg', 51, NULL, NULL, NULL, NULL, NULL, '2016-11-20 15:14:12', NULL),
(40, 'Ms. Ellen Reyes', NULL, NULL, 'uploads/Empty.jpg', 53, NULL, NULL, NULL, NULL, NULL, '2016-11-20 15:41:28', NULL),
(41, 'Mr. Stefano Arosio', NULL, NULL, 'uploads/Empty.jpg', 60, NULL, NULL, NULL, NULL, NULL, '2016-11-20 15:41:28', NULL),
(42, 'Paola Arosio', NULL, NULL, 'uploads/Empty.jpg', 60, NULL, NULL, NULL, NULL, NULL, '2016-11-20 15:41:28', NULL),
(43, 'Sheikh Mohammad Rizwan', '92-42-7461948-50', 'Rizwan@cocotraders.com', 'uploads/Empty.jpg', 63, -1, '92-30-08474222', NULL, NULL, '0092 0324 4444686', '2017-06-11 13:44:00', NULL),
(45, 'Mr. david Gordon', NULL, NULL, 'uploads/Empty.jpg', 61, NULL, NULL, NULL, NULL, NULL, '2016-11-20 15:41:28', NULL),
(46, 'Ms. Daniela Mueller', NULL, NULL, 'uploads/Empty.jpg', 66, NULL, NULL, NULL, NULL, NULL, '2016-11-20 15:41:28', NULL),
(47, 'Mr. Pablo Menendez', NULL, NULL, 'uploads/Empty.jpg', 68, NULL, NULL, NULL, NULL, NULL, '2016-11-20 15:41:28', NULL),
(48, 'Ms. Alexandra Vyaltseva', NULL, NULL, 'uploads/Empty.jpg', 70, NULL, NULL, NULL, NULL, NULL, '2016-11-20 15:41:28', NULL),
(49, 'Mr.G. Teijsen', NULL, NULL, 'uploads/Empty.jpg', 71, NULL, NULL, NULL, NULL, NULL, '2016-11-20 15:41:28', NULL),
(50, 'Mr. Vicente Gallent Jr.', '34-961-525-080', 'vicentejr@vgallent.es', 'uploads/Mr._Vicente_Gallent_Jr._2012-10-21_05.06.11.jpg', 73, -1, NULL, NULL, NULL, NULL, '2016-11-20 15:14:12', NULL),
(51, 'Mr. Leonid Brizanov', NULL, NULL, 'uploads/Empty.jpg', 74, NULL, NULL, NULL, NULL, NULL, '2016-11-20 15:41:28', NULL),
(52, 'Mr. Pablo Sanchez Morante', NULL, NULL, 'uploads/Mr._Pablo_Sanchez_Morante_2011-10-11_05.58.35.jpg', 75, NULL, NULL, NULL, NULL, NULL, '2016-11-20 15:14:12', NULL),
(53, 'Mr. Johan Verniers', NULL, NULL, 'uploads/Empty.jpg', 79, NULL, NULL, NULL, NULL, NULL, '2016-11-20 15:41:28', NULL),
(54, 'Mr. Smiljan Matijasec', NULL, NULL, 'uploads/Empty.jpg', 76, NULL, NULL, NULL, NULL, NULL, '2016-11-20 15:41:28', NULL),
(56, 'Mr. Jose Curos', NULL, NULL, 'uploads/Empty.jpg', 80, NULL, NULL, NULL, NULL, NULL, '2016-11-20 15:41:28', NULL),
(57, 'Mr. Norbert Saprautzki', NULL, NULL, 'uploads/Empty.jpg', 81, NULL, NULL, NULL, NULL, NULL, '2016-11-20 15:41:28', NULL),
(58, 'Mr. Huo Zhigang', NULL, NULL, 'uploads/Mr._Huo_Zhigang_2011-10-11_06.14.26.jpg', 82, NULL, NULL, NULL, NULL, NULL, '2016-11-20 15:14:12', NULL),
(59, 'Mr. Joop Schouten', '40-257-289-800', 'joop@darimex.eu', 'uploads/Empty.jpg', 83, -1, NULL, NULL, NULL, NULL, '2016-11-20 15:41:28', NULL),
(61, 'Mr. K.H. Khalid', '+92-42-7599877  +92-42-75', 'unitedcasings@hotmail.com, info@unitedcasings.com', 'uploads/Empty.jpg', 84, NULL, '+92-42 7830350', '+92-42 7577947', NULL, '+92300 8496309', '2016-11-20 15:41:28', NULL),
(62, 'Mr. Aktar Hussain', NULL, NULL, 'uploads/Empty.jpg', 84, NULL, NULL, NULL, NULL, NULL, '2016-11-20 15:41:28', NULL),
(63, 'Mr. Song Jiang Dong', NULL, NULL, 'uploads/Mr._Song_Jiang_Dong_2011-10-11_06.21.58.jpg', 85, NULL, NULL, NULL, NULL, NULL, '2016-11-20 15:14:12', NULL),
(64, 'Mr. Jordi Llonch', NULL, NULL, 'uploads/Mr._Jordi_Llonch_2011-10-17_05.45.30.jpg', 86, NULL, NULL, NULL, NULL, NULL, '2016-11-20 15:14:12', NULL),
(65, 'Mr. Jan Roelsgaard', NULL, 'jr@dat-schaub.dk', 'uploads/Empty.jpg', 87, NULL, NULL, NULL, NULL, NULL, '2017-08-21 13:40:46', NULL),
(67, 'Mr. Bengt Landquist', NULL, NULL, 'uploads/Mr._Bengt_Landquist_2011-10-11_06.28.56.jpg', 88, NULL, NULL, NULL, NULL, NULL, '2016-11-20 15:14:13', NULL),
(69, 'Ms. Natasha Martincevic', NULL, NULL, 'uploads/Empty.jpg', 89, NULL, NULL, NULL, NULL, NULL, '2016-11-20 15:41:28', NULL),
(70, 'Dr. Mladen Topolnjak', NULL, NULL, 'uploads/Dr._Mladen_Topolnjak_2011-10-11_06.35.39.jpg', 89, NULL, NULL, NULL, NULL, NULL, '2016-11-20 15:14:13', NULL),
(72, 'Mr. Andre De Winter', NULL, NULL, 'uploads/Empty.jpg', 91, NULL, NULL, NULL, NULL, NULL, '2016-11-20 15:41:28', NULL),
(73, 'Mr. Juan A.Mora', NULL, NULL, 'uploads/Empty.jpg', 92, NULL, NULL, NULL, NULL, NULL, '2016-11-20 15:41:28', NULL),
(74, 'Mr. Fernando Bartolome', NULL, NULL, 'uploads/Mr._Fernando_Bartolome_2011-10-17_05.38.34.jpg', 93, NULL, NULL, NULL, NULL, NULL, '2016-11-20 15:14:13', NULL),
(75, 'Mr. Burkhard Jeurink', NULL, NULL, 'uploads/Empty.jpg', 94, NULL, NULL, NULL, NULL, NULL, '2016-11-20 15:41:29', NULL),
(76, 'Mr. Volker Otte', NULL, NULL, 'uploads/Mr._Volker_Otte_2011-10-11_06.46.13.jpg', 95, NULL, NULL, NULL, NULL, NULL, '2016-11-20 15:14:13', NULL),
(77, 'Mr. Bjoern Koehnke', '49-40-25 50 75', 'b.koehnke@dohr.biz', 'uploads/Mr._Bjoern_Koehnke_2011-10-11_06.46.39.jpg', 95, NULL, NULL, '+49-40-250 7614', NULL, '+49-172-410-2136', '2016-11-20 15:14:13', NULL),
(78, 'Mr. Caio Marino', NULL, 'caiomarino@tripama.com.br', 'uploads/Mr._Jose_Roberto_Marino_2011-10-17_05.22.32.jpg', 96, NULL, NULL, NULL, NULL, NULL, '2016-11-20 15:14:13', NULL),
(79, 'Mr. Philippe Grojean', NULL, NULL, 'uploads/Empty.jpg', 97, NULL, NULL, NULL, NULL, NULL, '2016-11-20 15:41:29', NULL),
(80, 'Mr. Patrice Grojean', NULL, NULL, 'uploads/Empty.jpg', 97, NULL, NULL, NULL, NULL, NULL, '2016-11-20 15:41:29', NULL),
(81, 'Mr. Philippe Grojean', NULL, NULL, 'uploads/Empty.jpg', 98, NULL, NULL, NULL, NULL, NULL, '2016-11-20 15:41:29', NULL),
(82, 'Mr. Hector Viegas Pires', NULL, 'hviegas@dorfel.com.ar', 'uploads/Mr._Hector_Viegas_Pires_2012-1-17_07.23.08.jpg', 99, NULL, NULL, NULL, NULL, NULL, '2016-11-20 15:14:13', NULL),
(83, 'Mr. Ines Loyudice', NULL, 'iloyudice@dorfel.com.ar', 'uploads/Empty.jpg', 99, NULL, NULL, NULL, NULL, NULL, '2016-11-20 15:41:29', NULL),
(84, 'Mr. Jean Pierre Chastaing', NULL, NULL, 'uploads/Mr._Jean_Pierre_Chastaing_2011-10-11_06.59.21.jpg', 100, NULL, NULL, NULL, NULL, NULL, '2016-11-20 15:14:13', NULL),
(85, 'Mr. Patrick Vidal', NULL, NULL, 'uploads/Empty.jpg', 100, NULL, NULL, NULL, NULL, NULL, '2016-11-20 15:41:29', NULL),
(88, 'Mr. Charles Heggarty', NULL, NULL, 'uploads/Empty.jpg', 102, NULL, NULL, NULL, NULL, NULL, '2016-11-20 15:41:29', NULL),
(89, 'Mr. Seiji Inokoshi', NULL, NULL, 'uploads/Empty.jpg', 103, NULL, NULL, NULL, NULL, NULL, '2016-11-20 15:41:29', NULL),
(90, 'Ms. Marie-Helene Damman', NULL, NULL, 'uploads/Empty.jpg', 104, NULL, NULL, NULL, NULL, NULL, '2016-11-20 15:41:29', NULL),
(91, 'Mr. Jose Manuel Gonzalez Guerrero', NULL, NULL, 'uploads/Empty.jpg', 104, NULL, NULL, NULL, NULL, NULL, '2016-11-20 15:41:29', NULL),
(92, 'Mr. Jalal Laham', NULL, NULL, 'uploads/Empty.jpg', 105, NULL, NULL, NULL, NULL, NULL, '2016-11-20 15:41:29', NULL),
(93, 'Mr. Baatarjav Munkhzaya', NULL, NULL, 'uploads/Empty.jpg', 106, NULL, NULL, NULL, NULL, NULL, '2016-11-20 15:41:29', NULL),
(94, 'Mr. D. Purev', NULL, NULL, 'uploads/Empty.jpg', 106, NULL, NULL, NULL, NULL, NULL, '2016-11-20 15:41:29', NULL),
(95, 'Mr. Alfons Krake', NULL, NULL, 'uploads/Empty.jpg', 105, NULL, NULL, NULL, NULL, NULL, '2016-11-20 15:41:29', NULL),
(96, 'Mr. Youssef El Shatby', NULL, NULL, 'uploads/Mr._Youssef_El_Shatby_2011-10-11_07.18.08.jpg', 107, NULL, NULL, NULL, NULL, NULL, '2016-11-20 15:14:13', NULL),
(97, 'Mr. Fu Wei', NULL, NULL, 'uploads/Empty.jpg', 108, NULL, NULL, NULL, NULL, NULL, '2016-11-20 15:41:29', NULL),
(98, 'Mr. youssef  El Shatby', NULL, NULL, 'uploads/Mr._youssef__El_Shatby_2011-10-11_07.19.59.jpg', 109, NULL, NULL, NULL, NULL, NULL, '2016-11-20 15:14:13', NULL),
(99, 'Mr. Ibrahim El Shazly', NULL, NULL, 'uploads/Mr._Ibrahim_El_Shazly_2011-10-20_05.29.23.jpg', 110, NULL, NULL, NULL, NULL, NULL, '2016-11-20 15:14:13', NULL),
(100, 'Mr. Enrique Villaroel', NULL, NULL, 'uploads/Mr._Enrique_Villaroel_2011-10-11_07.36.20.jpg', 111, NULL, NULL, NULL, NULL, NULL, '2016-11-20 15:14:13', NULL),
(101, 'Mr. Philippe Leymonie', '+33-4-77-92-8097', 'ph.leymonie@charles-freres.com', 'uploads/Empty.jpg', 112, NULL, NULL, NULL, NULL, NULL, '2016-11-20 15:41:29', NULL),
(103, 'Mr. Michael Koss', NULL, NULL, 'uploads/Mr._Michael_Koss_2011-10-17_05.13.17.jpg', 113, NULL, NULL, NULL, NULL, NULL, '2016-11-20 15:14:13', NULL),
(104, 'Mr. Joel Koss', NULL, NULL, 'uploads/Empty.jpg', 113, NULL, NULL, NULL, NULL, NULL, '2016-11-20 15:41:29', NULL),
(105, 'Mr. Luis Alberto Lequio', NULL, NULL, 'uploads/Empty.jpg', 114, NULL, NULL, NULL, NULL, NULL, '2016-11-20 15:41:29', NULL),
(106, 'Mr. Leonardo Luis Lequio', NULL, NULL, 'uploads/Empty.jpg', 114, NULL, NULL, NULL, NULL, NULL, '2016-11-20 15:41:29', NULL),
(107, 'Mr. Yozo Kawamura', NULL, NULL, 'uploads/Empty.jpg', 115, NULL, NULL, NULL, NULL, NULL, '2016-11-20 15:41:29', NULL),
(108, 'Mr. Tadashi Yoshizawa', NULL, NULL, 'uploads/Empty.jpg', 115, NULL, NULL, NULL, NULL, NULL, '2016-11-20 15:41:29', NULL),
(109, 'Mr. Yuri Kozin', NULL, 'kozin@eurocasing.ru', 'uploads/Empty.jpg', 116, NULL, NULL, NULL, NULL, NULL, '2018-07-24 10:32:12', NULL),
(110, 'Mr. Michael Karpov', NULL, NULL, 'uploads/Empty.jpg', 116, NULL, NULL, NULL, NULL, NULL, '2016-11-20 15:41:29', NULL),
(113, 'Mr. Bruce Neill', '27215114009', 'brucen@exim.co.za', 'uploads/Empty.jpg', 118, -1, '+27217943091', '+0866156413', NULL, '+27824904683', '2016-11-20 15:41:29', NULL),
(115, 'Mr. Chris Gildart', NULL, NULL, 'uploads/Empty.jpg', 120, NULL, NULL, NULL, NULL, NULL, '2016-11-20 15:41:29', NULL),
(116, 'Mr. Ryan Standard', NULL, NULL, 'uploads/Empty.jpg', 121, NULL, NULL, NULL, NULL, NULL, '2016-11-20 15:41:29', NULL),
(117, 'Ms. Katrin Rummel-Pali', NULL, NULL, 'uploads/Empty.jpg', 122, NULL, NULL, NULL, NULL, NULL, '2016-11-20 15:41:29', NULL),
(121, 'Mr. Michel De Maar', NULL, NULL, 'uploads/Mr._Michel_De_Maar_2011-10-11_09.52.50.jpg', 125, NULL, NULL, NULL, NULL, NULL, '2016-11-20 15:14:13', NULL),
(122, 'Mr. Fragoulis Stelios', NULL, NULL, 'uploads/Empty.jpg', 126, NULL, NULL, NULL, NULL, NULL, '2016-11-20 15:41:29', NULL),
(123, 'Mr.Drew Bartoszek', NULL, NULL, 'uploads/Empty.jpg', 127, NULL, NULL, NULL, NULL, NULL, '2016-11-20 15:41:29', NULL),
(125, 'Mr. Vitali Sukov', NULL, NULL, 'uploads/Mr._Vitali_Sukov_2011-10-13_08.38.07.jpg', 128, NULL, NULL, NULL, NULL, NULL, '2016-11-20 15:14:13', NULL),
(126, 'Mr.  Freddy M. Hirsch', NULL, NULL, 'uploads/Empty.jpg', 129, NULL, NULL, NULL, NULL, NULL, '2016-11-20 15:41:29', NULL),
(127, 'Mr. Brent Hirsch', NULL, NULL, 'uploads/Empty.jpg', 129, NULL, NULL, NULL, NULL, NULL, '2016-11-20 15:41:29', NULL),
(128, 'Mr.Sergey Shelpyakov', NULL, NULL, 'uploads/Empty.jpg', 130, NULL, NULL, NULL, NULL, NULL, '2016-11-20 15:41:29', NULL),
(129, 'Mr. Oscar Pestana', NULL, NULL, 'uploads/Mr._Oscar_Pestana_2011-10-16_09.28.35.jpg', 131, NULL, NULL, NULL, NULL, NULL, '2016-11-20 15:14:13', NULL),
(130, 'Ms. Tatiana Oliveira', NULL, NULL, 'uploads/Empty.jpg', 131, NULL, NULL, NULL, NULL, NULL, '2016-11-20 15:41:29', NULL),
(132, 'Ms. Sabrina Roland', NULL, NULL, 'uploads/Empty.jpg', 132, NULL, NULL, NULL, NULL, NULL, '2016-11-20 15:41:29', NULL),
(134, 'Mr. Benny Jacobs', NULL, NULL, 'uploads/Empty.jpg', 134, NULL, NULL, NULL, NULL, NULL, '2016-11-20 15:41:29', NULL),
(135, 'Mr. Richard Spira', NULL, NULL, 'uploads/Empty.jpg', 134, NULL, NULL, NULL, NULL, NULL, '2016-11-20 15:41:29', NULL),
(136, 'Mr. Joerg Streckfuss', NULL, NULL, 'uploads/Empty.jpg', 135, NULL, NULL, NULL, NULL, NULL, '2016-11-20 15:41:30', NULL),
(137, 'Mr. HM Streckfuss', NULL, NULL, 'uploads/Empty.jpg', 135, NULL, NULL, NULL, NULL, NULL, '2016-11-20 15:41:30', NULL),
(138, 'Mr. Peter Dreher', NULL, NULL, 'uploads/Empty.jpg', 136, NULL, NULL, NULL, NULL, NULL, '2016-11-20 15:41:30', NULL),
(139, 'Mr. Werner Studer', NULL, NULL, 'uploads/Empty.jpg', 136, NULL, NULL, NULL, NULL, NULL, '2016-11-20 15:41:30', NULL),
(140, 'Mr. Jean Nadelcuta', NULL, NULL, 'uploads/Empty.jpg', 137, NULL, NULL, NULL, NULL, NULL, '2016-11-20 15:41:30', NULL),
(141, 'Mr. Gemur Tair', NULL, NULL, 'uploads/Empty.jpg', 137, NULL, NULL, NULL, NULL, NULL, '2016-11-20 15:41:30', NULL),
(142, 'Mr. Giuliano Bizziocchi', NULL, NULL, 'uploads/Empty.jpg', 138, NULL, NULL, NULL, NULL, NULL, '2016-11-20 15:41:30', NULL),
(143, 'Mr. Peter Chamberlain', NULL, NULL, 'uploads/Empty.jpg', 139, NULL, NULL, NULL, NULL, NULL, '2016-11-20 15:41:30', NULL),
(144, 'Mr. Chris Wright', NULL, NULL, 'uploads/Empty.jpg', 139, NULL, NULL, NULL, NULL, NULL, '2016-11-20 15:41:30', NULL),
(145, 'Mr. Shanan Abdulnaser', NULL, NULL, 'uploads/Empty.jpg', 140, NULL, NULL, NULL, NULL, NULL, '2016-11-20 15:41:30', NULL),
(146, 'Mr. Ousama Wattart', NULL, NULL, 'uploads/Empty.jpg', 140, NULL, NULL, NULL, NULL, NULL, '2016-11-20 15:41:30', NULL),
(147, 'Mr. Manfred Grundt', NULL, NULL, 'uploads/Empty.jpg', 141, NULL, NULL, NULL, NULL, NULL, '2016-11-20 15:41:30', NULL),
(148, 'Mr. Lars Grundt', NULL, NULL, 'uploads/Empty.jpg', 141, NULL, NULL, NULL, NULL, NULL, '2016-11-20 15:41:30', NULL),
(149, 'Ms. Wu Yan', NULL, NULL, 'uploads/Empty.jpg', 142, NULL, NULL, NULL, NULL, NULL, '2016-11-20 15:41:30', NULL),
(150, 'Mr. Wu Hailong', NULL, NULL, 'uploads/Empty.jpg', 142, NULL, NULL, NULL, NULL, NULL, '2016-11-20 15:41:30', NULL),
(151, 'Mr. Ma Yulong', NULL, NULL, 'uploads/Mr._Ma_Yulong_2012-1-17_07.25.19.jpg', 143, NULL, NULL, NULL, NULL, NULL, '2016-11-20 15:14:13', NULL),
(152, 'Mr. Francesco Guilla', NULL, NULL, 'uploads/Mr._Francesco_Guilla_2012-1-17_07.30.18.jpg', 144, NULL, NULL, NULL, NULL, NULL, '2016-11-20 15:14:13', NULL),
(155, 'Ms. Cathy Zheng', NULL, NULL, 'uploads/Empty.jpg', 148, NULL, NULL, NULL, NULL, NULL, '2016-11-20 15:41:30', NULL),
(156, 'Mr. Mario Hillerdt', NULL, NULL, 'uploads/Mr._Mario_Hillerdt_2011-10-11_10.26.44.jpg', 149, NULL, NULL, NULL, NULL, NULL, '2016-11-20 15:14:13', NULL),
(157, 'Mr. G.W Harbers', NULL, NULL, 'uploads/Empty.jpg', 150, NULL, NULL, NULL, NULL, NULL, '2016-11-20 15:41:30', NULL),
(158, 'Mr. Philip Sharp', NULL, NULL, 'uploads/Empty.jpg', 151, NULL, NULL, NULL, NULL, NULL, '2017-05-21 11:42:10', NULL),
(159, 'Mr. James C Harder', NULL, NULL, 'uploads/Empty.jpg', 151, NULL, NULL, NULL, NULL, NULL, '2016-11-20 15:41:30', NULL),
(160, 'Mr. Chang Jiang Liu', NULL, NULL, 'uploads/Empty.jpg', 152, NULL, NULL, NULL, NULL, NULL, '2016-11-20 15:41:30', NULL),
(161, 'Ms. Heike Molkenthin', '+49-4101-35608', 'heike.molkenthin@t-online.de', 'uploads/Empty.jpg', 153, -1, NULL, NULL, NULL, '', '2017-08-21 15:45:26', NULL),
(162, 'Mr. Hebert Pastorino', NULL, NULL, 'uploads/Empty.jpg', 154, NULL, NULL, NULL, NULL, NULL, '2016-11-20 15:41:30', NULL),
(163, 'Mr. Fernando Pulleiro', NULL, NULL, 'uploads/Mr._Fernando_Pulleiro_2011-10-23_07.53.47.jpg', 154, NULL, NULL, NULL, NULL, NULL, '2016-11-20 15:14:13', NULL),
(164, 'Mr. Pedro Anibal Vincenti', NULL, NULL, 'uploads/Empty.jpg', 155, NULL, NULL, NULL, NULL, NULL, '2016-11-20 15:41:30', NULL),
(165, 'Mr. Arman Holdijk', NULL, NULL, 'uploads/Empty.jpg', 156, NULL, NULL, NULL, NULL, NULL, '2016-11-20 15:41:30', NULL),
(166, 'Mr. Dolf Holdijk', NULL, NULL, 'uploads/Empty.jpg', 156, NULL, NULL, NULL, NULL, NULL, '2016-11-20 15:41:30', NULL),
(167, 'Mr. Yu Yan\'an', NULL, NULL, 'uploads/Empty.jpg', 157, NULL, NULL, NULL, NULL, NULL, '2016-11-20 15:41:30', NULL),
(168, 'Mr William Janssen', NULL, NULL, 'uploads/Empty.jpg', 158, NULL, NULL, NULL, NULL, NULL, '2016-11-20 15:41:30', NULL),
(169, 'Dr. Enea Conti', NULL, NULL, 'uploads/Dr._Enea_Conti_2011-10-12_05.56.35.jpg', 159, NULL, NULL, NULL, NULL, NULL, '2016-11-20 15:14:13', NULL),
(170, 'Dr. Paola Conti', NULL, NULL, 'uploads/Dr._Paola_Conti_2011-10-12_05.57.04.jpg', 159, NULL, NULL, NULL, NULL, NULL, '2016-11-20 15:14:13', NULL),
(171, 'Mr. Stefano DeLorenzi', NULL, NULL, 'uploads/Empty.jpg', 160, NULL, NULL, NULL, NULL, NULL, '2016-11-20 15:41:30', NULL),
(173, 'Mr. Franz Kienast', NULL, 'franz.kienast@lopesco.com.br', 'uploads/Empty.jpg', 161, NULL, NULL, NULL, NULL, NULL, '2016-11-20 15:41:30', NULL),
(174, 'Mr. Peter Kratscmer', NULL, 'peter.kratschmer@lopesco.com.br', 'uploads/Empty.jpg', 161, NULL, NULL, NULL, NULL, NULL, '2016-11-20 15:41:30', NULL),
(176, 'Mr. Antonino Riccobono', NULL, NULL, 'uploads/Empty.jpg', 163, NULL, NULL, NULL, NULL, NULL, '2016-11-20 15:41:30', NULL),
(177, 'Ms. Francesca Latona', NULL, NULL, 'uploads/Empty.jpg', 163, NULL, NULL, NULL, NULL, NULL, '2016-11-20 15:41:30', NULL),
(178, 'Mr. Gabriel Celebi', NULL, NULL, 'uploads/Empty.jpg', 164, NULL, NULL, NULL, NULL, NULL, '2016-11-20 15:41:30', NULL),
(179, 'Mr. Velikoborets Alexander', NULL, NULL, 'uploads/Mr._Velikoborets_Alexander_2012-1-17_07.34.00.jpg', 165, NULL, NULL, NULL, NULL, NULL, '2016-11-20 15:14:13', NULL),
(180, 'Mr.Serriere Jean Christophe', NULL, NULL, 'uploads/Empty.jpg', 166, NULL, NULL, NULL, NULL, NULL, '2016-11-20 15:41:30', NULL),
(181, 'Mr. Valton Carlos Werner Jr.', NULL, NULL, 'uploads/Mr._Valton_Carlos_Werner_Jr._2011-10-12_06.13.11.jpg', 167, NULL, NULL, NULL, NULL, NULL, '2016-11-20 15:14:13', NULL),
(182, 'Mr. Niko Anastasyadis', NULL, NULL, 'uploads/Empty.jpg', 168, NULL, NULL, NULL, NULL, NULL, '2016-11-20 15:41:30', NULL),
(184, 'Mr. Pierluigi Poles', NULL, NULL, 'uploads/Mr._Pierluigi_Poles_2011-10-12_06.32.12.jpg', 170, NULL, NULL, NULL, NULL, NULL, '2016-11-20 15:14:13', NULL),
(185, 'Mr. Mattia Poles', NULL, NULL, 'uploads/Empty.jpg', 170, NULL, NULL, NULL, NULL, NULL, '2016-11-20 15:41:30', NULL),
(187, 'Mr. Vic Pradella', NULL, NULL, 'uploads/Empty.jpg', 172, NULL, NULL, NULL, NULL, NULL, '2016-11-20 15:41:31', NULL),
(191, 'Ms. Barbara De Lange', NULL, NULL, 'uploads/Ms._Barbara_De_Lange_2011-10-12_06.37.11.jpg', 175, NULL, NULL, NULL, NULL, NULL, '2016-11-20 15:14:13', NULL),
(192, 'Ms. Iris Van Vezlen De Lange', NULL, NULL, 'uploads/Empty.jpg', 175, NULL, NULL, NULL, NULL, NULL, '2016-11-20 15:41:31', NULL),
(193, 'Mr. Jose Oriol Comas', NULL, NULL, 'uploads/Empty.jpg', 176, NULL, NULL, NULL, NULL, NULL, '2016-11-20 15:41:31', NULL),
(194, 'Mr. Martin Egger', NULL, NULL, 'uploads/Empty.jpg', 177, NULL, NULL, NULL, NULL, NULL, '2016-11-20 15:41:31', NULL),
(195, 'Mr. Clemens Egger', NULL, NULL, 'uploads/Empty.jpg', 177, NULL, NULL, NULL, NULL, NULL, '2016-11-20 15:41:31', NULL),
(196, 'Mr. Carsten Wisniowski', NULL, NULL, 'uploads/Empty.jpg', 178, NULL, NULL, NULL, NULL, NULL, '2016-11-20 15:41:31', NULL),
(199, 'Mr. Yozo Kawamura', '81-3-3861-4171', 'yk918@kawamura-net.co.jp', 'uploads/Empty.jpg', 180, -1, NULL, NULL, NULL, '819033324835', '2016-11-20 15:41:31', NULL),
(201, 'Mr. Giuliano Grani', NULL, NULL, 'uploads/Empty.jpg', 181, NULL, NULL, NULL, NULL, NULL, '2016-11-20 15:41:31', NULL),
(202, 'Mr. Giuliano Vigarani', NULL, NULL, 'uploads/Empty.jpg', 181, NULL, NULL, NULL, NULL, NULL, '2016-11-20 15:41:31', NULL),
(204, 'Mr. Giorgio Borsari', NULL, NULL, 'uploads/Empty.jpg', 182, NULL, NULL, NULL, NULL, NULL, '2016-11-20 15:41:31', NULL),
(205, 'Mr. Luis Cardoso Martins', NULL, NULL, 'uploads/Empty.jpg', 183, NULL, NULL, NULL, NULL, NULL, '2016-11-20 15:41:31', NULL),
(206, 'Mr. Joao Luis Cardoso', NULL, 'jlcmartins@hotmail.com', 'uploads/Empty.jpg', 183, NULL, NULL, NULL, NULL, NULL, '2016-11-20 15:41:31', NULL),
(207, 'Mr. Mark Lvovskiy', NULL, NULL, 'uploads/Empty.jpg', 184, NULL, NULL, NULL, NULL, NULL, '2016-11-20 15:41:31', NULL),
(208, 'M. Yulia Lvovskaya', NULL, NULL, 'uploads/Empty.jpg', 184, NULL, NULL, NULL, NULL, NULL, '2016-11-20 15:41:31', NULL),
(209, 'Mr. Sunny Yang', NULL, NULL, 'uploads/Empty.jpg', 185, NULL, NULL, NULL, NULL, NULL, '2016-11-20 15:41:31', NULL),
(210, 'Mr. Dong Ying Liang', NULL, NULL, 'uploads/Empty.jpg', 185, NULL, NULL, NULL, NULL, NULL, '2016-11-20 15:41:31', NULL),
(211, 'Mr. Wang Zhiyu', NULL, NULL, 'uploads/Mr._Wang_Zhiyu_2011-10-12_06.58.22.jpg', 186, NULL, NULL, NULL, NULL, NULL, '2016-11-20 15:14:13', NULL),
(212, 'Ms. Barbara K. Negron', '+1-212-695-4980', 'barbara@lvlcorp.com', 'uploads/Ms._Barbara_K._Negron_2011-10-12_08.19.20.jpg', 187, -1, NULL, NULL, NULL, NULL, '2016-11-20 15:14:13', NULL),
(213, 'Mr. John Negron', '1-212-695-4980', 'johntripas@LVLCORP. info@lvlcorp.com', 'uploads/Mr._John_Negron_2011-10-12_08.19.40.jpg', 187, NULL, NULL, '+1-212-695-7153', NULL, '+1-917-453-6488', '2016-11-20 15:14:13', NULL),
(214, 'Mr. Jose Maria Barea', NULL, NULL, 'uploads/Empty.jpg', 188, NULL, NULL, NULL, NULL, NULL, '2016-11-20 15:41:31', NULL),
(215, 'Mr. Jose Fco. Herrero', NULL, NULL, 'uploads/Empty.jpg', 188, NULL, NULL, NULL, NULL, NULL, '2016-11-20 15:41:31', NULL),
(216, 'Mr. Allen Ross', NULL, NULL, 'uploads/Empty.jpg', 189, NULL, NULL, NULL, NULL, NULL, '2016-11-20 15:41:31', NULL),
(217, 'Mr. Rob Perkins', NULL, NULL, 'uploads/Empty.jpg', 189, NULL, NULL, NULL, NULL, NULL, '2016-11-20 15:41:31', NULL),
(218, 'Mr. Haisheng Li', NULL, NULL, 'uploads/Empty.jpg', 190, NULL, NULL, NULL, NULL, NULL, '2016-11-20 15:41:31', NULL),
(219, 'Mr. Sergey Moiseev', NULL, NULL, 'uploads/Mr._Sergey_Moiseev_2011-10-12_08.25.22.jpg', 191, NULL, NULL, NULL, NULL, NULL, '2016-11-20 15:14:13', NULL),
(220, 'Ms. Elena Kotsenko', NULL, NULL, 'uploads/Ms._Elena_Kotsenko_2011-10-12_08.25.40.jpg', 191, NULL, NULL, NULL, NULL, NULL, '2016-11-20 15:14:13', NULL),
(221, 'Mr. Paul Predusel', NULL, NULL, 'uploads/Mr._Paul_Predusel_2011-10-13_06.53.56.jpg', 193, NULL, NULL, NULL, NULL, NULL, '2016-11-20 15:14:13', NULL),
(222, 'Mr. Mounir A. Shehfe', '2034500129', 'mounir@shehfe.com', 'uploads/Mr._Mounir_A._Shehfe_2011-10-16_08.52.44.jpg', 195, NULL, '+20-3-486-0588', '+20-3-450-0241', NULL, '+20-12-212-4538', '2016-11-20 15:14:13', NULL),
(224, 'Mr. Zhe Wang', NULL, NULL, 'uploads/Empty.jpg', 198, NULL, NULL, NULL, NULL, NULL, '2016-11-20 15:41:31', NULL),
(225, 'Mr. Marian Litwak', NULL, NULL, 'uploads/Empty.jpg', 199, NULL, NULL, NULL, NULL, NULL, '2016-11-20 15:41:31', NULL),
(226, 'Mr. Henryk Litwak', NULL, NULL, 'uploads/Empty.jpg', 199, NULL, NULL, NULL, NULL, NULL, '2016-11-20 15:41:31', NULL),
(228, 'Mr. Hiro Matsunaga', '+81-48-433-7071', 'h_matsunaga@matsunaga.jp', 'uploads/Empty.jpg', 200, NULL, '+81-3-5249-0554', '+81-48-433-6384', NULL, '+81-80-1091-0552', '2016-11-20 15:41:31', NULL),
(230, 'Mr. Sergey Zapara', NULL, NULL, 'uploads/Mr._Sergey_Zapara_2012-1-17_07.37.33.jpg', 202, NULL, NULL, NULL, NULL, NULL, '2016-11-20 15:14:13', NULL),
(231, 'Ms. Julia Poluliakhova', NULL, NULL, 'uploads/Empty.jpg', 202, NULL, NULL, NULL, NULL, NULL, '2016-11-20 15:41:31', NULL),
(232, 'Ms. Dasha Minchenkova', NULL, NULL, 'uploads/Empty.jpg', 204, NULL, NULL, NULL, NULL, NULL, '2016-11-20 15:41:31', NULL),
(233, 'Mr. Asher Svirsky', NULL, NULL, 'uploads/Empty.jpg', 204, NULL, NULL, NULL, NULL, NULL, '2016-11-20 15:41:31', NULL),
(235, 'Mr. George Monceanu', NULL, NULL, 'uploads/Empty.jpg', 209, NULL, NULL, NULL, NULL, NULL, '2016-11-20 15:41:31', NULL),
(238, 'Mr. Mohamed El Wattar', NULL, NULL, 'uploads/Empty.jpg', 212, NULL, NULL, NULL, NULL, NULL, '2016-11-20 15:41:31', NULL),
(239, 'Mr. Jean Patrick Tardy', NULL, NULL, 'uploads/Empty.jpg', 213, NULL, NULL, NULL, NULL, NULL, '2016-11-20 15:41:31', NULL),
(240, 'Mr. Michael Chuu', NULL, NULL, 'uploads/Empty.jpg', 214, NULL, NULL, NULL, NULL, NULL, '2016-11-20 15:41:31', NULL),
(241, 'Mr. Stephen Chuu', NULL, NULL, 'uploads/Empty.jpg', 214, NULL, NULL, NULL, NULL, NULL, '2016-11-20 15:41:31', NULL),
(242, 'Mr. LV Baoyin', NULL, NULL, 'uploads/Mr._LV_Baoyin_2011-10-16_07.29.43.jpg', 215, NULL, NULL, NULL, NULL, NULL, '2016-11-20 15:14:14', NULL),
(243, 'Mr. Claus Kersting', NULL, NULL, 'uploads/Mr._Claus_Kersting_2011-10-16_07.22.11.jpg', 216, NULL, NULL, NULL, NULL, NULL, '2016-11-20 15:14:14', NULL),
(244, 'Mr. Hans Martin Kersting', '49-531-874101', 'hmk@Marth.de', 'uploads/Mr._Hans_Martin_Kersting_2011-10-16_07.22.41.jpg', 216, -1, '+49-531-515-888', '+49-531-872914', NULL, '+49-172-547-92 30', '2016-11-20 15:14:14', NULL),
(245, 'Mr. Cirillo Gallina', NULL, NULL, 'uploads/Empty.jpg', 217, NULL, NULL, NULL, NULL, NULL, '2016-11-20 15:41:31', NULL),
(246, 'Mr. Roberto Gallina', NULL, NULL, 'uploads/Empty.jpg', 217, NULL, NULL, NULL, NULL, NULL, '2016-11-20 15:41:32', NULL),
(247, 'Mr. Günther Ritter', NULL, NULL, 'uploads/Empty.jpg', 218, NULL, NULL, NULL, NULL, NULL, '2016-11-20 15:41:32', NULL),
(248, 'Ms. Sara Ritter', NULL, NULL, 'uploads/Empty.jpg', 218, NULL, NULL, NULL, NULL, NULL, '2016-11-20 15:41:32', NULL),
(249, 'Mr. Richard Frey', NULL, NULL, 'uploads/Empty.jpg', 219, NULL, NULL, NULL, NULL, NULL, '2016-11-20 15:41:32', NULL),
(250, 'Mr. Rudolf Frey', NULL, NULL, 'uploads/Empty.jpg', 219, NULL, NULL, NULL, NULL, NULL, '2016-11-20 15:41:32', NULL),
(251, 'Ms. Esra Akgunduz', NULL, NULL, 'uploads/Empty.jpg', 220, NULL, NULL, NULL, NULL, NULL, '2016-11-20 15:41:32', NULL),
(252, 'Mr. Ismail Akgunduz', NULL, NULL, 'uploads/Empty.jpg', 220, NULL, NULL, NULL, NULL, NULL, '2016-11-20 15:41:32', NULL),
(253, 'Mr. Robert W. Novachich', NULL, NULL, 'uploads/Empty.jpg', 221, NULL, NULL, NULL, NULL, NULL, '2016-11-20 15:41:32', NULL),
(254, 'Mr. Donie Hall', NULL, NULL, 'uploads/Empty.jpg', 221, NULL, NULL, NULL, NULL, NULL, '2016-11-20 15:41:32', NULL),
(255, 'Mr. Stephen C. Dirtzu', NULL, NULL, 'uploads/Empty.jpg', 205, NULL, NULL, NULL, NULL, NULL, '2016-11-20 15:41:32', NULL),
(256, 'Mr. Wenzhong Ma', NULL, NULL, 'uploads/Empty.jpg', 222, NULL, NULL, NULL, NULL, NULL, '2016-11-20 15:41:32', NULL),
(257, 'Mr. Jin Mei Yu', NULL, NULL, 'uploads/Empty.jpg', 223, NULL, NULL, NULL, NULL, NULL, '2016-11-20 15:41:32', NULL),
(258, 'Mr. Prokhorov Aleksey', NULL, NULL, 'uploads/Mr._Prokhorov_Aleksey_2011-10-16_06.57.26.jpg', 224, NULL, NULL, NULL, NULL, NULL, '2016-11-20 15:14:14', NULL),
(259, 'Mr. Kirill Dudyshev', NULL, NULL, 'uploads/Empty.jpg', 224, NULL, NULL, NULL, NULL, NULL, '2016-11-20 15:41:32', NULL),
(260, 'Mr. Hyuk II Yoon', NULL, NULL, 'uploads/Empty.jpg', 207, NULL, NULL, NULL, NULL, NULL, '2016-11-20 15:41:32', NULL),
(261, 'Mr. Guan Dao Kang', NULL, NULL, 'uploads/Empty.jpg', 208, NULL, NULL, NULL, NULL, NULL, '2016-11-20 15:41:32', NULL),
(262, 'Mr. Sun Xu Ming', NULL, NULL, 'uploads/Empty.jpg', 208, NULL, NULL, NULL, NULL, NULL, '2016-11-20 15:41:32', NULL),
(265, 'Ms. Barbara Negron', NULL, NULL, 'uploads/Empty.jpg', 211, NULL, NULL, NULL, NULL, NULL, '2016-11-20 15:41:32', NULL),
(266, 'Mr. Omar Horacio De Stefano', NULL, NULL, 'uploads/Empty.jpg', 225, NULL, NULL, NULL, NULL, NULL, '2016-11-20 15:41:32', NULL),
(267, 'Mr. Frederico De Stefano', NULL, NULL, 'uploads/Empty.jpg', 225, NULL, NULL, NULL, NULL, NULL, '2016-11-20 15:41:32', NULL),
(270, 'Mr. Oscar Dulce', NULL, NULL, 'uploads/Mr._Oscar_Dulce_2011-10-13_08.47.05.jpg', 227, NULL, NULL, NULL, NULL, NULL, '2016-11-20 15:14:14', NULL),
(271, 'Mr. Michael Mayo', '+1-206-682-6845', 'mmayo@overseacasing.com', 'uploads/Empty.jpg', 228, -1, '+1-206-323-6291', '+1-206-382-0883', NULL, '+1-206-227-7508', '2016-11-20 15:41:32', NULL),
(272, 'Ms. Tina Moore', NULL, NULL, 'uploads/Empty.jpg', 228, NULL, NULL, NULL, NULL, NULL, '2016-11-20 15:41:32', NULL),
(273, 'Mr. Peter Gelhard', NULL, NULL, 'uploads/Empty.jpg', 229, NULL, NULL, NULL, NULL, NULL, '2016-11-20 15:41:32', NULL),
(274, 'Mr. Arnd Gelhard', NULL, NULL, 'uploads/Empty.jpg', 229, NULL, NULL, NULL, NULL, NULL, '2016-11-20 15:41:32', NULL),
(275, 'Mr. Sergey Adamov', '+7-812-327-5919', 'adamov@pergam.com, supply@pergam.com', 'uploads/Empty.jpg', 230, -1, '+7-812-303-1010', '+7-812-327-4454', NULL, '+7-812-967-8378', '2016-11-20 15:41:32', NULL),
(276, 'Mr. Oleg Trofimov', NULL, NULL, 'uploads/Empty.jpg', 230, NULL, NULL, NULL, NULL, NULL, '2016-11-20 15:41:32', NULL),
(277, 'Ms. Yang Min', NULL, NULL, 'uploads/Mr._Yang_Min_2011-10-13_09.00.08.jpg', 231, NULL, NULL, NULL, NULL, NULL, '2017-04-26 10:30:43', NULL),
(278, 'Mr. Wu Fabo', NULL, NULL, 'uploads/Empty.jpg', 231, NULL, NULL, NULL, NULL, NULL, '2016-11-20 15:41:32', NULL),
(279, 'Mr. Paulo  Pimentel', NULL, NULL, 'uploads/Empty.jpg', 232, NULL, NULL, NULL, NULL, NULL, '2016-11-20 15:41:32', NULL),
(280, 'Mr. Joao Paulo  Pimentel', NULL, NULL, 'uploads/Empty.jpg', 232, NULL, NULL, NULL, NULL, NULL, '2016-11-20 15:41:32', NULL),
(281, 'Mr. Bernd Wietheger', NULL, NULL, 'uploads/Empty.jpg', 233, NULL, NULL, NULL, NULL, NULL, '2016-11-20 15:41:32', NULL),
(284, 'Mr. Albert M. Shehfe', NULL, NULL, 'uploads/Mr._Albert_M._Shehfe_2011-10-16_08.53.13.jpg', 195, NULL, NULL, NULL, NULL, '+ 20 100 1700719', '2019-10-01 14:40:55', NULL),
(285, 'Mr. Ali Seker', NULL, NULL, 'uploads/Empty.jpg', 1, NULL, NULL, NULL, NULL, NULL, '2016-11-20 15:41:32', NULL),
(286, 'Mr. Sebahattin Akpinar', NULL, NULL, 'uploads/Empty.jpg', 1, NULL, NULL, NULL, NULL, NULL, '2016-11-20 15:41:32', NULL),
(287, 'Mr. Martin Svensson', NULL, NULL, 'uploads/Empty.jpg', 3, NULL, NULL, NULL, NULL, NULL, '2016-11-20 15:41:32', NULL),
(289, 'Mr. David Moses', '61 2 96666755', 'dmoses@almol.com', 'uploads/Empty.jpg', 6, -1, '+ 61 2 93882777', '+ 61 2 93165616', NULL, '+ 61 413946633', '2016-11-20 15:41:33', NULL),
(290, 'Mr. Daniel Céspedes', NULL, NULL, 'uploads/Empty.jpg', 7, NULL, NULL, NULL, NULL, NULL, '2016-11-20 15:41:33', NULL),
(291, 'Ms. Natalia Polskaya', NULL, NULL, 'uploads/Empty.jpg', 8, NULL, NULL, NULL, NULL, NULL, '2016-11-20 15:41:33', NULL),
(292, 'Mr. Alexander Shepyakov', NULL, NULL, 'uploads/Empty.jpg', 13, NULL, NULL, NULL, NULL, NULL, '2016-11-20 15:41:33', NULL),
(294, 'Mr. Axel Pepper', NULL, NULL, 'uploads/Empty.jpg', 15, NULL, NULL, NULL, NULL, NULL, '2016-11-20 15:41:33', NULL),
(295, 'Mr. Nabi Sharifzadah', NULL, NULL, 'uploads/Empty.jpg', 16, NULL, NULL, NULL, NULL, NULL, '2016-11-20 15:41:33', NULL),
(296, 'Mr. Arne Olafsen', NULL, NULL, 'uploads/Mr._Arne_Olafsen_2011-10-9_07.13.54.jpg', 17, NULL, NULL, NULL, NULL, NULL, '2016-11-20 15:14:14', NULL),
(297, 'Mr. Marcos Cesar Artacho', NULL, NULL, 'uploads/Empty.jpg', 18, NULL, NULL, NULL, NULL, NULL, '2016-11-20 15:41:33', NULL),
(298, 'Mr. Tarek Atia', NULL, NULL, 'uploads/Empty.jpg', 20, NULL, NULL, NULL, NULL, NULL, '2016-11-20 15:41:33', NULL),
(299, 'Ms. Maria Garozzo', NULL, NULL, 'uploads/Empty.jpg', 21, NULL, NULL, NULL, NULL, NULL, '2016-11-20 15:41:33', NULL),
(300, 'Mr. Stefano Bailo', '39-049 410 2200', 'stefano.bailo@bailocom.it', 'uploads/Mr._Stefano_Bailo_2011-10-9_08.13.21.jpg', 23, NULL, NULL, '+39-049- 410 2193', NULL, '+39 348 853 5530', '2016-11-20 15:14:14', NULL),
(301, 'Ms. Liu Qiaomin', NULL, NULL, 'uploads/Empty.jpg', 24, NULL, NULL, NULL, NULL, NULL, '2016-11-20 15:41:33', NULL),
(302, 'Mr. An Xiqian', NULL, NULL, 'uploads/Empty.jpg', 25, NULL, NULL, NULL, NULL, NULL, '2016-11-20 15:41:33', NULL),
(303, 'Mr. Hu Jianguo', NULL, NULL, 'uploads/Empty.jpg', 27, NULL, NULL, NULL, NULL, NULL, '2016-11-20 15:41:33', NULL),
(304, 'Ms. Liu Chang Fung', NULL, NULL, 'uploads/Empty.jpg', 29, NULL, NULL, NULL, NULL, NULL, '2016-11-20 15:41:33', NULL),
(305, 'Mr. Stanley Gillett', '    61-2-9666-4480', 'stan@belcas.com.au', 'uploads/Mr._Stanley_Gillett_2012-9-18_04.39.37.jpg', 30, -1, NULL, NULL, NULL, NULL, '2016-11-20 15:14:14', NULL),
(306, 'Mr. Michael Bierhalter', NULL, NULL, 'uploads/Empty.jpg', 32, NULL, NULL, NULL, NULL, NULL, '2016-11-20 15:41:33', NULL),
(308, 'Mr. David Blanga ,Jr', NULL, NULL, 'uploads/Empty.jpg', 35, NULL, NULL, NULL, NULL, NULL, '2016-11-20 15:41:33', NULL),
(309, 'Mr. Peter Tasko', NULL, NULL, 'uploads/Mr._Peter_Tasko_2011-10-9_09.14.03.jpg', 36, NULL, NULL, NULL, NULL, NULL, '2016-11-20 15:14:14', NULL),
(310, 'Mr. Jean Philippe Follet', NULL, NULL, 'uploads/Empty.jpg', 37, NULL, NULL, NULL, NULL, NULL, '2016-11-20 15:41:33', NULL),
(311, 'Mr. Li Zhigang', NULL, NULL, 'uploads/Empty.jpg', 39, NULL, NULL, NULL, NULL, NULL, '2016-11-20 15:41:33', NULL),
(312, 'Mr. Henry Huo', NULL, NULL, 'uploads/Mr._Henry_Huo_2011-10-17_07.07.50.jpg', 40, NULL, NULL, NULL, NULL, NULL, '2016-11-20 15:14:14', NULL),
(313, 'Ms. Catherine Jance', NULL, NULL, 'uploads/Empty.jpg', 41, NULL, NULL, NULL, NULL, NULL, '2016-11-20 15:41:33', NULL),
(315, 'Mr. Xu Qizhi', NULL, NULL, 'uploads/Empty.jpg', 43, NULL, NULL, NULL, NULL, NULL, '2016-11-20 15:41:33', NULL),
(316, 'Mr. Michael Hackner', NULL, 'm.hackner@cds-hackner.de', 'uploads/Empty.jpg', 44, NULL, NULL, NULL, NULL, NULL, '2018-07-16 13:27:29', NULL),
(317, 'Mr. Mikael Campeus', NULL, NULL, 'uploads/Mr._Michael_Campeus_2011-10-9_09.53.00.jpg', 45, NULL, NULL, NULL, NULL, NULL, '2017-02-07 13:40:42', NULL),
(318, 'Mr. Xu Chengzhong', NULL, NULL, 'uploads/Mr._Xu_Chengzhong_2012-1-17_07.44.42.jpg', 46, NULL, NULL, NULL, NULL, NULL, '2016-11-20 15:14:14', NULL),
(319, 'Mr. Michael Wallace', NULL, NULL, 'uploads/Empty.jpg', 47, NULL, NULL, NULL, NULL, NULL, '2016-11-20 15:41:33', NULL),
(320, 'Mr. Rainer Zeuner', NULL, NULL, 'uploads/Mr._Rainer_Zeuner_2011-10-9_09.58.12.jpg', 48, NULL, NULL, NULL, NULL, NULL, '2016-11-20 15:14:14', NULL),
(321, 'Mr. Donald Schwartz', NULL, NULL, 'uploads/Empty.jpg', 49, NULL, NULL, NULL, NULL, NULL, '2016-11-20 15:41:33', NULL),
(322, 'Mr. Juha Luuppala', NULL, NULL, 'uploads/Mr._Juha_Luuppala_2011-10-23_08.21.28.jpg', 50, NULL, NULL, NULL, NULL, NULL, '2016-11-20 15:14:14', NULL),
(323, 'Mr. Charles Durlacher', NULL, NULL, 'uploads/Empty.jpg', 52, NULL, NULL, NULL, NULL, NULL, '2016-11-20 15:41:33', NULL),
(324, 'Mr. Cui Jingyi', NULL, NULL, 'uploads/Empty.jpg', 54, NULL, NULL, NULL, NULL, NULL, '2016-11-20 15:41:33', NULL),
(326, 'Mr. Zhang Wei', NULL, 'zw519@aliyun.com', 'uploads/Mr._Zhang_Wei_2011-10-23_08.16.42.jpg', 56, NULL, NULL, NULL, NULL, NULL, '2016-11-20 15:14:14', NULL),
(327, 'Mr. Luo Heping', NULL, NULL, 'uploads/Mr._Luo_Heping_2011-10-11_05.46.07.jpg', 57, NULL, NULL, NULL, NULL, NULL, '2016-11-20 15:14:14', NULL),
(328, 'Mr. Luo Yingfeng', NULL, NULL, 'uploads/Empty.jpg', 57, NULL, NULL, NULL, NULL, NULL, '2016-11-20 15:41:33', NULL),
(329, 'Sheikh Mohammad Ramzan', NULL, NULL, 'uploads/Empty.jpg', 63, NULL, NULL, NULL, NULL, NULL, '2016-11-20 15:41:33', NULL),
(332, 'Mr. Balthasar K. Widmer', NULL, NULL, 'uploads/Empty.jpg', 66, NULL, NULL, NULL, NULL, NULL, '2016-11-20 15:41:33', NULL),
(333, 'Mr. Tim Weschenfelder', NULL, NULL, 'uploads/Mr._Tim_Weschenfelder_2011-10-17_06.48.37.jpg', 67, NULL, NULL, NULL, NULL, NULL, '2016-11-20 15:14:14', NULL),
(334, 'Mr. Jose Antonio Menendez', NULL, NULL, 'uploads/Empty.jpg', 68, NULL, NULL, NULL, NULL, NULL, '2016-11-20 15:41:33', NULL),
(335, 'Mr. Radislav Akjigitov', NULL, NULL, 'uploads/Mr._Radislav_Akjigitov_2012-1-17_07.42.44.jpg', 69, NULL, NULL, NULL, NULL, NULL, '2016-11-20 15:14:14', NULL),
(336, 'Ms. Yulia Kondratenko', NULL, NULL, 'uploads/Empty.jpg', 70, NULL, NULL, NULL, NULL, NULL, '2016-11-20 15:41:33', NULL),
(337, 'Mr. Victor Lopez Hernando', NULL, NULL, 'uploads/Empty.jpg', 72, NULL, NULL, NULL, NULL, NULL, '2016-11-20 15:41:33', NULL),
(338, 'Mr. Daniel Cebrián', NULL, NULL, 'uploads/Mr._Daniel_Cebrián_2011-10-17_06.30.56.jpg', 73, NULL, NULL, NULL, NULL, NULL, '2016-11-20 15:14:14', NULL),
(341, 'Mr. Ryan Standard', NULL, NULL, 'uploads/Mr._Ryan_Standard_2011-10-17_05.05.24.jpg', 119, NULL, NULL, NULL, NULL, NULL, '2016-11-20 15:14:14', NULL),
(342, 'Mr. Christian Lamy', NULL, NULL, 'uploads/Empty.jpg', 145, NULL, NULL, NULL, NULL, NULL, '2016-11-20 15:41:33', NULL),
(344, 'Mr. Alexandre Lago', NULL, 'alexandre.lago@jbs.com.br', 'uploads/Empty.jpg', 173, NULL, NULL, NULL, NULL, NULL, '2017-06-15 13:30:08', NULL),
(345, 'Ms. Sayuri Nakahara', NULL, NULL, 'uploads/Empty.jpg', 180, NULL, NULL, NULL, NULL, NULL, '2016-11-20 15:41:33', NULL),
(346, 'Mr. Kang Jianguo', NULL, NULL, 'uploads/Mr._Kang_Jianguo_2011-10-16_08.57.05.jpg', 192, NULL, NULL, NULL, NULL, NULL, '2016-11-20 15:14:14', NULL),
(347, 'Mr. Quan Guizeng', NULL, NULL, 'uploads/Empty.jpg', 215, NULL, NULL, NULL, NULL, NULL, '2016-11-20 15:41:33', NULL),
(350, 'Mr. Li Zenglu', NULL, NULL, 'uploads/Empty.jpg', 26, NULL, NULL, NULL, NULL, NULL, '2016-11-20 15:41:33', NULL),
(351, 'Mr. Su Yifeng', NULL, NULL, 'uploads/Mr._Su_Yifeng_2011-10-17_07.11.15.jpg', 235, NULL, NULL, NULL, NULL, NULL, '2016-11-20 15:14:14', NULL),
(352, 'Mr. Junhong Feng', NULL, NULL, 'uploads/Mr._Junhong_Feng_2011-10-17_07.04.40.jpg', 236, NULL, NULL, NULL, NULL, NULL, '2016-11-20 15:14:14', NULL),
(353, 'Mr. Thiago Conti', '0055 19 997876688', 'thiago@tripario.com.br', 'uploads/Mr._Thiago_Conti_2016-2-6_06.55.38.jpg', 237, NULL, NULL, NULL, NULL, NULL, '2016-11-20 15:14:14', NULL),
(355, 'Mr. Bolo Tang', NULL, NULL, 'uploads/Empty.jpg', 238, NULL, NULL, NULL, NULL, NULL, '2016-11-20 15:41:33', NULL),
(356, 'Mr. Leonid Efimov', NULL, NULL, 'uploads/Empty.jpg', 239, NULL, NULL, NULL, NULL, NULL, '2016-11-20 15:41:33', NULL),
(357, 'Mr. Pavel Efimov', NULL, NULL, 'uploads/Empty.jpg', 239, NULL, NULL, NULL, NULL, NULL, '2016-11-20 15:41:34', NULL),
(358, 'Mr. Wladyslaw Switala', NULL, NULL, 'uploads/Empty.jpg', 240, NULL, NULL, NULL, NULL, NULL, '2016-11-20 15:41:34', NULL),
(359, 'Mr. Zhang Xin You', NULL, NULL, 'uploads/Empty.jpg', 241, NULL, NULL, NULL, NULL, NULL, '2016-11-20 15:41:34', NULL),
(360, 'Ms. Zhang Yue Jie', NULL, NULL, 'uploads/Ms._Zhang_Yue_Jie_2011-10-16_09.15.22.jpg', 241, NULL, NULL, NULL, NULL, NULL, '2016-11-20 15:14:14', NULL),
(361, 'Mr. Eric Bonneau', NULL, NULL, 'uploads/Mr._Eric_Bonneau_2011-10-16_07.43.09.jpg', 242, NULL, NULL, NULL, NULL, NULL, '2016-11-20 15:14:14', NULL),
(363, 'Mr. David Lopez', NULL, NULL, 'uploads/Empty.jpg', 243, NULL, NULL, NULL, NULL, NULL, '2016-11-20 15:41:34', NULL),
(364, 'Mr. Sebastian Lopez', NULL, NULL, 'uploads/Empty.jpg', 243, NULL, NULL, NULL, NULL, NULL, '2016-11-20 15:41:34', NULL),
(365, 'Mr. Zhang Xinjian.', NULL, NULL, 'uploads/Empty.jpg', 244, NULL, NULL, NULL, NULL, NULL, '2016-11-20 15:41:34', NULL),
(366, 'Mr. Boris Rapoport', NULL, NULL, 'uploads/Empty.jpg', 245, NULL, NULL, NULL, NULL, NULL, '2016-11-20 15:41:34', NULL),
(367, 'Ms. Xie Chaobing', NULL, NULL, 'uploads/Ms._Xie_Chaobing_2011-10-10_09.17.42.jpg', 246, NULL, NULL, NULL, NULL, NULL, '2016-11-20 15:14:15', NULL),
(368, 'Mr. Liu Jun', NULL, NULL, 'uploads/Mr._Liu_Jun_2011-10-10_09.18.09.jpg', 246, NULL, NULL, NULL, NULL, NULL, '2016-11-20 15:14:15', NULL),
(369, 'Mr. Frederic Gay', NULL, NULL, 'uploads/Empty.jpg', 247, NULL, NULL, NULL, NULL, NULL, '2016-11-20 15:41:34', NULL),
(370, 'Ms. Li Hui', NULL, NULL, 'uploads/Empty.jpg', 248, NULL, NULL, NULL, NULL, NULL, '2016-11-20 15:41:34', NULL),
(372, 'Mr. Arek Najder', NULL, NULL, 'uploads/Empty.jpg', 249, NULL, NULL, NULL, NULL, NULL, '2016-11-20 15:41:34', NULL),
(373, 'Ms. Beata Maciag', NULL, NULL, 'uploads/Empty.jpg', 249, NULL, NULL, NULL, NULL, NULL, '2016-11-20 15:41:34', NULL),
(374, 'Mr. Antonio Caro', NULL, NULL, 'uploads/Mr._Antonio_Caro_2011-10-11_10.18.25.jpg', 250, NULL, NULL, NULL, NULL, NULL, '2016-11-20 15:14:15', NULL),
(375, 'Mr. Wei Songbo', NULL, NULL, 'uploads/Empty.jpg', 251, NULL, NULL, NULL, NULL, NULL, '2016-11-20 15:41:34', NULL),
(376, 'Mr. Eugeniy Lobzin', NULL, NULL, 'uploads/Empty.jpg', 252, NULL, NULL, NULL, NULL, NULL, '2016-11-20 15:41:34', NULL),
(377, 'Mr. Bogdan kogut', NULL, NULL, 'uploads/Empty.jpg', 252, NULL, NULL, NULL, NULL, NULL, '2016-11-20 15:41:34', NULL),
(378, 'Mr. Rui Gomes', NULL, NULL, 'uploads/Empty.jpg', 253, NULL, NULL, NULL, NULL, NULL, '2016-11-20 15:41:34', NULL),
(379, 'Ms. Claudia Rebelo', NULL, NULL, 'uploads/Empty.jpg', 253, NULL, NULL, NULL, NULL, NULL, '2016-11-20 15:41:34', NULL),
(380, 'Mr. Tomas Jamriska', NULL, NULL, 'uploads/Mr._Tomas_Jamriska_2011-10-13_07.00.41.jpg', 254, NULL, NULL, NULL, NULL, NULL, '2016-11-20 15:14:15', NULL),
(381, 'Mr. Vladimir Liharev', NULL, NULL, 'uploads/Empty.jpg', 255, NULL, NULL, NULL, NULL, NULL, '2016-11-20 15:41:34', NULL),
(382, 'Mr. Serge Kopeikine', NULL, NULL, 'uploads/Empty.jpg', 255, NULL, NULL, NULL, NULL, NULL, '2016-11-20 15:41:34', NULL),
(383, 'Mr. Xu Chunlong', NULL, NULL, 'uploads/Mr._Xu_Chunlong_2012-1-17_07.39.28.jpg', 256, NULL, NULL, NULL, NULL, NULL, '2016-11-20 15:14:15', NULL),
(384, 'Mr. Pieter Vander Wel', NULL, NULL, 'uploads/Empty.jpg', 257, NULL, NULL, NULL, NULL, NULL, '2016-11-20 15:41:34', NULL),
(386, 'Mr. Wojciech Nalepa', NULL, NULL, 'uploads/Empty.jpg', 259, NULL, NULL, NULL, NULL, NULL, '2016-11-20 15:41:34', NULL),
(390, 'Mr. Konstantin Semuhin', NULL, NULL, 'uploads/Empty.jpg', 261, NULL, NULL, NULL, NULL, NULL, '2016-11-20 15:41:34', NULL),
(391, 'Mr. Igor Shenkman', NULL, NULL, 'uploads/Empty.jpg', 261, NULL, NULL, NULL, NULL, NULL, '2016-11-20 15:41:34', NULL),
(392, 'Mr. Guo  Yanjun', NULL, NULL, 'uploads/Empty.jpg', 262, NULL, NULL, NULL, NULL, NULL, '2016-11-20 15:41:34', NULL),
(393, 'Mr. Gu Yanjun', NULL, NULL, 'uploads/Empty.jpg', 263, NULL, NULL, NULL, NULL, NULL, '2016-11-20 15:41:34', NULL),
(395, 'Ms. Sybille Steinhöfer', NULL, NULL, 'uploads/Empty.jpg', 44, NULL, NULL, NULL, NULL, NULL, '2016-11-20 15:41:34', NULL),
(396, 'Mr. Caersten Otte', NULL, NULL, 'uploads/Mr._Caersten_Otte_2011-10-11_06.47.45.jpg', 95, NULL, NULL, NULL, NULL, NULL, '2016-11-20 15:14:15', NULL),
(398, 'Mr. Yoshiro Matsunaga', NULL, NULL, 'uploads/Empty.jpg', 200, NULL, NULL, NULL, NULL, NULL, '2016-11-20 15:41:34', NULL),
(399, 'Mr. Guillermo Thoss', NULL, NULL, 'uploads/Empty.jpg', 225, NULL, NULL, NULL, NULL, NULL, '2016-11-20 15:41:34', NULL),
(400, 'Ms. Natalia Dulce', NULL, NULL, 'uploads/Ms._Natalia_Dulce_2011-10-13_08.48.01.jpg', 227, NULL, NULL, NULL, NULL, NULL, '2016-11-20 15:14:15', NULL),
(401, 'Mr. Bill Leathem (Canada)', NULL, NULL, 'uploads/Empty.jpg', 228, NULL, NULL, NULL, NULL, NULL, '2016-11-20 15:41:34', NULL),
(402, 'Mr. Paul Frey', NULL, NULL, 'uploads/Empty.jpg', 219, NULL, NULL, NULL, NULL, NULL, '2016-11-20 15:41:34', NULL),
(403, 'Mr. Lu Jinlin', NULL, NULL, 'uploads/Empty.jpg', 244, NULL, NULL, NULL, NULL, NULL, '2016-11-20 15:41:34', NULL),
(404, 'Mr. Heinrich Streckfuss Jr.', NULL, NULL, 'uploads/Empty.jpg', 135, NULL, NULL, NULL, NULL, NULL, '2016-11-20 15:41:34', NULL),
(405, 'Mr. Michael Switala', NULL, NULL, 'uploads/Empty.jpg', 240, NULL, NULL, NULL, NULL, NULL, '2016-11-20 15:41:34', NULL),
(406, 'Mr. Akkif Nabi', NULL, NULL, 'uploads/Empty.jpg', 84, NULL, NULL, NULL, NULL, NULL, '2016-11-20 15:41:34', NULL),
(407, 'Mr. Stephen Bardfield', NULL, NULL, 'uploads/Empty.jpg', 61, NULL, NULL, NULL, NULL, NULL, '2016-11-20 15:41:34', NULL),
(408, 'Mr. Jens Kersting', NULL, NULL, 'uploads/Mr._Jens_Kersting_2011-10-16_07.23.09.jpg', 216, NULL, NULL, NULL, NULL, NULL, '2016-11-20 15:14:15', NULL),
(409, 'Mr. Federico Lequio', NULL, NULL, 'uploads/Empty.jpg', 114, NULL, NULL, NULL, NULL, NULL, '2016-11-20 15:41:34', NULL),
(410, 'Mr. Ernesto Valiente', '54-11-4848-9217', 'ernesto@menudencias.com', 'uploads/Empty.jpg', 264, NULL, NULL, NULL, NULL, NULL, '2016-11-20 15:41:34', NULL),
(411, 'Mr. Juan Carlos Pugliese', '54-11-4848-9217', 'juancapugliese@menudencias.com', 'uploads/Empty.jpg', 264, NULL, NULL, NULL, NULL, NULL, '2016-11-20 15:41:34', NULL),
(412, 'Mr. Alessandro Adamo', '44-7775903135', 'alessandro.adamo@btcasings.eu', 'uploads/Empty.jpg', 265, NULL, NULL, NULL, NULL, NULL, '2016-11-20 15:41:34', NULL),
(413, 'Mr. Giovanni Di Cesare', '44-7775903135', 'info@btcasings.eu', 'uploads/Empty.jpg', 265, NULL, NULL, NULL, NULL, NULL, '2016-11-20 15:41:35', NULL),
(414, 'Mr. Lu Yibing', NULL, 'lucasings@vip.sina.com', 'uploads/Mr._Lu_Yibing_2011-10-12_06.41.31.jpg', 266, NULL, NULL, NULL, NULL, NULL, '2016-11-20 15:14:15', NULL),
(415, 'Zhang Yuanpo', NULL, 'pengyuan666666@yahoo.com.cn', 'uploads/Zhang_Yuanpo_2011-10-13_07.16.34.jpg', 267, NULL, NULL, NULL, NULL, NULL, '2016-11-20 15:14:15', NULL),
(416, 'Zhang Yawei', '139 5320 6542', 'casings@sina.com', 'uploads/Empty.jpg', 267, NULL, NULL, NULL, NULL, NULL, '2016-11-20 15:41:35', NULL),
(417, 'Mr. Zhu Hong Quan', NULL, NULL, 'uploads/Empty.jpg', 268, NULL, NULL, NULL, NULL, NULL, '2016-11-20 15:41:35', NULL),
(418, 'Marek Wietesua', NULL, NULL, 'uploads/Empty.jpg', 269, NULL, NULL, NULL, NULL, NULL, '2016-11-20 15:41:35', NULL),
(421, 'Mr. Xi Ping', NULL, NULL, 'uploads/Mr._Xi_Ping_2011-10-17_05.16.50.jpg', 268, NULL, NULL, NULL, NULL, NULL, '2016-11-20 15:14:15', NULL),
(422, 'Mr. Paul Pecota', NULL, NULL, 'uploads/Mr._Paul_Pecota_2011-10-13_08.25.34.jpg', 271, NULL, NULL, NULL, NULL, NULL, '2016-11-20 15:14:15', NULL),
(423, 'Mr. Abd Allah Alwattar', NULL, NULL, 'uploads/Empty.jpg', 272, NULL, NULL, NULL, NULL, NULL, '2016-11-20 15:41:35', NULL),
(425, 'Mr. Reza Mehrali', NULL, NULL, 'uploads/Mr._Reza_Mehrali_2011-10-12_06.24.50.jpg', 273, NULL, NULL, NULL, NULL, NULL, '2016-11-20 15:14:15', NULL),
(426, 'Mrs. Kathrin Otto', NULL, NULL, 'uploads/Empty.jpg', 273, NULL, NULL, NULL, NULL, NULL, '2016-11-20 15:41:35', NULL),
(427, 'Mr. Stale Eriksen', NULL, NULL, 'uploads/Empty.jpg', 274, NULL, NULL, NULL, NULL, NULL, '2016-11-20 15:41:35', NULL),
(428, 'Mr. Morten Eriksen', NULL, NULL, 'uploads/Empty.jpg', 274, NULL, NULL, NULL, NULL, NULL, '2016-11-20 15:41:35', NULL),
(429, 'Mr. Bruno Giordano', NULL, NULL, 'uploads/Empty.jpg', 275, NULL, NULL, NULL, NULL, NULL, '2016-11-20 15:41:35', NULL),
(430, 'Ms. Paola Giordano', NULL, NULL, 'uploads/Empty.jpg', 275, NULL, NULL, NULL, NULL, NULL, '2016-11-20 15:41:35', NULL),
(433, 'Mr. Marcus Kienast', '55-11-3097-5544', 'marcus.kienast@adeste.com.br', 'uploads/Empty.jpg', 161, NULL, '+55-113721-9139', '+55-11-3097-5545', NULL, '+55 11 8132 4040', '2016-11-20 15:41:35', NULL),
(434, 'Mr. Sabir Valshin', NULL, NULL, 'uploads/Empty.jpg', 277, NULL, NULL, NULL, NULL, NULL, '2016-11-20 15:41:35', NULL),
(435, 'Ms. Nataly Tselueva', NULL, NULL, 'uploads/Empty.jpg', 277, NULL, NULL, NULL, NULL, NULL, '2016-11-20 15:41:35', NULL),
(436, 'Mr. Oleksandr Kozich', NULL, NULL, 'uploads/Mr._Oleksandr_Kozich_2011-10-9_06.41.14.jpg', 278, NULL, NULL, NULL, NULL, NULL, '2016-11-20 15:14:15', NULL),
(437, 'Mr. Gennadiy Ponomaryov', NULL, NULL, 'uploads/Mr._Gennadiy_Ponomaryov_2016-3-24_07.45.02.jpg', 278, NULL, NULL, NULL, NULL, NULL, '2016-11-20 15:14:15', NULL),
(438, 'Mr. Peter Kratschmer', NULL, 'peter.kratschmer@lopesco.com.br', 'uploads/Empty.jpg', 279, NULL, NULL, NULL, NULL, NULL, '2016-11-20 15:41:35', NULL),
(439, 'Mr. Eli Den Julio', NULL, 'den.julio@uol.com.br', 'uploads/Empty.jpg', 279, NULL, NULL, NULL, NULL, NULL, '2016-11-20 15:41:35', NULL);
INSERT INTO `members` (`id`, `name`, `phone`, `email`, `image`, `company_id`, `is_board_member`, `home`, `fax`, `skype`, `mobile`, `updated_at`, `created_at`) VALUES
(440, 'Ms. Cristina Santunione', NULL, 'c.santunione@cmservices.mo.it', 'uploads/Empty.jpg', 280, NULL, NULL, NULL, NULL, NULL, '2016-11-20 15:41:35', NULL),
(441, 'Ms. Anna Bimbatti', NULL, 'a.bimbatti@cmservices.mo.it', 'uploads/Empty.jpg', 280, NULL, NULL, NULL, NULL, NULL, '2016-11-20 15:41:35', NULL),
(443, 'Mr. Dani Molist Vidal', NULL, 'tripnet@tripnet.es', 'uploads/Mr._Dani_Molist_Vidal_2011-10-17_05.48.12.jpg', 282, NULL, NULL, NULL, NULL, NULL, '2016-11-20 15:14:15', NULL),
(445, 'Mr. Lo Bello', NULL, NULL, 'uploads/Empty.jpg', 285, NULL, NULL, NULL, NULL, NULL, '2016-11-20 15:41:35', NULL),
(446, 'Mr. Ertugrul Ertarla', NULL, 'ertarla@yahoo.com', 'uploads/Empty.jpg', 281, NULL, NULL, NULL, NULL, NULL, '2016-11-20 15:41:35', NULL),
(447, 'Mr. Marco Cardazzi', NULL, 'marco.cardazzi@fratellipagani.it', 'uploads/Mr._Marco_Cardazzi_2011-10-11_10.01.49.jpg', 286, NULL, NULL, NULL, NULL, NULL, '2016-11-20 15:14:15', NULL),
(449, 'Mr. Carl Geallad', NULL, NULL, 'uploads/Empty.jpg', 287, NULL, NULL, NULL, NULL, NULL, '2016-11-20 15:41:35', NULL),
(450, 'Mr. Charles Anderson', NULL, NULL, 'uploads/Empty.jpg', 288, NULL, NULL, NULL, NULL, NULL, '2016-11-20 15:41:35', NULL),
(453, 'Mr. Vasilii Zagorodnii', NULL, NULL, 'uploads/Empty.jpg', 33, NULL, NULL, NULL, NULL, NULL, '2016-11-20 15:41:35', NULL),
(454, 'Mr. Andreas Jürging', NULL, NULL, 'uploads/Empty.jpg', 179, NULL, NULL, NULL, NULL, NULL, '2016-11-20 15:41:35', NULL),
(455, 'Mr. Patrick Jürging', NULL, NULL, 'uploads/Empty.jpg', 179, NULL, NULL, NULL, NULL, NULL, '2016-11-20 15:41:35', NULL),
(456, 'Mr. Rudy Blanga', NULL, NULL, 'uploads/Empty.jpg', 35, NULL, NULL, NULL, NULL, NULL, '2016-11-20 15:41:35', NULL),
(457, 'Mr. Augusto Garozzo', NULL, NULL, 'uploads/Empty.jpg', 21, NULL, NULL, NULL, NULL, NULL, '2016-11-20 15:41:35', NULL),
(458, 'Mr. Benedetto Garozzo', NULL, NULL, 'uploads/Empty.jpg', 21, NULL, NULL, NULL, NULL, NULL, '2016-11-20 15:41:35', NULL),
(460, 'Mr. O Sevket Saral', NULL, NULL, 'uploads/Empty.jpg', 290, NULL, NULL, NULL, NULL, NULL, '2016-11-20 15:41:35', NULL),
(461, 'Mr. Akif Urtekin', NULL, NULL, 'uploads/Empty.jpg', 290, NULL, NULL, NULL, NULL, NULL, '2016-11-20 15:41:35', NULL),
(462, 'Mr. Yan Pedersen', NULL, NULL, 'uploads/Empty.jpg', 291, NULL, NULL, NULL, NULL, NULL, '2016-11-20 15:41:35', NULL),
(463, 'Mr. Tang Ming Long', NULL, NULL, 'uploads/Empty.jpg', 292, NULL, NULL, NULL, NULL, NULL, '2016-11-20 15:41:35', NULL),
(464, 'Mr. Sht Liang Gai', NULL, NULL, 'uploads/Empty.jpg', 293, NULL, NULL, NULL, NULL, NULL, '2016-11-20 15:41:35', NULL),
(465, 'Mr. Arkadiusz Wojtasik', NULL, NULL, 'uploads/Empty.jpg', 294, NULL, NULL, NULL, NULL, NULL, '2016-11-20 15:41:36', NULL),
(466, 'Mr. Chaohong Ouyang', NULL, NULL, 'uploads/Empty.jpg', 295, NULL, NULL, NULL, NULL, NULL, '2016-11-20 15:41:36', NULL),
(467, 'Ms. Katerina Tsimpiri', NULL, NULL, 'uploads/Empty.jpg', 296, NULL, NULL, NULL, NULL, NULL, '2016-11-20 15:41:36', NULL),
(468, 'Mr. Tiannis Trakos As', NULL, NULL, 'uploads/Empty.jpg', 296, NULL, NULL, NULL, NULL, NULL, '2016-11-20 15:41:36', NULL),
(469, 'Mr. Bekir Sitki Say', NULL, NULL, 'uploads/Empty.jpg', 297, NULL, NULL, NULL, NULL, NULL, '2016-11-20 15:41:36', NULL),
(470, 'Mr. Tony Liu', NULL, NULL, 'uploads/Empty.jpg', 298, NULL, NULL, NULL, NULL, NULL, '2016-11-20 15:41:36', NULL),
(471, 'Mr. Guao Fang Wang', NULL, NULL, 'uploads/Empty.jpg', 299, NULL, NULL, NULL, NULL, NULL, '2016-11-20 15:41:36', NULL),
(472, 'Mr. Xue Cheng Wang', NULL, NULL, 'uploads/Empty.jpg', 299, NULL, NULL, NULL, NULL, NULL, '2016-11-20 15:41:36', NULL),
(473, 'Mr. Fei Guo', NULL, NULL, 'uploads/Empty.jpg', 299, NULL, NULL, NULL, NULL, NULL, '2016-11-20 15:41:36', NULL),
(474, 'Mr. Haddar Amine Gerant', NULL, NULL, 'uploads/Empty.jpg', 300, NULL, NULL, NULL, NULL, NULL, '2016-11-20 15:41:36', NULL),
(475, 'Mr. Miguel Sanchez', NULL, NULL, 'uploads/Empty.jpg', 301, NULL, NULL, NULL, NULL, NULL, '2016-11-20 15:41:36', NULL),
(476, 'Mr. Fernando Sankhez', NULL, NULL, 'uploads/Empty.jpg', 301, NULL, NULL, NULL, NULL, NULL, '2016-11-20 15:41:36', NULL),
(477, 'Dr. Ki-Hong Jeon', NULL, NULL, 'uploads/Empty.jpg', 302, NULL, NULL, NULL, NULL, NULL, '2016-11-20 15:41:36', NULL),
(478, 'Mr. Sanaullah Khan', NULL, NULL, 'uploads/Empty.jpg', 303, NULL, NULL, NULL, NULL, NULL, '2016-11-20 15:41:36', NULL),
(479, 'Ms. Jenny Li', NULL, NULL, 'uploads/Empty.jpg', 304, NULL, NULL, NULL, NULL, NULL, '2016-11-20 15:41:36', NULL),
(480, 'Mr. Liao Yong', NULL, NULL, 'uploads/Empty.jpg', 305, NULL, NULL, NULL, NULL, NULL, '2016-11-20 15:41:36', NULL),
(481, 'Mr. Frits Jorgensen', NULL, NULL, 'uploads/Empty.jpg', 306, NULL, NULL, NULL, NULL, NULL, '2016-11-20 15:41:36', NULL),
(482, 'Ms. Andrea Pfeiffer', NULL, NULL, 'uploads/Empty.jpg', 307, NULL, NULL, NULL, NULL, NULL, '2016-11-20 15:41:36', NULL),
(483, 'Mr. Sadi Ozkaya', NULL, NULL, 'uploads/Empty.jpg', 308, NULL, NULL, NULL, NULL, NULL, '2016-11-20 15:41:36', NULL),
(484, 'Ms. Birsen', NULL, NULL, 'uploads/Empty.jpg', 308, NULL, NULL, NULL, NULL, NULL, '2016-11-20 15:41:36', NULL),
(485, 'Mr. Di Battista Francesco', NULL, NULL, 'uploads/Empty.jpg', 309, NULL, NULL, NULL, NULL, NULL, '2016-11-20 15:41:36', NULL),
(486, 'Mr. Hamdi Ozkaya', NULL, NULL, 'uploads/Empty.jpg', 310, NULL, NULL, NULL, NULL, NULL, '2016-11-20 15:41:36', NULL),
(487, 'Mr. Aw Hijink', NULL, NULL, 'uploads/Empty.jpg', 311, NULL, NULL, NULL, NULL, NULL, '2016-11-20 15:41:36', NULL),
(488, 'Mr. Felipe Tan', NULL, NULL, 'uploads/Empty.jpg', 312, NULL, NULL, NULL, NULL, NULL, '2016-11-20 15:41:36', NULL),
(489, 'Mr. Brian Lee', NULL, NULL, 'uploads/Empty.jpg', 312, NULL, NULL, NULL, NULL, NULL, '2016-11-20 15:41:36', NULL),
(490, 'Mr. Wang Meiying', NULL, NULL, 'uploads/Empty.jpg', 313, NULL, NULL, NULL, NULL, NULL, '2016-11-20 15:41:36', NULL),
(491, 'Mr. Michael Schinder', NULL, NULL, 'uploads/Empty.jpg', 314, NULL, NULL, NULL, NULL, NULL, '2016-11-20 15:41:36', NULL),
(492, 'Mr. Ding He Bin', NULL, NULL, 'uploads/Empty.jpg', 315, NULL, NULL, NULL, NULL, NULL, '2016-11-20 15:41:36', NULL),
(493, 'Mr. Zhang Jiangua', NULL, NULL, 'uploads/Empty.jpg', 316, NULL, NULL, NULL, NULL, NULL, '2016-11-20 15:41:36', NULL),
(494, 'Mr. Liu Ping', NULL, NULL, 'uploads/Empty.jpg', 317, NULL, NULL, NULL, NULL, NULL, '2016-11-20 15:41:36', NULL),
(495, 'Mr. Maadi Masood Al-Hajri', NULL, NULL, 'uploads/Empty.jpg', 318, NULL, NULL, NULL, NULL, NULL, '2016-11-20 15:41:36', NULL),
(496, 'Mr. Ali Azhar Awan', NULL, NULL, 'uploads/Empty.jpg', 318, NULL, NULL, NULL, NULL, NULL, '2016-11-20 15:41:36', NULL),
(497, 'Mr. Jaime Domenech Martinez', NULL, NULL, 'uploads/Empty.jpg', 319, NULL, NULL, NULL, NULL, NULL, '2016-11-20 15:41:36', NULL),
(498, 'Mr. Alfredo Campos Gonzalez', NULL, NULL, 'uploads/Empty.jpg', 319, NULL, NULL, NULL, NULL, NULL, '2016-11-20 15:41:36', NULL),
(499, 'Mr. Mohamed Ikram', NULL, NULL, 'uploads/Empty.jpg', 320, NULL, NULL, NULL, NULL, NULL, '2016-11-20 15:41:36', NULL),
(500, 'Mr. M. Shabbir Sajjad', NULL, NULL, 'uploads/Empty.jpg', 320, NULL, NULL, NULL, NULL, NULL, '2016-11-20 15:41:36', NULL),
(501, 'Mr. Mahmoud Qureshi', NULL, NULL, 'uploads/Empty.jpg', 320, NULL, NULL, NULL, NULL, NULL, '2016-11-20 15:41:36', NULL),
(502, 'Mr. Ryuji Nishijima', NULL, NULL, 'uploads/Empty.jpg', 321, NULL, NULL, NULL, NULL, NULL, '2016-11-20 15:41:36', NULL),
(503, 'Mr. Owen Iwakuma', NULL, NULL, 'uploads/Empty.jpg', 322, NULL, NULL, NULL, NULL, NULL, '2016-11-20 15:41:37', NULL),
(504, 'Mr. Dominic Macdermot', NULL, NULL, 'uploads/Empty.jpg', 323, NULL, NULL, NULL, NULL, NULL, '2016-11-20 15:41:37', NULL),
(505, 'Mr. Robert W. Phillips', NULL, NULL, 'uploads/Empty.jpg', 324, NULL, NULL, NULL, NULL, NULL, '2016-11-20 15:41:37', NULL),
(506, 'Ms. Karen Metson', NULL, NULL, 'uploads/Empty.jpg', 325, NULL, NULL, NULL, NULL, NULL, '2016-11-20 15:41:37', NULL),
(507, 'Mr. Kang Jiang Jun', NULL, NULL, 'uploads/Empty.jpg', 326, NULL, NULL, NULL, NULL, NULL, '2016-11-20 15:41:37', NULL),
(508, 'Mr. Yan Fusheng', NULL, NULL, 'uploads/Empty.jpg', 327, NULL, NULL, NULL, NULL, NULL, '2016-11-20 15:41:37', NULL),
(509, 'Mr. Jose Maria Bosch', NULL, NULL, 'uploads/Empty.jpg', 328, NULL, NULL, NULL, NULL, NULL, '2016-11-20 15:41:37', NULL),
(510, 'Mr. Kang Jiang Guo', NULL, NULL, 'uploads/Empty.jpg', 329, NULL, NULL, NULL, NULL, NULL, '2016-11-20 15:41:37', NULL),
(511, 'Mr. Guoan Zhao', NULL, NULL, 'uploads/Empty.jpg', 330, NULL, NULL, NULL, NULL, NULL, '2016-11-20 15:41:37', NULL),
(512, 'Mr. Leow Then Loy', NULL, NULL, 'uploads/Empty.jpg', 331, NULL, NULL, NULL, NULL, NULL, '2016-11-20 15:41:37', NULL),
(513, 'Mr. Ping Wang', NULL, NULL, 'uploads/Empty.jpg', 332, NULL, NULL, NULL, NULL, NULL, '2016-11-20 15:41:37', NULL),
(514, 'Ms. Melissa', NULL, NULL, 'uploads/Empty.jpg', 333, NULL, NULL, NULL, NULL, NULL, '2016-11-20 15:41:37', NULL),
(515, 'Mr. Michael Li', NULL, NULL, 'uploads/Empty.jpg', 334, NULL, NULL, NULL, NULL, NULL, '2016-11-20 15:41:37', NULL),
(516, 'Mr. He Maojun', NULL, NULL, 'uploads/Empty.jpg', 335, NULL, NULL, NULL, NULL, NULL, '2016-11-20 15:41:37', NULL),
(517, 'Ibrahim Bazzet', NULL, NULL, 'uploads/Empty.jpg', 337, NULL, NULL, NULL, NULL, NULL, '2016-11-20 15:41:37', NULL),
(518, 'Mr.Ziad El Najjar', NULL, NULL, 'uploads/Empty.jpg', 338, NULL, NULL, NULL, NULL, NULL, '2016-11-20 15:41:37', NULL),
(519, 'Sr. Daniel Brunes', NULL, NULL, 'uploads/Empty.jpg', 339, NULL, NULL, NULL, NULL, NULL, '2016-11-20 15:41:37', NULL),
(520, 'Sr. Juan Guido Enry', NULL, NULL, 'uploads/Empty.jpg', 340, NULL, NULL, NULL, NULL, NULL, '2016-11-20 15:41:37', NULL),
(521, 'Senor Carlos G. Rossi', NULL, NULL, 'uploads/Empty.jpg', 341, NULL, NULL, NULL, NULL, NULL, '2016-11-20 15:41:37', NULL),
(522, 'Sr. Raul Domingo Aimar', NULL, NULL, 'uploads/Empty.jpg', 344, NULL, NULL, NULL, NULL, NULL, '2016-11-20 15:41:37', NULL),
(523, 'Sr. Alberto Gorleri', NULL, NULL, 'uploads/Empty.jpg', 346, NULL, NULL, NULL, NULL, NULL, '2016-11-20 15:41:37', NULL),
(524, 'Sr. Antonio Siracusa', NULL, NULL, 'uploads/Empty.jpg', 347, NULL, NULL, NULL, NULL, NULL, '2016-11-20 15:41:37', NULL),
(525, 'Sr.Eduardo De Royere', NULL, NULL, 'uploads/Empty.jpg', 348, NULL, NULL, NULL, NULL, NULL, '2016-11-20 15:41:37', NULL),
(527, 'Sr. Luis Miguel Bemeule', NULL, NULL, 'uploads/Empty.jpg', 352, NULL, NULL, NULL, NULL, NULL, '2016-11-20 15:41:37', NULL),
(528, 'Sr. Ricardo Giansanti', NULL, NULL, 'uploads/Empty.jpg', 353, NULL, NULL, NULL, NULL, NULL, '2016-11-20 15:41:37', NULL),
(529, 'Mr. James Davidson', NULL, NULL, 'uploads/Empty.jpg', 354, NULL, NULL, NULL, NULL, NULL, '2016-11-20 15:41:37', NULL),
(530, 'Mr. Bruce Gilmore', NULL, NULL, 'uploads/Empty.jpg', 355, NULL, NULL, NULL, NULL, NULL, '2016-11-20 15:41:37', NULL),
(531, 'Mr. John Lindsay', NULL, NULL, 'uploads/Empty.jpg', 357, NULL, NULL, NULL, NULL, NULL, '2016-11-20 15:41:37', NULL),
(532, 'Mr. Auster', NULL, NULL, 'uploads/Empty.jpg', 358, NULL, NULL, NULL, NULL, NULL, '2016-11-20 15:41:37', NULL),
(533, 'M. Craig Pearson', NULL, NULL, 'uploads/Empty.jpg', 359, NULL, NULL, NULL, NULL, NULL, '2016-11-20 15:41:37', NULL),
(534, 'M. J.C. Delchambre', NULL, NULL, 'uploads/Empty.jpg', 360, NULL, NULL, NULL, NULL, NULL, '2016-11-20 15:41:37', NULL),
(535, 'M. Christian Dewitte', NULL, NULL, 'uploads/Empty.jpg', 361, NULL, NULL, NULL, NULL, NULL, '2016-11-20 15:41:37', NULL),
(536, 'M. Mohamed Houti', NULL, NULL, 'uploads/Empty.jpg', 362, NULL, NULL, NULL, NULL, NULL, '2016-11-20 15:41:37', NULL),
(537, 'M. W. Beeckman', NULL, NULL, 'uploads/Empty.jpg', 364, NULL, NULL, NULL, NULL, NULL, '2016-11-20 15:41:37', NULL),
(538, 'Mr. Wannes Geenen', NULL, NULL, 'uploads/Empty.jpg', 365, NULL, NULL, NULL, NULL, NULL, '2016-11-20 15:41:38', NULL),
(539, 'Herr Hendrik Van den Berghe', NULL, NULL, 'uploads/Empty.jpg', 366, NULL, NULL, NULL, NULL, NULL, '2016-11-20 15:41:38', NULL),
(540, 'M. Goffard', NULL, NULL, 'uploads/Empty.jpg', 367, NULL, NULL, NULL, NULL, NULL, '2016-11-20 15:41:38', NULL),
(541, 'Herr Bart Beeckmans', NULL, NULL, 'uploads/Empty.jpg', 368, NULL, NULL, NULL, NULL, NULL, '2016-11-20 15:41:38', NULL),
(542, 'Wim de Waele', NULL, NULL, 'uploads/Empty.jpg', 369, NULL, NULL, NULL, NULL, NULL, '2016-11-20 15:41:38', NULL),
(543, 'M. Mourmans et M. Pierre', NULL, NULL, 'uploads/Empty.jpg', 370, NULL, NULL, NULL, NULL, NULL, '2016-11-20 15:41:38', NULL),
(544, 'Sr. Eduardo Bernardes, Sr. Luciano Fabello', NULL, NULL, 'uploads/Empty.jpg', 371, NULL, NULL, NULL, NULL, NULL, '2016-11-20 15:41:38', NULL),
(545, 'Mr. Murilo Lemos Doravio', NULL, NULL, 'uploads/Empty.jpg', 372, NULL, NULL, NULL, NULL, NULL, '2016-11-20 15:41:38', NULL),
(546, 'Mr. Vangelio Mondelli Neto', NULL, NULL, 'uploads/Empty.jpg', 374, NULL, NULL, NULL, NULL, NULL, '2016-11-20 15:41:38', NULL),
(547, 'Sra. Angelita Ceolin', NULL, NULL, 'uploads/Empty.jpg', 375, NULL, NULL, NULL, NULL, NULL, '2016-11-20 15:41:38', NULL),
(548, 'Mr. Eli Den Julio', NULL, NULL, 'uploads/Empty.jpg', 377, NULL, NULL, NULL, NULL, NULL, '2016-11-20 15:41:38', NULL),
(549, 'Mr. Cleber Arrieche', NULL, NULL, 'uploads/Empty.jpg', 379, NULL, NULL, NULL, NULL, NULL, '2016-11-20 15:41:38', NULL),
(550, 'Mr. Markus Kienast', NULL, NULL, 'uploads/Empty.jpg', 380, NULL, NULL, NULL, NULL, NULL, '2016-11-20 15:41:38', NULL),
(551, 'Mr. Bruno Vianello', NULL, NULL, 'uploads/Empty.jpg', 381, NULL, NULL, NULL, NULL, NULL, '2016-11-20 15:41:38', NULL),
(552, 'Sr. Nicolas Simunovic', NULL, NULL, 'uploads/Empty.jpg', 383, NULL, NULL, NULL, NULL, NULL, '2016-11-20 15:41:38', NULL),
(553, 'Sr. Gabriel Correa Reyes', NULL, NULL, 'uploads/Empty.jpg', 384, NULL, NULL, NULL, NULL, NULL, '2016-11-20 15:41:38', NULL),
(554, 'Sr. Santiago Renones , Sr. Manuel Cespedes Abad', NULL, NULL, 'uploads/Empty.jpg', 385, NULL, NULL, NULL, NULL, NULL, '2016-11-20 15:41:38', NULL),
(555, 'Sr. Jorge Galdames', NULL, NULL, 'uploads/Empty.jpg', 386, NULL, NULL, NULL, NULL, NULL, '2016-11-20 15:41:38', NULL),
(556, 'Mr. Lin Xin', NULL, NULL, 'uploads/Empty.jpg', 388, NULL, NULL, NULL, NULL, NULL, '2016-11-20 15:41:38', NULL),
(557, 'Mr. Lin Xin', NULL, NULL, 'uploads/Empty.jpg', 389, NULL, NULL, NULL, NULL, NULL, '2016-11-20 15:41:38', NULL),
(558, 'Mr. Zhu Shulin', NULL, NULL, 'uploads/Empty.jpg', 390, NULL, NULL, NULL, NULL, NULL, '2016-11-20 15:41:38', NULL),
(559, 'Mr. Michael Chuu', NULL, 'mscsm7@gmail.com', 'uploads/Empty.jpg', 391, NULL, NULL, NULL, NULL, NULL, '2018-04-03 13:05:41', NULL),
(560, 'Ms. Linda Yang', NULL, NULL, 'uploads/Empty.jpg', 392, NULL, NULL, NULL, NULL, NULL, '2016-11-20 15:41:38', NULL),
(561, 'Mr. Cheng Wei Lun', NULL, NULL, 'uploads/Empty.jpg', 393, NULL, NULL, NULL, NULL, NULL, '2016-11-20 15:41:38', NULL),
(562, 'Mr. Xu  Hui', NULL, NULL, 'uploads/Empty.jpg', 394, NULL, NULL, NULL, NULL, NULL, '2016-11-20 15:41:38', NULL),
(563, 'Mr. Frank Jiang , Mr. Zhou  Qun Ming', NULL, NULL, 'uploads/Empty.jpg', 395, NULL, NULL, NULL, NULL, NULL, '2016-11-20 15:41:38', NULL),
(564, 'Mr. Ma Fengbo', NULL, NULL, 'uploads/Empty.jpg', 396, NULL, NULL, NULL, NULL, NULL, '2016-11-20 15:41:38', NULL),
(565, 'Mr. Mao Chuan Tang', NULL, NULL, 'uploads/Empty.jpg', 397, NULL, NULL, NULL, NULL, NULL, '2016-11-20 15:41:38', NULL),
(566, 'Mr. Zhang DeBao', NULL, NULL, 'uploads/Empty.jpg', 399, NULL, NULL, NULL, NULL, NULL, '2016-11-20 15:41:38', NULL),
(567, 'Mr. Zhang', NULL, NULL, 'uploads/Empty.jpg', 400, NULL, NULL, NULL, NULL, NULL, '2016-11-20 15:41:38', NULL),
(568, 'Mr. David Zheng', NULL, NULL, 'uploads/Empty.jpg', 401, NULL, NULL, NULL, NULL, NULL, '2016-11-20 15:41:38', NULL),
(569, 'Mr.Tristan Wang', NULL, NULL, 'uploads/Empty.jpg', 402, NULL, NULL, NULL, NULL, NULL, '2016-11-20 15:41:38', NULL),
(570, 'Ms. Karen Sun , Ms. Michelle Jia', NULL, NULL, 'uploads/Empty.jpg', 404, NULL, NULL, NULL, NULL, NULL, '2016-11-20 15:41:38', NULL),
(571, 'Mr. Frank Gu', NULL, NULL, 'uploads/Empty.jpg', 405, NULL, NULL, NULL, NULL, NULL, '2016-11-20 15:41:38', NULL),
(572, 'Mr. Sun Xiao Dong', NULL, NULL, 'uploads/Mr._Sun_Xiao_Dong_2015-2-2_06.55.03.jpg', 406, NULL, NULL, NULL, NULL, NULL, '2016-11-20 15:14:15', NULL),
(573, 'Mr. Tim Lee', NULL, NULL, 'uploads/Empty.jpg', 407, NULL, NULL, NULL, NULL, NULL, '2016-11-20 15:41:38', NULL),
(574, 'Mr. Zhang Tao', NULL, NULL, 'uploads/Empty.jpg', 408, NULL, NULL, NULL, NULL, NULL, '2016-11-20 15:41:38', NULL),
(575, 'Mr. Cheng', NULL, NULL, 'uploads/Empty.jpg', 409, NULL, NULL, NULL, NULL, NULL, '2016-11-20 15:41:38', NULL),
(576, 'Mr. Jianjun Kang', NULL, NULL, 'uploads/Empty.jpg', 410, NULL, NULL, NULL, NULL, NULL, '2016-11-20 15:41:39', NULL),
(577, 'Mr. Ma Qiutian', NULL, NULL, 'uploads/Empty.jpg', 411, NULL, NULL, NULL, NULL, NULL, '2016-11-20 15:41:39', NULL),
(578, 'Mr. Shi HongZhi', NULL, NULL, 'uploads/Empty.jpg', 412, NULL, NULL, NULL, NULL, NULL, '2016-11-20 15:41:39', NULL),
(579, 'Mr. Xu Jiajun', NULL, NULL, 'uploads/Empty.jpg', 413, NULL, NULL, NULL, NULL, NULL, '2016-11-20 15:41:39', NULL),
(580, 'Mr. Chu Jian Guo', NULL, NULL, 'uploads/Empty.jpg', 414, NULL, NULL, NULL, NULL, NULL, '2016-11-20 15:41:39', NULL),
(581, 'Mr. Li Cheng', NULL, NULL, 'uploads/Empty.jpg', 415, NULL, NULL, NULL, NULL, NULL, '2016-11-20 15:41:39', NULL),
(582, 'Mr. Tim Chung', NULL, NULL, 'uploads/Empty.jpg', 416, NULL, NULL, NULL, NULL, NULL, '2016-11-20 15:41:39', NULL),
(583, 'Mr. Peng Hu', NULL, NULL, 'uploads/Empty.jpg', 417, NULL, NULL, NULL, NULL, NULL, '2016-11-20 15:41:39', NULL),
(584, 'Mr. Zhang XinLiang', NULL, NULL, 'uploads/Empty.jpg', 418, NULL, NULL, NULL, NULL, NULL, '2016-11-20 15:41:39', NULL),
(585, 'Miss Zhao', NULL, NULL, 'uploads/Empty.jpg', 419, NULL, NULL, NULL, NULL, NULL, '2016-11-20 15:41:39', NULL),
(586, 'Mr. Dong Sujie', NULL, NULL, 'uploads/Empty.jpg', 420, NULL, NULL, NULL, NULL, NULL, '2016-11-20 15:41:39', NULL),
(587, 'Mrs. Zheng Hong', NULL, NULL, 'uploads/Empty.jpg', 421, NULL, NULL, NULL, NULL, NULL, '2016-11-20 15:41:39', NULL),
(588, 'Mr. Jasper Lassen', NULL, NULL, 'uploads/Empty.jpg', 422, NULL, NULL, NULL, NULL, NULL, '2016-11-20 15:41:39', NULL),
(589, 'Herr Fritz Amstrup', NULL, NULL, 'uploads/Empty.jpg', 423, NULL, NULL, NULL, NULL, NULL, '2016-11-20 15:41:39', NULL),
(590, 'Herr GroB', NULL, NULL, 'uploads/Empty.jpg', 424, NULL, NULL, NULL, NULL, NULL, '2016-11-20 15:41:39', NULL),
(591, 'Herr Ralf Hartz', NULL, NULL, 'uploads/Empty.jpg', 425, NULL, NULL, NULL, NULL, NULL, '2016-11-20 15:41:39', NULL),
(592, 'Herr Schumann', NULL, NULL, 'uploads/Empty.jpg', 426, NULL, NULL, NULL, NULL, NULL, '2016-11-20 15:41:39', NULL),
(593, 'Herr R. Spitzner, Herr S. Grune', NULL, NULL, 'uploads/Empty.jpg', 427, NULL, NULL, NULL, NULL, NULL, '2016-11-20 15:41:39', NULL),
(594, 'Herr Jurgen Kammermayer', NULL, NULL, 'uploads/Empty.jpg', 428, NULL, NULL, NULL, NULL, NULL, '2016-11-20 15:41:39', NULL),
(595, 'Herr Slobodan Smolenski , Herr Bojan Smolenskii', NULL, NULL, 'uploads/Empty.jpg', 429, NULL, NULL, NULL, NULL, NULL, '2016-11-20 15:41:39', NULL),
(596, 'Herr Dr. Tielong Chen', NULL, NULL, 'uploads/Empty.jpg', 430, NULL, NULL, NULL, NULL, NULL, '2016-11-20 15:41:39', NULL),
(597, 'Herr Jemschid Alemi', NULL, NULL, 'uploads/Empty.jpg', 431, NULL, NULL, NULL, NULL, NULL, '2016-11-20 15:41:39', NULL),
(598, 'Herr Helmut baderschneider', NULL, NULL, 'uploads/Empty.jpg', 432, NULL, NULL, NULL, NULL, NULL, '2016-11-20 15:41:39', NULL),
(599, 'Peter Marliani', NULL, NULL, 'uploads/Empty.jpg', 433, NULL, NULL, NULL, NULL, NULL, '2016-11-20 15:41:39', NULL),
(600, 'Herr Gunter Seidel', NULL, NULL, 'uploads/Empty.jpg', 434, NULL, NULL, NULL, NULL, NULL, '2016-11-20 15:41:39', NULL),
(601, 'Frau Constance Cassel , Herr Manfred Otto Cassel', NULL, NULL, 'uploads/Empty.jpg', 435, NULL, NULL, NULL, NULL, NULL, '2016-11-20 15:41:39', NULL),
(602, 'Herr Ali Khalil', NULL, NULL, 'uploads/Empty.jpg', 436, NULL, NULL, NULL, NULL, NULL, '2016-11-20 15:41:39', NULL),
(603, 'Herr Fehrmann', NULL, NULL, 'uploads/Empty.jpg', 437, NULL, NULL, NULL, NULL, NULL, '2016-11-20 15:41:39', NULL),
(604, 'Herr Tobias Ortkras', NULL, NULL, 'uploads/Empty.jpg', 438, NULL, NULL, NULL, NULL, NULL, '2016-11-20 15:41:39', NULL),
(605, 'Herr Okkes Birol Alakus', NULL, NULL, 'uploads/Empty.jpg', 439, NULL, NULL, NULL, NULL, NULL, '2016-11-20 15:41:39', NULL),
(606, 'Herr Kamari', NULL, NULL, 'uploads/Empty.jpg', 440, NULL, NULL, NULL, NULL, NULL, '2016-11-20 15:41:39', NULL),
(607, 'Herr Nabil Baho', NULL, NULL, 'uploads/Empty.jpg', 441, NULL, NULL, NULL, NULL, NULL, '2016-11-20 15:41:39', NULL),
(608, 'Herr Fariborz-M. Fallah', NULL, NULL, 'uploads/Empty.jpg', 442, NULL, NULL, NULL, NULL, NULL, '2016-11-20 15:41:39', NULL),
(609, 'Frau Masteri', NULL, NULL, 'uploads/Empty.jpg', 443, NULL, NULL, NULL, NULL, NULL, '2016-11-20 15:41:39', NULL),
(611, 'Herr Carsten Otte', NULL, NULL, 'uploads/Empty.jpg', 445, NULL, NULL, NULL, NULL, NULL, '2016-11-20 15:41:40', NULL),
(612, 'Herr C. Y. Sun', NULL, NULL, 'uploads/Empty.jpg', 446, NULL, NULL, NULL, NULL, NULL, '2016-11-20 15:41:40', NULL),
(613, 'Herr Heiner Woith', NULL, NULL, 'uploads/Empty.jpg', 447, NULL, NULL, NULL, NULL, NULL, '2016-11-20 15:41:40', NULL),
(614, 'Herr Zuther Jun.', NULL, NULL, 'uploads/Empty.jpg', 449, NULL, NULL, NULL, NULL, NULL, '2016-11-20 15:41:40', NULL),
(615, 'Herr Friedrich Kroger', NULL, NULL, 'uploads/Empty.jpg', 450, NULL, NULL, NULL, NULL, NULL, '2016-11-20 15:41:40', NULL),
(616, 'Herr M. A. Maaz', NULL, NULL, 'uploads/Empty.jpg', 451, NULL, NULL, NULL, NULL, NULL, '2016-11-20 15:41:40', NULL),
(617, 'Herr Sascha Frank , Herr Peter Sauer', NULL, NULL, 'uploads/Empty.jpg', 452, NULL, NULL, NULL, NULL, NULL, '2016-11-20 15:41:40', NULL),
(618, 'Herr Ingo Schwan , Herr Dirk Schwan', NULL, NULL, 'uploads/Empty.jpg', 453, NULL, NULL, NULL, NULL, NULL, '2016-11-20 15:41:40', NULL),
(619, 'Herr Nasser Nobakht', NULL, NULL, 'uploads/Empty.jpg', 454, NULL, NULL, NULL, NULL, NULL, '2016-11-20 15:41:40', NULL),
(620, 'Frau Petschow , Herr Osman', NULL, NULL, 'uploads/Empty.jpg', 455, NULL, NULL, NULL, NULL, NULL, '2016-11-20 15:41:40', NULL),
(621, 'Herr Vogel Jr.', NULL, NULL, 'uploads/Empty.jpg', 456, NULL, NULL, NULL, NULL, NULL, '2016-11-20 15:41:40', NULL),
(622, 'Herr Thiemo Mann', NULL, NULL, 'uploads/Empty.jpg', 457, NULL, NULL, NULL, NULL, NULL, '2016-11-20 15:41:40', NULL),
(623, 'Herr Richard Pelzer , Marcel Pelzer', NULL, NULL, 'uploads/Empty.jpg', 458, NULL, NULL, NULL, NULL, NULL, '2016-11-20 15:41:40', NULL),
(624, 'Herr Richter', NULL, NULL, 'uploads/Empty.jpg', 459, NULL, NULL, NULL, NULL, NULL, '2016-11-20 15:41:40', NULL),
(625, 'Herr Schawn', NULL, NULL, 'uploads/Empty.jpg', 460, NULL, NULL, NULL, NULL, NULL, '2016-11-20 15:41:40', NULL),
(626, 'Werner Keil', NULL, NULL, 'uploads/Empty.jpg', 461, NULL, NULL, NULL, NULL, NULL, '2016-11-20 15:41:40', NULL),
(627, 'Frau Regina Huber', NULL, NULL, 'uploads/Empty.jpg', 462, NULL, NULL, NULL, NULL, NULL, '2016-11-20 15:41:40', NULL),
(628, 'Herr Gerhard Ostermair', NULL, NULL, 'uploads/Empty.jpg', 463, NULL, NULL, NULL, NULL, NULL, '2016-11-20 15:41:40', NULL),
(629, 'Herr Peter Langwieser , Herr Georges Halabi', NULL, NULL, 'uploads/Empty.jpg', 464, NULL, NULL, NULL, NULL, NULL, '2016-11-20 15:41:40', NULL),
(630, 'Herr Thomas Richter', NULL, NULL, 'uploads/Empty.jpg', 465, NULL, NULL, NULL, NULL, NULL, '2016-11-20 15:41:40', NULL),
(631, 'Frau DoBler , Herr Zenn', NULL, NULL, 'uploads/Empty.jpg', 466, NULL, NULL, NULL, NULL, NULL, '2016-11-20 15:41:40', NULL),
(632, 'Harald Pampa', NULL, NULL, 'uploads/Empty.jpg', 467, NULL, NULL, NULL, NULL, NULL, '2016-11-20 15:41:40', NULL),
(633, 'Werner Trumper', NULL, NULL, 'uploads/Empty.jpg', 468, NULL, NULL, NULL, NULL, NULL, '2016-11-20 15:41:40', NULL),
(634, 'Herr Helmut Christ', NULL, NULL, 'uploads/Empty.jpg', 469, NULL, NULL, NULL, NULL, NULL, '2016-11-20 15:41:40', NULL),
(635, 'Herr Thomas Janssen', NULL, NULL, 'uploads/Empty.jpg', 470, NULL, NULL, NULL, NULL, NULL, '2016-11-20 15:41:40', NULL),
(636, 'Herr M. Nobari', NULL, NULL, 'uploads/Empty.jpg', 471, NULL, NULL, NULL, NULL, NULL, '2016-11-20 15:41:40', NULL),
(637, 'Herr Enders', NULL, NULL, 'uploads/Empty.jpg', 472, NULL, NULL, NULL, NULL, NULL, '2016-11-20 15:41:40', NULL),
(638, 'Herr Dirk Lohrey', NULL, NULL, 'uploads/Empty.jpg', 473, NULL, NULL, NULL, NULL, NULL, '2016-11-20 15:41:40', NULL),
(639, 'Saied Amjadi', NULL, NULL, 'uploads/Empty.jpg', 474, NULL, NULL, NULL, NULL, NULL, '2016-11-20 15:41:40', NULL),
(640, 'Herr Bernhard Pink', NULL, NULL, 'uploads/Empty.jpg', 475, NULL, NULL, NULL, NULL, NULL, '2016-11-20 15:41:40', NULL),
(641, 'Frau Eva Kelle', NULL, NULL, 'uploads/Empty.jpg', 476, NULL, NULL, NULL, NULL, NULL, '2016-11-20 15:41:40', NULL),
(642, 'Herr Roland Strobel', NULL, NULL, 'uploads/Empty.jpg', 477, NULL, NULL, NULL, NULL, NULL, '2016-11-20 15:41:40', NULL),
(643, 'Herr Deppe', NULL, NULL, 'uploads/Empty.jpg', 478, NULL, NULL, NULL, NULL, NULL, '2016-11-20 15:41:40', NULL),
(644, 'Herr Breitschaft', NULL, NULL, 'uploads/Empty.jpg', 479, NULL, NULL, NULL, NULL, NULL, '2016-11-20 15:41:40', NULL),
(645, 'Herr Micheal Schinner , Herr Markus Schinner', NULL, NULL, 'uploads/Empty.jpg', 480, NULL, NULL, NULL, NULL, NULL, '2016-11-20 15:41:40', NULL),
(646, 'Herr Mohsen Rahmani', NULL, NULL, 'uploads/Empty.jpg', 481, NULL, NULL, NULL, NULL, NULL, '2016-11-20 15:41:40', NULL),
(647, 'Herr Eric Clauss', NULL, NULL, 'uploads/Empty.jpg', 482, NULL, NULL, NULL, NULL, NULL, '2016-11-20 15:41:41', NULL),
(648, 'Herr Manfred Grundt , Herr Lars Grundt', NULL, NULL, 'uploads/Empty.jpg', 483, NULL, NULL, NULL, NULL, NULL, '2016-11-20 15:41:41', NULL),
(649, 'Herr Wolfgang Schal', NULL, NULL, 'uploads/Empty.jpg', 484, NULL, NULL, NULL, NULL, NULL, '2016-11-20 15:41:41', NULL),
(650, 'Herr Vossmann , Herr Vaske', NULL, NULL, 'uploads/Empty.jpg', 485, NULL, NULL, NULL, NULL, NULL, '2016-11-20 15:41:41', NULL),
(651, 'Herr VaBbeck', NULL, NULL, 'uploads/Empty.jpg', 486, NULL, NULL, NULL, NULL, NULL, '2016-11-20 15:41:41', NULL),
(652, 'Herr Stephan Gebhard', NULL, NULL, 'uploads/Empty.jpg', 487, NULL, NULL, NULL, NULL, NULL, '2016-11-20 15:41:41', NULL),
(653, 'Herr Peter Schulz', NULL, NULL, 'uploads/Empty.jpg', 488, NULL, NULL, NULL, NULL, NULL, '2016-11-20 15:41:41', NULL),
(654, 'Herr Hans-Felix Ratzel', NULL, NULL, 'uploads/Empty.jpg', 489, NULL, NULL, NULL, NULL, NULL, '2016-11-20 15:41:41', NULL),
(655, 'M. Poliakoff', NULL, NULL, 'uploads/Empty.jpg', 491, NULL, NULL, NULL, NULL, NULL, '2016-11-20 15:41:41', NULL),
(656, 'M. Jeremy Lecoffre', NULL, NULL, 'uploads/Empty.jpg', 492, NULL, NULL, NULL, NULL, NULL, '2016-11-20 15:41:41', NULL),
(657, 'M. Philippe de la Llave', NULL, NULL, 'uploads/Empty.jpg', 493, NULL, NULL, NULL, NULL, NULL, '2016-11-20 15:41:41', NULL),
(658, 'Mme Sabrina Roland', NULL, NULL, 'uploads/Empty.jpg', 494, NULL, NULL, NULL, NULL, NULL, '2016-11-20 15:41:41', NULL),
(659, 'M. Jean-Mchel Toma', NULL, NULL, 'uploads/Empty.jpg', 495, NULL, NULL, NULL, NULL, NULL, '2016-11-20 15:41:41', NULL),
(660, 'M. Gerald Camizulli', NULL, NULL, 'uploads/Empty.jpg', 496, NULL, NULL, NULL, NULL, NULL, '2016-11-20 15:41:41', NULL),
(661, 'M. Hahn', NULL, NULL, 'uploads/Empty.jpg', 497, NULL, NULL, NULL, NULL, NULL, '2016-11-20 15:41:41', NULL),
(662, 'S. Benjuigui , R. Benamou', NULL, NULL, 'uploads/Empty.jpg', 498, NULL, NULL, NULL, NULL, NULL, '2016-11-20 15:41:41', NULL),
(663, 'M. Diu', NULL, NULL, 'uploads/Empty.jpg', 499, NULL, NULL, NULL, NULL, NULL, '2016-11-20 15:41:41', NULL),
(664, 'M. Didier Chauvel', NULL, NULL, 'uploads/Empty.jpg', 500, NULL, NULL, NULL, NULL, NULL, '2016-11-20 15:41:41', NULL),
(665, 'M. Aymard', NULL, NULL, 'uploads/Empty.jpg', 501, NULL, NULL, NULL, NULL, NULL, '2016-11-20 15:41:41', NULL),
(666, 'M. Guy Enjolras', NULL, NULL, 'uploads/Empty.jpg', 502, NULL, NULL, NULL, NULL, NULL, '2016-11-20 15:41:41', NULL),
(667, 'M. Chauvel', NULL, NULL, 'uploads/Empty.jpg', 503, NULL, NULL, NULL, NULL, NULL, '2016-11-20 15:41:41', NULL),
(668, 'M. Jean-Noel Couture', NULL, NULL, 'uploads/Empty.jpg', 504, NULL, NULL, NULL, NULL, NULL, '2016-11-20 15:41:41', NULL),
(669, 'Mme Nathalie Mercier', NULL, NULL, 'uploads/Empty.jpg', 506, NULL, NULL, NULL, NULL, NULL, '2016-11-20 15:41:41', NULL),
(670, 'Mme Dulac', NULL, NULL, 'uploads/Empty.jpg', 508, NULL, NULL, NULL, NULL, NULL, '2016-11-20 15:41:41', NULL),
(671, 'M. Bruno Roland', NULL, NULL, 'uploads/Empty.jpg', 509, NULL, NULL, NULL, NULL, NULL, '2016-11-20 15:41:41', NULL),
(672, 'Herr Daniel Umecker', NULL, NULL, 'uploads/Empty.jpg', 510, NULL, NULL, NULL, NULL, NULL, '2016-11-20 15:41:41', NULL),
(673, 'Mr, Micheal Lianopoulos', NULL, NULL, 'uploads/Empty.jpg', 511, NULL, NULL, NULL, NULL, NULL, '2016-11-20 15:41:41', NULL),
(674, 'Sr. Ricardo Munguia', NULL, NULL, 'uploads/Empty.jpg', 512, NULL, NULL, NULL, NULL, NULL, '2016-11-20 15:41:41', NULL),
(675, 'Sr. Ricardo Munguia', NULL, NULL, 'uploads/Empty.jpg', 513, NULL, NULL, NULL, NULL, NULL, '2016-11-20 15:41:41', NULL),
(676, 'Mr. Mohsen D Qureshi', NULL, NULL, 'uploads/Empty.jpg', 514, NULL, NULL, NULL, NULL, NULL, '2016-11-20 15:41:41', NULL),
(677, 'Mr. Nasir Sultan', NULL, NULL, 'uploads/Empty.jpg', 515, NULL, NULL, NULL, NULL, NULL, '2016-11-20 15:41:41', NULL),
(678, 'Mr. Waseem Hyder , Mr. Abdul Lateef', NULL, NULL, 'uploads/Empty.jpg', 516, NULL, NULL, NULL, NULL, NULL, '2016-11-20 15:41:41', NULL),
(679, 'Mr. Akram NM Qureshi', NULL, NULL, 'uploads/Empty.jpg', 517, NULL, NULL, NULL, NULL, NULL, '2016-11-20 15:41:41', NULL),
(680, 'Mr. Ahmed Mohammadi', NULL, NULL, 'uploads/Empty.jpg', 518, NULL, NULL, NULL, NULL, NULL, '2016-11-20 15:41:41', NULL),
(681, 'Mr. Ali Rezai', NULL, NULL, 'uploads/Empty.jpg', 519, NULL, NULL, NULL, NULL, NULL, '2016-11-20 15:41:41', NULL),
(682, 'Mr. Ali Shalbafian Vossoughi', NULL, NULL, 'uploads/Empty.jpg', 520, NULL, NULL, NULL, NULL, NULL, '2016-11-20 15:41:41', NULL),
(683, 'Mr. Hassan Amiri', NULL, NULL, 'uploads/Empty.jpg', 521, NULL, NULL, NULL, NULL, NULL, '2016-11-20 15:41:41', NULL),
(684, 'Mr. Ahmad Rahimzadeh', NULL, NULL, 'uploads/Empty.jpg', 522, NULL, NULL, NULL, NULL, NULL, '2016-11-20 15:41:42', NULL),
(685, 'Mr. Ali Maghami Kia', NULL, NULL, 'uploads/Empty.jpg', 523, NULL, NULL, NULL, NULL, NULL, '2016-11-20 15:41:42', NULL),
(686, 'Mr. Ali Reza Yazdanbakhsh', NULL, NULL, 'uploads/Empty.jpg', 524, NULL, NULL, NULL, NULL, NULL, '2016-11-20 15:41:42', NULL),
(687, 'Mr. Samad Nikjoo', NULL, NULL, 'uploads/Empty.jpg', 525, NULL, NULL, NULL, NULL, NULL, '2016-11-20 15:41:42', NULL),
(688, 'Mrs. Sylva Ghooks', NULL, NULL, 'uploads/Empty.jpg', 526, NULL, NULL, NULL, NULL, NULL, '2016-11-20 15:41:42', NULL),
(689, 'Mr. Habibollah Moammer', NULL, NULL, 'uploads/Empty.jpg', 527, NULL, NULL, NULL, NULL, NULL, '2016-11-20 15:41:42', NULL),
(690, 'Mr. Rezaei Khalil', NULL, NULL, 'uploads/Empty.jpg', 528, NULL, NULL, NULL, NULL, NULL, '2016-11-20 15:41:42', NULL),
(691, 'Mr. Farrokh Habibi', NULL, NULL, 'uploads/Empty.jpg', 530, NULL, NULL, NULL, NULL, NULL, '2016-11-20 15:41:42', NULL),
(692, 'Mr. Davoud Ghorbanalipor', NULL, NULL, 'uploads/Empty.jpg', 531, NULL, NULL, NULL, NULL, NULL, '2016-11-20 15:41:42', NULL),
(693, 'Mr. Hasan Shahed Khatibi', NULL, NULL, 'uploads/Empty.jpg', 533, NULL, NULL, NULL, NULL, NULL, '2016-11-20 15:41:42', NULL),
(694, 'Mr. Abdolhamid Kheirkhah', NULL, NULL, 'uploads/Empty.jpg', 534, NULL, NULL, NULL, NULL, NULL, '2016-11-20 15:41:42', NULL),
(695, 'Mr. Hosein Jaberian', NULL, NULL, 'uploads/Empty.jpg', 535, NULL, NULL, NULL, NULL, NULL, '2016-11-20 15:41:42', NULL),
(696, 'Mr. Mehdi Karami , Mr. Sharam Karami', NULL, NULL, 'uploads/Empty.jpg', 536, NULL, NULL, NULL, NULL, NULL, '2016-11-20 15:41:42', NULL),
(697, 'Mr. Mohamad Bagher Valamanesh', NULL, NULL, 'uploads/Empty.jpg', 537, NULL, NULL, NULL, NULL, NULL, '2016-11-20 15:41:42', NULL),
(698, 'Mr. Mahmood Shahtaheri', NULL, NULL, 'uploads/Empty.jpg', 538, NULL, NULL, NULL, NULL, NULL, '2016-11-20 15:41:42', NULL),
(699, 'Mr. Mohamad Akbari', NULL, NULL, 'uploads/Empty.jpg', 539, NULL, NULL, NULL, NULL, NULL, '2016-11-20 15:41:42', NULL),
(700, 'Mr. Mohammad Reza Bitarafan', NULL, NULL, 'uploads/Empty.jpg', 540, NULL, NULL, NULL, NULL, NULL, '2016-11-20 15:41:42', NULL),
(701, 'Mr. M.E. Karimi', NULL, NULL, 'uploads/Empty.jpg', 541, NULL, NULL, NULL, NULL, NULL, '2016-11-20 15:41:42', NULL),
(702, 'Mr. Praviz Nafar', NULL, NULL, 'uploads/Empty.jpg', 542, NULL, NULL, NULL, NULL, NULL, '2016-11-20 15:41:42', NULL),
(703, 'Mr. Yadollah Nobakht', NULL, NULL, 'uploads/Empty.jpg', 543, NULL, NULL, NULL, NULL, NULL, '2016-11-20 15:41:42', NULL),
(704, 'Mr. Ebrahim Tashakori', NULL, NULL, 'uploads/Empty.jpg', 544, NULL, NULL, NULL, NULL, NULL, '2016-11-20 15:41:42', NULL),
(705, 'Mr. Shima Asadi', NULL, NULL, 'uploads/Empty.jpg', 545, NULL, NULL, NULL, NULL, NULL, '2016-11-20 15:41:42', NULL),
(707, 'Mr. Reza Bitarafan', NULL, NULL, 'uploads/Empty.jpg', 547, NULL, NULL, NULL, NULL, NULL, '2016-11-20 15:41:42', NULL),
(708, 'Mr. Morteza Jafar Gholi Zehtab', NULL, NULL, 'uploads/Empty.jpg', 548, NULL, NULL, NULL, NULL, NULL, '2016-11-20 15:41:42', NULL),
(709, 'Mr. Davod Ghandvar', NULL, NULL, 'uploads/Empty.jpg', 549, NULL, NULL, NULL, NULL, NULL, '2016-11-20 15:41:42', NULL),
(710, 'Mr. Morteza Kasbar', NULL, NULL, 'uploads/Empty.jpg', 550, NULL, NULL, NULL, NULL, NULL, '2016-11-20 15:41:42', NULL),
(711, 'Mr. Bijan Alamdaran', NULL, NULL, 'uploads/Empty.jpg', 551, NULL, NULL, NULL, NULL, NULL, '2016-11-20 15:41:42', NULL),
(712, 'Mr. Ggolam Hossein Kasaeian', NULL, NULL, 'uploads/Empty.jpg', 552, NULL, NULL, NULL, NULL, NULL, '2016-11-20 15:41:42', NULL),
(713, 'Mr. Valamanesh', NULL, NULL, 'uploads/Empty.jpg', 553, NULL, NULL, NULL, NULL, NULL, '2016-11-20 15:41:42', NULL),
(714, 'Mr. Mahmood Khodajoo', NULL, NULL, 'uploads/Empty.jpg', 554, NULL, NULL, NULL, NULL, NULL, '2016-11-20 15:41:42', NULL),
(715, 'Mr. Ezatolah Adelian Sehehi', NULL, NULL, 'uploads/Empty.jpg', 555, NULL, NULL, NULL, NULL, NULL, '2016-11-20 15:41:42', NULL),
(716, 'Mr. Amir Aalimashrab', NULL, NULL, 'uploads/Empty.jpg', 556, NULL, NULL, NULL, NULL, NULL, '2016-11-20 15:41:42', NULL),
(717, 'Mr. Mahmod Mahmodi', NULL, NULL, 'uploads/Empty.jpg', 557, NULL, NULL, NULL, NULL, NULL, '2016-11-20 15:41:42', NULL),
(718, 'Mr. Mohsen Vazir Zadeh', NULL, NULL, 'uploads/Empty.jpg', 558, NULL, NULL, NULL, NULL, NULL, '2016-11-20 15:41:42', NULL),
(719, 'Mr. Javad Passeh', NULL, NULL, 'uploads/Empty.jpg', 559, NULL, NULL, NULL, NULL, NULL, '2016-11-20 15:41:42', NULL),
(720, 'Mr. Mohammed Kezzi', NULL, NULL, 'uploads/Empty.jpg', 560, NULL, NULL, NULL, NULL, NULL, '2016-11-20 15:41:43', NULL),
(721, 'Mr. Stefano Arosio , Mrs. Poala Arosio , Mrs. Sere', NULL, NULL, 'uploads/Empty.jpg', 561, NULL, NULL, NULL, NULL, NULL, '2016-11-20 15:41:43', NULL),
(722, 'Mr. Fabio Bervini', NULL, NULL, 'uploads/Empty.jpg', 562, NULL, NULL, NULL, NULL, NULL, '2016-11-20 15:41:43', NULL),
(723, 'Mr. Savonitti dr. Lorenzo', NULL, NULL, 'uploads/Empty.jpg', 563, NULL, NULL, NULL, NULL, NULL, '2016-11-20 15:41:43', NULL),
(724, 'Mr. Fabrizio Maltinti , Mr. Giampaolo Maltinti', NULL, NULL, 'uploads/Empty.jpg', 564, NULL, NULL, NULL, NULL, NULL, '2016-11-20 15:41:43', NULL),
(725, 'Mr. Sergio de Lorenzi , Stefano de Lorenzi', NULL, NULL, 'uploads/Empty.jpg', 566, NULL, NULL, NULL, NULL, NULL, '2016-11-20 15:41:43', NULL),
(726, 'Ms. Carter', NULL, NULL, 'uploads/Empty.jpg', 568, NULL, NULL, NULL, NULL, NULL, '2016-11-20 15:41:43', NULL),
(727, 'Mr. Emilio Croce', NULL, NULL, 'uploads/Empty.jpg', 570, NULL, NULL, NULL, NULL, NULL, '2016-11-20 15:41:43', NULL),
(728, 'Mr. Seiji Sato', NULL, NULL, 'uploads/Empty.jpg', 572, NULL, NULL, NULL, NULL, NULL, '2016-11-20 15:41:43', NULL),
(729, 'Mr. T. Matsuzawa', NULL, NULL, 'uploads/Empty.jpg', 573, NULL, NULL, NULL, NULL, NULL, '2016-11-20 15:41:43', NULL),
(730, 'Mr. Miles Klinger', NULL, NULL, 'uploads/Empty.jpg', 575, NULL, NULL, NULL, NULL, NULL, '2016-11-20 15:41:43', NULL),
(731, 'm. Sylvain Gauthier', NULL, NULL, 'uploads/Empty.jpg', 576, NULL, NULL, NULL, NULL, NULL, '2016-11-20 15:41:43', NULL),
(732, 'Mr. Burim Piraj , Mr. Illir Piraj', NULL, NULL, 'uploads/Empty.jpg', 577, NULL, NULL, NULL, NULL, NULL, '2016-11-20 15:41:43', NULL),
(733, 'Mr. Ivan Jedvaj', NULL, NULL, 'uploads/Empty.jpg', 578, NULL, NULL, NULL, NULL, NULL, '2016-11-20 15:41:43', NULL),
(734, 'Mr. Valdis Zarins', NULL, NULL, 'uploads/Empty.jpg', 579, NULL, NULL, NULL, NULL, NULL, '2016-11-20 15:41:43', NULL),
(735, 'Mr. Vladimir Poloz', NULL, NULL, 'uploads/Empty.jpg', 580, NULL, NULL, NULL, NULL, NULL, '2016-11-20 15:41:43', NULL),
(736, 'Mr. Antoine Saccal', NULL, NULL, 'uploads/Empty.jpg', 581, NULL, NULL, NULL, NULL, NULL, '2016-11-20 15:41:43', NULL),
(737, 'Mr. Noureddine Belhaj Rifi', NULL, NULL, 'uploads/Mr._Noureddine_Belhaj_Rifi_2015-9-19_07.59.34.jpg', 583, NULL, NULL, NULL, NULL, NULL, '2016-11-20 15:14:15', NULL),
(738, 'Mr. Anatol Kislaru', NULL, NULL, 'uploads/Empty.jpg', 584, NULL, NULL, NULL, NULL, NULL, '2016-11-20 15:41:43', NULL),
(739, 'Mr. John Greene', NULL, NULL, 'uploads/Empty.jpg', 585, NULL, NULL, NULL, NULL, NULL, '2016-11-20 15:41:43', NULL),
(740, 'Mr. Bill Grice , Mr. John Mills', NULL, NULL, 'uploads/Empty.jpg', 588, NULL, NULL, NULL, NULL, NULL, '2016-11-20 15:41:43', NULL),
(741, 'Mr. Carl Alsweiler', NULL, NULL, 'uploads/Empty.jpg', 589, NULL, NULL, NULL, NULL, NULL, '2016-11-20 15:41:43', NULL),
(742, 'Mr. Chris Pyke', NULL, NULL, 'uploads/Empty.jpg', 590, NULL, NULL, NULL, NULL, NULL, '2016-11-20 15:41:43', NULL),
(743, 'Mr. H. Luijt', NULL, NULL, 'uploads/Empty.jpg', 591, NULL, NULL, NULL, NULL, NULL, '2016-11-20 15:41:43', NULL),
(744, 'Mr. Hans Smits', NULL, NULL, 'uploads/Empty.jpg', 592, NULL, NULL, NULL, NULL, NULL, '2016-11-20 15:41:43', NULL),
(745, 'Herr Burg', NULL, NULL, 'uploads/Empty.jpg', 594, NULL, NULL, NULL, NULL, NULL, '2016-11-20 15:41:43', NULL),
(746, 'Herr Musel', NULL, NULL, 'uploads/Empty.jpg', 595, NULL, NULL, NULL, NULL, NULL, '2016-11-20 15:41:43', NULL),
(747, 'Herr MAG(IF) Raymond Ginterstorfer', NULL, NULL, 'uploads/Empty.jpg', 596, NULL, NULL, NULL, NULL, NULL, '2016-11-20 15:41:43', NULL),
(748, 'Frau Tod', NULL, NULL, 'uploads/Empty.jpg', 597, NULL, NULL, NULL, NULL, NULL, '2016-11-20 15:41:43', NULL),
(749, 'Herr Norbert Baur', NULL, NULL, 'uploads/Empty.jpg', 598, NULL, NULL, NULL, NULL, NULL, '2016-11-20 15:41:43', NULL),
(750, 'Herr Gunther Popl', NULL, NULL, 'uploads/Empty.jpg', 599, NULL, NULL, NULL, NULL, NULL, '2016-11-20 15:41:43', NULL),
(751, 'Mr. Ali Bilal', NULL, NULL, 'uploads/Empty.jpg', 600, NULL, NULL, NULL, NULL, NULL, '2016-11-20 15:41:43', NULL),
(752, 'Mr. Sheik Rauf Saeed', NULL, NULL, 'uploads/Empty.jpg', 601, NULL, NULL, NULL, NULL, NULL, '2016-11-20 15:41:43', NULL),
(753, 'Mr. Mohammad Ashraf Jawed ,', NULL, NULL, 'uploads/Empty.jpg', 602, NULL, NULL, NULL, NULL, NULL, '2016-11-20 15:41:43', NULL),
(754, 'Mr. Muhammad Aamir Shaikh , Mr. Muhammad Kamran Sh', NULL, NULL, 'uploads/Empty.jpg', 603, NULL, NULL, NULL, NULL, NULL, '2016-11-20 15:41:43', NULL),
(756, 'Mr. Muhammad Riaz', NULL, NULL, 'uploads/Empty.jpg', 605, NULL, NULL, NULL, NULL, NULL, '2016-11-20 15:41:43', NULL),
(757, 'Mr. Taj Mohammad Burhani', NULL, NULL, 'uploads/Empty.jpg', 606, NULL, NULL, NULL, NULL, NULL, '2016-11-20 15:41:43', NULL),
(758, 'Mr. Basit Saleem', NULL, NULL, 'uploads/Empty.jpg', 607, NULL, NULL, NULL, NULL, NULL, '2016-11-20 15:41:43', NULL),
(759, 'Mr. Imran , Mr. Salman', NULL, NULL, 'uploads/Empty.jpg', 608, NULL, NULL, NULL, NULL, NULL, '2016-11-20 15:41:43', NULL),
(760, 'Mr. H.A. Basit Saleem', NULL, NULL, 'uploads/Empty.jpg', 609, NULL, NULL, NULL, NULL, NULL, '2016-11-20 15:41:44', NULL),
(762, 'Mr. Rana Ijaz Anwar', NULL, NULL, 'uploads/Empty.jpg', 611, NULL, NULL, NULL, NULL, NULL, '2016-11-20 15:41:44', NULL),
(763, 'Mr. Sheikh Mohammad Saeed , Mr. Ahsan Saeed', NULL, NULL, 'uploads/Empty.jpg', 612, NULL, NULL, NULL, NULL, NULL, '2016-11-20 15:41:44', NULL),
(764, 'Mr. Muhammad Imran Bhutta', NULL, NULL, 'uploads/Mr._Muhammad_Imran_Bhutta_2013-2-5_05.45.47.jpg', 613, NULL, NULL, NULL, 'emranbhutta', NULL, '2016-11-20 15:14:15', NULL),
(765, 'Mr. Mohammad Ikram', NULL, NULL, 'uploads/Empty.jpg', 614, NULL, NULL, NULL, NULL, NULL, '2016-11-20 15:41:44', NULL),
(766, 'Mr. Muhammad Nadeem', NULL, NULL, 'uploads/Empty.jpg', 615, NULL, NULL, NULL, NULL, NULL, '2016-11-20 15:41:44', NULL),
(768, 'Sh. Tanveer Hassan', NULL, NULL, 'uploads/Empty.jpg', 617, NULL, NULL, NULL, NULL, NULL, '2016-11-20 15:41:44', NULL),
(769, 'Mr. Shawkat Ali', NULL, NULL, 'uploads/Empty.jpg', 618, NULL, NULL, NULL, NULL, NULL, '2016-11-20 15:41:44', NULL),
(770, 'Mr. M. Rashid Shafique', NULL, NULL, 'uploads/Empty.jpg', 619, NULL, NULL, NULL, NULL, NULL, '2016-11-20 15:41:44', NULL),
(771, 'Mr. Muhammad Daud', NULL, NULL, 'uploads/Empty.jpg', 620, NULL, NULL, NULL, NULL, NULL, '2016-11-20 15:41:44', NULL),
(772, 'Mr. Aisf Salam', NULL, NULL, 'uploads/Empty.jpg', 621, NULL, NULL, NULL, NULL, NULL, '2016-11-20 15:41:44', NULL),
(773, 'Mr. Aamir Shahzad', NULL, NULL, 'uploads/Empty.jpg', 622, NULL, NULL, NULL, NULL, NULL, '2016-11-20 15:41:44', NULL),
(774, 'Mr. Aamir Shahzad', NULL, NULL, 'uploads/Empty.jpg', 623, NULL, NULL, NULL, NULL, NULL, '2016-11-20 15:41:44', NULL),
(775, 'Mr. Zeeshan Bhutta', NULL, NULL, 'uploads/Empty.jpg', 624, NULL, NULL, NULL, NULL, NULL, '2016-11-20 15:41:44', NULL),
(776, 'Mr. K. Kaniuk', NULL, NULL, 'uploads/Empty.jpg', 626, NULL, NULL, NULL, NULL, NULL, '2016-11-20 15:41:44', NULL),
(777, 'Frau Bozena Wojtukiewicz , Herr Jamil Sarris', NULL, NULL, 'uploads/Empty.jpg', 627, NULL, NULL, NULL, NULL, NULL, '2016-11-20 15:41:44', NULL),
(778, 'Ms. Renata Zagajewska', NULL, NULL, 'uploads/Empty.jpg', 629, NULL, NULL, NULL, NULL, NULL, '2016-11-20 15:41:44', NULL),
(779, 'Mr. Slaw Slabon', NULL, NULL, 'uploads/Empty.jpg', 630, NULL, NULL, NULL, NULL, NULL, '2016-11-20 15:41:44', NULL),
(780, 'Frau Irena Wierzioch', NULL, NULL, 'uploads/Empty.jpg', 631, NULL, NULL, NULL, NULL, NULL, '2016-11-20 15:41:44', NULL),
(781, 'Mr. S. Karwala', NULL, NULL, 'uploads/Empty.jpg', 633, NULL, NULL, NULL, NULL, NULL, '2016-11-20 15:41:44', NULL),
(782, 'Herr Jakub Zychal', NULL, NULL, 'uploads/Empty.jpg', 634, NULL, NULL, NULL, NULL, NULL, '2016-11-20 15:41:44', NULL),
(783, 'Herr Marek Wieteska', NULL, NULL, 'uploads/Empty.jpg', 635, NULL, NULL, NULL, NULL, NULL, '2016-11-20 15:41:44', NULL),
(784, 'Mrs. Anna Domagala', NULL, NULL, 'uploads/Empty.jpg', 636, NULL, NULL, NULL, NULL, NULL, '2016-11-20 15:41:44', NULL),
(785, 'Mrs. Dorota Langiewicz', NULL, NULL, 'uploads/Empty.jpg', 637, NULL, NULL, NULL, NULL, NULL, '2016-11-20 15:41:44', NULL),
(786, 'Mr. Marcin Kunski', NULL, NULL, 'uploads/Empty.jpg', 638, NULL, NULL, NULL, NULL, NULL, '2016-11-20 15:41:44', NULL),
(787, 'Frau Andrea Pfeiffer Saldsiedder', NULL, NULL, 'uploads/Empty.jpg', 639, NULL, NULL, NULL, NULL, NULL, '2016-11-20 15:41:44', NULL),
(788, 'Sr. Fernando Sanchez , Sr. Miguel Sanchez', NULL, NULL, 'uploads/Empty.jpg', 640, NULL, NULL, NULL, NULL, NULL, '2016-11-20 15:41:44', NULL),
(789, 'Mr. Oktay Paksoy', NULL, NULL, 'uploads/Empty.jpg', 641, NULL, NULL, NULL, NULL, NULL, '2016-11-20 15:41:44', NULL),
(790, 'Mr. Doroftei Ciprian', NULL, NULL, 'uploads/Empty.jpg', 642, NULL, NULL, NULL, NULL, NULL, '2016-11-20 15:41:44', NULL),
(791, 'Mrs. Nicoleta Khan', NULL, NULL, 'uploads/Empty.jpg', 643, NULL, NULL, NULL, NULL, NULL, '2016-11-20 15:41:44', NULL),
(792, 'Mr. Elnur Jafarov', NULL, NULL, 'uploads/Empty.jpg', 645, NULL, NULL, NULL, NULL, NULL, '2016-11-20 15:41:44', NULL),
(793, 'Mr. Anton Y. Semenov', NULL, NULL, 'uploads/Empty.jpg', 646, NULL, NULL, NULL, NULL, NULL, '2016-11-20 15:41:44', NULL),
(794, 'Mr. Alexey Shemyakin', NULL, NULL, 'uploads/Empty.jpg', 647, NULL, NULL, NULL, NULL, NULL, '2016-11-20 15:41:44', NULL),
(795, 'Mr. Zakharovich Yashaev', NULL, NULL, 'uploads/Empty.jpg', 648, NULL, NULL, NULL, NULL, NULL, '2016-11-20 15:41:44', NULL),
(796, 'Mrs. Brigitta Pihlgren', NULL, NULL, 'uploads/Empty.jpg', 650, NULL, NULL, NULL, NULL, NULL, '2016-11-20 15:41:44', NULL),
(797, 'Herr I. Suhner , Herr S. Pepe', NULL, NULL, 'uploads/Empty.jpg', 651, NULL, NULL, NULL, NULL, NULL, '2016-11-20 15:41:44', NULL),
(798, 'Herr Ernst Z\'Graggen', NULL, NULL, 'uploads/Empty.jpg', 652, NULL, NULL, NULL, NULL, NULL, '2016-11-20 15:41:44', NULL),
(799, 'Herr Daniel M. Maeder', NULL, NULL, 'uploads/Empty.jpg', 653, NULL, NULL, NULL, NULL, NULL, '2016-11-20 15:41:44', NULL),
(800, 'Frau Brigitte Buhlmann', NULL, NULL, 'uploads/Empty.jpg', 654, NULL, NULL, NULL, NULL, NULL, '2016-11-20 15:41:44', NULL),
(801, 'Herr Matthias Stuck', NULL, NULL, 'uploads/Empty.jpg', 655, NULL, NULL, NULL, NULL, NULL, '2016-11-20 15:41:44', NULL),
(802, 'Mr. Anton Skubic', NULL, NULL, 'uploads/Empty.jpg', 658, NULL, NULL, NULL, NULL, NULL, '2016-11-20 15:41:44', NULL),
(803, 'Sr. Maestre', NULL, NULL, 'uploads/Empty.jpg', 659, NULL, NULL, NULL, NULL, NULL, '2016-11-20 15:41:45', NULL),
(804, 'Sr. Suescun , Sr. Pol Echarri', NULL, NULL, 'uploads/Empty.jpg', 660, NULL, NULL, NULL, NULL, NULL, '2016-11-20 15:41:45', NULL),
(805, 'Sra Elena Ors , Sr. Jordi Ors', NULL, NULL, 'uploads/Empty.jpg', 661, NULL, NULL, NULL, NULL, NULL, '2016-11-20 15:41:45', NULL),
(806, 'Sr. Noguer , Sr. Costa', NULL, NULL, 'uploads/Empty.jpg', 662, NULL, NULL, NULL, NULL, NULL, '2016-11-20 15:41:45', NULL),
(807, 'Sr. Jose Ors', NULL, NULL, 'uploads/Empty.jpg', 663, NULL, NULL, NULL, NULL, NULL, '2016-11-20 15:41:45', NULL),
(809, 'Sr. Domenech / Sr. Campos', NULL, NULL, 'uploads/Empty.jpg', 666, NULL, NULL, NULL, NULL, NULL, '2016-11-20 15:41:45', NULL),
(810, 'Sr. Mateos , Srta. Cristina', NULL, NULL, 'uploads/Empty.jpg', 667, NULL, NULL, NULL, NULL, NULL, '2016-11-20 15:41:45', NULL),
(811, 'Sr. Jordi Turon', NULL, NULL, 'uploads/Empty.jpg', 668, NULL, NULL, NULL, NULL, NULL, '2016-11-20 15:41:45', NULL),
(812, 'Sr. Fernando Cremades', NULL, NULL, 'uploads/Empty.jpg', 670, NULL, NULL, NULL, NULL, NULL, '2016-11-20 15:41:45', NULL),
(813, 'Sr. Bosch', NULL, NULL, 'uploads/Empty.jpg', 671, NULL, NULL, NULL, NULL, NULL, '2016-11-20 15:41:45', NULL),
(814, 'Sr. David Cosialls', NULL, NULL, 'uploads/Empty.jpg', 672, NULL, NULL, NULL, NULL, NULL, '2016-11-20 15:41:45', NULL),
(815, 'Sr. Jorge Gonzalez , Sr. Javier Gonzalez', NULL, NULL, 'uploads/Empty.jpg', 673, NULL, NULL, NULL, NULL, NULL, '2016-11-20 15:41:45', NULL),
(816, 'Leandro Guerrero Martinez', NULL, NULL, 'uploads/Empty.jpg', 674, NULL, NULL, NULL, NULL, NULL, '2016-11-20 15:41:45', NULL),
(817, 'Sr. Joaquin Nuno Rio', NULL, NULL, 'uploads/Empty.jpg', 675, NULL, NULL, NULL, NULL, NULL, '2016-11-20 15:41:45', NULL),
(818, 'Mr. Jordi Aymerich', NULL, NULL, 'uploads/Empty.jpg', 676, NULL, NULL, NULL, NULL, NULL, '2016-11-20 15:41:45', NULL),
(819, 'Sr. Rafael Mateos Gil', NULL, NULL, 'uploads/Empty.jpg', 677, NULL, NULL, NULL, NULL, NULL, '2016-11-20 15:41:45', NULL),
(820, 'Sr. Ivan Garcia Elvira', NULL, NULL, 'uploads/Empty.jpg', 678, NULL, NULL, NULL, NULL, NULL, '2016-11-20 15:41:45', NULL),
(821, 'Sr. Jose Manuel Solera Lopez', NULL, NULL, 'uploads/Empty.jpg', 679, NULL, NULL, NULL, NULL, NULL, '2016-11-20 15:41:45', NULL),
(822, 'Sr. Andres Lacasa', NULL, NULL, 'uploads/Empty.jpg', 680, NULL, NULL, NULL, NULL, NULL, '2016-11-20 15:41:45', NULL),
(823, 'Sr. Miguel Salinas', NULL, NULL, 'uploads/Empty.jpg', 681, NULL, NULL, NULL, NULL, NULL, '2016-11-20 15:41:45', NULL),
(824, 'Sr. Sergio Febula , Sr. Jose Luis Puente', NULL, NULL, 'uploads/Empty.jpg', 682, NULL, NULL, NULL, NULL, NULL, '2016-11-20 15:41:45', NULL),
(825, 'Sr. Francisco Ramirez Villena', NULL, NULL, 'uploads/Empty.jpg', 683, NULL, NULL, NULL, NULL, NULL, '2016-11-20 15:41:45', NULL),
(826, 'S. Feras Tfankji , S. Radwan Tfankji', NULL, NULL, 'uploads/Empty.jpg', 684, NULL, NULL, NULL, NULL, NULL, '2016-11-20 15:41:45', NULL),
(827, 'Sr. Jose Luis Vasquez', NULL, NULL, 'uploads/Empty.jpg', 685, NULL, NULL, NULL, NULL, NULL, '2016-11-20 15:41:45', NULL),
(828, 'Mr. Youssed Mourrawi', NULL, NULL, 'uploads/Empty.jpg', 686, NULL, NULL, NULL, NULL, NULL, '2016-11-20 15:41:45', NULL),
(829, 'Mr. Omar Abdul Kader Maaz , Mr. Abdul Hamid Maaz', NULL, NULL, 'uploads/Empty.jpg', 687, NULL, NULL, NULL, NULL, NULL, '2016-11-20 15:41:45', NULL),
(830, 'Mr. Mohammed Ali Tfenkji', NULL, NULL, 'uploads/Empty.jpg', 688, NULL, NULL, NULL, NULL, NULL, '2016-11-20 15:41:45', NULL),
(831, 'Mr. Basile A.H. Charaoui', NULL, NULL, 'uploads/Empty.jpg', 689, NULL, NULL, NULL, NULL, NULL, '2016-11-20 15:41:45', NULL),
(832, 'Mr. Omar Rahmani', NULL, NULL, 'uploads/Empty.jpg', 690, NULL, NULL, NULL, NULL, NULL, '2016-11-20 15:41:45', NULL),
(833, 'Mr. Maher Felo , Mr. Nabil Felo , Mr. Khaled Alshe', NULL, NULL, 'uploads/Empty.jpg', 691, NULL, NULL, NULL, NULL, NULL, '2016-11-20 15:41:45', NULL),
(834, 'Mr. Stephen Chuu', NULL, NULL, 'uploads/Empty.jpg', 692, NULL, NULL, NULL, NULL, NULL, '2016-11-20 15:41:45', NULL),
(835, 'Mr. Akhlaq Haider', NULL, NULL, 'uploads/Empty.jpg', 693, NULL, NULL, NULL, NULL, NULL, '2016-11-20 15:41:45', NULL),
(836, 'Mr. Ludek Sleis', NULL, NULL, 'uploads/Empty.jpg', 695, NULL, NULL, NULL, NULL, NULL, '2016-11-20 15:41:45', NULL),
(837, 'Mr. Bohuslav Majer', NULL, NULL, 'uploads/Empty.jpg', 696, NULL, NULL, NULL, NULL, NULL, '2016-11-20 15:41:45', NULL),
(838, 'Herr Ales Herold', NULL, NULL, 'uploads/Empty.jpg', 697, NULL, NULL, NULL, NULL, NULL, '2016-11-20 15:41:45', NULL),
(839, 'Mrs. Dana Liskova', NULL, NULL, 'uploads/Empty.jpg', 698, NULL, NULL, NULL, NULL, NULL, '2016-11-20 15:41:45', NULL),
(840, 'Mr. Kahraman Yildiz', NULL, NULL, 'uploads/Empty.jpg', 699, NULL, NULL, NULL, NULL, NULL, '2016-11-20 15:41:45', NULL),
(841, 'Mr. Necmettin Altay', NULL, NULL, 'uploads/Empty.jpg', 700, NULL, NULL, NULL, NULL, NULL, '2016-11-20 15:41:46', NULL),
(842, 'Mr. K. Ozkaya', NULL, NULL, 'uploads/Empty.jpg', 701, NULL, NULL, NULL, NULL, NULL, '2016-11-20 15:41:46', NULL),
(843, 'Mr. Ahmet Tura Kadioglu , Ms. Seniye Kazanc', NULL, NULL, 'uploads/Empty.jpg', 703, NULL, NULL, NULL, NULL, NULL, '2016-11-20 15:41:46', NULL),
(844, 'Mr. Serif Guler', NULL, NULL, 'uploads/Empty.jpg', 704, NULL, NULL, NULL, NULL, NULL, '2016-11-20 15:41:46', NULL),
(845, 'Mr. Ahmad Alhenno', NULL, NULL, 'uploads/Empty.jpg', 705, NULL, NULL, NULL, NULL, NULL, '2016-11-20 15:41:46', NULL),
(846, 'Mr. Oleksandr Kozich', NULL, NULL, 'uploads/Mr._Olexandr_Kozich_2012-12-9_04.12.01.jpg', 708, NULL, NULL, NULL, NULL, NULL, '2016-11-20 15:14:15', NULL);
INSERT INTO `members` (`id`, `name`, `phone`, `email`, `image`, `company_id`, `is_board_member`, `home`, `fax`, `skype`, `mobile`, `updated_at`, `created_at`) VALUES
(847, 'Mr. Gabor Beres', NULL, NULL, 'uploads/Empty.jpg', 709, NULL, NULL, NULL, NULL, NULL, '2016-11-20 15:41:46', NULL),
(848, 'Mrs. Marianna Vamos , Mr. Antonius L.G.M. van der ', NULL, NULL, 'uploads/Empty.jpg', 710, NULL, NULL, NULL, NULL, NULL, '2016-11-20 15:41:46', NULL),
(849, 'Sr. Fernando Secco Siqueira', NULL, NULL, 'uploads/Empty.jpg', 712, NULL, NULL, NULL, NULL, NULL, '2016-11-20 15:41:46', NULL),
(850, 'Sr. Carlos Arocena', NULL, NULL, 'uploads/Empty.jpg', 713, NULL, NULL, NULL, NULL, NULL, '2016-11-20 15:41:46', NULL),
(851, 'Mr. Morris Klasbole', NULL, NULL, 'uploads/Empty.jpg', 714, NULL, NULL, NULL, NULL, NULL, '2016-11-20 15:41:46', NULL),
(852, 'Mr. Issy Bank', NULL, NULL, 'uploads/Empty.jpg', 715, NULL, NULL, NULL, NULL, NULL, '2016-11-20 15:41:46', NULL),
(853, 'Mr. Manil Whig', NULL, NULL, 'uploads/Empty.jpg', 716, NULL, NULL, NULL, NULL, NULL, '2016-11-20 15:41:46', NULL),
(854, 'Mr. Peter Frey', NULL, NULL, 'uploads/Empty.jpg', 717, NULL, NULL, NULL, NULL, NULL, '2016-11-20 15:41:46', NULL),
(855, 'Mrs. Malika Sadikbekova', NULL, NULL, 'uploads/Mrs._Malika_Sadigbekova_2012-4-11_07.30.01.jpg', 718, NULL, NULL, NULL, NULL, NULL, '2016-11-20 15:14:15', NULL),
(856, 'Mr. Diab Hindi', NULL, NULL, 'uploads/Empty.jpg', 721, NULL, NULL, NULL, NULL, NULL, '2016-11-20 15:41:46', NULL),
(857, 'Herr Thomas Neher', NULL, NULL, 'uploads/Empty.jpg', 722, NULL, NULL, NULL, NULL, NULL, '2016-11-20 15:41:46', NULL),
(858, 'M. Michel Charmy', NULL, NULL, 'uploads/Empty.jpg', 723, NULL, NULL, NULL, NULL, NULL, '2016-11-20 15:41:46', NULL),
(859, 'Herr Pascal Mey , Herr Kurt Schaffner', NULL, NULL, 'uploads/Empty.jpg', 724, NULL, NULL, NULL, NULL, NULL, '2016-11-20 15:41:46', NULL),
(860, 'Herr Dipl.-Ing. Raimund Wohlgenannt', NULL, NULL, 'uploads/Empty.jpg', 725, NULL, NULL, NULL, NULL, NULL, '2016-11-20 15:41:46', NULL),
(861, 'Sr. Xavier Torras', NULL, NULL, 'uploads/Empty.jpg', 726, NULL, NULL, NULL, NULL, NULL, '2016-11-20 15:41:46', NULL),
(862, 'Mr. John Negron', NULL, NULL, 'uploads/Empty.jpg', 727, NULL, NULL, NULL, NULL, NULL, '2016-11-20 15:41:46', NULL),
(863, 'Frau Rintisch', NULL, NULL, 'uploads/Empty.jpg', 728, NULL, NULL, NULL, NULL, NULL, '2016-11-20 15:41:46', NULL),
(864, 'Mme. Magali Vincent', NULL, NULL, 'uploads/Empty.jpg', 729, NULL, NULL, NULL, NULL, NULL, '2016-11-20 15:41:46', NULL),
(865, 'Frau Ernst', NULL, NULL, 'uploads/Empty.jpg', 730, NULL, NULL, NULL, NULL, NULL, '2016-11-20 15:41:46', NULL),
(866, 'Marie- Helene Damman', NULL, NULL, 'uploads/Empty.jpg', 732, NULL, NULL, NULL, NULL, NULL, '2016-11-20 15:41:46', NULL),
(867, 'Frau Dr. Katrin Langner', NULL, NULL, 'uploads/Empty.jpg', 734, NULL, NULL, NULL, NULL, NULL, '2016-11-20 15:41:46', NULL),
(868, 'Mr. Philippe Grojean', NULL, NULL, 'uploads/Empty.jpg', 735, NULL, NULL, NULL, NULL, NULL, '2016-11-20 15:41:46', NULL),
(869, 'Mr. Reza Karimian', NULL, NULL, 'uploads/Empty.jpg', 736, NULL, NULL, NULL, NULL, NULL, '2016-11-20 15:41:46', NULL),
(870, 'Mr. Sikandar Bhutta', NULL, NULL, 'uploads/Empty.jpg', 739, NULL, NULL, NULL, NULL, NULL, '2016-11-20 15:41:46', NULL),
(871, 'Herr Jurek Bak', NULL, NULL, 'uploads/Empty.jpg', 740, NULL, NULL, NULL, NULL, NULL, '2016-11-20 15:41:46', NULL),
(872, 'Herr Stutzer', NULL, NULL, 'uploads/Empty.jpg', 743, NULL, NULL, NULL, NULL, NULL, '2016-11-20 15:41:46', NULL),
(873, 'Mr. Ali Ince', NULL, NULL, 'uploads/Empty.jpg', 744, NULL, NULL, NULL, NULL, NULL, '2016-11-20 15:41:46', NULL),
(874, 'Mr. Ovcharov', NULL, NULL, 'uploads/Empty.jpg', 745, NULL, NULL, NULL, NULL, NULL, '2016-11-20 15:41:46', NULL),
(875, 'Mr. Shah Mohammad', NULL, NULL, 'uploads/Empty.jpg', 746, NULL, NULL, NULL, NULL, NULL, '2016-11-20 15:41:46', NULL),
(876, 'M. Jean-Michel Panier', NULL, NULL, 'uploads/M._Jean-Michel_Panier_2012-1-3_04.26.37.jpg', 748, NULL, NULL, NULL, NULL, NULL, '2016-11-20 15:14:15', NULL),
(877, 'Mr. Jason Zhe', NULL, NULL, 'uploads/Empty.jpg', 749, NULL, NULL, NULL, NULL, NULL, '2016-11-20 15:41:46', NULL),
(878, 'Herr Schulz', NULL, NULL, 'uploads/Empty.jpg', 750, NULL, NULL, NULL, NULL, NULL, '2016-11-20 15:41:47', NULL),
(879, 'Herr Adnan Al-Wattar', NULL, NULL, 'uploads/Empty.jpg', 751, NULL, NULL, NULL, NULL, NULL, '2016-11-20 15:41:47', NULL),
(880, 'Herr Ertugrul Ertarla', NULL, NULL, 'uploads/Empty.jpg', 752, NULL, NULL, NULL, NULL, NULL, '2016-11-20 15:41:47', NULL),
(881, 'Mr. Husmen Ceyhan', NULL, NULL, 'uploads/Empty.jpg', 753, NULL, NULL, NULL, NULL, NULL, '2016-11-20 15:41:47', NULL),
(882, 'Mr. Juergen Maurer', NULL, NULL, 'uploads/Empty.jpg', 754, NULL, NULL, NULL, NULL, NULL, '2016-11-20 15:41:47', NULL),
(883, 'Mr. John Grundy', NULL, NULL, 'uploads/Empty.jpg', 755, NULL, NULL, NULL, NULL, NULL, '2016-11-20 15:41:47', NULL),
(884, 'Herr Oliver Woiwode', NULL, NULL, 'uploads/Empty.jpg', 757, NULL, NULL, NULL, NULL, NULL, '2016-11-20 15:41:47', NULL),
(885, 'Mr. Mike Talbot', NULL, NULL, 'uploads/Empty.jpg', 758, NULL, NULL, NULL, NULL, NULL, '2016-11-20 15:41:47', NULL),
(886, 'Mr. Hazim Kezze', NULL, NULL, 'uploads/Empty.jpg', 759, NULL, NULL, NULL, NULL, NULL, '2016-11-20 15:41:47', NULL),
(887, 'Mr. Tony Creaves', NULL, NULL, 'uploads/Empty.jpg', 760, NULL, NULL, NULL, NULL, NULL, '2016-11-20 15:41:47', NULL),
(888, 'Mr. C. Gibbons', NULL, NULL, 'uploads/Empty.jpg', 761, NULL, NULL, NULL, NULL, NULL, '2016-11-20 15:41:47', NULL),
(889, 'Mr. Philipp Ahrens', NULL, NULL, 'uploads/Empty.jpg', 201, NULL, NULL, NULL, NULL, NULL, '2016-11-20 15:41:47', NULL),
(891, 'M. Loic Abgrall', NULL, NULL, 'uploads/M._Loic_Abgrall_2012-1-3_04.27.15.jpg', 748, NULL, NULL, NULL, NULL, NULL, '2016-11-20 15:14:15', NULL),
(893, 'Mr. Alexander Surin', NULL, NULL, 'uploads/Empty.jpg', 276, NULL, NULL, NULL, NULL, NULL, '2016-11-20 15:41:47', NULL),
(894, 'Ms. Anna Yunyakova', NULL, NULL, 'uploads/Empty.jpg', 276, NULL, NULL, NULL, NULL, NULL, '2016-11-20 15:41:47', NULL),
(896, 'Mr. Muhammed Seker', NULL, NULL, 'uploads/Mr._Muhammed_Seker_2012-1-8_05.23.40.jpg', 336, NULL, NULL, NULL, NULL, NULL, '2016-11-20 15:14:15', NULL),
(899, 'Mr. Mohamed Sorsaur', NULL, NULL, 'uploads/Mr._Mohamed_Sorsaur_2012-2-1_05.47.06.jpg', 763, NULL, NULL, NULL, NULL, NULL, '2016-11-20 15:14:15', NULL),
(900, 'Mr. Ali-Reza Sadat', NULL, NULL, 'uploads/Empty.jpg', 764, NULL, NULL, NULL, NULL, NULL, '2016-11-20 15:41:47', NULL),
(902, 'Mr. Shinsuke Terada', NULL, NULL, 'uploads/Mr._Shinsuke_Terada_2012-1-31_07.06.46.jpg', 765, NULL, NULL, NULL, NULL, NULL, '2016-11-20 15:14:15', NULL),
(904, 'Ms.  Anne -séverine Grojean', NULL, NULL, 'uploads/Empty.jpg', 98, NULL, NULL, NULL, NULL, NULL, '2016-11-20 15:41:47', NULL),
(906, 'Mr. Casper Ticheloven', NULL, NULL, 'uploads/Empty.jpg', 123, NULL, NULL, NULL, NULL, NULL, '2016-11-20 15:41:47', NULL),
(907, 'Mr.  KinLeung Leow', NULL, NULL, 'uploads/Empty.jpg', 226, NULL, NULL, NULL, NULL, NULL, '2016-11-20 15:41:47', NULL),
(908, 'Ms. Hu Gengjie', NULL, NULL, 'uploads/Empty.jpg', 766, NULL, NULL, NULL, NULL, NULL, '2016-11-20 15:41:47', NULL),
(909, 'Mr. Wang Haigen', NULL, NULL, 'uploads/Empty.jpg', 766, NULL, NULL, NULL, NULL, NULL, '2016-11-20 15:41:47', NULL),
(912, 'Mr. Alexandre Den Julio', NULL, NULL, 'uploads/Empty.jpg', 377, NULL, NULL, NULL, NULL, NULL, '2016-11-20 15:41:47', NULL),
(913, 'Ms. Susan Ho', NULL, NULL, 'uploads/Ms._Susan_Ho_2012-3-18_10.03.07.jpg', 769, NULL, NULL, NULL, NULL, NULL, '2016-11-20 15:14:15', NULL),
(914, 'Mr. Joy Wang', NULL, NULL, 'uploads/Mr._Joy_Wang_2012-3-18_10.03.56.jpg', 769, NULL, NULL, NULL, NULL, NULL, '2016-11-20 15:14:15', NULL),
(915, 'Sr. Sergi Turon', NULL, NULL, 'uploads/Empty.jpg', 668, NULL, NULL, NULL, NULL, NULL, '2016-11-20 15:41:47', NULL),
(916, 'Mr. Humberto Bergner', NULL, 'export@uniaocasings.com.br', 'uploads/Mr._Humberto_Bergner_2012-2-26_05.41.19.jpg', 770, NULL, NULL, NULL, NULL, '+55 14 3554 4436', '2017-08-20 11:17:30', NULL),
(917, 'Mr. Gustavo Henrique Roatt', NULL, NULL, 'uploads/Mr._Gustavo_Henrique_Roatt_2012-2-26_06.02.24.jpg', 770, NULL, NULL, NULL, NULL, NULL, '2016-11-20 15:14:15', NULL),
(918, 'Mr. Pedro Martinez Sanchez', NULL, NULL, 'uploads/Mr._Pedro_Martinez_Sangmez_2012-2-29_05.14.04.jpg', 771, NULL, NULL, NULL, NULL, NULL, '2016-11-20 15:14:15', NULL),
(919, 'Mr. Antonio Martinez Ballesta', NULL, NULL, 'uploads/Mr._Antonio_Martinez_Ballesta_2012-2-29_05.14.50.jpg', 771, NULL, NULL, NULL, NULL, NULL, '2016-11-20 15:14:15', NULL),
(920, 'Mr. Marcel Munoz', NULL, NULL, 'uploads/Empty.jpg', 772, NULL, NULL, NULL, NULL, NULL, '2016-11-20 15:41:47', NULL),
(921, 'Nr. Guillem Munoz', NULL, NULL, 'uploads/Empty.jpg', 772, NULL, NULL, NULL, NULL, NULL, '2016-11-20 15:41:47', NULL),
(922, 'Mr. Jan Roelsgaard', NULL, NULL, 'uploads/Mr._Jan_Roelsgaard_2012-3-22_07.41.56.jpg', 773, NULL, NULL, NULL, NULL, NULL, '2016-11-20 15:14:15', NULL),
(923, 'Mr. Joris Wijnker', NULL, NULL, 'uploads/Mr._Joris_Wijnker_2012-3-22_07.42.27.jpg', 773, NULL, NULL, NULL, NULL, NULL, '2016-11-20 15:14:15', NULL),
(924, 'Ms. Yanhui Zhai', NULL, NULL, 'uploads/Empty.jpg', 774, NULL, NULL, NULL, NULL, NULL, '2016-11-20 15:41:47', NULL),
(925, 'Irina Migulina', NULL, NULL, 'uploads/Empty.jpg', 775, NULL, NULL, NULL, NULL, NULL, '2016-11-20 15:41:47', NULL),
(926, 'Mr. Changjiang Liu', NULL, NULL, 'uploads/Empty.jpg', 776, NULL, NULL, NULL, NULL, NULL, '2016-11-20 15:41:47', NULL),
(927, 'Mr. Nacho Echeverria', NULL, NULL, 'uploads/Mr._Nacho_Echeverria_2012-4-25_05.18.27.jpg', 777, NULL, NULL, NULL, NULL, NULL, '2016-11-20 15:14:16', NULL),
(928, 'Mr. Albert Morera', NULL, NULL, 'uploads/Empty.jpg', 777, NULL, NULL, NULL, NULL, NULL, '2016-11-20 15:41:47', NULL),
(929, 'Mr. Anouar Nahas', NULL, NULL, 'uploads/Mr._Anouar_Nahas_2012-5-3_06.28.10.jpg', 778, NULL, NULL, NULL, NULL, NULL, '2016-11-20 15:14:16', NULL),
(930, 'Mr. Mohamed Zohir Nahas', NULL, NULL, 'uploads/Mr._Mohamed_Zohir_Nahas_2012-5-3_06.34.35.jpg', 778, NULL, NULL, NULL, NULL, NULL, '2016-11-20 15:14:16', NULL),
(931, 'Mr. Walter Wang', NULL, NULL, 'uploads/Empty.jpg', 411, NULL, NULL, NULL, NULL, NULL, '2016-11-20 15:41:47', NULL),
(934, 'Mr. Joan Aymerich', NULL, NULL, 'uploads/Empty.jpg', 676, NULL, NULL, NULL, NULL, NULL, '2016-11-20 15:41:47', NULL),
(935, 'Mr. Grzegorz Harciarek', NULL, NULL, 'uploads/Empty.jpg', 780, NULL, NULL, NULL, NULL, NULL, '2016-11-20 15:41:47', NULL),
(936, 'Mr. Kobus Geldenhuys', NULL, NULL, 'uploads/Empty.jpg', 77, NULL, NULL, NULL, NULL, NULL, '2016-11-20 15:41:47', NULL),
(937, 'Mr. Hideo Shimokai', NULL, NULL, 'uploads/Empty.jpg', 781, NULL, NULL, NULL, NULL, NULL, '2016-11-20 15:41:47', NULL),
(938, 'Mr. Daisoke Kondo', NULL, NULL, 'uploads/Empty.jpg', 781, NULL, NULL, NULL, NULL, NULL, '2016-11-20 15:41:47', NULL),
(939, 'Mrs. Marie Jose Baudry', NULL, NULL, 'uploads/Mrs._Baudry_2012-6-25_06.34.16.jpg', 782, NULL, NULL, NULL, NULL, NULL, '2016-11-20 15:14:16', NULL),
(940, 'Mr. Paul Daly', NULL, NULL, 'uploads/Empty.jpg', 171, NULL, NULL, NULL, NULL, NULL, '2016-11-20 15:41:47', NULL),
(1015, 'Mr. Vicente Gallent', NULL, NULL, 'uploads/Mr._Vicente_Gallent_2012-10-23_04.52.07.jpg', 73, NULL, NULL, NULL, NULL, NULL, '2016-11-20 15:14:16', NULL),
(1017, 'Mr. Ernest Safronov', NULL, NULL, 'uploads/Empty.jpg', 74, NULL, NULL, NULL, NULL, NULL, '2016-11-20 15:41:48', NULL),
(1018, 'Mr. Bill Williamson', NULL, NULL, 'uploads/Empty.jpg', 14, NULL, NULL, NULL, NULL, NULL, '2016-11-20 15:41:48', NULL),
(1019, 'Mr. Glenn Canny', NULL, NULL, 'uploads/Empty.jpg', 14, NULL, NULL, NULL, NULL, NULL, '2016-11-20 15:41:48', NULL),
(1020, 'Mr. Barry Clarke', NULL, NULL, 'uploads/Empty.jpg', 14, NULL, NULL, NULL, NULL, NULL, '2016-11-20 15:41:48', NULL),
(1023, 'Mr. Ruifeng Ma', NULL, NULL, 'uploads/Mr._Ruifeng_Ma_2013-2-5_06.10.20.jpg', 894, NULL, NULL, NULL, NULL, NULL, '2016-11-20 15:14:16', NULL),
(1024, 'Mr. James Ma', NULL, NULL, 'uploads/Empty.jpg', 894, NULL, NULL, NULL, NULL, NULL, '2016-11-20 15:41:48', NULL),
(1025, 'Mr. Muhammad Ramzan Bhutta', NULL, NULL, 'uploads/Mr._Muhammad_Ramzan_Bhutta_2013-2-5_05.48.53.jpg', 895, NULL, NULL, NULL, NULL, NULL, '2016-11-20 15:14:16', NULL),
(1026, 'Mr. Muhammad Imran Bhutta', NULL, NULL, 'uploads/Mr._Muhammad_Imran_Bhutta_2013-2-3_06.59.00.jpg', 895, NULL, NULL, NULL, 'emranbhutta', NULL, '2016-11-20 15:14:16', NULL),
(1027, 'Mr. Muhammad Ramzan Bhutta', NULL, NULL, 'uploads/Mr._Muhammad_Ramzan_Bhutta_2013-2-5_05.46.23.jpg', 613, NULL, NULL, NULL, NULL, NULL, '2016-11-20 15:14:16', NULL),
(1028, 'Mr. Jason Cheuwei', NULL, NULL, 'uploads/Mr._Jason_Cheuwei_2013-2-12_05.34.08.jpg', 896, NULL, NULL, NULL, 'jasoncasingfood', NULL, '2016-11-20 15:14:16', NULL),
(1029, 'Mr. Zhang Zhz', NULL, NULL, 'uploads/Empty.jpg', 896, NULL, NULL, NULL, NULL, NULL, '2016-11-20 15:41:48', NULL),
(1030, 'Mr. Phil Schwartz', NULL, 'phil@dcwcasing.com', 'uploads/Empty.jpg', 897, NULL, NULL, NULL, NULL, NULL, '2016-11-20 15:41:48', NULL),
(1031, 'Mr. David Gordon', NULL, 'dgordon@dcwcasing.com', 'uploads/Empty.jpg', 897, NULL, NULL, NULL, NULL, NULL, '2016-11-20 15:41:48', NULL),
(1033, 'Mr. Ghulam Abbas', NULL, NULL, 'uploads/Mr._Ghulam_Abbas_2013-2-18_07.03.36.jpg', 898, NULL, NULL, NULL, NULL, NULL, '2016-11-20 15:14:16', NULL),
(1034, 'Mr. Muzammel Abbas', NULL, NULL, 'uploads/Empty.jpg', 898, NULL, NULL, NULL, 'muzammel.abbas', NULL, '2016-11-20 15:41:48', NULL),
(1036, 'Mr. Li Cheng', NULL, NULL, 'uploads/Empty.jpg', 900, NULL, NULL, NULL, NULL, NULL, '2016-11-20 15:41:48', NULL),
(1039, 'Mr. Corne Holdijk', NULL, NULL, 'uploads/Empty.jpg', 899, NULL, NULL, NULL, NULL, NULL, '2016-11-20 15:41:48', NULL),
(1043, 'Mr. Miquel Rodriguiz', NULL, NULL, 'uploads/MIQUEL_RODRIGUEZ_2013-3-20_10.32.23.jpg', 904, NULL, NULL, NULL, NULL, NULL, '2016-11-20 15:14:16', NULL),
(1044, 'Mr. Aurelio Perez', NULL, NULL, 'uploads/AURELIO_PEREZ_2013-3-20_10.34.39.jpg', 904, NULL, NULL, NULL, NULL, NULL, '2016-11-20 15:14:16', NULL),
(1045, 'Mohamed Ashraf', NULL, NULL, 'uploads/Empty.jpg', 905, NULL, NULL, NULL, NULL, NULL, '2016-11-20 15:41:48', NULL),
(1048, 'ABID HUSSAIN', NULL, NULL, 'uploads/Empty.jpg', 908, NULL, NULL, NULL, NULL, NULL, '2016-11-20 15:41:48', NULL),
(1049, 'SHAHID JAVAID', NULL, NULL, 'uploads/Empty.jpg', 908, NULL, NULL, NULL, NULL, NULL, '2016-11-20 15:41:48', NULL),
(1051, 'Mr. Zhang Wen Qing', NULL, NULL, 'uploads/Empty.jpg', 910, NULL, NULL, NULL, NULL, NULL, '2016-11-20 15:41:48', NULL),
(1052, 'Sheikh Muhammad Sharif', NULL, NULL, 'uploads/Empty.jpg', 907, NULL, NULL, NULL, NULL, NULL, '2016-11-20 15:41:48', NULL),
(1053, 'Mr. Zhang Yu Bin', NULL, NULL, 'uploads/ZHANG_YU_BIN_2013-4-1_06.01.39.jpg', 910, NULL, NULL, NULL, NULL, NULL, '2016-11-20 15:14:16', NULL),
(1054, 'Mr. Abdulazim Hanno', NULL, NULL, 'uploads/ABDULAZIM_HANNO_2013-4-3_07.14.04.jpg', 706, NULL, NULL, NULL, NULL, NULL, '2016-11-20 15:14:16', NULL),
(1055, 'Ms. Natalia Zgonnyk', NULL, NULL, 'uploads/NATALIA_ZGONNYK_2013-4-3_07.15.01.jpg', 706, NULL, NULL, NULL, NULL, NULL, '2016-11-20 15:14:16', NULL),
(1056, 'Mr. Muhammad Attique', NULL, NULL, 'uploads/MUHAMMAD_ATTIQUE_2013-4-4_08.52.51.jpg', 907, NULL, NULL, NULL, NULL, NULL, '2016-11-20 15:14:16', NULL),
(1058, 'Mr. Hans-Georg Radauer', NULL, 'hgr@radauer-johann.at', 'uploads/Empty.jpg', 911, NULL, NULL, NULL, NULL, NULL, '2017-06-15 13:25:23', NULL),
(1059, 'Mr. Ma Hao', NULL, NULL, 'uploads/MA_HAO_2013-5-22_05.12.00.jpg', 912, NULL, NULL, NULL, NULL, NULL, '2016-11-20 15:14:16', NULL),
(1060, 'YANG NA', NULL, 'nana_forever@live.com', 'uploads/Empty.jpg', 912, NULL, NULL, NULL, NULL, NULL, '2016-11-20 15:41:48', NULL),
(1061, 'Mr. Mandt Fred', NULL, NULL, 'uploads/Empty.jpg', 899, NULL, NULL, NULL, NULL, NULL, '2016-11-20 15:41:48', NULL),
(1062, 'Mr. Richard Kratschmer', '551130975544', 'richard.kratschmer@lopesco.com.br', 'uploads/Mr._Richard_Kratschmer_2013-10-30_04.28.26.jpg', 161, -1, '551126131331', NULL, 'rkratschmer', NULL, '2016-11-20 15:14:16', NULL),
(1063, 'MUHAMMAD RIAZ', NULL, 'mriaz@cyber.net.pk', 'uploads/MUHAMMAD_RIAZ_2013-6-13_06.46.43.jpg', 604, NULL, NULL, NULL, NULL, NULL, '2016-11-20 15:14:16', NULL),
(1064, 'SHEIKH RAUF SAEED', NULL, 'rauf_goreja@hotmail.com', 'uploads/SHEIKH_RAUF_SAEED_2013-6-13_06.43.44.jpg', 604, NULL, NULL, NULL, NULL, NULL, '2016-11-20 15:14:16', NULL),
(1065, 'SHAIKH MUHAMMAD SHAKIR', NULL, NULL, 'uploads/SHAIKH_MUHAMMAD_SHAKIR_2013-6-13_06.45.34.jpg', 604, NULL, NULL, NULL, NULL, NULL, '2016-11-20 15:14:16', NULL),
(1066, 'Mr. Omer Yildirim', NULL, NULL, 'uploads/Empty.jpg', 914, NULL, NULL, NULL, NULL, NULL, '2016-11-20 15:41:48', NULL),
(1067, 'Mr. Giovanni Bizziocchi', NULL, NULL, 'uploads/Empty.jpg', 138, NULL, NULL, NULL, NULL, NULL, '2016-11-20 15:41:48', NULL),
(1068, 'Mr. Sevin Biniks', NULL, NULL, 'uploads/Empty.jpg', 914, NULL, NULL, NULL, NULL, NULL, '2016-11-20 15:41:48', NULL),
(1069, 'Mr. Alexey Shikhman', NULL, NULL, 'uploads/Empty.jpg', 901, NULL, NULL, NULL, NULL, NULL, '2016-11-20 15:41:48', NULL),
(1070, 'Ms. Konstantin Blyum', NULL, NULL, 'uploads/Empty.jpg', 901, NULL, NULL, NULL, NULL, NULL, '2016-11-20 15:41:48', NULL),
(1071, 'Mr. Song Lei', NULL, 'songlei_2012@hotmail.com', 'uploads/Song_Lei_2014-6-2_04.46.03.jpg', 913, NULL, NULL, NULL, NULL, NULL, '2017-06-15 13:33:27', NULL),
(1072, 'Mr. Jose Roberto Marino', NULL, NULL, 'uploads/Empty.jpg', 96, NULL, NULL, NULL, NULL, NULL, '2016-11-20 15:41:48', NULL),
(1073, 'Mr. Roland Strobel', NULL, NULL, 'uploads/ROLAND_STROBEL_2014-1-23_05.30.52.jpg', 915, NULL, NULL, NULL, NULL, NULL, '2017-06-15 13:50:23', NULL),
(1074, 'Mr. Volker Kipper', NULL, NULL, 'uploads/VOLKER_KIPPER_2014-1-23_05.36.08.jpg', 915, NULL, NULL, NULL, NULL, NULL, '2017-06-15 13:50:23', NULL),
(1075, 'Mr. Jerry Ryan', NULL, 'jryan@greatwestllc.com', 'uploads/Empty.jpg', 916, NULL, NULL, NULL, NULL, NULL, '2017-06-15 12:44:02', NULL),
(1077, 'Ms. Nicolette Raaijmakers', NULL, NULL, 'uploads/Empty.jpg', 64, NULL, NULL, NULL, NULL, NULL, '2016-11-20 15:41:48', NULL),
(1080, 'Mr.Jalal Laham', NULL, NULL, 'uploads/JALAL_LAHAM_2014-2-19_06.01.58.jpg', 918, NULL, NULL, NULL, NULL, NULL, '2016-11-20 15:14:16', NULL),
(1081, 'Mr.Zhou Jianqing', NULL, NULL, 'uploads/ZHOU_JIANGING_2014-2-19_06.02.25.jpg', 918, NULL, NULL, NULL, NULL, NULL, '2016-11-20 15:14:16', NULL),
(1084, 'Mr. Cao Wei', NULL, NULL, 'uploads/CAO_WEI_2014-3-30_06.36.18.jpg', 919, NULL, NULL, NULL, NULL, NULL, '2016-11-20 15:14:16', NULL),
(1085, 'Ms. Wang Na', NULL, NULL, 'uploads/WANG_NA_2014-3-30_06.37.18.jpg', 919, NULL, NULL, NULL, NULL, NULL, '2016-11-20 15:14:16', NULL),
(1086, 'Mr. Dusan Milesevic', NULL, NULL, 'uploads/DUSAN_MILESEVIC_2014-3-11_05.25.30.jpg', 920, NULL, NULL, NULL, NULL, NULL, '2017-06-15 13:43:57', NULL),
(1087, 'Mr. Obrad Milesevic', NULL, NULL, 'uploads/OBRAD_MILESEVIC_2014-3-11_05.26.12.jpg', 920, NULL, NULL, NULL, NULL, NULL, '2017-06-15 13:43:57', NULL),
(1088, 'Dr.Ahmed M. Said Malak', NULL, NULL, 'uploads/Empty.jpg', 12, NULL, NULL, NULL, NULL, NULL, '2016-11-20 15:41:48', NULL),
(1090, 'Mr. Tony', NULL, NULL, NULL, 922, NULL, NULL, NULL, NULL, NULL, '2017-02-06 14:03:01', NULL),
(1094, 'Mr. Zhao Guo Hua', NULL, NULL, 'uploads/Empty.jpg', 414, NULL, NULL, NULL, NULL, NULL, '2016-11-20 15:41:48', NULL),
(1095, 'Mr. Dongxiang Wang', NULL, NULL, 'uploads/Empty.jpg', 197, NULL, NULL, NULL, NULL, NULL, '2016-11-20 15:41:48', NULL),
(1096, 'Mr. Luke Kavanagh', NULL, 'luke@nzcasings.co.nz', 'uploads/Empty.jpg', 923, NULL, NULL, NULL, NULL, NULL, '2017-06-15 13:38:33', NULL),
(1097, 'Mr. Dan Larson', NULL, NULL, 'uploads/Empty.jpg', 924, NULL, NULL, NULL, NULL, NULL, '2016-11-20 15:41:48', NULL),
(1098, 'Mr. Jakob Larson', NULL, NULL, 'uploads/Empty.jpg', 924, NULL, NULL, NULL, NULL, NULL, '2016-11-20 15:41:48', NULL),
(1099, 'STEVE MCKINLEY', NULL, NULL, 'uploads/Empty.jpg', 925, NULL, NULL, NULL, NULL, NULL, '2016-11-20 15:41:48', NULL),
(1100, 'Mr. Paulo Junior', NULL, NULL, 'uploads/PAULO_JUNIOR_2014-11-5_03.02.20.jpg', 926, NULL, NULL, NULL, NULL, NULL, '2017-06-15 13:58:57', NULL),
(1101, 'Mr. Paulo Ferreira', NULL, NULL, 'uploads/PAULO_FERREIRA_2014-10-9_03.57.25.jpg', 926, NULL, NULL, NULL, NULL, NULL, '2017-06-15 13:58:57', NULL),
(1102, 'Mr. Tatsuya Sato', NULL, NULL, 'uploads/Empty.jpg', 765, NULL, NULL, NULL, NULL, NULL, '2016-11-20 15:41:48', NULL),
(1103, 'Ms. Hu Libo', NULL, NULL, 'uploads/Empty.jpg', 51, NULL, NULL, NULL, NULL, NULL, '2016-11-20 15:41:48', NULL),
(1105, 'Ms. Shen Juan', NULL, NULL, 'uploads/Ms._Shen_Juan_2015-1-27_05.49.27.jpg', 931, NULL, NULL, NULL, NULL, NULL, '2016-11-20 15:14:17', NULL),
(1106, 'Ms. Shen Jun', NULL, NULL, 'uploads/Ms._Shen_Jun_2015-1-27_05.50.43.jpg', 931, NULL, NULL, NULL, NULL, NULL, '2016-11-20 15:14:17', NULL),
(1107, 'Mr. Robert Hao', NULL, NULL, 'uploads/Mr._Robert_Hao_2015-2-2_06.55.42.jpg', 406, NULL, NULL, NULL, NULL, NULL, '2016-11-20 15:14:17', NULL),
(1108, 'Mr. Niko Anastasyadis', NULL, NULL, 'uploads/Mr._Niko_Anastasyadis_2015-6-16_08.38.38.jpg', 932, NULL, NULL, NULL, NULL, NULL, '2016-11-20 15:14:17', NULL),
(1109, 'Mr. Josep Besalu Mestres', NULL, NULL, 'uploads/Mr._Josep_Besalu_Mestres_2015-3-8_05.26.54.jpg', 934, NULL, NULL, NULL, NULL, NULL, '2016-11-20 15:14:17', NULL),
(1110, 'Ayhan Zivana', NULL, NULL, 'uploads/Ayhan_Zivana_2015-3-8_05.07.00.jpg', 933, NULL, NULL, NULL, NULL, NULL, '2016-11-20 15:14:17', NULL),
(1111, 'Bilgin Gulen', NULL, NULL, 'uploads/Bilgin_Gulen_2015-3-8_05.07.53.jpg', 933, NULL, NULL, NULL, NULL, NULL, '2016-11-20 15:14:17', NULL),
(1112, 'Mr. Khalid Mehmood', NULL, NULL, 'uploads/Empty.jpg', 602, NULL, NULL, NULL, NULL, NULL, '2016-11-20 15:41:48', NULL),
(1113, 'Ms.Ecem Aggunduz', NULL, NULL, 'uploads/Empty.jpg', 935, NULL, NULL, NULL, NULL, NULL, '2016-11-20 15:41:48', NULL),
(1114, 'Ms. Tulin Akdag', NULL, NULL, 'uploads/Empty.jpg', 935, NULL, NULL, NULL, NULL, NULL, '2016-11-20 15:41:49', NULL),
(1115, 'Alex Sheu', NULL, NULL, 'uploads/Empty.jpg', 902, NULL, NULL, NULL, NULL, NULL, '2016-11-20 15:41:49', NULL),
(1116, 'Waymond Shih', NULL, NULL, 'uploads/Empty.jpg', 902, NULL, NULL, NULL, NULL, NULL, '2016-11-20 15:41:49', NULL),
(1117, 'MICHAEL LIANOPOULOS', NULL, NULL, 'uploads/MICHAEL_LIANOPOULOS_2015-4-19_04.39.31.jpg', 937, NULL, NULL, NULL, NULL, NULL, '2016-11-20 15:14:17', NULL),
(1118, 'Mrs. Iriana Barbosa', NULL, 'iriana.barbosa@marfrig.com.br', 'uploads/Empty.jpg', 196, NULL, NULL, NULL, NULL, NULL, '2016-11-20 15:41:49', NULL),
(1119, 'Mr. Mehmet Elyak', NULL, NULL, 'uploads/Empty.jpg', 702, NULL, NULL, NULL, NULL, NULL, '2016-11-20 15:41:49', NULL),
(1120, 'Mr. Murat Elyak', NULL, NULL, 'uploads/Empty.jpg', 702, NULL, NULL, NULL, NULL, NULL, '2016-11-20 15:41:49', NULL),
(1121, 'Mr. Bahattin Gungor', NULL, NULL, 'uploads/Bahattin_Gungor_2015-5-7_05.18.21.jpg', 940, NULL, NULL, NULL, NULL, NULL, '2017-06-15 13:31:04', NULL),
(1122, 'Mr Julien Laffay', NULL, 'j.laffay@charles-freres.com', 'uploads/Empty.jpg', 112, NULL, NULL, NULL, NULL, NULL, '2016-11-20 15:41:49', NULL),
(1123, 'Mr. Husmen Ceyhan', NULL, NULL, 'uploads/Empty.jpg', 941, NULL, NULL, NULL, NULL, NULL, '2017-06-15 12:48:42', NULL),
(1124, 'Mr. Ramazan Serhat Ceyhan', NULL, NULL, 'uploads/Empty.jpg', 941, NULL, NULL, NULL, NULL, NULL, '2017-06-15 12:48:42', NULL),
(1125, 'Renan Lima', NULL, 'renan@frigoconcepcion.py', 'uploads/Empty.jpg', 942, NULL, NULL, NULL, NULL, NULL, '2016-11-20 15:41:49', NULL),
(1126, 'Mr. El Mehdi Laraqui Houssaini', NULL, NULL, 'uploads/Empty.jpg', 943, NULL, NULL, NULL, 'medilaraqui', NULL, '2017-06-15 13:32:21', NULL),
(1127, 'Mr. Sinan Eskitütüncü', NULL, NULL, 'uploads/Sinan_Eskitütüncü_2015-6-16_09.27.41.jpg', 944, NULL, NULL, '00903223112743', NULL, '009003223110481', '2017-06-15 13:19:58', NULL),
(1128, 'Ms. Carly Kamp', NULL, NULL, 'uploads/Ms._Carly_Kamp_2015-6-16_09.32.04.jpg', 945, NULL, NULL, NULL, NULL, NULL, '2016-11-20 15:14:17', NULL),
(1129, 'Aaron Shaeffer', NULL, 'Aaron-Shaeffer@hepalinkusa.com', 'uploads/Empty.jpg', 945, NULL, NULL, NULL, NULL, NULL, '2016-11-20 15:41:49', NULL),
(1130, 'Mr. Uveys Eskitütüncü', NULL, NULL, 'uploads/Empty.jpg', 944, NULL, NULL, NULL, NULL, NULL, '2017-06-15 13:19:58', NULL),
(1131, 'Mr. Paul Predusel Jr.', NULL, 'p.i.predusel@marchand.ro', 'uploads/Empty.jpg', 193, -1, NULL, NULL, NULL, NULL, '2016-11-20 15:41:49', NULL),
(1132, 'Mr. Baatarjav Munkhzaya', NULL, NULL, 'uploads/Empty.jpg', 946, NULL, NULL, NULL, NULL, NULL, '2016-11-20 15:41:49', NULL),
(1133, 'Mr. D. Purev', NULL, NULL, 'uploads/Empty.jpg', 946, NULL, NULL, NULL, NULL, NULL, '2016-11-20 15:41:49', NULL),
(1134, 'Mr. Matt Mundy', NULL, 'matt.mundy@thomasfoods.com', 'uploads/Empty.jpg', 947, NULL, NULL, NULL, NULL, '0061885321955', '2016-11-20 15:41:49', NULL),
(1135, 'Mohammadreza Karimian', NULL, NULL, 'uploads/Mohammadreza_Karimian_2015-11-14_07.49.28.jpg', 948, NULL, NULL, NULL, 'persiancasing@hotmail.com', NULL, '2016-11-20 15:14:17', NULL),
(1136, 'Mr. Josep Hernandez', NULL, 'josep.hernandez@fimaher.com', 'uploads/Empty.jpg', 949, NULL, NULL, NULL, NULL, NULL, '2017-06-15 14:00:30', NULL),
(1137, 'Ms. Elisabet Hernandez', NULL, 'eli@fimaher.com', 'uploads/Empty.jpg', 949, NULL, NULL, NULL, NULL, NULL, '2017-06-15 14:00:30', NULL),
(1138, 'Ms. Sandra Guerrero', NULL, 'sandra@casingslguerrero.com', 'uploads/Sandra_Guerrero_2016-1-30_09.24.05.jpg', 951, NULL, NULL, NULL, NULL, NULL, '2017-06-15 13:14:19', NULL),
(1139, 'Mr. Leandro Guerrero', NULL, 'leandro@casingslguerrero.com', 'uploads/Leandro_Guerrero_2016-1-30_09.25.49.jpg', 951, NULL, NULL, NULL, NULL, NULL, '2017-06-15 13:14:19', NULL),
(1140, 'Arash Mobasherat', '00989121029533', 'casingiranian@outlook.com', 'uploads/Empty.jpg', 952, NULL, NULL, '00982136239698', 'Arashmobasherat', NULL, '2016-11-20 15:41:49', NULL),
(1141, 'Atie Mirfattah', '989127233517', 'casingsiranian@outlook.com', 'uploads/Empty.jpg', 952, NULL, NULL, '00982136239698', NULL, NULL, '2016-11-20 15:41:49', NULL),
(1142, 'Mr. Sergio Possari', '55 143 488 1430', 'sergio.possari@szr.com.br', 'uploads/Sergio_Possari_2016-2-16_01.30.27.jpg', 954, NULL, NULL, NULL, 'sergio.possari', NULL, '2017-06-15 13:51:29', NULL),
(1144, 'Mr. Gu ,Hongshan', '86-135-11585318', 'hongshan_gu@hotmail.com', 'uploads/Empty.jpg', 955, NULL, NULL, NULL, NULL, NULL, '2016-11-20 15:41:49', NULL),
(1145, 'Ms. Feng, Shengnan', '86-135-11585318', 'coco.feng@hotmail.com', 'uploads/Empty.jpg', 955, NULL, NULL, NULL, NULL, NULL, '2016-11-20 15:41:49', NULL),
(1146, 'Mr. Hakan Uzuner', '90 542 403 9424', 'hakanuzuner@cetercasings.com', 'uploads/Hakan_UZUNER_2016-3-1_06.43.38.jpg', 957, NULL, NULL, NULL, NULL, NULL, '2017-06-15 13:17:12', NULL),
(1150, 'Mr. Hu Jiliang', '0086 0316 6115468', '800@cnzeguan.com', 'uploads/Hu_Jiliang_2016-3-1_06.53.20.jpg', 959, NULL, NULL, NULL, NULL, NULL, '2017-06-15 13:20:50', NULL),
(1151, 'Mr. Asher Svirsky', '44 0 208 44 00 345', 'asher.svirsky@gmail.com', 'uploads/Empty.jpg', 956, NULL, NULL, NULL, NULL, NULL, '2016-11-20 15:41:49', NULL),
(1152, 'Mr. Jin Tian', '0086 150 5188 6166', 'casingman@126.com', 'uploads/Mr._Jin_Tian_2016-3-12_06.45.17.jpg', 960, NULL, NULL, NULL, NULL, NULL, '2016-11-20 15:14:17', NULL),
(1153, 'Ms. Jin Mei Yu', '0086 532 85841949', NULL, 'uploads/Empty.jpg', 961, NULL, NULL, NULL, NULL, NULL, '2016-11-20 15:41:49', NULL),
(1154, 'Mr. Sun Qi Chao', '0086 532 85841949', NULL, 'uploads/Empty.jpg', 961, NULL, NULL, NULL, NULL, NULL, '2016-11-20 15:41:49', NULL),
(1155, 'Mr. Jack', NULL, NULL, 'uploads/Empty.jpg', 960, NULL, NULL, NULL, NULL, NULL, '2016-11-20 15:41:49', NULL),
(1156, 'Ms. Chen Dongping', NULL, NULL, 'uploads/Empty.jpg', 960, NULL, NULL, NULL, NULL, NULL, '2016-11-20 15:41:49', NULL),
(1157, 'Mr. Bai Shuoyang', '0086 18730626333', 'yzcasing@163.com', 'uploads/Mr._Bai_Shuoyang_2016-3-29_04.56.30.jpg', 962, NULL, NULL, NULL, NULL, NULL, '2016-11-20 15:14:17', NULL),
(1158, 'Mr. Kevin Feng', '0086 18730626333', 'naturalcasings@126.com', 'uploads/Empty.jpg', 962, NULL, NULL, NULL, NULL, NULL, '2016-11-20 15:41:49', NULL),
(1159, 'Mr. Rene Teijsen', '31 655144970', 'rene@teijsen.com', 'uploads/Empty.jpg', 963, NULL, NULL, NULL, NULL, NULL, '2017-06-15 13:57:38', NULL),
(1160, 'Ms. Simone Fiere Teijsen', '31 655144970', 'simone@teijsen.com', 'uploads/Empty.jpg', 963, NULL, NULL, NULL, NULL, NULL, '2017-06-15 13:57:38', NULL),
(1161, 'ZHANG. XIANMING', NULL, NULL, 'uploads/Empty.jpg', 965, NULL, NULL, NULL, NULL, NULL, '2016-11-20 15:41:49', NULL),
(1162, 'Mr. Mohamed Bazi', '212 5 23 40 13 31', 'bazi@menara.ma', 'uploads/Empty.jpg', 943, NULL, NULL, NULL, NULL, NULL, '2017-06-15 13:32:21', NULL),
(1163, 'Mr. Yunus GULER', '0090 322 311 5950', 'gulercasing@hotmail.com', 'uploads/Mr._Yunus_GULER_2016-4-19_06.36.01.jpg', 966, NULL, NULL, NULL, NULL, NULL, '2016-11-20 15:14:17', NULL),
(1164, 'Ms. Turkan IPEK', '0090 322 311 5950', 'ipek.turkan@outlook.com', 'uploads/Empty.jpg', 966, NULL, NULL, NULL, NULL, NULL, '2016-11-20 15:41:49', NULL),
(1165, 'Mr. Richard Spira', '61 416 289234', 'superior.casings@tpg.com.au', 'uploads/Empty.jpg', 970, NULL, NULL, NULL, NULL, NULL, '2017-06-15 13:36:27', NULL),
(1167, 'Mr. Jose Roberto da Costa', NULL, NULL, 'uploads/Empty.jpg', 173, NULL, NULL, NULL, NULL, NULL, '2017-06-15 13:30:08', NULL),
(1168, 'Mr. Blake Gage', NULL, NULL, 'uploads/Empty.jpg', 90, NULL, NULL, NULL, NULL, NULL, '2016-11-20 15:41:50', NULL),
(1169, 'Mr. Tan Haiping', NULL, NULL, 'uploads/Empty.jpg', 248, NULL, NULL, NULL, NULL, NULL, '2016-11-20 15:41:50', NULL),
(1170, 'Ms. Wenche Nordli', '', 'wenche.nordli@norilia.no', NULL, 210, NULL, '', '', '', '', '2017-06-15 13:39:06', '2016-12-05 14:10:24'),
(1172, 'Mr. Levent Karakashev', '', 'casingbg@gmail.com', NULL, 980, NULL, '', '', '', '', '2016-12-14 13:02:35', '2016-12-14 13:02:35'),
(1176, 'Mr. Romain Bonneau', '', 'romain.bonneau@charles-bourdeau.fr', NULL, 242, NULL, '', '', '', '', '2016-12-21 11:43:14', '2016-12-21 11:43:14'),
(1177, 'Mr. Stanely He', '', 'Stanley.he@fuhengsh.com', NULL, 975, NULL, '', '', '', '', '2016-12-21 12:22:39', '2016-12-21 12:22:39'),
(1181, 'Mr. Zhao Chunliang', '', 'yhxfcyc@163.com', 'uploads/1484043747Zhao Chunliang.jpg', 984, NULL, '', '', '', '', '2017-01-10 12:22:27', '2017-01-10 12:22:27'),
(1182, 'Mrs. Zhao Liwen', '', 'liwerzhao89@163.com', 'uploads/1484043747Zhao Liwen.jpg', 984, NULL, '', '', NULL, '', '2017-01-10 12:22:27', '2017-01-10 12:22:27'),
(1183, 'Mr. Dyakow M.V.', '', '', NULL, 985, NULL, '', '', '', '', '2017-01-12 11:58:27', '2017-01-12 11:58:27'),
(1184, 'Mr. Richard Bondarenko', '', 'rbondarenko@smithfield.com', NULL, 987, NULL, '', '', '', '', '2017-01-16 11:40:25', '2017-01-16 11:40:25'),
(1185, 'ABBAS ASADI', '', '', NULL, 988, NULL, '', '', '', '', '2017-01-16 11:44:12', '2017-01-16 11:44:12'),
(1186, 'Najam Saeed Malik', '', '', NULL, 989, NULL, '', '', '', '', '2017-01-16 11:49:38', '2017-01-16 11:49:38'),
(1187, 'Mr. M. Naveed Arif', '', '', NULL, 84, NULL, '', '', '', '', '2017-01-22 13:44:54', '2017-01-22 13:44:54'),
(1188, 'Mr.Augusto Reche Martínez', '', '', NULL, 124, NULL, '', '', '', '', '2017-01-26 12:42:52', '2017-01-26 12:42:52'),
(1189, 'Mr. Fernando Ruiz Catena', '', '', NULL, 124, NULL, '', '', NULL, '', '2017-01-26 12:42:52', '2017-01-26 12:42:52'),
(1190, 'MR. AYHAN ZIVANA', '', 'AYHAN@ZIVANA.CH', 'uploads/1485945977IMG_0102.jpeg', 993, NULL, '', '', '', '', '2017-02-01 12:46:17', '2017-02-01 12:46:17'),
(1191, 'MRS PRISKA ZIVANA', '', 'PRISKA@ZIVANA.CH', 'uploads/1485945977IMG_0100.jpeg', 993, NULL, '', '', NULL, '', '2017-02-01 12:46:17', '2017-02-01 12:46:17'),
(1192, 'Mr. Cao Bin', '', 'casingtony@126.com', NULL, 922, NULL, '', '', '', '', '2017-02-05 10:45:41', '2017-02-05 10:45:41'),
(1193, 'Xiaolei Wang (Shirly)', '', '', NULL, 892, NULL, '', '', '', '', '2017-02-12 11:01:44', '2017-02-12 11:01:44'),
(1194, 'Mr. Ning Yongzhan', '', 'ninghongoffice@vip.sina.com', NULL, 997, NULL, '', '', '', '', '2017-06-15 13:16:11', '2017-02-12 14:53:56'),
(1195, 'Mrs. Li Gaihong', '', '', NULL, 997, NULL, '', '', NULL, '', '2017-06-15 13:16:11', '2017-02-12 14:53:56'),
(1196, 'Mr.Scott Fuller', '', 'sfuller@nittacasings.com', 'uploads/1486905253SF Photo - 2-8-2017.JPG', 998, NULL, '', '', '', '', '2017-06-15 12:31:22', '2017-02-12 15:14:13'),
(1197, 'Mr.Rod Moore', '', 'moore@nittacasings.com', NULL, 998, NULL, '', '', NULL, '', '2017-06-15 12:31:22', '2017-02-12 15:14:13'),
(1198, 'Mr. Marcio Matta', '', 'marcio.matta@tripama.com.br', NULL, 96, NULL, '', '', '', '', '2017-08-21 15:25:51', '2017-02-13 10:44:44'),
(1199, 'Mr.Richard Bondarenko', '', 'rbondarenko@smithfield.com', NULL, 289, NULL, '', '', '', '', '2017-02-16 12:38:29', '2017-02-16 12:38:29'),
(1200, 'Ms Courtney Stanton', '', 'cstanton@smithfield.com', NULL, 289, NULL, '', '', NULL, '', '2017-02-16 12:38:29', '2017-02-16 12:38:29'),
(1203, 'Mr. He Dekang', '', '', NULL, 55, NULL, '', '', '', '', '2017-02-26 12:20:00', '2017-02-26 12:20:00'),
(1204, 'Mr. Shen Liuchun', '', '', NULL, 55, NULL, '', '', '', '', '2017-02-26 12:20:32', '2017-02-26 12:20:32'),
(1205, 'Mr.Adeel Sheikh', '', 'sales@westcasing.com', 'uploads/1488718555Adeel.PNG', 1001, NULL, '', '', '', '', '2017-06-15 12:41:06', '2017-02-26 14:37:27'),
(1206, 'Mr. Malik Muhammad Sohail', '', 'sohail@westcasing.com', NULL, 1001, NULL, '', '', NULL, '', '2017-06-15 12:41:06', '2017-02-26 14:37:27'),
(1208, 'Mr. Mohammed Zagrari', '', 'zagbth@gmail.com', 'uploads/1488795228Mr mohammed zagrari.jpg', 999, NULL, '', '', '', '', '2017-03-06 12:13:48', '2017-03-06 12:13:48'),
(1209, 'Ms. Liu Changfang', '', 'casing2009@casingchina.com', NULL, 936, NULL, '', '', '', '', '2017-06-15 12:50:13', '2017-03-08 12:04:27'),
(1211, 'Mr.Toma Jean-Michel', '', 'jmtoma.dole-boyaux@orange.fr', 'uploads/1489479238JEAN-MICHEL TOMA.jpg', 1002, NULL, '', '', '', '', '2017-04-23 14:08:35', '2017-03-14 10:13:58'),
(1212, 'Mr. Jakub Goliszenski', '', 'jgoliszewski@asg.biz.pl', 'uploads/1490005628Jakub Goliszewski.jpg', 1003, NULL, '', '', '', '', '2017-06-15 13:47:18', '2017-03-20 12:27:08'),
(1213, 'Mr. Pawel Stuszinski', '', 'PStuszinski@asg.biz.pl', 'uploads/1490005628Pawel Stuszinski.jpg', 1003, NULL, '', '', NULL, '', '2017-06-15 13:47:18', '2017-03-20 12:27:08'),
(1214, 'Mr. Leonid Brizanvon', '', 'briz6969@gmail.com', NULL, 1004, NULL, '', '', '', '', '2017-06-15 13:52:22', '2017-04-05 13:37:11'),
(1216, 'Ms. Olga Grinberg', '', 'o.grinberg@td-bizon.ru', NULL, 1004, NULL, '', '', '', '', '2017-04-09 13:18:42', '2017-04-09 13:18:42'),
(1217, 'Mr. Alban Zusi', '', 'albanzusi@yahoo.com', 'uploads/1492504030Alban Zusi_INCA.JPG', 1005, NULL, '', '', '', '', '2017-04-18 10:27:10', '2017-04-18 10:27:10'),
(1218, 'Ms. Elvira Sevostianenko', '', 'elvira.albexport@gmail.com', 'uploads/1492504203Elvira Sevostianenko_INCA.JPG', 1005, NULL, '', '', '', '', '2017-04-18 10:30:03', '2017-04-18 10:30:03'),
(1219, 'Mr Enrique Aznar', '', 'eaznar@ppssa.com', NULL, 260, NULL, '', '', '', '', '2017-04-20 12:53:45', '2017-04-20 12:53:45'),
(1220, 'Mr. Piotr Kaniuk', '', 'piotr@vector-food.pl', 'uploads/1493114978piotr_kaniuk.jpg', 1006, NULL, '', '', '', '', '2017-06-15 14:01:40', '2017-04-25 12:09:38'),
(1221, 'Mr. Krzysztof Kaniuk', '', 'kaniuk@vector-food.pl', 'uploads/1493114978krzysztof_kaniuk.jpg', 1006, NULL, '', '', NULL, '', '2017-06-15 14:01:40', '2017-04-25 12:09:38'),
(1222, 'Mr. Maksim Kalamyets', '', 'mansaspice_ltd@mail.ru', NULL, 1007, NULL, '', '', '', '', '2017-04-27 12:50:18', '2017-04-27 12:50:18'),
(1223, 'Mrs. Veronka Kulinkovich', '', 'instantbel_ltd@mail.ru', NULL, 1007, NULL, '', '', NULL, '', '2017-04-27 12:50:18', '2017-04-27 12:50:18'),
(1225, 'Mr.Marc Plana', '', 'administracio@olotmeats.com', NULL, 1008, NULL, '', '', NULL, '', '2017-06-15 13:39:46', '2017-05-08 12:24:34'),
(1226, 'Mr. Zev Krengel', '', 'zev@africaspice.co.za', 'uploads/1496133109ZEV KRENGEL.jpg', 1009, NULL, '', '', '', '', '2017-05-30 10:31:49', '2017-05-30 10:31:49'),
(1227, 'Mrs. Gale Greeff', '', 'gale@africaspice.co.za', 'uploads/1496133109gale.jpg', 1009, NULL, '', '', NULL, '', '2017-06-15 12:34:26', '2017-05-30 10:31:49'),
(1228, 'Ms. Zhang Shasha', '', 'tania@casingchina.com', NULL, 936, NULL, '', '', '', '', '2017-06-15 12:54:33', '2017-06-15 12:54:33'),
(1229, 'Mr. Valerii Dunets', '', 'dunval@bk.ru', 'uploads/1497526941DSC01234-2.jpg', 1000, NULL, '', '', '', '', '2017-06-15 13:42:21', '2017-06-15 13:42:21'),
(1230, 'Ms. Elena Sidorova', '', 'darm@naturdarm.ru', 'uploads/1497860553 Е.В..jpg', 917, NULL, '', '', '', '', '2017-06-19 10:22:33', '2017-06-19 10:22:33'),
(1231, 'Ms. Pilar Puip', '', 'pilar@olotmeats.com', 'uploads/1497956893Untitled.png', 1008, NULL, '', '', '', '', '2017-06-20 13:08:13', '2017-06-20 13:06:46'),
(1232, 'Andy Poirier', '', 'andy@continentalcasing.ca', 'uploads/1504519183andy.gif', 1011, NULL, '', '', '', '450-795-3810', '2017-09-04 11:59:43', '2017-08-08 14:20:23'),
(1235, '', '', '', NULL, 30, NULL, '', '', '', '', '2017-08-21 13:32:54', '2017-08-21 13:32:54'),
(1237, 'Sandra Marie Rundle', '', 'Sandra.rundle@fmarieltd.com', 'uploads/1504515340SANDRA.jpg', 120, NULL, '', '', NULL, '(905)475-0093', '2017-09-04 10:55:40', '2017-09-04 10:55:40'),
(1238, 'Jennyfer Poirier', '', 'jennyfer@continentalcasing.ca', 'uploads/1504519133jenny.gif', 1011, NULL, '', '', NULL, '450-795-3810', '2017-09-04 11:58:53', '2017-09-04 11:58:53'),
(1239, 'Mr. Paulo Sergio Gomes', '', '', NULL, 117, NULL, '', '', NULL, '', '2017-09-04 12:50:40', '2017-09-04 12:50:40'),
(1240, 'Ms. Wanessa Nogueira', '', '', NULL, 117, NULL, '', '', NULL, '', '2017-09-04 12:50:40', '2017-09-04 12:50:40'),
(1241, 'Mr.Peter Uhrskov Noer', '', '', NULL, 87, NULL, '', '', NULL, '', '2017-09-05 10:49:53', '2017-09-05 10:49:53'),
(1242, 'Mr.Akram Dabbagh', '', 'akram@dabbaghtrading.com', 'uploads/1505204446akram dabbagh.gif', 1013, NULL, '', '', '', '', '2017-09-12 10:20:46', '2017-09-06 10:49:57'),
(1243, 'Mr.Yaser Dabbagh', '', 'yaser@dabbaghtrading.com', NULL, 1013, NULL, '', '', NULL, '', '2017-09-06 10:49:57', '2017-09-06 10:49:57'),
(1245, 'mrs. Helen Ruban', '', 'import1@mauntex.com.ua', NULL, 202, NULL, '', '', '', '', '2017-10-19 12:14:04', '2017-10-19 12:14:04'),
(1246, 'Mrs. Cloud zheng', '', 'cloudz@fletchint.com.au', 'uploads/1512462868Mrs Cloud Zheng.JPG', 1017, NULL, '', '', '', '', '2017-12-05 10:34:28', '2017-11-12 13:45:36'),
(1247, 'Mr. Bernard Gooch', '', 'bgooch@fletchint.com.au', 'uploads/1512462834Mr Bernard Gooch.JPG', 1017, NULL, '', '', NULL, '', '2017-12-05 10:33:54', '2017-11-12 13:45:36'),
(1249, 'Mr. Ganchimeg Altangerel', '', '', NULL, 1018, NULL, '', '', NULL, '', '2017-11-28 12:10:54', '2017-11-28 12:10:54'),
(1250, 'Mr Mohamed Cherri', '', 'jaatlantic@gmail.com', 'uploads/151255945533.png', 1018, NULL, '', '', '', '', '2017-12-06 13:24:15', '2017-12-06 13:24:15'),
(1251, 'Mr.Marc DE MOL', '', '', NULL, 206, NULL, '', '', '', '', '2018-01-10 16:31:05', '2018-01-10 16:31:05'),
(1253, 'Paulo Teixeira', '', 'pt@cvm-hamburg.com', NULL, 444, NULL, '', '', '', '', '2018-01-29 15:17:38', '2018-01-29 15:17:38'),
(1254, 'Gregor Wessling', '', 'gw@cvm-hamburg.com', NULL, 444, NULL, '', '', NULL, '', '2018-01-29 15:17:38', '2018-01-29 15:17:38'),
(1255, 'Christophe Lorenz', '', 'cl@cvm-hamburg.com', NULL, 444, NULL, '', '', NULL, '', '2018-01-29 15:17:38', '2018-01-29 15:17:38'),
(1256, 'Ms. Wang Chen', '', '', 'uploads/1519906879photo.jpg', 414, NULL, '', '', '', '', '2018-03-01 14:21:19', '2018-03-01 14:21:19'),
(1257, 'XAVIER ARTAGAVEYTIA', '', '', 'uploads/1520417570BERDICK SA - Xavier Artagaveytia.jpg', 1021, NULL, '', '', '', '', '2018-03-07 12:12:50', '2018-03-07 12:09:29'),
(1261, 'LISA XIN', '', 'yongweicasing@126.com', NULL, 939, NULL, '', '', '', '', '2018-04-01 11:16:33', '2018-04-01 11:16:33'),
(1262, '', '', '', NULL, 939, NULL, '', '', '', '', '2018-04-02 11:44:42', '2018-04-02 11:44:42'),
(1263, 'Ms. Wang', '', 'casings@newgrace.com', NULL, 391, NULL, '', '', NULL, '', '2018-04-03 13:05:41', '2018-04-03 13:05:41'),
(1264, 'Pablo Costabel', '', 'pcostabel@berdick.com.uy', 'uploads/1523089413BERDICK SA - Pablo Costabel.jpg', 1021, NULL, '', '', '', '', '2018-04-07 10:23:33', '2018-04-07 10:23:33'),
(1265, 'Dan Peuscovich', '', 'Dan@worldcasing.com', NULL, 53, NULL, '', '', '', '', '2018-04-09 22:45:24', '2018-04-09 22:45:24'),
(1266, 'MR. MUHAMMAD RIAZ', '', 'MRIAZ@CYBER.NET.PK', 'uploads/1523959252MUHAMMAD RIAZ.png', 1022, NULL, '', '', '', '', '2018-04-17 12:00:52', '2018-04-17 12:00:52'),
(1267, 'MR. SHEIKH RAUF SAEED', '', 'RAUF_GOREJA@HOTMAIL.COM', 'uploads/1523959252SHEIKH RAUF SAEED.png', 1022, NULL, '', '', NULL, '', '2018-04-17 12:00:52', '2018-04-17 12:00:52'),
(1268, 'MR. SHAIKH M. SHAKIR', '', '', NULL, 1022, NULL, '', '', '', '', '2018-04-17 12:09:41', '2018-04-17 12:09:41'),
(1270, 'ANGELA HU YAN', '', 'angelahuyan@263.net', NULL, 1025, NULL, '', '', '', '', '2018-05-15 12:27:07', '2018-05-15 12:27:07'),
(1271, 'LEE WENG', '', 'lee@fudecasing.com', NULL, 1025, NULL, '', '', NULL, '', '2018-05-15 12:27:07', '2018-05-15 12:27:07'),
(1273, 'Mr. Jiang Xin', '', 'jaxinchiang@outlook.com', NULL, 1026, NULL, '', '', '', '+86 18674466289', '2018-07-16 14:12:17', '2018-07-16 14:12:17'),
(1274, 'Mr. Rob Schouten', '', 'Rob.Schouten@vanhessen.com', NULL, 78, NULL, '', '', '', '', '2018-07-18 15:04:01', '2018-07-18 15:04:01'),
(1276, 'Mr. Antonio Pastana', '', '', NULL, 954, NULL, '', '', '', '', '2018-07-19 10:18:46', '2018-07-19 10:18:46'),
(1277, 'Mr. Sebastião Pereira', '', '', NULL, 954, NULL, '', '', '', '', '2018-07-19 10:22:45', '2018-07-19 10:22:45'),
(1278, 'Mr. Wang Yuzhong', '', 'baodinggood@live.cn', NULL, 415, NULL, '', '', '', '', '2018-07-24 10:19:06', '2018-07-19 11:11:01'),
(1279, 'Eric Svendsen', '', '', NULL, 169, NULL, '', '', '', '', '2018-07-24 10:12:49', '2018-07-24 10:12:49'),
(1280, 'Mr. Andreas Ziegler', '', '', NULL, 764, NULL, '', '', '', '', '2018-07-24 10:58:13', '2018-07-24 10:58:13'),
(1282, 'Mr. Tony Greaves', '', 'Tony.Greaves@vanhessen.com', NULL, 970, NULL, '', '', '', '', '2018-07-25 11:09:32', '2018-07-25 11:09:32'),
(1283, 'Mr. Ibrar Ahmad', '', 'zaib_traders@hotmail.com', 'uploads/1535795643Picture Ibrar.JPG', 1028, NULL, '', '', '', '', '2018-09-01 11:54:03', '2018-09-01 11:54:03'),
(1284, 'Mr. Sajeel Ahmed', '', 'sajeel.ahmad@zaibtraders.ca', 'uploads/1535795643Picture Sajeel.JPG', 1028, NULL, '', '', NULL, '', '2018-09-01 11:54:03', '2018-09-01 11:54:03'),
(1285, 'Mr. Julian Lequio', '', 'julianl@shortonargentina.com.ar', NULL, 351, NULL, '', '', '', '', '2018-09-03 15:17:13', '2018-09-03 15:17:13'),
(1286, 'Mr. Jose Lequio', '', 'joselequioh@shortonargentina.com.ar', NULL, 351, NULL, '', '', NULL, '', '2018-09-03 15:17:13', '2018-09-03 15:17:13'),
(1288, 'Mr. Alexey Muzolev', '', '', 'uploads/1537343414Alexey Muzolev.jpg', 1029, NULL, '', '', '', '', '2018-09-19 09:50:14', '2018-09-19 09:47:58'),
(1289, 'Lev Lifshits', '', '', 'uploads/1537343457Lev Lifshits.jpg', 1029, NULL, '', '', '', '', '2018-09-19 09:50:57', '2018-09-19 09:50:14'),
(1290, 'Viktoria A Wattar', '', 'aawparis@aol.com', NULL, 272, NULL, '', '', '', '', '2018-11-04 12:49:45', '2018-11-04 12:49:45'),
(1291, 'Eric Benjamin Gutierrez Espindola', '', 'e_gutierrez@vsbcasings.com', NULL, 1030, NULL, '', '', 'ericbg1@hotmail.com', '+5213312829273', '2018-11-11 10:56:11', '2018-11-11 10:56:11'),
(1292, 'Mr. Brian Pedersen', '', '', NULL, 234, NULL, '', '', NULL, '', '2018-11-15 15:44:33', '2018-11-15 15:44:33'),
(1293, 'Mr. Michael Hübbe', '', '', NULL, 234, NULL, '', '', NULL, '', '2018-11-15 15:44:33', '2018-11-15 15:44:33'),
(1294, 'Mr Benjamin TOMA', '', 'btoma-doleboyaux@orange.fr', NULL, 1002, NULL, '', '', '', '+33 7 84 28 32 75', '2018-11-22 10:52:44', '2018-11-22 10:52:44'),
(1295, 'Janaina Azevedo', '', 'janaina.azevedo@minervafoods.com', NULL, 921, NULL, '', '', '', '', '2018-11-26 11:03:16', '2018-11-26 11:03:16'),
(1296, 'Gustavo Ribeiro', '', 'gustavo.ribeiro@minervafoods.com', NULL, 921, NULL, '', '', NULL, '', '2018-11-26 11:03:16', '2018-11-26 11:03:16'),
(1297, 'Mr Li Hongjie', '', '', NULL, 1031, NULL, '', '', '', '', '2018-11-29 10:35:35', '2018-11-29 10:35:35'),
(1298, 'Ms Yang Huixia', '', '', NULL, 1031, NULL, '', '', NULL, '', '2018-11-29 10:35:35', '2018-11-29 10:35:35'),
(1299, 'Mr. Teddy Schouten', '', '', NULL, 83, NULL, '', '', NULL, '', '2018-12-03 11:38:51', '2018-12-03 11:38:51'),
(1300, 'Mr. Norton Schouten', '', '', NULL, 83, NULL, '', '', NULL, '', '2018-12-03 11:38:51', '2018-12-03 11:38:51'),
(1301, 'Mrs. Violeta Mazilu', '', '', NULL, 83, NULL, '', '', NULL, '', '2018-12-03 11:38:51', '2018-12-03 11:38:51'),
(1302, 'Mr. Yang Yinlong', '', '', NULL, 1032, NULL, '', '', '', '(86)138 1769 3382', '2018-12-04 13:27:17', '2018-12-04 13:27:17'),
(1304, 'Mr.Xun Yao', '', '', NULL, 174, NULL, '', '', '', '', '2018-12-13 11:06:35', '2018-12-13 11:06:35'),
(1305, 'Ms. Kevin Han', '', 'kevinhan003@hotmail.com', 'uploads/1545643666Mr Kevin Han.jpg', 1033, NULL, '', '', NULL, '', '2018-12-24 11:27:46', '2018-12-24 11:27:13'),
(1306, 'Ms. Chen Guangying', '', '997880405@gg.com', 'uploads/1545643633Ms Chen Guangying.jpg', 1033, NULL, '', '', NULL, '', '2018-12-24 11:27:13', '2018-12-24 11:27:13'),
(1307, 'Deeksha', '', 'bo_masterdatafinance@leo-pharma.com', NULL, 234, NULL, '', '', '', '', '2019-01-16 14:28:04', '2019-01-16 14:28:04'),
(1308, 'Mr. Takahito Morishima', '', '', NULL, 1034, NULL, '', '', '', '', '2019-01-29 11:51:27', '2019-01-29 11:51:27'),
(1309, 'Mr. Koji Nozaki', '', '', NULL, 1034, NULL, '', '', NULL, '', '2019-01-29 11:51:27', '2019-01-29 11:51:27'),
(1311, 'Mr. Hilton Holm', '', 'hilton.holm@delispices.co.za', NULL, 1036, NULL, '', '', NULL, '', '2019-03-06 12:23:12', '2019-03-06 12:23:12'),
(1312, 'Mr. Lukasz Aubrecht Pradzynski', '', '', NULL, 1037, NULL, '', '', NULL, '', '2019-03-07 15:40:04', '2019-03-07 15:40:04'),
(1313, 'Mr. Jaroslaw Aubrecht Pradzynski', '', '', NULL, 1037, NULL, '', '', '', '', '2019-03-07 15:40:04', '2019-03-07 15:40:04'),
(1314, 'Mr. Jacub Zychal', '', '', NULL, 1035, NULL, '', '', '', '', '2019-03-12 10:55:52', '2019-03-12 10:55:52'),
(1316, 'Mr. Michael Zychal', '', '', NULL, 1035, NULL, '', '', '', '', '2019-03-12 10:57:25', '2019-03-12 10:57:25'),
(1319, 'Mr. Fei Ping', '', '', NULL, 1038, NULL, '', '', '', '', '2019-04-08 13:32:08', '2019-04-08 13:32:08'),
(1320, 'Ms. Chen Zhiying', '', '', NULL, 1038, NULL, '', '', NULL, '', '2019-04-08 13:32:08', '2019-04-08 13:32:08'),
(1322, 'Mr. Ziad El Najjar', '', 'joumana.co@hotmail.com', NULL, 1039, NULL, '', '', '', '', '2019-04-09 15:30:27', '2019-04-09 13:52:05'),
(1323, 'Dr. A. Braa Malak', '', '', NULL, 1040, NULL, '', '', '', '', '2019-04-09 14:01:51', '2019-04-09 14:01:51'),
(1324, 'Dr. M. Samer Malak', '', '', NULL, 1040, NULL, '', '', NULL, '', '2019-04-09 14:01:51', '2019-04-09 14:01:51'),
(1325, '', '', 'joumana.co_ziad@ymail.com', NULL, 1039, NULL, '', '', NULL, '', '2019-04-09 15:30:27', '2019-04-09 15:30:27'),
(1326, 'Mr. Michael Strauss', '', '', NULL, 189, NULL, '', '', '', '', '2019-05-10 13:49:12', '2019-05-10 13:49:12'),
(1329, 'Noureddine Rifi Belhaj', '', '', NULL, 1043, NULL, '', '', '', '', '2019-05-29 12:56:29', '2019-05-29 12:56:29'),
(1330, 'Sabah Kostani', '', '', NULL, 1043, NULL, '', '', NULL, '', '2019-05-29 12:56:29', '2019-05-29 12:56:29'),
(1331, 'Luke Neill', '', 'LukeN@exim.co.za', NULL, 118, NULL, '', '', '', '+2783 7008077', '2019-08-27 14:05:57', '2019-08-27 14:05:57'),
(1332, 'Mr. Vito Vario', '', '', NULL, 163, NULL, '', '', '', '', '2019-09-29 13:12:27', '2019-09-29 13:12:27'),
(1333, 'Mr. Klaus Mathiesen', '', 'klmat@dat-schaub.dk', NULL, 87, NULL, '', '', '', '', '2019-10-07 15:51:28', '2019-10-07 15:51:28'),
(1334, '', '', '', NULL, 63, NULL, '', '', '', '', '2019-10-07 15:56:21', '2019-10-07 15:56:21'),
(1335, 'Mr. Then Loy Leow', '', '', NULL, 226, NULL, '', '', '', '', '2019-10-10 12:40:32', '2019-10-10 12:40:32'),
(1336, 'Mr. Lynn Martin', '', '', NULL, 189, NULL, '', '', '', '', '2019-10-10 12:46:36', '2019-10-10 12:46:36');

-- --------------------------------------------------------

--
